{"id":13050,"date":"2023-01-26T10:12:45","date_gmt":"2023-01-26T13:12:45","guid":{"rendered":"https:\/\/portifolioos-prontos.com\/?post_type=product&#038;p=13050"},"modified":"2023-04-29T22:30:00","modified_gmt":"2023-04-30T01:30:00","slug":"atividade-pratica-tomografia-computadorizada","status":"publish","type":"product","link":"https:\/\/portifolioos-prontos.com\/index.php\/product\/atividade-pratica-tomografia-computadorizada\/","title":{"rendered":"Atividade pr\u00e1tica Tomografia computadorizada"},"content":{"rendered":"<h4>Atividade pr\u00e1tica Tomografia computadorizada<\/h4>\n<h4>Curso de Radiologia<\/h4>\n<hr \/>\n<p>OBJETIVOS<br \/>\nA proposta desta atividade pr\u00e1tica est\u00e1 amparada nos seguintes objetivos:<br \/>\n\u2022 Conhecer e ser capaz de atuar mediante os diferentes protocolos de aquisi\u00e7\u00e3o<br \/>\ne reconstra\u00e7\u00e3o de imagens de Tomografia Computadorizada.<br \/>\nRECURSOS<br \/>\nComputador com acesso \u00e0 internet.<br \/>\nSoftware RadiAnt.<br \/>\nPROCEDIMENTOS\u00a0PR\u00c1TICOS<br \/>\nAtividade proposta 1<br \/>\nCompreender os protocolos de aquisi\u00e7\u00e3o de imagens na tomografia.<br \/>\nProcedimentos para a realiza\u00e7\u00e3o da atividade<br \/>\n1) A tomografia computadorizada de coluna cervical \u00e9 indicada, principalmente, para a<br \/>\ninvestiga\u00e7\u00e3o da dor na regi\u00e3o do pesco\u00e7o, que, \u00e0s vezes, pode se irradiar para os<br \/>\nmembros superiores. Esse exame identifica altera\u00e7\u00f5es degenerativas, como<br \/>\noste\u00f3fitos (bicos de papagaio) e hipertrofia de facetas articulares, as quais<br \/>\ndeterminam estreitamentos do canal vertebral e de forames intervertebrais com<br \/>\ncompress\u00e3o de nervos. As h\u00e9rnias de disco e alguns tumores tamb\u00e9m s\u00e3o<br \/>\nidentificadas nesse exame. Descreva o protocolo, planejamento e o posicionamento<br \/>\ndo paciente em uma tomografia de coluna cervical.<br \/>\n2) A tomografia dos seios da face \u00e9 um exame de diagn\u00f3stico por imagem que tem a<br \/>\nfinalidade de auxiliar o m\u00e9dico em seu diagn\u00f3stico, neste exame \u00e9 poss\u00edvel a<br \/>\nidentifica\u00e7\u00e3o de v\u00e1rias patologias, como por exemplo: sinusite, renite, desvio de<br \/>\nsepto, entre outras. Este exame \u00e9 considerado como refer\u00eancia nos estudos de<br \/>\ndoen\u00e7as infecciosas que acometem a regi\u00e3o do trato respirat\u00f3rio.<br \/>\na) Descreva o protocolo de tomografia para avalia\u00e7\u00e3o dos seios da face.<br \/>\nb) O exame tomogr\u00e1fico dos seios da face, deve ser realizado em dois planos. Mencione<br \/>\nquais s\u00e3o os planos e as diferen\u00e7as na aquisi\u00e7\u00e3o de imagem de cada um deles.<br \/>\nc) A imagem a seguir apresenta um corte coronal de uma tomografia de seios<br \/>\nparanasais. Identifique as regi\u00f5es de espessamento de mucosa, observados em a, b<br \/>\ne c.<br \/>\n3) Cortes transversos do t\u00f3rax usando a tomografia computadorizada permitem<br \/>\nevidenciar de forma simples e n\u00e3o invasiva todas as estruturas do t\u00f3rax. Com<br \/>\nfrequ\u00eancia, o exame consegue identificar sombras que se superp\u00f5em de forma<br \/>\nconfusa na radiografia simples do t\u00f3rax. A TC e\u0301 uma t\u00e9cnica reconhecida para<br \/>\nrealizar diagn\u00f3stico, diferenciar e estagiar a evolu\u00e7\u00e3o de doen\u00e7as pulmonares ou do<br \/>\nmediastino. Quais s\u00e3o os par\u00e2metros de varredura em uma tomografia de t\u00f3rax?<br \/>\n4) Existem diversos protocolos de TC para os membros superiores e membros<br \/>\ninferiores. Com base nisso, descreva o protocolo mais indicado para o paciente com<br \/>\nsuspeita de les\u00e3o de Bankart e os detalhes do protocolo desde o posicionamento at\u00e9<br \/>\na programa\u00e7\u00e3o para aquisi\u00e7\u00e3o da imagem. A partir disto, explique o que se espera<br \/>\nencontrar nas imagens.<br \/>\n5) Descreva o protocolo para estudo de hipertens\u00e3o portal, discutindo as perguntas a<br \/>\nseguir:<br \/>\n\u2022 Qual a programa\u00e7\u00e3o?<br \/>\n\u2022 Quais cuidados devem ser tomados?<br \/>\n\u2022 Qual a import\u00e2ncia desse protocolo?<br \/>\nAtividade 2<br \/>\nVisualiza\u00e7\u00e3o de imagens tomogr\u00e1ficas.<br \/>\nProcedimentos para a realiza\u00e7\u00e3o da atividade<br \/>\nPara a nossa segunda atividade voc\u00ea dever\u00e1 fazer o download do software RadiAnt.<br \/>\nRadiAnt \u00e9 um visualizador DICOM PACS para imagens m\u00e9dicas concebido para<br \/>\nproporcionar a voc\u00ea uma experi\u00eancia \u00fanica!<br \/>\nVamos ao tutorial para instala\u00e7\u00e3o do software:<br \/>\n1. Primeiramente, voc\u00ea deve abrir o site para o download do software:<br \/>\n<a href=\"https:\/\/www.radiantviewer.com\/\" rel=\"nofollow\">https:\/\/www.radiantviewer.com\/<\/a>. Clique em \u201cdownload\u201d ou \u201cbaixar agora\u201d:<br \/>\n2. Um arquivo terminado em \u201c.exe\u201d ser\u00e1 baixado para o seu computador na sua pasta<br \/>\nde downloads. Clique no arquivo para iniciar a instala\u00e7\u00e3o.<br \/>\nObs: Certifique-se que o seu antiv\u00edrus n\u00e3o esteja bloqueando este in\u00edcio da instala\u00e7\u00e3o ou<br \/>\nque voc\u00ea precise de autoriza\u00e7\u00e3o do administrador. No primeiro caso, se o seu antiv\u00edrus<br \/>\nestiver bloqueando a abertura do arquivo, voc\u00ea precisar\u00e1 desabilitar o seu antiv\u00edrus<br \/>\ntemporariamente para a instala\u00e7\u00e3o. No segundo caso, se permiss\u00e3o do administrador for<br \/>\nnecess\u00e1ria, em vez de clicar diretamente (duplo clique normal) com o bot\u00e3o esquerdo do<br \/>\nmouse, clique com o bot\u00e3o direito sobre o arquivo e depois clique em \u201cExecutar como<br \/>\nadministrador\u201d.<br \/>\n3. Ao ser perguntado se voc\u00ea deseja permitir que o aplicativo fa\u00e7a altera\u00e7\u00f5es no seu<br \/>\ndisco r\u00edgido, clique em \u201cPermitir\u201d.<br \/>\n4. Uma janela de setup do RadiAnt, como a janela abaixo, aparecer\u00e1 no seu<br \/>\ncomputador. Clique em \u201cNext\u201d para proceder com a instala\u00e7\u00e3o.<br \/>\n5. Marque a caixa \u201cI accept the terms of the License Agreement\u201d, conforme imagem<br \/>\nabaixo, e depois clique em \u201cNext\u201d mais uma vez.<br \/>\n6. Selecione o modo de instala\u00e7\u00e3o \u201cExpress (Recommended)\u201d, que \u00e9 o<br \/>\nrecomendado, e avance clicando em \u201cNext\u201d mais uma vez.<br \/>\n7. Voc\u00ea s\u00f3 precisa clicar em \u201cFinish\u201d quando a instala\u00e7\u00e3o estiver conclu\u00edda e o Radiant<br \/>\nj\u00e1 est\u00e1 instalado.<br \/>\n8. Ao abrir o aplicativo, selecione \u201cActive trial license\u201d e avance clicando em \u201cNext\u201d mais<br \/>\numa vez.<br \/>\n9. Em seguida, clique em \u201cFinish\u201d e pronto! O aplicativo estar\u00e1 pronto para uso no seu<br \/>\ncomputador ou notebook.<br \/>\nCaso tenha dificuldades, o v\u00eddeo a seguir pode te auxiliar no download e na utiliza\u00e7\u00e3o do<br \/>\nsoftware para a visualiza\u00e7\u00e3o das imagens:<br \/>\n<a href=\"https:\/\/edisciplinas.usp.br\/course\/view.php?id=69973#section-12\" rel=\"nofollow\">https:\/\/edisciplinas.usp.br\/course\/view.php?id=69973#section-12<\/a><br \/>\n\u2022 Agora vamos \u00e0s imagens? Voc\u00ea dever\u00e1 fazer o download da pasta<br \/>\n\u201cTc_To\u0301rax_Tep_1.zip\u201d dispon\u00edvel no link:<br \/>\n<a href=\"https:\/\/edisciplinas.usp.br\/mod\/folder\/view.php?id=2615128\" rel=\"nofollow\">https:\/\/edisciplinas.usp.br\/mod\/folder\/view.php?id=2615128<\/a><br \/>\n\u2022 Essa pasta est\u00e1 zipada, ent\u00e3o voc\u00ea dever\u00e1 abrir o arquivo e mover a pasta com as<br \/>\nimagens para o seu computador.<br \/>\n\u2022 No software RadiAnt, voc\u00ea dever\u00e1 clicar na pasta, no menu superior da tela e<br \/>\nselecionar a pasta que voc\u00ea extraiu anteriormente.<br \/>\nA partir de agora voc\u00ea poder\u00e1 explorar essas imagens e responder \u00e0s atividades propostas:<br \/>\n1) Analisando as imagens, identifique a via de administra\u00e7\u00e3o do contraste utilizado.<br \/>\n2) Por meio de prints da tela, apresente:<br \/>\n\u2022 Escanograma<br \/>\n\u2022 Janela de pulm\u00e3o<br \/>\n\u2022 Janela de mediastino<br \/>\n\u2022 Corte axial<br \/>\n\u2022 Corte coronal<br \/>\nChecklist<br \/>\nAs tarefas foram conclu\u00eddas com \u00eaxito?<br \/>\nVoc\u00ea foi capaz de compreender os protocolos de aquisi\u00e7\u00e3o de imagens na tomografia?<br \/>\nVoc\u00ea conseguiu analisar as imagens no software RadiAnt?<br \/>\nRESULTADO<br \/>\nOrienta\u00e7\u00f5es para o envio da atividade:<br \/>\n\u2022 O resultado de aprendizagem da aula pr\u00e1tica dever\u00e1 ser registrado em forma<br \/>\nde um relat\u00f3rio descritivo que dever\u00e1 ser postado em seu ambiente virtual.<br \/>\n\u2022 A postagem do arquivo final deve ser em um \u00fanico arquivo, formato .DOC<br \/>\n(Word ou editor de textos);<br \/>\n\u2022 Responda detalhadamente as quest\u00f5es propostas em cada uma das<br \/>\natividades.<br \/>\n\u2022 Lembre-se de inserir os prints da telas, referente a segunda atividade, no seu<br \/>\narquivo.<br \/>\n\u2022 Atente-se ao tamanho m\u00e1ximo do arquivo, suportado pelo Ambiente Virtual se<br \/>\nAprendizagem, se necess\u00e1rio, reduza o tamanho das suas fotos<br \/>\n(<a href=\"https:\/\/www.resizepixel.com\/pt\/reduce-image-in-kb\/\" rel=\"nofollow\">https:\/\/www.resizepixel.com\/pt\/reduce-image-in-kb\/<\/a>).<br \/>\n\u2022 O sistema ir\u00e1 arquivar e disponibilizar para corre\u00e7\u00e3o apenas o \u00faltimo trabalho<br \/>\nencaminhado, caso voc\u00ea encaminhe um novo arquivo, ele ir\u00e1 sobrepor e<br \/>\napagar o arquivo encaminhado anteriormente;<br \/>\n\u2022 Voc\u00ea dever\u00e1 postar o trabalho finalizado no AVA, o que dever\u00e1 ser feito na<br \/>\npasta espec\u00edfica, obedecendo ao prazo limite de postagem, conforme disposto<br \/>\nno cronograma do curso. N\u00e3o existe prorroga\u00e7\u00e3o para a postagem da<br \/>\natividade;<br \/>\n\u2022 O trabalho ser\u00e1 realizado individualmente.<br \/>\nN\u00e3o deixe de participar de todas as tarefas! Elas ser\u00e3o determinantes para o<br \/>\naprendizado das t\u00e9cnicas.<\/p>\n<div class=\"elementor-toggle-item\">\n<h4 id=\"elementor-tab-title-1941\" class=\"elementor-tab-title elementor-active\" tabindex=\"0\" role=\"tab\" data-tab=\"1\" aria-controls=\"elementor-tab-content-1941\" aria-expanded=\"true\" aria-selected=\"true\">Como funciona?<\/h4>\n<div id=\"elementor-tab-content-1941\" class=\"elementor-tab-content elementor-clearfix elementor-active\" role=\"tabpanel\" data-tab=\"1\" aria-labelledby=\"elementor-tab-title-1941\">\n<p>Elaboramos os portf\u00f3lios, j\u00e1 deixamos prontos, nas normas da ABNT e conforme os requisitos da universidade. F\u00e1cil assim! O MELHOR \u00c9 QUE VOC\u00ca COMPRA E J\u00c1 BAIXA NA HORA O SEU ARQUIVO EM WORD! Sabemos que conciliar trabalho, fam\u00edlia, vida profissional e estudos \u00e9 dif\u00edcil hoje em dia, por isso, estamos aqui para ajudar voc\u00ea. Conte com nossa qualidade, experi\u00eancia e profissionalismo adquirindo seu portf\u00f3lio conosco. GARANTIMOS SEU CONCEITO!<\/p>\n<h4>Como se realizam os envios?<\/h4>\n<\/div>\n<\/div>\n<div class=\"elementor-toggle-item\">\n<div id=\"elementor-tab-content-1942\" class=\"elementor-tab-content elementor-clearfix elementor-active\" role=\"tabpanel\" data-tab=\"2\" aria-labelledby=\"elementor-tab-title-1942\">O seu trabalho \u00e9 disponibilizado pronto, respondido e nas normas j\u00e1 na mesma hora aqui em nosso site na sua \u00e1rea de downloads e tamb\u00e9m no seu e-mail.<\/div>\n<\/div>\n<div class=\"elementor-toggle-item\">\n<div id=\"elementor-tab-content-1943\" class=\"elementor-tab-content elementor-clearfix elementor-active\" role=\"tabpanel\" data-tab=\"3\" aria-labelledby=\"elementor-tab-title-1943\">\n<h4>Em quanto tempo recebo o portf\u00f3lio?<\/h4>\n<\/div>\n<\/div>\n<div class=\"elementor-toggle-item\">\n<div id=\"elementor-tab-content-1944\" class=\"elementor-tab-content elementor-clearfix elementor-active\" role=\"tabpanel\" data-tab=\"4\" aria-labelledby=\"elementor-tab-title-1944\">\n<p>Os envios s\u00e3o imediatos. Ap\u00f3s sua compra, o trabalho j\u00e1 \u00e9 disponibilizado instantaneamente aqui em nosso site e no seu e-mail.<\/p>\n<h4>E se o portf\u00f3lio que comprei precisar de corre\u00e7\u00e3o?<\/h4>\n<\/div>\n<\/div>\n<div class=\"elementor-toggle-item\">\n<div id=\"elementor-tab-content-1945\" class=\"elementor-tab-content elementor-clearfix elementor-active\" role=\"tabpanel\" data-tab=\"5\" aria-labelledby=\"elementor-tab-title-1945\">\n<p>Caso haja alguma solicita\u00e7\u00e3o de corre\u00e7\u00e3o\/altera\u00e7\u00e3o por parte do tutor, basta entrar em contato conosco pelo\u00a0<a href=\"https:\/\/api.whatsapp.com\/send\/?phone=5553984751621&amp;text&amp;app_absent=0\">WhatsApp<\/a>\u00a0que provid\u00eanciaremos sem custo algum.<\/p>\n<h4>Qual o formato do arquivo?<\/h4>\n<\/div>\n<\/div>\n<div class=\"elementor-toggle-item\">\n<div id=\"elementor-tab-content-1946\" class=\"elementor-tab-content elementor-clearfix elementor-active\" role=\"tabpanel\" data-tab=\"6\" aria-labelledby=\"elementor-tab-title-1946\">\n<p>Os arquivos s\u00e3o enviados em formato Word e s\u00e3o edit\u00e1veis.<\/p>\n<h4>Caso eu tiver alguma d\u00favida, terei suporte no p\u00f3s venda?<\/h4>\n<\/div>\n<\/div>\n<div class=\"elementor-toggle-item\">\n<div id=\"elementor-tab-content-1948\" class=\"elementor-tab-content elementor-clearfix elementor-active\" role=\"tabpanel\" data-tab=\"8\" aria-labelledby=\"elementor-tab-title-1948\">\n<p>Sim, com certeza. Basta clicar no \u00edcone do WhatsApp no cantinho da tela. Ser\u00e1 um prazer atend\u00ea-lo(a).<\/p>\n<div class=\"elementor-toggle-item\">\n<div id=\"elementor-tab-content-1948\" class=\"elementor-tab-content elementor-clearfix elementor-active\" role=\"tabpanel\" data-tab=\"8\" aria-labelledby=\"elementor-tab-title-1948\">\n<h4>Quais os seus canais de contato?<\/h4>\n<\/div>\n<\/div>\n<div class=\"elementor-toggle-item\">\n<div id=\"elementor-tab-content-1949\" class=\"elementor-tab-content elementor-clearfix elementor-active\" role=\"tabpanel\" data-tab=\"9\" aria-labelledby=\"elementor-tab-title-1949\">\n<p>Whatsapp: 53 984751621 \u2013 Clicar no canto da tela ou ESCANEIE O QRCODE ABAIXO<\/p>\n<h4><img decoding=\"async\" class=\"alignnone wp-image-13699\" src=\"http:\/\/portifolioos-prontos.com\/wp-content\/uploads\/2023\/02\/whatsapp-business-projeto-de-extensao-300x300.jpeg\" alt=\"projeto de extens\u00e3o unopar\" width=\"144\" height=\"144\" srcset=\"https:\/\/portifolioos-prontos.com\/wp-content\/uploads\/2023\/02\/whatsapp-business-projeto-de-extensao-300x301.jpeg 300w, https:\/\/portifolioos-prontos.com\/wp-content\/uploads\/2023\/02\/whatsapp-business-projeto-de-extensao-100x100.jpeg 100w, https:\/\/portifolioos-prontos.com\/wp-content\/uploads\/2023\/02\/whatsapp-business-projeto-de-extensao-150x150.jpeg 150w, https:\/\/portifolioos-prontos.com\/wp-content\/uploads\/2023\/02\/whatsapp-business-projeto-de-extensao-370x372.jpeg 370w, https:\/\/portifolioos-prontos.com\/wp-content\/uploads\/2023\/02\/whatsapp-business-projeto-de-extensao.jpeg 470w\" sizes=\"(max-width: 144px) 100vw, 144px\" \/><\/h4>\n<\/div>\n<\/div>\n<\/div>\n<\/div>\n<div class=\"elementor-toggle-item\">\n<div id=\"elementor-tab-content-1949\" class=\"elementor-tab-content elementor-clearfix elementor-active\" role=\"tabpanel\" data-tab=\"9\" aria-labelledby=\"elementor-tab-title-1949\">\n<p>E-mail:portifoliosp@gmail.com<\/p>\n<div id=\"attachment_143\" class=\"wp-caption alignnone\">\n<div id=\"attachment_143\" class=\"wp-caption alignnone\">\n<p><a href=\"http:\/\/portifolioos-prontos.com\/\"><img decoding=\"async\" class=\"wp-image-143 jetpack-lazy-image jetpack-lazy-image--handled\" title=\"portfolio pronto unopar\" src=\"https:\/\/i0.wp.com\/portifolioos-prontos.com\/wp-content\/uploads\/2022\/04\/conceitomaximo.png?resize=161%2C46\" alt=\"PORTFOLIO PRONTO UNOPAR ANHANGUERA\" width=\"161\" height=\"46\" aria-describedby=\"caption-attachment-143\" data-recalc-dims=\"1\" data-lazy-loaded=\"1\" \/><\/a><\/p>\n<p id=\"caption-attachment-143\" class=\"wp-caption-text\">Portf\u00f3lio em Word, respondido, completo e j\u00e1 nas normas.<\/p>\n<\/div>\n<\/div>\n<\/div>\n<\/div>\n","protected":false},"excerpt":{"rendered":"<p>Atividade pr\u00e1tica Tomografia computadorizada Curso de Radiologia OBJETIVOS A proposta desta atividade pr\u00e1tica est\u00e1 amparada nos seguintes objetivos: \u2022 Conhecer e ser capaz de atuar mediante os diferentes protocolos de aquisi\u00e7\u00e3o e reconstra\u00e7\u00e3o de imagens de Tomografia Computadorizada. RECURSOS Computador com acesso \u00e0 internet. Software RadiAnt. PROCEDIMENTOS\u00a0PR\u00c1TICOS Atividade proposta 1 Compreender os protocolos de aquisi\u00e7\u00e3o&hellip;<\/p>\n","protected":false},"featured_media":13166,"template":"","meta":{"_seopress_robots_primary_cat":"none","_seopress_titles_title":"%%post_title%% %%sitetitle%%","_seopress_titles_desc":"","_seopress_robots_index":""},"product_cat":[67,15],"product_tag":[],"class_list":{"0":"post-13050","1":"product","2":"type-product","3":"status-publish","4":"has-post-thumbnail","6":"product_cat-radiologia","7":"product_cat-uncategorized","9":"first","10":"instock","11":"featured","12":"downloadable","13":"virtual","14":"purchasable","15":"product-type-simple","16":"col-xs-6 col-sm-4","17":"col-mf-5","18":"un-5-cols"},"jetpack_sharing_enabled":true,"_links":{"self":[{"href":"https:\/\/portifolioos-prontos.com\/index.php\/wp-json\/wp\/v2\/product\/13050","targetHints":{"allow":["GET"]}}],"collection":[{"href":"https:\/\/portifolioos-prontos.com\/index.php\/wp-json\/wp\/v2\/product"}],"about":[{"href":"https:\/\/portifolioos-prontos.com\/index.php\/wp-json\/wp\/v2\/types\/product"}],"version-history":[{"count":0,"href":"https:\/\/portifolioos-prontos.com\/index.php\/wp-json\/wp\/v2\/product\/13050\/revisions"}],"wp:featuredmedia":[{"embeddable":true,"href":"https:\/\/portifolioos-prontos.com\/index.php\/wp-json\/wp\/v2\/media\/13166"}],"wp:attachment":[{"href":"https:\/\/portifolioos-prontos.com\/index.php\/wp-json\/wp\/v2\/media?parent=13050"}],"wp:term":[{"taxonomy":"product_cat","embeddable":true,"href":"https:\/\/portifolioos-prontos.com\/index.php\/wp-json\/wp\/v2\/product_cat?post=13050"},{"taxonomy":"product_tag","embeddable":true,"href":"https:\/\/portifolioos-prontos.com\/index.php\/wp-json\/wp\/v2\/product_tag?post=13050"}],"curies":[{"name":"wp","href":"https:\/\/api.w.org\/{rel}","templated":true}]}}