{"id":13076,"date":"2023-01-26T14:11:19","date_gmt":"2023-01-26T17:11:19","guid":{"rendered":"https:\/\/portifolioos-prontos.com\/?post_type=product&#038;p=13076"},"modified":"2023-04-29T22:26:05","modified_gmt":"2023-04-30T01:26:05","slug":"atividade-pratica-radiologia-odontologica","status":"publish","type":"product","link":"https:\/\/portifolioos-prontos.com\/index.php\/product\/atividade-pratica-radiologia-odontologica\/","title":{"rendered":"Atividade pr\u00e1tica Radiologia odontol\u00f3gica"},"content":{"rendered":"<h4>Atividade pr\u00e1tica Radiologia odontol\u00f3gica<\/h4>\n<hr \/>\n<p>OBJETIVOS<br \/>\nA proposta desta atividade pr\u00e1tica est\u00e1 amparada nos seguintes objetivos:<br \/>\n\uf0b7 Criar condi\u00e7\u00f5es did\u00e1tico-pedag\u00f3gicas para que voc\u00ea desenvolva seus<br \/>\nconhecimentos nas t\u00e9cnicas radiogr\u00e1ficas odontol\u00f3gicas intraorais e<br \/>\nextraorais.<\/p>\n<p>RECURSOS<br \/>\nComputador com acesso \u00e0 internet.<\/p>\n<p>PROCEDIMENTOS PR\u00c1TICOS<br \/>\nAtividade proposta 1<br \/>\nCompreender as t\u00e9cnicas radiogr\u00e1ficas intrabucais.<br \/>\nProcedimentos para a realiza\u00e7\u00e3o da atividade<br \/>\nNesta primeira atividade da aula pr\u00e1tica, vamos compreender um pouco mais sobre os<br \/>\nexames de imagem radiogr\u00e1fica intraoral.<br \/>\nOs exames de imagem radiogr\u00e1fica intraoral s\u00e3o a espinha dorsal do diagn\u00f3stico por<br \/>\nimagem para o dentista. As imagens intraorais podem ser divididas em tr\u00eas categorias:<br \/>\n\uf0b7 Proje\u00e7\u00f5es periapicais, que mostram toda a extens\u00e3o do dente e o osso ao redor;<br \/>\n\uf0b7 Proje\u00e7\u00f5es interproximais, que mostram apenas as coroas dos dentes e as cristas<br \/>\nalveolares adjacentes;<br \/>\n\uf0b7 Proje\u00e7\u00f5es oclusivas, que mostram uma \u00e1rea de dentes e ossos maior do que<br \/>\nimagens periapicais.<br \/>\n1) Duas t\u00e9cnicas de proje\u00e7\u00e3o intraoral s\u00e3o comumente utilizadas para radiografia<br \/>\nperiapical: (1) a t\u00e9cnica de paralelismo (utiliza posicionador) e (2) a t\u00e9cnica da<br \/>\nbissetriz (pode ser tomada com ou sem posicionador).<br \/>\na) A dist\u00e2ncia focal \u00e9 um fator variante nas t\u00e9cnicas intraorais. Qual \u00e9 a dist\u00e2ncia<br \/>\nfocal nas t\u00e9cnicas de paralelismo e na t\u00e9cnica da bissetriz?<br \/>\nb) Como deve ser feito o posicionamento do filme radiogr\u00e1fico, para uma radiografia<br \/>\nde dentes posteriores e dos caninos\/incisivos?<\/p>\n<p>c) A t\u00e9cnica periapical da bissetriz pode ser tomada com ou sem posicionador. Na<br \/>\nt\u00e9cnica sem posicionador, a apreens\u00e3o do filme \u00e9 executada pelo pr\u00f3prio<br \/>\npaciente na maxila ou na mand\u00edbula. Para esta atividade voc\u00ea deve \u201ccriar\u201d um<br \/>\nfilme radiogr\u00e1fico (utilizando papel, papel\u00e3o, pl\u00e1stico, use a criatividade!) e<br \/>\nrealizar o posicionamento do filme para a obten\u00e7\u00e3o de uma radiografia da regi\u00e3o<br \/>\ndos dentes incisivos centrais superiores e para a regi\u00e3o dos molares superiores.<\/p>\n<p>Este posicionamento pode ser feito em si mesmo, amigos ou familiares, lembre-<br \/>\nse de realizar o registro por meio de fotos.<\/p>\n<p>d) Descreva o correto posicionamento da cabe\u00e7a do paciente para a realiza\u00e7\u00e3o da<br \/>\nt\u00e9cnica periapical bissetriz.<br \/>\n2) A t\u00e9cnica radiol\u00f3gica oclusal utiliza o filme oclusal, que, devido \u00e0 sua maior<br \/>\ndimens\u00e3o, o filme possibilita uma avalia\u00e7\u00e3o de \u00e1reas mais extensas da maxila e<br \/>\nmand\u00edbula. Descreva como \u00e9 feito o posicionamento e a apreens\u00e3o dos filmes<br \/>\noclusais nos exames totais e parciais.<\/p>\n<p>Atividade 2<br \/>\nCompreender sobre as t\u00e9cnicas radiogr\u00e1ficas extraorais.<br \/>\nProcedimentos para a realiza\u00e7\u00e3o da atividade<br \/>\nAs t\u00e9cnicas radiogr\u00e1ficas denominadas extraorais s\u00e3o todas aquelas nas quais o filme \u00e9<br \/>\nposicionado fora da boca do paciente, possibilitando radiografias que favore\u00e7am uma<br \/>\navalia\u00e7\u00e3o mais ampla das regi\u00f5es craniofaciais. Muitas vezes, elas s\u00e3o associadas \u00e0s<br \/>\nt\u00e9cnicas intraorais para a obten\u00e7\u00e3o de uma imagem mais rica em detalhes. Em algumas<br \/>\nsitua\u00e7\u00f5es, sua indica\u00e7\u00e3o \u00e9 imprescind\u00edvel como auxiliar para um diagn\u00f3stico mais<br \/>\nconclusivo.<br \/>\na) Comparando-se as proje\u00e7\u00f5es extraorais com as intraorais, pode-se observar que<br \/>\nexistem algumas diferen\u00e7as. Cite as principais diferen\u00e7as entre elas.<br \/>\nb) Considere que voc\u00ea recebeu um paciente para a realiza\u00e7\u00e3o de uma radiografia<br \/>\ncefalom\u00e9trica, quais s\u00e3o os fatores t\u00e9cnicos, o posicionamento do paciente e a<br \/>\ndire\u00e7\u00e3o do feixe de raio x?<\/p>\n<p>c) A radiografia posteroanterior para seios maxilares \u00e9 indicada quando h\u00e1<br \/>\nsuspeitas de fraturas do ter\u00e7o m\u00e9dio da face, exames dos seios frontal e etmoidal,<br \/>\nexame do seio esfenoidal. Em uma superf\u00edcie, simulando o chassi, fa\u00e7a o<br \/>\nposicionamento da cabe\u00e7a do paciente (voc\u00ea pode fazer em si mesmo, ou contar<\/p>\n<p>com a ajuda de um amigo ou familiar), indicando tamb\u00e9m, a dire\u00e7\u00e3o dos feixes<br \/>\nde raio\u00a0x.\u00a0Lembre-se de registrar este posicionamento atrav\u00e9s de uma foto.<\/p>\n<p>Sugest\u00f5es de leitura<br \/>\nFENYO-PEREIRA, Marlene. S\u00e9rie Fundamentos de Odontologia \u2013 Radiologia<br \/>\nOdontol\u00f3gica e Imaginologia. Rio de Janeiro: Grupo GEN, 2021. Dispon\u00edvel em:<br \/>\n<a href=\"https:\/\/integrada.minhabiblioteca.com.br\/#\/books\/9788527737388\/\" rel=\"nofollow\">https:\/\/integrada.minhabiblioteca.com.br\/#\/books\/9788527737388\/<\/a>.<br \/>\nWATANABE, Plauto Christopher A.; ARITA, Emiko S. Radiologia oral: texto e atlas.<br \/>\nSantana de Parna\u00edba: Editora Manole, 2021. Dispon\u00edvel em:<br \/>\n<a href=\"https:\/\/integrada.minhabiblioteca.com.br\/#\/books\/9786555766653\/\" rel=\"nofollow\">https:\/\/integrada.minhabiblioteca.com.br\/#\/books\/9786555766653\/<\/a>.<br \/>\nChecklist<br \/>\nAs tarefas foram conclu\u00eddas com \u00eaxito?<br \/>\nOs posicionamentos foram realizados e registrados por meio de fotos?<br \/>\nVoc\u00ea foi capaz de compreender as t\u00e9cnicas para radiografia intraoral e extraoral?<\/p>\n<p>RESULTADO<br \/>\nOrienta\u00e7\u00f5es para o envio da atividade:<br \/>\n\uf0b7 O resultado de aprendizagem da aula pr\u00e1tica dever\u00e1 ser registrado em forma<br \/>\nde um relat\u00f3rio descritivo que dever\u00e1 ser postado em seu ambiente virtual.<br \/>\n\uf0b7 A postagem do arquivo final deve ser em um \u00fanico arquivo, formato .DOC<br \/>\n(Word ou editor de textos);<br \/>\n\uf0b7 Responda detalhadamente as quest\u00f5es propostas em cada uma das<br \/>\natividades.<br \/>\n\uf0b7 Os posicionamentos das atividades 1 (c) e 2 (c) devem ser registrados por<br \/>\nmeio de fotos. Lembre-se de inserir as fotos no seu arquivo.<br \/>\n\uf0b7 Atente-se ao tamanho m\u00e1ximo do arquivo, suportado pelo Ambiente Virtual se<br \/>\nAprendizagem, se necess\u00e1rio, reduza o tamanho das suas fotos<br \/>\n(<a href=\"https:\/\/www.resizepixel.com\/pt\/reduce-image-in-kb\/\" rel=\"nofollow\">https:\/\/www.resizepixel.com\/pt\/reduce-image-in-kb\/<\/a>).<br \/>\n\uf0b7 O sistema ir\u00e1 arquivar e disponibilizar para corre\u00e7\u00e3o apenas o \u00faltimo trabalho<br \/>\nencaminhado, caso voc\u00ea encaminhe um novo arquivo, ele ir\u00e1 sobrepor e<br \/>\napagar o arquivo encaminhado anteriormente;<br \/>\n\uf0b7 Voc\u00ea dever\u00e1 postar o trabalho finalizado no AVA, o que dever\u00e1 ser feito na<br \/>\npasta espec\u00edfica, obedecendo ao prazo limite de postagem, conforme disposto<br \/>\nno cronograma do curso. N\u00e3o existe prorroga\u00e7\u00e3o para a postagem da<br \/>\natividade;<br \/>\n\uf0b7 O trabalho ser\u00e1 realizado individualmente.<\/p>\n<p>N\u00e3o deixe de participar de todas as tarefas! Elas ser\u00e3o determinantes para o<br \/>\naprendizado das t\u00e9cnicas.<br \/>\nBons estudos!<\/p>\n<div class=\"elementor-toggle-item\">\n<h4 id=\"elementor-tab-title-1941\" class=\"elementor-tab-title elementor-active\" tabindex=\"0\" role=\"tab\" data-tab=\"1\" aria-controls=\"elementor-tab-content-1941\" aria-expanded=\"true\" aria-selected=\"true\">Como funciona?<\/h4>\n<div id=\"elementor-tab-content-1941\" class=\"elementor-tab-content elementor-clearfix elementor-active\" role=\"tabpanel\" data-tab=\"1\" aria-labelledby=\"elementor-tab-title-1941\">\n<p>Elaboramos os portf\u00f3lios, j\u00e1 deixamos prontos, nas normas da ABNT e conforme os requisitos da universidade. F\u00e1cil assim! O MELHOR \u00c9 QUE VOC\u00ca COMPRA E J\u00c1 BAIXA NA HORA O SEU ARQUIVO EM WORD! Sabemos que conciliar trabalho, fam\u00edlia, vida profissional e estudos \u00e9 dif\u00edcil hoje em dia, por isso, estamos aqui para ajudar voc\u00ea. Conte com nossa qualidade, experi\u00eancia e profissionalismo adquirindo seu portf\u00f3lio conosco. GARANTIMOS SEU CONCEITO!<\/p>\n<h4>Como se realizam os envios?<\/h4>\n<\/div>\n<\/div>\n<div class=\"elementor-toggle-item\">\n<div id=\"elementor-tab-content-1942\" class=\"elementor-tab-content elementor-clearfix elementor-active\" role=\"tabpanel\" data-tab=\"2\" aria-labelledby=\"elementor-tab-title-1942\">O seu trabalho \u00e9 disponibilizado pronto, respondido e nas normas j\u00e1 na mesma hora aqui em nosso site na sua \u00e1rea de downloads e tamb\u00e9m no seu e-mail.<\/div>\n<\/div>\n<div class=\"elementor-toggle-item\">\n<div id=\"elementor-tab-content-1943\" class=\"elementor-tab-content elementor-clearfix elementor-active\" role=\"tabpanel\" data-tab=\"3\" aria-labelledby=\"elementor-tab-title-1943\">\n<h4>Em quanto tempo recebo o portf\u00f3lio?<\/h4>\n<\/div>\n<\/div>\n<div class=\"elementor-toggle-item\">\n<div id=\"elementor-tab-content-1944\" class=\"elementor-tab-content elementor-clearfix elementor-active\" role=\"tabpanel\" data-tab=\"4\" aria-labelledby=\"elementor-tab-title-1944\">\n<p>Os envios s\u00e3o imediatos. Ap\u00f3s sua compra, o trabalho j\u00e1 \u00e9 disponibilizado instantaneamente aqui em nosso site e no seu e-mail.<\/p>\n<h4>E se o portf\u00f3lio que comprei precisar de corre\u00e7\u00e3o?<\/h4>\n<\/div>\n<\/div>\n<div class=\"elementor-toggle-item\">\n<div id=\"elementor-tab-content-1945\" class=\"elementor-tab-content elementor-clearfix elementor-active\" role=\"tabpanel\" data-tab=\"5\" aria-labelledby=\"elementor-tab-title-1945\">\n<p>Caso haja alguma solicita\u00e7\u00e3o de corre\u00e7\u00e3o\/altera\u00e7\u00e3o por parte do tutor, basta entrar em contato conosco pelo\u00a0<a href=\"https:\/\/api.whatsapp.com\/send\/?phone=5553984751621&amp;text&amp;app_absent=0\">WhatsApp<\/a>\u00a0que provid\u00eanciaremos sem custo algum.<\/p>\n<h4>Qual o formato do arquivo?<\/h4>\n<\/div>\n<\/div>\n<div class=\"elementor-toggle-item\">\n<div id=\"elementor-tab-content-1946\" class=\"elementor-tab-content elementor-clearfix elementor-active\" role=\"tabpanel\" data-tab=\"6\" aria-labelledby=\"elementor-tab-title-1946\">\n<p>Os arquivos s\u00e3o enviados em formato Word e s\u00e3o edit\u00e1veis.<\/p>\n<h4>Caso eu tiver alguma d\u00favida, terei suporte no p\u00f3s venda?<\/h4>\n<\/div>\n<\/div>\n<div class=\"elementor-toggle-item\">\n<div id=\"elementor-tab-content-1948\" class=\"elementor-tab-content elementor-clearfix elementor-active\" role=\"tabpanel\" data-tab=\"8\" aria-labelledby=\"elementor-tab-title-1948\">\n<p>Sim, com certeza. Basta clicar no \u00edcone do WhatsApp no cantinho da tela. Ser\u00e1 um prazer atend\u00ea-lo(a).<\/p>\n<div class=\"elementor-toggle-item\">\n<div id=\"elementor-tab-content-1948\" class=\"elementor-tab-content elementor-clearfix elementor-active\" role=\"tabpanel\" data-tab=\"8\" aria-labelledby=\"elementor-tab-title-1948\">\n<h4>Quais os seus canais de contato?<\/h4>\n<\/div>\n<\/div>\n<div class=\"elementor-toggle-item\">\n<div id=\"elementor-tab-content-1949\" class=\"elementor-tab-content elementor-clearfix elementor-active\" role=\"tabpanel\" data-tab=\"9\" aria-labelledby=\"elementor-tab-title-1949\">\n<p>Whatsapp: 53 984751621 \u2013 Clicar no canto da tela ou ESCANEIE O QRCODE ABAIXO<\/p>\n<h4><img decoding=\"async\" class=\"alignnone wp-image-13699\" src=\"http:\/\/portifolioos-prontos.com\/wp-content\/uploads\/2023\/02\/whatsapp-business-projeto-de-extensao-300x300.jpeg\" alt=\"projeto de extens\u00e3o unopar\" width=\"144\" height=\"144\" srcset=\"https:\/\/portifolioos-prontos.com\/wp-content\/uploads\/2023\/02\/whatsapp-business-projeto-de-extensao-300x301.jpeg 300w, https:\/\/portifolioos-prontos.com\/wp-content\/uploads\/2023\/02\/whatsapp-business-projeto-de-extensao-100x100.jpeg 100w, https:\/\/portifolioos-prontos.com\/wp-content\/uploads\/2023\/02\/whatsapp-business-projeto-de-extensao-150x150.jpeg 150w, https:\/\/portifolioos-prontos.com\/wp-content\/uploads\/2023\/02\/whatsapp-business-projeto-de-extensao-370x372.jpeg 370w, https:\/\/portifolioos-prontos.com\/wp-content\/uploads\/2023\/02\/whatsapp-business-projeto-de-extensao.jpeg 470w\" sizes=\"(max-width: 144px) 100vw, 144px\" \/><\/h4>\n<\/div>\n<\/div>\n<\/div>\n<\/div>\n<div class=\"elementor-toggle-item\">\n<div id=\"elementor-tab-content-1949\" class=\"elementor-tab-content elementor-clearfix elementor-active\" role=\"tabpanel\" data-tab=\"9\" aria-labelledby=\"elementor-tab-title-1949\">\n<p>E-mail:portifoliosp@gmail.com<\/p>\n<div id=\"attachment_143\" class=\"wp-caption alignnone\">\n<div id=\"attachment_143\" class=\"wp-caption alignnone\">\n<p><a href=\"http:\/\/portifolioos-prontos.com\/\"><img decoding=\"async\" class=\"wp-image-143 jetpack-lazy-image jetpack-lazy-image--handled\" title=\"portfolio pronto unopar\" src=\"https:\/\/i0.wp.com\/portifolioos-prontos.com\/wp-content\/uploads\/2022\/04\/conceitomaximo.png?resize=161%2C46\" alt=\"PORTFOLIO PRONTO UNOPAR ANHANGUERA\" width=\"161\" height=\"46\" aria-describedby=\"caption-attachment-143\" data-recalc-dims=\"1\" data-lazy-loaded=\"1\" \/><\/a><\/p>\n<p id=\"caption-attachment-143\" class=\"wp-caption-text\">Portf\u00f3lio em Word, respondido, completo e j\u00e1 nas normas.<\/p>\n<\/div>\n<\/div>\n<\/div>\n<\/div>\n","protected":false},"excerpt":{"rendered":"<p>Atividade pr\u00e1tica Radiologia odontol\u00f3gica OBJETIVOS A proposta desta atividade pr\u00e1tica est\u00e1 amparada nos seguintes objetivos: \uf0b7 Criar condi\u00e7\u00f5es did\u00e1tico-pedag\u00f3gicas para que voc\u00ea desenvolva seus conhecimentos nas t\u00e9cnicas radiogr\u00e1ficas odontol\u00f3gicas intraorais e extraorais. RECURSOS Computador com acesso \u00e0 internet. PROCEDIMENTOS PR\u00c1TICOS Atividade proposta 1 Compreender as t\u00e9cnicas radiogr\u00e1ficas intrabucais. Procedimentos para a realiza\u00e7\u00e3o da atividade Nesta&hellip;<\/p>\n","protected":false},"featured_media":13162,"template":"","meta":{"_seopress_robots_primary_cat":"none","_seopress_titles_title":"%%post_title%% %%sitetitle%%","_seopress_titles_desc":"","_seopress_robots_index":""},"product_cat":[67,15],"product_tag":[],"class_list":{"0":"post-13076","1":"product","2":"type-product","3":"status-publish","4":"has-post-thumbnail","6":"product_cat-radiologia","7":"product_cat-uncategorized","9":"first","10":"instock","11":"featured","12":"downloadable","13":"virtual","14":"purchasable","15":"product-type-simple","16":"col-xs-6 col-sm-4","17":"col-mf-5","18":"un-5-cols"},"jetpack_sharing_enabled":true,"_links":{"self":[{"href":"https:\/\/portifolioos-prontos.com\/index.php\/wp-json\/wp\/v2\/product\/13076","targetHints":{"allow":["GET"]}}],"collection":[{"href":"https:\/\/portifolioos-prontos.com\/index.php\/wp-json\/wp\/v2\/product"}],"about":[{"href":"https:\/\/portifolioos-prontos.com\/index.php\/wp-json\/wp\/v2\/types\/product"}],"version-history":[{"count":0,"href":"https:\/\/portifolioos-prontos.com\/index.php\/wp-json\/wp\/v2\/product\/13076\/revisions"}],"wp:featuredmedia":[{"embeddable":true,"href":"https:\/\/portifolioos-prontos.com\/index.php\/wp-json\/wp\/v2\/media\/13162"}],"wp:attachment":[{"href":"https:\/\/portifolioos-prontos.com\/index.php\/wp-json\/wp\/v2\/media?parent=13076"}],"wp:term":[{"taxonomy":"product_cat","embeddable":true,"href":"https:\/\/portifolioos-prontos.com\/index.php\/wp-json\/wp\/v2\/product_cat?post=13076"},{"taxonomy":"product_tag","embeddable":true,"href":"https:\/\/portifolioos-prontos.com\/index.php\/wp-json\/wp\/v2\/product_tag?post=13076"}],"curies":[{"name":"wp","href":"https:\/\/api.w.org\/{rel}","templated":true}]}}