{"id":13604,"date":"2023-02-14T19:31:50","date_gmt":"2023-02-14T22:31:50","guid":{"rendered":"https:\/\/portifolioos-prontos.com\/?post_type=product&#038;p=13604"},"modified":"2026-03-02T16:25:13","modified_gmt":"2026-03-02T19:25:13","slug":"atividade-pratica-analise-das-cadeias-agroindustriais-animais","status":"publish","type":"product","link":"https:\/\/portifolioos-prontos.com\/index.php\/product\/atividade-pratica-analise-das-cadeias-agroindustriais-animais\/","title":{"rendered":"ATIVIDADE PR\u00c1TICA AN\u00c1LISE DAS CADEIAS AGROINDUSTRIAIS ANIMAIS"},"content":{"rendered":"<h4>ATIVIDADE PR\u00c1TICA AN\u00c1LISE DAS CADEIAS AGROINDUSTRIAIS ANIMAIS<\/h4>\n<p><strong>OBJETIVOS<\/strong><br \/>\nA proposta desta atividade pr\u00e1tica est\u00e1 amparada nos seguintes objetivos:<br \/>\n&#8211; Estimular o aluno a aprofundar seus conhecimentos sobre as cadeias produtivas de<br \/>\nprodu\u00e7\u00e3o animal que tenham relev\u00e2ncia em seu munic\u00edpio ou regi\u00e3o.<br \/>\n&#8211; Conhecer os aspectos espec\u00edficos da cadeia produtiva escolhida para o<br \/>\ndesenvolvimento deste trabalho;<br \/>\n&#8211; Aprofundar seu conhecimento sobre as potencialidades e os fatores limitantes para o<br \/>\ndesenvolvimento da cadeia produtiva escolhida na regi\u00e3o.<br \/>\n<strong>RECURSOS<\/strong><br \/>\nComputador com acesso \u00e0 internet e ao ambiente virtual.<br \/>\n<strong>PROCEDIMENTOS PR\u00c1TICOS<\/strong><br \/>\nAtividade proposta<br \/>\nPara essa atividade pr\u00e1tica s\u00e3o propostas a pesquisa e levantamento de dados para a<br \/>\ncaracteriza\u00e7\u00e3o da cadeia produtiva de produ\u00e7\u00e3o animal que tradicionalmente se destaca no<br \/>\nmunic\u00edpio ou regi\u00e3o onde o aluno reside ou trabalha.<br \/>\n\u2022 Pesquisa e levantamento de dados para a caracteriza\u00e7\u00e3o da cadeia produtiva de<br \/>\nprodu\u00e7\u00e3o animal que tradicionalmente se destaca no munic\u00edpio ou regi\u00e3o onde o aluno<br \/>\nreside ou trabalha.<br \/>\n\u2022 Escolher uma cadeia produtiva animal, diferente daquela em outra atividade<br \/>\nanterior.<br \/>\nProcedimentos para a realiza\u00e7\u00e3o da atividade<br \/>\nEtapa 1: Caracteriza\u00e7\u00e3o da cadeia produtiva de produ\u00e7\u00e3o animal<br \/>\nOrienta\u00e7\u00f5es<br \/>\nPara o desenvolvimento desta pr\u00e1tica voc\u00ea dever\u00e1 identificar uma atividade de produ\u00e7\u00e3o<br \/>\nanimal que seja importante para o munic\u00edpio ou regi\u00e3o onde vive. A import\u00e2ncia desta<br \/>\natividade pode estar ligada a aspectos econ\u00f4micos, sociais ou at\u00e9 mesmo culturais. Sua<br \/>\nescolha n\u00e3o dever\u00e1 ser limitada \u00e0s atividades de produ\u00e7\u00e3o animal apresentadas no livro da<br \/>\ndisciplina, assim, esteja livre para fazer sua busca.<br \/>\nIndependente da atividade identificada e escolhida para o desenvolvimento desta pr\u00e1tica<br \/>\nvoc\u00ea dever\u00e1 seguir os passos descritos adiante, para que sua pesquisa possa apresentar<br \/>\nde maneira clara e objetiva o funcionamento da cadeia produtiva de produ\u00e7\u00e3o animal<br \/>\nescolhida.<br \/>\nO resultado dessa sua pesquisa dever\u00e1 ser apresentado na forma de um texto que dever\u00e1<br \/>\nconter os seguintes elementos:<br \/>\nT\u00edtulo: Nome da cadeia produtiva de produ\u00e7\u00e3o animal destacando o produto final (carne,<br \/>\novos, couro, l\u00e3, mel, etc.).<br \/>\nIntrodu\u00e7\u00e3o: Caracterizar a cadeia produtiva escolhida apresentando aspectos hist\u00f3ricos,<br \/>\necon\u00f4micos, sociais e culturais da atividade e sua rela\u00e7\u00e3o com a popula\u00e7\u00e3o local.<br \/>\nJustificativa: Apresentar de forma objetiva a raz\u00e3o pela qual voc\u00ea escolheu esta cadeia<br \/>\nprodutiva para desenvolver sua pesquisa (Qual a relev\u00e2ncia deste estudo?).<br \/>\nDesenvolvimento:<br \/>\nCaracteriza\u00e7\u00e3o da cadeia produtiva: Nesta parte do texto voc\u00ea dever\u00e1 apresentar e<br \/>\ncaracterizar todas as etapas da cadeia produtiva escolhida, desde a origem dos animais<br \/>\n(reprodu\u00e7\u00e3o, cria\u00e7\u00e3o de matrizes, gera\u00e7\u00e3o de animais que fornecer\u00e3o o produto final, entre<br \/>\noutros) fornecimento de insumos (ra\u00e7\u00e3o, medicamentos, equipamentos, etc.), obten\u00e7\u00e3o do<br \/>\nproduto final (cria\u00e7\u00e3o, engorda, extra\u00e7\u00e3o, tosquia, tratamentos, processamentos, etc.),<br \/>\nrela\u00e7\u00e3o com fornecedores, intermedi\u00e1rios e consumidor final (quem s\u00e3o, como afetam a<br \/>\ncadeia produtiva, a que etapa est\u00e3o associados, entre outras informa\u00e7\u00f5es).<br \/>\nIdentifica\u00e7\u00e3o e caracteriza\u00e7\u00e3o de potencialidades e limita\u00e7\u00f5es da cadeia produtiva: Uma<br \/>\nvez que a cadeia produtiva tenha sido caracterizada, voc\u00ea ir\u00e1 identificar e apresentar quais<br \/>\ns\u00e3o as potencialidades (os pontos fortes) e os fatores limitantes (os pontos fracos) do setor<br \/>\nna regi\u00e3o. Neste sentido, voc\u00ea dever\u00e1 descrever quais aspectos colaboram para a<br \/>\nmanuten\u00e7\u00e3o, e podem proporcionar o crescimento da atividade em sua regi\u00e3o, e quais s\u00e3o<br \/>\nos aspectos que dificultam o desenvolvimento da atividade. A apresenta\u00e7\u00e3o de pontos fortes<br \/>\ne fracos n\u00e3o deve ser feita em t\u00f3picos, mas sim em texto corrido, onde voc\u00ea ir\u00e1<br \/>\ncontextualizar os pontos identificados. Para os fatores limitantes voc\u00ea dever\u00e1 propor<br \/>\nposs\u00edveis solu\u00e7\u00f5es que podem ser empregadas para a sua supera\u00e7\u00e3o.<br \/>\nFluxograma: Por meio da constru\u00e7\u00e3o de um fluxograma voc\u00ea ir\u00e1 representar todas as<br \/>\netapas identificadas da cadeia produtiva estudada, demonstrando com estas est\u00e3o<br \/>\nconectadas entre si e com os demais atores\/setores.<br \/>\nConclus\u00e3o: Para concluir seu trabalho voc\u00ea dever\u00e1, resumidamente, apresentar os<br \/>\naspectos mais importantes de sua pesquisa, encerrando com a emiss\u00e3o de sua opini\u00e3o<br \/>\npessoal, baseada no conte\u00fado pesquisado, sobre relev\u00e2ncia da cadeia produtiva escolhida,<br \/>\npara a sua regi\u00e3o. Lembre-se de relacionar sua impress\u00e3o com a justificativa que foi dada<br \/>\nanteriormente.<br \/>\nBibliografia: Apresentar a rela\u00e7\u00e3o de todas as bibliografias consultadas, seguindo o padr\u00e3o<br \/>\nda ABNT utilizado pela institui\u00e7\u00e3o.<br \/>\nOBSERVA\u00c7\u00c2O: Esta pr\u00e1tica \u00e9 um trabalho original e, portanto, n\u00e3o poder\u00e1 haver trabalhos<br \/>\nid\u00eanticos aos de outros alunos ou com reprodu\u00e7\u00e3o de materiais extra\u00eddos da internet. Os<br \/>\ntrabalhos plagiados ser\u00e3o invalidados. Lembre-se de que a pr\u00e1tica do pl\u00e1gio constitui crime,<br \/>\ncom pena prevista em lei (Lei n.\u00ba 9.610), e deve ser evitada no \u00e2mbito acad\u00eamico.<br \/>\n<strong>Checklist<\/strong><br \/>\nPara o bom desenvolvimento oriente-se pelos itens descritos a seguir:<br \/>\n\u2022 Realiza\u00e7\u00e3o de um breve estudo sobre as cadeias produtivas de produ\u00e7\u00e3o animal<br \/>\nrelevantes em seu munic\u00edpio ou regi\u00e3o;<br \/>\n\u2022 Sele\u00e7\u00e3o da cadeia produtiva para o desenvolvimento da sua pesquisa;<br \/>\n\u2022 Levantamento de dados a respeito da cadeia produtiva escolhida<br \/>\n\u2022 Revis\u00e3o bibliogr\u00e1fica;<br \/>\n\u2022 An\u00e1lise do material pesquisado;<br \/>\n\u2022 Reda\u00e7\u00e3o do texto;<br \/>\n\u2022 Relat\u00f3rio.<br \/>\n<strong>RESULTADO<\/strong><br \/>\nAo final da pr\u00e1tica voc\u00ea dever\u00e1 apresentar um estudo completo acerca da cadeia produtiva<br \/>\nde produ\u00e7\u00e3o animal escolhida, tendo identificado seus pontos fortes e fracos dentro do<br \/>\ncontexto local onde \u00e9 desenvolvida.<\/p>\n<div class=\"elementor-toggle-item\">\n<h4 id=\"elementor-tab-title-1941\" class=\"elementor-tab-title elementor-active\" tabindex=\"0\" role=\"tab\" data-tab=\"1\" aria-controls=\"elementor-tab-content-1941\" aria-expanded=\"true\" aria-selected=\"true\">Como funciona?<\/h4>\n<div id=\"elementor-tab-content-1941\" class=\"elementor-tab-content elementor-clearfix elementor-active\" role=\"tabpanel\" data-tab=\"1\" aria-labelledby=\"elementor-tab-title-1941\">\n<p>Elaboramos os portf\u00f3lios, j\u00e1 deixamos prontos, nas normas da ABNT e conforme os requisitos da universidade. F\u00e1cil assim! O MELHOR \u00c9 QUE VOC\u00ca COMPRA E J\u00c1 BAIXA NA HORA O SEU ARQUIVO EM WORD! Sabemos que conciliar trabalho, fam\u00edlia, vida profissional e estudos \u00e9 dif\u00edcil hoje em dia, por isso, estamos aqui para ajudar voc\u00ea. Conte com nossa qualidade, experi\u00eancia e profissionalismo adquirindo seu portf\u00f3lio conosco. GARANTIMOS SEU CONCEITO!<\/p>\n<h4>Como se realizam os envios?<\/h4>\n<\/div>\n<\/div>\n<div class=\"elementor-toggle-item\">\n<div id=\"elementor-tab-content-1942\" class=\"elementor-tab-content elementor-clearfix elementor-active\" role=\"tabpanel\" data-tab=\"2\" aria-labelledby=\"elementor-tab-title-1942\">O seu trabalho \u00e9 disponibilizado pronto, respondido e nas normas j\u00e1 na mesma hora aqui em nosso site na sua \u00e1rea de downloads e tamb\u00e9m no seu e-mail.<\/div>\n<\/div>\n<div class=\"elementor-toggle-item\">\n<div id=\"elementor-tab-content-1943\" class=\"elementor-tab-content elementor-clearfix elementor-active\" role=\"tabpanel\" data-tab=\"3\" aria-labelledby=\"elementor-tab-title-1943\">\n<h4>Em quanto tempo recebo o portf\u00f3lio?<\/h4>\n<\/div>\n<\/div>\n<div class=\"elementor-toggle-item\">\n<div id=\"elementor-tab-content-1944\" class=\"elementor-tab-content elementor-clearfix elementor-active\" role=\"tabpanel\" data-tab=\"4\" aria-labelledby=\"elementor-tab-title-1944\">\n<p>Os envios s\u00e3o imediatos. Ap\u00f3s sua compra, o trabalho j\u00e1 \u00e9 disponibilizado instantaneamente aqui em nosso site e no seu e-mail.<\/p>\n<h4>E se o portf\u00f3lio que comprei precisar de corre\u00e7\u00e3o?<\/h4>\n<\/div>\n<\/div>\n<div class=\"elementor-toggle-item\">\n<div id=\"elementor-tab-content-1945\" class=\"elementor-tab-content elementor-clearfix elementor-active\" role=\"tabpanel\" data-tab=\"5\" aria-labelledby=\"elementor-tab-title-1945\">\n<p>Caso haja alguma solicita\u00e7\u00e3o de corre\u00e7\u00e3o\/altera\u00e7\u00e3o por parte do tutor, basta entrar em contato conosco pelo\u00a0<a href=\"https:\/\/api.whatsapp.com\/send\/?phone=5553984751621&amp;text&amp;app_absent=0\">WhatsApp<\/a>\u00a0que provid\u00eanciaremos sem custo algum.<\/p>\n<h4>Qual o formato do arquivo?<\/h4>\n<\/div>\n<\/div>\n<div class=\"elementor-toggle-item\">\n<div id=\"elementor-tab-content-1946\" class=\"elementor-tab-content elementor-clearfix elementor-active\" role=\"tabpanel\" data-tab=\"6\" aria-labelledby=\"elementor-tab-title-1946\">\n<p>Os arquivos s\u00e3o enviados em formato Word e s\u00e3o edit\u00e1veis.<\/p>\n<h4>Caso eu tiver alguma d\u00favida, terei suporte no p\u00f3s venda?<\/h4>\n<\/div>\n<\/div>\n<div class=\"elementor-toggle-item\">\n<div id=\"elementor-tab-content-1948\" class=\"elementor-tab-content elementor-clearfix elementor-active\" role=\"tabpanel\" data-tab=\"8\" aria-labelledby=\"elementor-tab-title-1948\">\n<p>Sim, com certeza. Basta clicar no \u00edcone do WhatsApp no cantinho da tela. Ser\u00e1 um prazer atend\u00ea-lo(a).<\/p>\n<div class=\"elementor-toggle-item\">\n<div id=\"elementor-tab-content-1948\" class=\"elementor-tab-content elementor-clearfix elementor-active\" role=\"tabpanel\" data-tab=\"8\" aria-labelledby=\"elementor-tab-title-1948\">\n<h4>Quais os seus canais de contato?<\/h4>\n<\/div>\n<\/div>\n<div class=\"elementor-toggle-item\">\n<div id=\"elementor-tab-content-1949\" class=\"elementor-tab-content elementor-clearfix elementor-active\" role=\"tabpanel\" data-tab=\"9\" aria-labelledby=\"elementor-tab-title-1949\">\n<p>Whatsapp: 53 984751621 \u2013 Clicar no canto da tela ou ESCANEIE O QRCODE ABAIXO<\/p>\n<h4><img decoding=\"async\" class=\"alignnone wp-image-13699\" src=\"http:\/\/portifolioos-prontos.com\/wp-content\/uploads\/2023\/02\/whatsapp-business-projeto-de-extensao-300x300.jpeg\" alt=\"projeto de extens\u00e3o unopar\" width=\"153\" height=\"153\" srcset=\"https:\/\/portifolioos-prontos.com\/wp-content\/uploads\/2023\/02\/whatsapp-business-projeto-de-extensao-300x301.jpeg 300w, https:\/\/portifolioos-prontos.com\/wp-content\/uploads\/2023\/02\/whatsapp-business-projeto-de-extensao-100x100.jpeg 100w, https:\/\/portifolioos-prontos.com\/wp-content\/uploads\/2023\/02\/whatsapp-business-projeto-de-extensao-150x150.jpeg 150w, https:\/\/portifolioos-prontos.com\/wp-content\/uploads\/2023\/02\/whatsapp-business-projeto-de-extensao-370x372.jpeg 370w, https:\/\/portifolioos-prontos.com\/wp-content\/uploads\/2023\/02\/whatsapp-business-projeto-de-extensao.jpeg 470w\" sizes=\"(max-width: 153px) 100vw, 153px\" \/><\/h4>\n<\/div>\n<\/div>\n<\/div>\n<\/div>\n<div class=\"elementor-toggle-item\">\n<div id=\"elementor-tab-content-1949\" class=\"elementor-tab-content elementor-clearfix elementor-active\" role=\"tabpanel\" data-tab=\"9\" aria-labelledby=\"elementor-tab-title-1949\">\n<p>E-mail:portifoliosp@gmail.com<\/p>\n<div id=\"attachment_143\" class=\"wp-caption alignnone\">\n<div id=\"attachment_143\" class=\"wp-caption alignnone\" style=\"width: 105px;\">\n<p><a href=\"http:\/\/portifolioos-prontos.com\/\"><img decoding=\"async\" class=\"wp-image-143 jetpack-lazy-image jetpack-lazy-image--handled\" title=\"portfolio pronto unopar\" src=\"https:\/\/i0.wp.com\/portifolioos-prontos.com\/wp-content\/uploads\/2022\/04\/conceitomaximo.png?resize=158%2C45\" alt=\"PORTFOLIO PRONTO UNOPAR ANHANGUERA\" width=\"105\" height=\"30\" aria-describedby=\"caption-attachment-143\" data-lazy-loaded=\"1\" \/><\/a><\/p>\n<p id=\"caption-attachment-143\" class=\"wp-caption-text\">Portf\u00f3lio em Word, respondido, completo e j\u00e1 nas normas.<\/p>\n<\/div>\n<\/div>\n<\/div>\n<\/div>\n","protected":false},"excerpt":{"rendered":"<h5><strong>Pague pelo PIX ou cart\u00e3o e fa\u00e7a o download agora mesmo.<\/strong><\/h5>\n<p><img decoding=\"async\" class=\"\" src=\"https:\/\/d26lpennugtm8s.cloudfront.net\/assets\/common\/img\/logos\/payment\/visa@2x.png\" width=\"46\" height=\"29\" \/><img loading=\"lazy\" decoding=\"async\" class=\"\" src=\"https:\/\/d26lpennugtm8s.cloudfront.net\/assets\/common\/img\/logos\/payment\/boleto@2x.png\" width=\"43\" height=\"27\" \/><img loading=\"lazy\" decoding=\"async\" class=\"\" src=\"https:\/\/d26lpennugtm8s.cloudfront.net\/assets\/common\/img\/logos\/payment\/mastercard@2x.png\" width=\"43\" height=\"27\" \/><img loading=\"lazy\" decoding=\"async\" class=\"\" src=\"https:\/\/d26lpennugtm8s.cloudfront.net\/assets\/common\/img\/logos\/payment\/amex@2x.png\" width=\"43\" height=\"27\" \/><img loading=\"lazy\" decoding=\"async\" class=\"\" src=\"https:\/\/d26lpennugtm8s.cloudfront.net\/assets\/common\/img\/logos\/payment\/diners@2x.png\" width=\"46\" height=\"29\" \/><img loading=\"lazy\" decoding=\"async\" class=\"\" src=\"https:\/\/d26lpennugtm8s.cloudfront.net\/assets\/common\/img\/logos\/payment\/br\/elo@2x.png\" width=\"45\" height=\"28\" \/><img loading=\"lazy\" decoding=\"async\" class=\"\" src=\"https:\/\/d26lpennugtm8s.cloudfront.net\/assets\/common\/img\/logos\/payment\/br\/hipercard@2x.png\" width=\"44\" height=\"28\" \/><img loading=\"lazy\" decoding=\"async\" class=\"\" src=\"https:\/\/d26lpennugtm8s.cloudfront.net\/assets\/common\/img\/logos\/payment\/mercadopago@2x.png\" width=\"45\" height=\"28\" \/><\/p>\n","protected":false},"featured_media":13606,"template":"","meta":{"_seopress_robots_primary_cat":"none","_seopress_titles_title":"","_seopress_titles_desc":"","_seopress_robots_index":""},"product_cat":[15],"product_tag":[],"class_list":{"0":"post-13604","1":"product","2":"type-product","3":"status-publish","4":"has-post-thumbnail","6":"product_cat-uncategorized","8":"first","9":"instock","10":"downloadable","11":"virtual","12":"purchasable","13":"product-type-simple","14":"col-xs-6 col-sm-4","15":"col-mf-5","16":"un-5-cols"},"jetpack_sharing_enabled":true,"_links":{"self":[{"href":"https:\/\/portifolioos-prontos.com\/index.php\/wp-json\/wp\/v2\/product\/13604","targetHints":{"allow":["GET"]}}],"collection":[{"href":"https:\/\/portifolioos-prontos.com\/index.php\/wp-json\/wp\/v2\/product"}],"about":[{"href":"https:\/\/portifolioos-prontos.com\/index.php\/wp-json\/wp\/v2\/types\/product"}],"version-history":[{"count":2,"href":"https:\/\/portifolioos-prontos.com\/index.php\/wp-json\/wp\/v2\/product\/13604\/revisions"}],"predecessor-version":[{"id":49790,"href":"https:\/\/portifolioos-prontos.com\/index.php\/wp-json\/wp\/v2\/product\/13604\/revisions\/49790"}],"wp:featuredmedia":[{"embeddable":true,"href":"https:\/\/portifolioos-prontos.com\/index.php\/wp-json\/wp\/v2\/media\/13606"}],"wp:attachment":[{"href":"https:\/\/portifolioos-prontos.com\/index.php\/wp-json\/wp\/v2\/media?parent=13604"}],"wp:term":[{"taxonomy":"product_cat","embeddable":true,"href":"https:\/\/portifolioos-prontos.com\/index.php\/wp-json\/wp\/v2\/product_cat?post=13604"},{"taxonomy":"product_tag","embeddable":true,"href":"https:\/\/portifolioos-prontos.com\/index.php\/wp-json\/wp\/v2\/product_tag?post=13604"}],"curies":[{"name":"wp","href":"https:\/\/api.w.org\/{rel}","templated":true}]}}