{"id":14798,"date":"2023-03-26T22:28:50","date_gmt":"2023-03-27T01:28:50","guid":{"rendered":"https:\/\/portifolioos-prontos.com\/?post_type=product&#038;p=14798"},"modified":"2025-08-03T15:45:56","modified_gmt":"2025-08-03T18:45:56","slug":"aula-pratica-gerenciamento-e-desenvolvimento-em-banco-de-dados","status":"publish","type":"product","link":"https:\/\/portifolioos-prontos.com\/index.php\/product\/aula-pratica-gerenciamento-e-desenvolvimento-em-banco-de-dados\/","title":{"rendered":"Aula pr\u00e1tica Gerenciamento e desenvolvimento em banco de dados"},"content":{"rendered":"<h4 class=\"product-title product_title entry-title\">Aula pr\u00e1tica Gerenciamento e desenvolvimento em banco de dados<\/h4>\n<hr \/>\n<p>ROTEIRO DE AULA PR\u00c1TICA<br \/>\nNOME DA DISCIPLINA: Gerenciamento e Desenvolvimento em Banco de Dados<br \/>\nOBJETIVOS<br \/>\nDefini\u00e7\u00e3o dos objetivos da aula pr\u00e1tica:<br \/>\n\u2022 Saber utilizar o SQL Fiddle.<br \/>\n\u2022 Saber construir um banco de dados com a linguagem SQL.<br \/>\n\u2022 Saber criar tabelas e atributos.<br \/>\n\u2022 Saber inserir dados em tabelas.<br \/>\n\u2022 Saber utilizar o JOIN para consultas de dados em entre duas ou mais tabelas.<br \/>\nINFRAESTRUTURA<\/p>\n<p>Aula pr\u00e1tica Gerenciamento e desenvolvimento em banco de dados<br \/>\nInstala\u00e7\u00f5es:<br \/>\nComputador com acesso \u00e0 Internet.<br \/>\nMateriais de consumo:<br \/>\nDescri\u00e7\u00e3o<br \/>\nQuantidade de materiais<br \/>\npor<br \/>\nprocedimento\/atividade<br \/>\nSoftware:<br \/>\nSim (x) N\u00e3o ( )<br \/>\nEm caso afirmativo, qual?<br \/>\nPago ( ) N\u00e3o Pago (x)<br \/>\nTipo de Licen\u00e7a:<br \/>\nDescri\u00e7\u00e3o do software:<br \/>\nSQL Fiddle: Ferramenta online onde podemos criar bancos de dados para estudo e testar<br \/>\nl\u00f3gicas de SQL em v\u00e1rios tipos de SGBDs existentes no mercado.\u00a0<a href=\"http:\/\/sqlfiddle.com\/\" rel=\"nofollow\">http:\/\/sqlfiddle.com\/<\/a><br \/>\nEquipamento de Prote\u00e7\u00e3o Individual (EPI):<br \/>\n\u2013 NSA<br \/>\nPROCEDIMENTOS PR\u00c1TICOS<br \/>\nCria\u00e7\u00e3o e manipula\u00e7\u00e3o de um banco de dados utilizando o SQL Fiddle.<br \/>\nAtividade proposta:<br \/>\nExplorar o sistema SQL Fiddle e realizar a cria\u00e7\u00e3o de um banco de dados relacional, bem como a realiza\u00e7\u00e3o<br \/>\nda inser\u00e7\u00e3o e consulta de dados.<br \/>\n3<br \/>\nProcedimentos para a realiza\u00e7\u00e3o da atividade:<br \/>\nPrezado(a) aluno(a),<br \/>\nNesta atividade, o cen\u00e1rio a ser trabalhado \u00e9 a estrutura do banco de dados para uma loja virtual que<br \/>\ndeseja guardar os dados dos clientes, produtos e vendas.<br \/>\n*Utilize o SGBD MySQL 5.6 no SQL Fiddle<br \/>\nEtapa 1:<br \/>\nCrie o banco de dados inicial deste sistema de acordo com os seguintes requisitos:<br \/>\nNome do Banco de dados: LOJABD<br \/>\nTabela Atributos<br \/>\nCLIENTE c\u00f3digo (chave prim\u00e1ria com autoincremento), nome, estado, cidade, telefone.<br \/>\nPRODUTO id (chave prim\u00e1ria com autoincremento), nome, valor, quantidade em estoque.<br \/>\nCOMPRA n\u00famero (chave prim\u00e1ria), data da compra, c\u00f3digo do cliente (chave estrangeira), id do<br \/>\nproduto (chave estrangeira), quantidade comprada, valor da compra.<br \/>\nEtapa 2:<br \/>\nNesta etapa vamos trabalhar com os comandos DML do SQL para inserir dados na tabela, e realizar<br \/>\nalgumas consultas com o comando SELECT (DQL).<br \/>\nTabela CLIENTE<br \/>\nNome Estado Cidade Telefone<br \/>\nFagner SP P. Prudente 997989491<br \/>\nMaria SP Campinas 997989493<br \/>\nMarcela RJ Angra dos Reis 997989492<br \/>\nCaio SP Assis 997989495<br \/>\nMarcos SP Campos do Jord\u00e3o 997989498<br \/>\nPenelope MG Itajub\u00e1 997989494<br \/>\nRian SP Santos 997989490<br \/>\nTabela PRODUTO<br \/>\nNome Valor Qtd. Estoque<br \/>\nMouse 200 30<br \/>\nTeclado 250 15<br \/>\nNotebook 3500 10<br \/>\nFone de ouvido 150 25<br \/>\nTabela COMPRA<br \/>\nNumero Data C\u00f3digo do cliente ID do produto Quantidade<br \/>\n1 current_date 1 4 1<br \/>\n2 current_date +2 2 2 2<br \/>\n3 current_date +3 3 1 2<br \/>\n4 current_date +1 4 3 1<br \/>\n4<br \/>\n5 current_date -2 5 1 2<br \/>\n6 current_date -5 6 3 1<br \/>\n7 current_date -3 5 2 1<br \/>\n8 current_date -1 4 4 2<br \/>\n9 current_date 3 4 3<br \/>\n10 current_date +1 2 2 4<br \/>\n*Note que atributo data est\u00e1 sendo inserido de acordo com a data atual por meio do \u201cCURRENT_DATA\u201d.<br \/>\nEtapa 3:<br \/>\nUtilizando jun\u00e7\u00f5es (JOIN), realize as seguintes consultas:<br \/>\n\u2022 Um SELECT que retorne o n\u00famero da venda, nome do cliente, nome do produto e valor da<br \/>\ncompra, ordenando a sa\u00edda pelo n\u00famero da compra.<br \/>\n\u2022 Um SELECT que demonstre o nome do(s) cliente(s), e o c\u00f3digo da compra (o c\u00f3digo dever\u00e1 ser<br \/>\npreenchido como \u201cNULL\u201d daqueles clientes que n\u00e3o compraram na loja).<br \/>\n\u2022 Um SELECT com o nome do cliente (sem que se repitam, caso o cliente tenha feito mais de uma<br \/>\ncompra), e o telefone, dos clientes que tenham comprado na loja antes da data atual.<br \/>\nChecklist:<br \/>\n\u2022 Cria\u00e7\u00e3o do banco de dados e suas tabelas.<br \/>\n\u2022 Inser\u00e7\u00e3o dos dados em cada uma das 3 tabelas criadas.<br \/>\n\u2022 Realiza\u00e7\u00e3o das 3 consultas utilizando o par\u00e2metro JOIN.<br \/>\nRESULTADOS<br \/>\nResultados da aula pr\u00e1tica:<br \/>\nElaborar um relat\u00f3rio que dever\u00e1 conter introdu\u00e7\u00e3o, m\u00e9todos, resultados e conclus\u00e3o sobre o assunto<br \/>\ndesenvolvido em aula pr\u00e1tica, para compreender como foram desenvolvidas todas as etapas da atividade. Inserir<br \/>\nno relat\u00f3rio todos os scripts utilizados na resolu\u00e7\u00e3o desta atividade pr\u00e1tica<\/p>\n<div class=\"sharedaddy sd-sharing-enabled\">\n<div class=\"elementor-toggle-item\">\n<div class=\"elementor-toggle-item\">\n<p id=\"elementor-tab-title-1941\" class=\"elementor-tab-title elementor-active\" tabindex=\"0\" role=\"tab\" data-tab=\"1\" aria-controls=\"elementor-tab-content-1941\" aria-expanded=\"true\" aria-selected=\"true\"><strong>Como funciona?<\/strong><\/p>\n<p>Elaboramos os portf\u00f3lios, j\u00e1 deixamos prontos, nas normas da ABNT e conforme os requisitos da universidade. F\u00e1cil assim! O MELHOR \u00c9 QUE VOC\u00ca COMPRA E J\u00c1 BAIXA NA HORA O SEU ARQUIVO EM WORD! Sabemos que conciliar trabalho, fam\u00edlia, vida profissional e estudos \u00e9 dif\u00edcil hoje em dia, por isso, estamos aqui para ajudar voc\u00ea. Conte com nossa qualidade, experi\u00eancia e profissionalismo adquirindo seu portf\u00f3lio conosco. GARANTIMOS SEU CONCEITO!<\/p>\n<p><strong>Como se realizam os envios?<\/strong><\/p>\n<\/div>\n<p id=\"elementor-tab-content-1942\" class=\"elementor-tab-content elementor-clearfix elementor-active\" role=\"tabpanel\" data-tab=\"2\" aria-labelledby=\"elementor-tab-title-1942\">O seu trabalho \u00e9 disponibilizado pronto, respondido e nas normas j\u00e1 na mesma hora aqui em nosso site na sua \u00e1rea de downloads e tamb\u00e9m no seu e-mail.<\/p>\n<p><strong>Em quanto tempo recebo o portf\u00f3lio?<\/strong><\/p>\n<p>Os envios s\u00e3o imediatos. Ap\u00f3s sua compra, o trabalho j\u00e1 \u00e9 disponibilizado instantaneamente aqui em nosso site e no seu e-mail.<\/p>\n<p><strong>E se o portf\u00f3lio que comprei precisar de corre\u00e7\u00e3o?<\/strong><\/p>\n<p>Caso haja alguma solicita\u00e7\u00e3o de corre\u00e7\u00e3o\/altera\u00e7\u00e3o por parte do tutor, basta entrar em contato conosco pelo\u00a0WhatsApp\u00a0que provid\u00eanciaremos sem custo algum.<\/p>\n<p><strong>Qual o formato do arquivo?<\/strong><\/p>\n<p>Os arquivos s\u00e3o enviados em formato Word e s\u00e3o edit\u00e1veis.<\/p>\n<p><strong>Caso eu tiver alguma d\u00favida, terei suporte no p\u00f3s venda?<\/strong><\/p>\n<p>Sim, com certeza. Basta clicar no \u00edcone do WhatsApp no cantinho da tela. Ser\u00e1 um prazer atend\u00ea-lo(a).<\/p>\n<div id=\"elementor-tab-content-1948\" class=\"elementor-tab-content elementor-clearfix elementor-active\" role=\"tabpanel\" data-tab=\"8\" aria-labelledby=\"elementor-tab-title-1948\">\n<p><strong>Quais os seus canais de contato?<\/strong><\/p>\n<\/div>\n<div id=\"elementor-tab-content-1949\" class=\"elementor-tab-content elementor-clearfix elementor-active\" role=\"tabpanel\" data-tab=\"9\" aria-labelledby=\"elementor-tab-title-1949\">\n<p>Whatsapp: 53 984751621 \u2013 Clicar no canto da tela ou ESCANEIE O QRCODE ABAIXO<\/p>\n<h4><img decoding=\"async\" class=\"alignnone wp-image-13699 jetpack-lazy-image jetpack-lazy-image--handled\" src=\"https:\/\/i0.wp.com\/portifolioos-prontos.com\/wp-content\/uploads\/2023\/02\/whatsapp-business-projeto-de-extensao-300x300.jpeg?resize=144%2C144\" sizes=\"(max-width: 144px) 100vw, 144px\" srcset=\"https:\/\/i0.wp.com\/portifolioos-prontos.com\/wp-content\/uploads\/2023\/02\/whatsapp-business-projeto-de-extensao.jpeg?resize=300%2C301&amp;ssl=1 300w, https:\/\/i0.wp.com\/portifolioos-prontos.com\/wp-content\/uploads\/2023\/02\/whatsapp-business-projeto-de-extensao.jpeg?resize=150%2C150&amp;ssl=1 150w, https:\/\/i0.wp.com\/portifolioos-prontos.com\/wp-content\/uploads\/2023\/02\/whatsapp-business-projeto-de-extensao.jpeg?resize=370%2C372&amp;ssl=1 370w, https:\/\/i0.wp.com\/portifolioos-prontos.com\/wp-content\/uploads\/2023\/02\/whatsapp-business-projeto-de-extensao.jpeg?resize=100%2C100&amp;ssl=1 100w, https:\/\/i0.wp.com\/portifolioos-prontos.com\/wp-content\/uploads\/2023\/02\/whatsapp-business-projeto-de-extensao.jpeg?w=470&amp;ssl=1 470w\" alt=\"projeto de extens\u00e3o unopar\" width=\"144\" height=\"144\" data-lazy-loaded=\"1\" \/><\/h4>\n<\/div>\n<div class=\"elementor-toggle-item\">\n<div id=\"elementor-tab-content-1949\" class=\"elementor-tab-content elementor-clearfix elementor-active\" role=\"tabpanel\" data-tab=\"9\" aria-labelledby=\"elementor-tab-title-1949\">\n<p>E-mail:portifoliosp@gmail.com<\/p>\n<div id=\"attachment_143\" class=\"wp-caption alignnone\">\n<div id=\"attachment_143\" class=\"wp-caption alignnone\">\n<p id=\"caption-attachment-143\" class=\"wp-caption-text\"><a href=\"http:\/\/portfolio-pronto.com\/\">Portf\u00f3lio<\/a>\u00a0em Word, respondido, completo e j\u00e1 nas normas<\/p>\n<\/div>\n<\/div>\n<\/div>\n<\/div>\n<\/div>\n<\/div>\n","protected":false},"excerpt":{"rendered":"<div class=\"product-short-description\">\n<p><strong>Pague pelo PIX ou cart\u00e3o e fa\u00e7a o download agora mesmo.<\/strong><\/p>\n<\/div>\n<div class=\"sticky-add-to-cart-wrapper\">\n<div class=\"sticky-add-to-cart\">\n<p class=\"quantity buttons_added form-flat\"><img decoding=\"async\" class=\"lazyloaded smush-image-5 smush-image-3 smush-image-4 smush-detected-img smush-image-bigger-3\" src=\"https:\/\/d26lpennugtm8s.cloudfront.net\/assets\/common\/img\/logos\/payment\/visa@2x.png\" width=\"46\" height=\"29\" data-src=\"https:\/\/d26lpennugtm8s.cloudfront.net\/assets\/common\/img\/logos\/payment\/visa@2x.png\" \/><img decoding=\"async\" class=\"lazyloaded smush-image-6 smush-image-4 smush-image-5 smush-detected-img smush-image-bigger-4\" src=\"https:\/\/d26lpennugtm8s.cloudfront.net\/assets\/common\/img\/logos\/payment\/boleto@2x.png\" width=\"43\" height=\"27\" data-src=\"https:\/\/d26lpennugtm8s.cloudfront.net\/assets\/common\/img\/logos\/payment\/boleto@2x.png\" \/><img loading=\"lazy\" decoding=\"async\" class=\"lazyloaded smush-image-7 smush-image-5 smush-image-6 smush-detected-img smush-image-bigger-5\" src=\"https:\/\/d26lpennugtm8s.cloudfront.net\/assets\/common\/img\/logos\/payment\/mastercard@2x.png\" width=\"43\" height=\"27\" data-src=\"https:\/\/d26lpennugtm8s.cloudfront.net\/assets\/common\/img\/logos\/payment\/mastercard@2x.png\" \/><img loading=\"lazy\" decoding=\"async\" class=\"lazyloaded smush-image-8 smush-image-6 smush-image-7 smush-detected-img smush-image-bigger-6\" src=\"https:\/\/d26lpennugtm8s.cloudfront.net\/assets\/common\/img\/logos\/payment\/amex@2x.png\" width=\"43\" height=\"27\" data-src=\"https:\/\/d26lpennugtm8s.cloudfront.net\/assets\/common\/img\/logos\/payment\/amex@2x.png\" \/><img loading=\"lazy\" decoding=\"async\" class=\"lazyloaded smush-image-9 smush-image-7 smush-image-8 smush-detected-img smush-image-bigger-7\" src=\"https:\/\/d26lpennugtm8s.cloudfront.net\/assets\/common\/img\/logos\/payment\/diners@2x.png\" width=\"46\" height=\"29\" data-src=\"https:\/\/d26lpennugtm8s.cloudfront.net\/assets\/common\/img\/logos\/payment\/diners@2x.png\" \/><img loading=\"lazy\" decoding=\"async\" class=\"lazyloaded smush-image-10 smush-image-8 smush-image-9 alignnone smush-detected-img smush-image-bigger-8\" src=\"https:\/\/d26lpennugtm8s.cloudfront.net\/assets\/common\/img\/logos\/payment\/br\/elo@2x.png\" alt=\"portf\u00f3lio unopar anhanguera\" width=\"45\" height=\"28\" data-src=\"https:\/\/d26lpennugtm8s.cloudfront.net\/assets\/common\/img\/logos\/payment\/br\/elo@2x.png\" \/><img loading=\"lazy\" decoding=\"async\" class=\"lazyloaded smush-image-11 smush-image-9 smush-image-10 alignnone smush-detected-img smush-image-bigger-9\" src=\"https:\/\/d26lpennugtm8s.cloudfront.net\/assets\/common\/img\/logos\/payment\/br\/hipercard@2x.png\" alt=\"portf\u00f3lio unopar anhanguera\" width=\"44\" height=\"28\" data-src=\"https:\/\/d26lpennugtm8s.cloudfront.net\/assets\/common\/img\/logos\/payment\/br\/hipercard@2x.png\" \/><img loading=\"lazy\" decoding=\"async\" class=\"lazyloaded smush-image-12 smush-image-10 smush-image-11 alignnone smush-detected-img smush-image-bigger-10\" src=\"https:\/\/d26lpennugtm8s.cloudfront.net\/assets\/common\/img\/logos\/payment\/mercadopago@2x.png\" alt=\"portf\u00f3lio unopar anhanguera\" width=\"45\" height=\"28\" data-src=\"https:\/\/d26lpennugtm8s.cloudfront.net\/assets\/common\/img\/logos\/payment\/mercadopago@2x.png\" \/><img loading=\"lazy\" decoding=\"async\" class=\"alignnone ls-is-cached lazyloaded smush-detected-img smush-image-bigger-11\" src=\"https:\/\/futurium.com.br\/wp-content\/uploads\/2021\/06\/logo-pix-icone-512.png\" alt=\"portfolio pronto\" width=\"30\" height=\"30\" data-src=\"https:\/\/futurium.com.br\/wp-content\/uploads\/2021\/06\/logo-pix-icone-512.png\" \/><\/p>\n<\/div>\n<\/div>\n","protected":false},"featured_media":14800,"template":"","meta":{"_seopress_robots_primary_cat":"none","_seopress_titles_title":"","_seopress_titles_desc":"","_seopress_robots_index":""},"product_cat":[15],"product_tag":[],"class_list":{"0":"post-14798","1":"product","2":"type-product","3":"status-publish","4":"has-post-thumbnail","6":"product_cat-uncategorized","8":"first","9":"instock","10":"downloadable","11":"virtual","12":"purchasable","13":"product-type-simple","14":"col-xs-6 col-sm-4","15":"col-mf-5","16":"un-5-cols"},"jetpack_sharing_enabled":true,"_links":{"self":[{"href":"https:\/\/portifolioos-prontos.com\/index.php\/wp-json\/wp\/v2\/product\/14798","targetHints":{"allow":["GET"]}}],"collection":[{"href":"https:\/\/portifolioos-prontos.com\/index.php\/wp-json\/wp\/v2\/product"}],"about":[{"href":"https:\/\/portifolioos-prontos.com\/index.php\/wp-json\/wp\/v2\/types\/product"}],"version-history":[{"count":0,"href":"https:\/\/portifolioos-prontos.com\/index.php\/wp-json\/wp\/v2\/product\/14798\/revisions"}],"wp:featuredmedia":[{"embeddable":true,"href":"https:\/\/portifolioos-prontos.com\/index.php\/wp-json\/wp\/v2\/media\/14800"}],"wp:attachment":[{"href":"https:\/\/portifolioos-prontos.com\/index.php\/wp-json\/wp\/v2\/media?parent=14798"}],"wp:term":[{"taxonomy":"product_cat","embeddable":true,"href":"https:\/\/portifolioos-prontos.com\/index.php\/wp-json\/wp\/v2\/product_cat?post=14798"},{"taxonomy":"product_tag","embeddable":true,"href":"https:\/\/portifolioos-prontos.com\/index.php\/wp-json\/wp\/v2\/product_tag?post=14798"}],"curies":[{"name":"wp","href":"https:\/\/api.w.org\/{rel}","templated":true}]}}