{"id":18677,"date":"2023-07-26T19:37:48","date_gmt":"2023-07-26T22:37:48","guid":{"rendered":"https:\/\/portifolioos-prontos.com\/?post_type=product&#038;p=18677"},"modified":"2025-08-03T16:02:19","modified_gmt":"2025-08-03T19:02:19","slug":"aula-pratica-disciplina-fisica-geral","status":"publish","type":"product","link":"https:\/\/portifolioos-prontos.com\/index.php\/product\/aula-pratica-disciplina-fisica-geral\/","title":{"rendered":"Aula Pr\u00e1tica disciplina F\u00edsica Geral"},"content":{"rendered":"<h4>Aulas Pr\u00e1ticas disciplina F\u00edsica Geral<\/h4>\n<hr \/>\n<p>ROTEIRO DE AULA PR\u00c1TICA<br \/>\nOBJETIVOS<br \/>\nOs objetivos das aulas pr\u00e1ticas propostas para a disciplina de F\u00edsica Geral s\u00e3o:<br \/>\n\u2013 Caracterizar o movimento de um objeto atrav\u00e9s do deslocamento, velocidade m\u00e9dia e<br \/>\nacelera\u00e7\u00e3o m\u00e9dia;<br \/>\n\u2013 Compreender e comprovar a transforma\u00e7\u00e3o da Energia Potencial Gravitacional em Energia<br \/>\nCin\u00e9tica, esclarecendo o princ\u00edpio da Conserva\u00e7\u00e3o da Energia Mec\u00e2nica;<br \/>\n\u2013 Entender e identificar os tipos de colis\u00f5es e suas principais caracter\u00edsticas;<br \/>\nDescrever os fen\u00f4menos causados pelo aquecimento de um corpo, determinando o calor<br \/>\nespec\u00edfico e capacidade t\u00e9rmica.<br \/>\nINFRAESTRUTURA<br \/>\nLaborat\u00f3rio multidisciplinar por meio de simuladores.<br \/>\nMATERIAIS<br \/>\nDescri\u00e7\u00e3o Quantidade de materiais por<br \/>\nprocedimento\/atividade.<br \/>\nCalculadora 1 por aluno<br \/>\nComputador com acesso \u00e0 internet 1 por aluno<br \/>\nSOFTWARE<br \/>\nSim (X) N\u00e3o ()<br \/>\nEm caso afirmativo, qual?<br \/>\nVirtuaLab \u2013 dispon\u00edvel na Biblioteca<br \/>\nVirtual no parceiro ALGETEC<br \/>\nPago (X) N\u00e3o Pago ()<br \/>\nTipo de licen\u00e7a: Licen\u00e7as j\u00e1 adquiridas pela Kroton<br \/>\nDESCRI\u00c7\u00c3O DO SOFTWARE<br \/>\nO laborat\u00f3rio virtual ALGETEC \u00e9 uma plataforma para simula\u00e7\u00e3o de procedimentos em<br \/>\nlaborat\u00f3rio. Ele deve ser acessado por computador e n\u00e3o deve ser acessado por celular ou tablet.<br \/>\n3<br \/>\nO requisito m\u00ednimo para o seu computador \u00e9 uma mem\u00f3ria ram de 4 gb. O primeiro acesso ser\u00e1<br \/>\num pouco mais lento, pois alguns plugins s\u00e3o buscados no navegador. A partir do segundo<br \/>\nacesso, a velocidade de abertura dos experimentos ser\u00e1 mais r\u00e1pida.<br \/>\nPara o desenvolvimento das atividades, fique atento \u00e0s informa\u00e7\u00f5es:<br \/>\n1. Caso utilize o Windows 10, d\u00ea prefer\u00eancia ao navegador Google Chrome;<br \/>\n2. Caso utilize o Windows 7, d\u00ea prefer\u00eancia ao navegador Mozilla Firefox;<br \/>\n3. Feche outros programas que podem sobrecarregar o computador;<br \/>\n4. Verifique se o navegador est\u00e1 atualizado;<br \/>\n5. Realize teste de velocidade da internet.<\/p>\n<p>SUGEST\u00d5ES DE SEGURAN\u00c7A<br \/>\nNSA.<br \/>\nPROCEDIMENTO\/ATIVIDADE<br \/>\nAtividade proposta:<br \/>\nEtapa 1: Caracterizar o movimento de um objeto atrav\u00e9s do deslocamento, velocidade m\u00e9dia e<br \/>\nacelera\u00e7\u00e3o m\u00e9dia, compreendendo e estimando a velocidade m\u00e9dia e a acelera\u00e7\u00e3o m\u00e9dia de um<br \/>\nobjeto em movimento. Dessa forma, ser\u00e1 poss\u00edvel reconhecer que a velocidade mede a taxa de<br \/>\nvaria\u00e7\u00e3o da posi\u00e7\u00e3o no tempo e que a acelera\u00e7\u00e3o mede a taxa de varia\u00e7\u00e3o da velocidade no<br \/>\ntempo, interpretando diferentes gr\u00e1ficos envolvendo as principais vari\u00e1veis f\u00edsicas: deslocamento,<br \/>\nvelocidade e acelera\u00e7\u00e3o.<br \/>\nEtapa 2: Compreender os processos de transforma\u00e7\u00e3o de energia na descri\u00e7\u00e3o de um<br \/>\nmovimento, levando em considera\u00e7\u00e3o o princ\u00edpio de conserva\u00e7\u00e3o de energia.<br \/>\nEtapa 3: Identificar os tipos de colis\u00f5es presentes em uma situa\u00e7\u00e3o, quais as caracter\u00edsticas e<br \/>\npropriedades descritas, bem como verificar a conserva\u00e7\u00e3o de energia.<br \/>\nEtapa 4: Compreender os fen\u00f4menos decorrentes da troca de energia t\u00e9rmica entre os corpos,<br \/>\ncalculando a capacidade t\u00e9rmica de um calor\u00edmetro e, posteriormente, utilizar este dado para<br \/>\ndeterminar o calor espec\u00edfico de diversas subst\u00e2ncias.<\/p>\n<p>&nbsp;<\/p>\n<p>Checklist:<br \/>\nEtapa 1:<br \/>\n\u2713 Acessar \u00e0 plataforma VirtuaLab;<br \/>\n\u2713 Acessar \u00e0 pr\u00e1tica: MOVIMENTO RETIL\u00cdNEO UNIFORMEMENTE VARIADO \u2013 MRUV;<br \/>\n\u2713 Montando e ajustando o experimento;<br \/>\n\u2713 Nivelando a base;<br \/>\n\u2713 Posicionando o \u00edm\u00e3;<br \/>\n\u2713 Posicionando o fuso elevador;<br \/>\n\u2713 Posicionar o sensor;<br \/>\n\u2713 Ajustando a inclina\u00e7\u00e3o da rampa;<br \/>\n61<br \/>\n\u2713 Utilizar o multicron\u00f4metro;<br \/>\n\u2713 Realizar o experimento.<br \/>\nEtapa 2:<br \/>\n\u2713 Acessar \u00e0 plataforma VirtuaLab;<br \/>\n\u2713 Acessar \u00e0 pr\u00e1tica: PRINC\u00cdPIO DA CONSERVA\u00c7\u00c3O DA ENERGIA;<br \/>\n\u2713 Ajustando o experimento;<br \/>\n\u2713 Utilizando o multicron\u00f4metro;<br \/>\n\u2713 Realizar o experimento.<br \/>\nEtapa 3:<br \/>\n\u2713 Acessar \u00e0 plataforma VirtuaLab;<br \/>\n\u2713 Acessar \u00e0 pr\u00e1tica: LAN\u00c7AMENTOS HORIZONTAIS E COLIS\u00d5ES;<br \/>\n\u2713 Conhecendo o laborat\u00f3rio;<br \/>\n\u2713 Seguran\u00e7a do experimento;<br \/>\n\u2713 Prepara\u00e7\u00e3o e executando o experimento \u2013 lan\u00e7amentos horizontais;<br \/>\n\u2713 Medindo o alcance e calculando a velocidade;<br \/>\n\u2713 Preparando e executando o experimento \u2013 colis\u00f5es;<br \/>\n\u2713 Medindo o alcance e calculando a velocidade;<br \/>\n\u2713 Finalizar o experimento.<br \/>\nEtapa 4:<br \/>\n\u2713 Acessar \u00e0 plataforma VirtuaLab;<br \/>\n\u2713 Acessar \u00e0 pr\u00e1tica: CALORIMETRIA;<br \/>\n\u2713 Seguran\u00e7a do experimento;<br \/>\n\u2713 Tarando a balan\u00e7a;<br \/>\n\u2713 Realizar o experimento para determinar a capacidade t\u00e9rmica do calor\u00edmetro<br \/>\n\u2713 Realizar o experimento para a determina\u00e7\u00e3o do calor espec\u00edfico.<br \/>\n\u2713 Analisar os resultados.<br \/>\nETAPA FINAL: Elaborar um relat\u00f3rio contendo os procedimentos pr\u00e1ticos realizados das quatro<br \/>\netapas propostas para a disciplina F\u00edsica Geral.<br \/>\nRESULTADOS<br \/>\nResultados da aula pr\u00e1tica<br \/>\nAp\u00f3s o desenvolvimento de todas as etapas da aula pr\u00e1tica, o aluno dever\u00e1 entregar um relat\u00f3rio<br \/>\n\u00fanico descrevendo os procedimentos realizados, materiais, resultados obtidos e conclus\u00f5es.<\/p>\n<div class=\"elementor-toggle-item\">\n<div class=\"elementor-toggle-item\">\n<p id=\"elementor-tab-title-1941\" class=\"elementor-tab-title elementor-active\" tabindex=\"0\" role=\"tab\" data-tab=\"1\" aria-controls=\"elementor-tab-content-1941\" aria-expanded=\"true\" aria-selected=\"true\"><strong>Como funciona?<\/strong><\/p>\n<p>Elaboramos os portf\u00f3lios, j\u00e1 deixamos prontos, nas normas da ABNT e conforme os requisitos da universidade. F\u00e1cil assim! O MELHOR \u00c9 QUE VOC\u00ca COMPRA E J\u00c1 BAIXA NA HORA O SEU ARQUIVO EM WORD! Sabemos que conciliar trabalho, fam\u00edlia, vida profissional e estudos \u00e9 dif\u00edcil hoje em dia, por isso, estamos aqui para ajudar voc\u00ea. Conte com nossa qualidade, experi\u00eancia e profissionalismo adquirindo seu portf\u00f3lio conosco. GARANTIMOS SEU CONCEITO!<\/p>\n<p><strong>Como se realizam os envios?<\/strong><\/p>\n<\/div>\n<p id=\"elementor-tab-content-1942\" class=\"elementor-tab-content elementor-clearfix elementor-active\" role=\"tabpanel\" data-tab=\"2\" aria-labelledby=\"elementor-tab-title-1942\">O seu trabalho \u00e9 disponibilizado pronto, respondido e nas normas j\u00e1 na mesma hora aqui em nosso site na sua \u00e1rea de downloads e tamb\u00e9m no seu e-mail.<\/p>\n<p><strong>Em quanto tempo recebo o portf\u00f3lio?<\/strong><\/p>\n<p>Os envios s\u00e3o imediatos. Ap\u00f3s sua compra, o trabalho j\u00e1 \u00e9 disponibilizado instantaneamente aqui em nosso site e no seu e-mail.<\/p>\n<p><strong>E se o portf\u00f3lio que comprei precisar de corre\u00e7\u00e3o?<\/strong><\/p>\n<p>Caso haja alguma solicita\u00e7\u00e3o de corre\u00e7\u00e3o\/altera\u00e7\u00e3o por parte do tutor, basta entrar em contato conosco pelo\u00a0WhatsApp\u00a0que provid\u00eanciaremos sem custo algum.<\/p>\n<p><strong>Qual o formato do arquivo?<\/strong><\/p>\n<p>Os arquivos s\u00e3o enviados em formato Word e s\u00e3o edit\u00e1veis.<\/p>\n<p><strong>Caso eu tiver alguma d\u00favida, terei suporte no p\u00f3s venda?<\/strong><\/p>\n<p>Sim, com certeza. Basta clicar no \u00edcone do WhatsApp no cantinho da tela. Ser\u00e1 um prazer atend\u00ea-lo(a).<\/p>\n<div id=\"elementor-tab-content-1948\" class=\"elementor-tab-content elementor-clearfix elementor-active\" role=\"tabpanel\" data-tab=\"8\" aria-labelledby=\"elementor-tab-title-1948\">\n<p><strong>Quais os seus canais de contato?<\/strong><\/p>\n<\/div>\n<div id=\"elementor-tab-content-1949\" class=\"elementor-tab-content elementor-clearfix elementor-active\" role=\"tabpanel\" data-tab=\"9\" aria-labelledby=\"elementor-tab-title-1949\">\n<p>Whatsapp: 53 984751621 \u2013 Clicar no canto da tela ou ESCANEIE O QRCODE ABAIXO<\/p>\n<h4><img decoding=\"async\" class=\"alignnone wp-image-13699 jetpack-lazy-image jetpack-lazy-image--handled\" src=\"https:\/\/i0.wp.com\/portifolioos-prontos.com\/wp-content\/uploads\/2023\/02\/whatsapp-business-projeto-de-extensao-300x300.jpeg?resize=144%2C144\" sizes=\"(max-width: 144px) 100vw, 144px\" srcset=\"https:\/\/i0.wp.com\/portifolioos-prontos.com\/wp-content\/uploads\/2023\/02\/whatsapp-business-projeto-de-extensao.jpeg?resize=300%2C301&amp;ssl=1 300w, https:\/\/i0.wp.com\/portifolioos-prontos.com\/wp-content\/uploads\/2023\/02\/whatsapp-business-projeto-de-extensao.jpeg?resize=150%2C150&amp;ssl=1 150w, https:\/\/i0.wp.com\/portifolioos-prontos.com\/wp-content\/uploads\/2023\/02\/whatsapp-business-projeto-de-extensao.jpeg?resize=370%2C372&amp;ssl=1 370w, https:\/\/i0.wp.com\/portifolioos-prontos.com\/wp-content\/uploads\/2023\/02\/whatsapp-business-projeto-de-extensao.jpeg?resize=100%2C100&amp;ssl=1 100w, https:\/\/i0.wp.com\/portifolioos-prontos.com\/wp-content\/uploads\/2023\/02\/whatsapp-business-projeto-de-extensao.jpeg?w=470&amp;ssl=1 470w\" alt=\"projeto de extens\u00e3o unopar\" width=\"144\" height=\"144\" data-lazy-loaded=\"1\" \/><\/h4>\n<\/div>\n<div class=\"elementor-toggle-item\">\n<div id=\"elementor-tab-content-1949\" class=\"elementor-tab-content elementor-clearfix elementor-active\" role=\"tabpanel\" data-tab=\"9\" aria-labelledby=\"elementor-tab-title-1949\">\n<p>E-mail:portifoliosp@gmail.com<\/p>\n<div id=\"attachment_143\" class=\"wp-caption alignnone\">\n<div id=\"attachment_143\" class=\"wp-caption alignnone\">\n<p id=\"caption-attachment-143\" class=\"wp-caption-text\"><a href=\"http:\/\/portfolio-pronto.com\/\">Portf\u00f3lio<\/a>\u00a0em Word, respondido, completo e j\u00e1 nas normas<\/p>\n<\/div>\n<\/div>\n<\/div>\n<\/div>\n<\/div>\n","protected":false},"excerpt":{"rendered":"<div class=\"product-short-description\">\n<div class=\"product-short-description\">\n<div class=\"product-short-description\">\n<p><strong>Pague pelo PIX ou cart\u00e3o e fa\u00e7a o download agora mesmo.<\/strong><\/p>\n<\/div>\n<div class=\"sticky-add-to-cart-wrapper\">\n<div class=\"sticky-add-to-cart\">\n<p class=\"quantity buttons_added form-flat\"><img decoding=\"async\" class=\"lazyloaded smush-image-5 smush-image-3 smush-image-4 smush-detected-img smush-image-bigger-3\" src=\"https:\/\/d26lpennugtm8s.cloudfront.net\/assets\/common\/img\/logos\/payment\/visa@2x.png\" width=\"46\" height=\"29\" data-src=\"https:\/\/d26lpennugtm8s.cloudfront.net\/assets\/common\/img\/logos\/payment\/visa@2x.png\" \/><img decoding=\"async\" class=\"lazyloaded smush-image-6 smush-image-4 smush-image-5 smush-detected-img smush-image-bigger-4\" src=\"https:\/\/d26lpennugtm8s.cloudfront.net\/assets\/common\/img\/logos\/payment\/boleto@2x.png\" width=\"43\" height=\"27\" data-src=\"https:\/\/d26lpennugtm8s.cloudfront.net\/assets\/common\/img\/logos\/payment\/boleto@2x.png\" \/><img loading=\"lazy\" decoding=\"async\" class=\"lazyloaded smush-image-7 smush-image-5 smush-image-6 smush-detected-img smush-image-bigger-5\" src=\"https:\/\/d26lpennugtm8s.cloudfront.net\/assets\/common\/img\/logos\/payment\/mastercard@2x.png\" width=\"43\" height=\"27\" data-src=\"https:\/\/d26lpennugtm8s.cloudfront.net\/assets\/common\/img\/logos\/payment\/mastercard@2x.png\" \/><img loading=\"lazy\" decoding=\"async\" class=\"lazyloaded smush-image-8 smush-image-6 smush-image-7 smush-detected-img smush-image-bigger-6\" src=\"https:\/\/d26lpennugtm8s.cloudfront.net\/assets\/common\/img\/logos\/payment\/amex@2x.png\" width=\"43\" height=\"27\" data-src=\"https:\/\/d26lpennugtm8s.cloudfront.net\/assets\/common\/img\/logos\/payment\/amex@2x.png\" \/><img loading=\"lazy\" decoding=\"async\" class=\"lazyloaded smush-image-9 smush-image-7 smush-image-8 smush-detected-img smush-image-bigger-7\" src=\"https:\/\/d26lpennugtm8s.cloudfront.net\/assets\/common\/img\/logos\/payment\/diners@2x.png\" width=\"46\" height=\"29\" data-src=\"https:\/\/d26lpennugtm8s.cloudfront.net\/assets\/common\/img\/logos\/payment\/diners@2x.png\" \/><img loading=\"lazy\" decoding=\"async\" class=\"lazyloaded smush-image-10 smush-image-8 smush-image-9 alignnone smush-detected-img smush-image-bigger-8\" src=\"https:\/\/d26lpennugtm8s.cloudfront.net\/assets\/common\/img\/logos\/payment\/br\/elo@2x.png\" alt=\"portf\u00f3lio unopar anhanguera\" width=\"45\" height=\"28\" data-src=\"https:\/\/d26lpennugtm8s.cloudfront.net\/assets\/common\/img\/logos\/payment\/br\/elo@2x.png\" \/><img loading=\"lazy\" decoding=\"async\" class=\"lazyloaded smush-image-11 smush-image-9 smush-image-10 alignnone smush-detected-img smush-image-bigger-9\" src=\"https:\/\/d26lpennugtm8s.cloudfront.net\/assets\/common\/img\/logos\/payment\/br\/hipercard@2x.png\" alt=\"portf\u00f3lio unopar anhanguera\" width=\"44\" height=\"28\" data-src=\"https:\/\/d26lpennugtm8s.cloudfront.net\/assets\/common\/img\/logos\/payment\/br\/hipercard@2x.png\" \/><img loading=\"lazy\" decoding=\"async\" class=\"lazyloaded smush-image-12 smush-image-10 smush-image-11 alignnone smush-detected-img smush-image-bigger-10\" src=\"https:\/\/d26lpennugtm8s.cloudfront.net\/assets\/common\/img\/logos\/payment\/mercadopago@2x.png\" alt=\"portf\u00f3lio unopar anhanguera\" width=\"45\" height=\"28\" data-src=\"https:\/\/d26lpennugtm8s.cloudfront.net\/assets\/common\/img\/logos\/payment\/mercadopago@2x.png\" \/><img loading=\"lazy\" decoding=\"async\" class=\"alignnone ls-is-cached lazyloaded smush-detected-img smush-image-bigger-11\" src=\"https:\/\/futurium.com.br\/wp-content\/uploads\/2021\/06\/logo-pix-icone-512.png\" alt=\"portfolio pronto\" width=\"30\" height=\"30\" data-src=\"https:\/\/futurium.com.br\/wp-content\/uploads\/2021\/06\/logo-pix-icone-512.png\" \/><\/p>\n<\/div>\n<\/div>\n<\/div>\n<\/div>\n","protected":false},"featured_media":18679,"template":"","meta":{"_seopress_robots_primary_cat":"none","_seopress_titles_title":"%%post_title%% %%sitetitle%%","_seopress_titles_desc":"%%post_content%%","_seopress_robots_index":""},"product_cat":[15],"product_tag":[],"class_list":{"0":"post-18677","1":"product","2":"type-product","3":"status-publish","4":"has-post-thumbnail","6":"product_cat-uncategorized","8":"first","9":"instock","10":"downloadable","11":"virtual","12":"purchasable","13":"product-type-simple","14":"col-xs-6 col-sm-4","15":"col-mf-5","16":"un-5-cols"},"jetpack_sharing_enabled":true,"_links":{"self":[{"href":"https:\/\/portifolioos-prontos.com\/index.php\/wp-json\/wp\/v2\/product\/18677","targetHints":{"allow":["GET"]}}],"collection":[{"href":"https:\/\/portifolioos-prontos.com\/index.php\/wp-json\/wp\/v2\/product"}],"about":[{"href":"https:\/\/portifolioos-prontos.com\/index.php\/wp-json\/wp\/v2\/types\/product"}],"version-history":[{"count":0,"href":"https:\/\/portifolioos-prontos.com\/index.php\/wp-json\/wp\/v2\/product\/18677\/revisions"}],"wp:featuredmedia":[{"embeddable":true,"href":"https:\/\/portifolioos-prontos.com\/index.php\/wp-json\/wp\/v2\/media\/18679"}],"wp:attachment":[{"href":"https:\/\/portifolioos-prontos.com\/index.php\/wp-json\/wp\/v2\/media?parent=18677"}],"wp:term":[{"taxonomy":"product_cat","embeddable":true,"href":"https:\/\/portifolioos-prontos.com\/index.php\/wp-json\/wp\/v2\/product_cat?post=18677"},{"taxonomy":"product_tag","embeddable":true,"href":"https:\/\/portifolioos-prontos.com\/index.php\/wp-json\/wp\/v2\/product_tag?post=18677"}],"curies":[{"name":"wp","href":"https:\/\/api.w.org\/{rel}","templated":true}]}}