{"id":18774,"date":"2023-08-01T17:35:40","date_gmt":"2023-08-01T20:35:40","guid":{"rendered":"https:\/\/portifolioos-prontos.com\/?post_type=product&#038;p=18774"},"modified":"2023-10-31T21:33:20","modified_gmt":"2023-11-01T00:33:20","slug":"projeto-integrado-cst-seguranca-privada-desafios-ao-campo-da-seguranca-o-aumento-da-criminalidade-no-brasil","status":"publish","type":"product","link":"https:\/\/portifolioos-prontos.com\/index.php\/product\/projeto-integrado-cst-seguranca-privada-desafios-ao-campo-da-seguranca-o-aumento-da-criminalidade-no-brasil\/","title":{"rendered":"Projeto Integrado CST Seguran\u00e7a Privada &#8211; Desafios ao campo da seguran\u00e7a: o aumento da criminalidade no Brasil"},"content":{"rendered":"<h4>Projeto Integrado CST Seguran\u00e7a Privada<\/h4>\n<h4>Desafios ao campo da seguran\u00e7a: o aumento da criminalidade no Brasil<\/h4>\n<p><span class=\"fontstyle2\">Prezado(a) Aluno(a),<br \/>\nSeja\u202fbem-vindo(a) a este semestre!<br \/>\nA proposta do\u00a0<\/span><span class=\"fontstyle0\">Projeto Integrador Interdisciplinar\u00a0<\/span><span class=\"fontstyle2\">ter\u00e1 como tema norteador:<br \/>\n<\/span><span class=\"fontstyle0\">CONTEXTUALIZA\u00c7\u00c3O<br \/>\nDesafios ao campo da seguran\u00e7a: o aumento da criminalidade no Brasil<br \/>\n<\/span><span class=\"fontstyle2\">O n\u00famero de assassinatos aumentou no primeiro semestre de 2020, no Brasil. \u00c9 o que revelam os<br \/>\nn\u00fameros divulgados pela publica\u00e7\u00e3o do F\u00f3rum Brasileiro de Seguran\u00e7a P\u00fablica (FBSP), o Anu\u00e1rio Estat\u00edstico<br \/>\n2020, em sua 14\u00aa edi\u00e7\u00e3o. J\u00e1 em 2021, na edi\u00e7\u00e3o do anu\u00e1rio de 2022, o Brasil registrou 22,3 Mortes Violentas<br \/>\nIntencionais -MVI para cada grupo de 100 mil habitantes, sendo ent\u00e3o uma redu\u00e7\u00e3o de 6,5% na taxa de MVI em<br \/>\nrela\u00e7\u00e3o a 2020. Projeto Integrado CST Seguran\u00e7a Privada<br \/>\nNo entanto, \u00e9 importante ressaltar que a redu\u00e7\u00e3o de 6,5% na taxa de MVI em 2021, em rela\u00e7\u00e3o a 2020,<br \/>\nn\u00e3o ocorreu de forma homog\u00eanea nas 27 Unidades da Federa\u00e7\u00e3o, sendo que, inclusive, em 6 delas houve<br \/>\naumento no n\u00famero de mortes. Fatores locais e\/ou regionais s\u00e3o igualmente importantes para a compreens\u00e3o<br \/>\nda tend\u00eancia da viol\u00eancia letal no pa\u00eds.<br \/>\nS\u00e3o n\u00fameros preocupantes, que evidenciam certa tend\u00eancia de evolu\u00e7\u00e3o do quadro cr\u00edtico de<br \/>\ninseguran\u00e7a no Brasil, mesmo em tempos de p\u00f3s pandemia global de covid-19.<\/span><br \/>\n<span class=\"fontstyle2\">De maneira geral, os anu\u00e1rios de Seguran\u00e7a no contexto brasileiro, ressaltam que a sociedade brasileira<br \/>\ncarece de maiores investimentos e aten\u00e7\u00e3o para o campo, a fim de minimizar as altas taxas de viol\u00eancia letal<br \/>\nentre outras formas de manifesta\u00e7\u00e3o da viol\u00eancia que assolam as comunidades em todo territ\u00f3rio nacional.<br \/>\nUm fator importante a ser ressaltado neste contexto \u00e9 o modelo de seguran\u00e7a p\u00fablica e privada<br \/>\npredominante no pa\u00eds, o qual \u00e9 centrado em pol\u00edticas de controle social, repress\u00e3o e encarceramento. Isso<br \/>\nevidencia a falta de planejamento e integra\u00e7\u00e3o da pol\u00edtica de seguran\u00e7a p\u00fablica \u00e0s pol\u00edticas sociais de<br \/>\nassist\u00eancia, de sa\u00fade coletiva e de educa\u00e7\u00e3o, bem como \u00e0 gest\u00e3o privada e todo o suporte oferecido no campo.<br \/>\nEnfim, os n\u00fameros dos anu\u00e1rios, ano ap\u00f3s ano, exp\u00f5em a gravidade da situa\u00e7\u00e3o de viol\u00eancia local, de<br \/>\ncriminalidade e de inseguran\u00e7a p\u00fablica no Brasil, demandando urgente revis\u00e3o de modelos de gest\u00e3o na \u00e1rea,<br \/>\nassim como requer tamb\u00e9m medidas mais eficazes no \u00e2mbito da rela\u00e7\u00e3o interinstitucional das pol\u00edcias com os<br \/>\ndemais setores sociais da administra\u00e7\u00e3o p\u00fablica e privada.<br \/>\n<\/span><span class=\"fontstyle0\">Fonte: Projeto Integrado CST Seguran\u00e7a Privada<br \/>\n<\/span><span class=\"fontstyle2\">Pontes Filho. Desafios \u00e0 seguran\u00e7a p\u00fablica. Texto Adaptado. Dispon\u00edvel em:<br \/>\n<\/span><span class=\"fontstyle2\">https:\/\/amazonasatual.com.br\/desafios-a-seguranca-publica-parte-80-anuario-2020-aumento-da-criminalidade-no-brasil\/<\/span><span class=\"fontstyle2\">.<br \/>\nF\u00f3rum Brasileiro de Seguran\u00e7a P\u00fablica \u2013 Ano 16-2022. Dispon\u00edvel em:\u00a0<\/span><span class=\"fontstyle2\">https:\/\/forumseguranca.org.br\/wpcontent\/uploads\/2022\/06\/anuario-2022.pdf?v=5<br \/>\n<\/span><span class=\"fontstyle0\">Agora \u00e9 com voc\u00ea!<br \/>\nPasso 1:\u00a0<\/span><span class=\"fontstyle2\">A partir da situa\u00e7\u00e3o apresentada, considere o conceito geral de consultoria enquanto um<br \/>\nprocesso interativo, executado por uma ou mais pessoas \u2013 independentes e externas ao problema em an\u00e1lise \u2013<br \/>\ncom o objetivo de fornecer \u00e0 organiza\u00e7\u00e3o ou fen\u00f4meno em estudo um ou mais conjuntos de op\u00e7\u00f5es de<br \/>\nmudan\u00e7as que proporcionem a tomada de decis\u00e3o mais adequada ao atendimento das necessidades da<br \/>\norganiza\u00e7\u00e3o.<br \/>\nNo caso em quest\u00e3o, a gravidade dos n\u00fameros apresentados no Anu\u00e1rio, no que tange \u00e0 viol\u00eancia,<br \/>\ncriminalidade e sensa\u00e7\u00e3o de inseguran\u00e7a no Brasil implica na necessidade de tomadas de decis\u00f5es assertivas<br \/>\nsob diferentes aspectos a fim de modificar essa realidade.<br \/>\nPerceba que s\u00e3o v\u00e1rias as demandas: assim como expresso anteriormente, este cen\u00e1rio se sustenta em<br \/>\ndiferentes pilares como, por exemplo, m\u00e1 gest\u00e3o e desvio de recursos p\u00fablicos, modelo de seguran\u00e7a p\u00fablica e<br \/>\nprivada essencialmente reativo (e n\u00e3o proativo ou preventivo), falta de planejamento e vis\u00e3o sist\u00eamica \u2013<br \/>\nconsiderando a interconex\u00e3o com as demais \u00e1reas, como sa\u00fade, educa\u00e7\u00e3o e economia.<br \/>\nNesta tarefa, considerando seus conhecimentos na disciplina de Consultoria em Seguran\u00e7a, analise a<br \/>\nfigura a seguir a qual apresenta as fases centrais de um projeto de consultoria:<br \/>\nFigura 1 \u2013 Fases do projeto de consultoria<\/span><br \/>\n<span class=\"fontstyle2\">Fonte: (SILVA, 2018, p. 58).<br \/>\nEnquanto profissional do campo da seguran\u00e7a, mais especificamente, em Consultoria, imagine que voc\u00ea<br \/>\ncomp\u00f5e um grupo de trabalho composto por profissionais do campo da seguran\u00e7a privada, atuando como<br \/>\nconsultores internos, respons\u00e1veis pela cria\u00e7\u00e3o de um projeto de consultoria que seja capaz de culminar nas<br \/>\ndecis\u00f5es necess\u00e1rias, visando modificar esta realidade alarmante. Antes da elabora\u00e7\u00e3o propriamente dita, uma<br \/>\nan\u00e1lise geral \u00e9 necess\u00e1ria para a constru\u00e7\u00e3o de um entendimento macro da situa\u00e7\u00e3o. Para esta an\u00e1lise macro,<br \/>\nvoc\u00ea deve ent\u00e3o seguir os passos a seguir:<br \/>\n<\/span><span class=\"fontstyle0\">Partindo do exposto, esta etapa deve resultar em um esquema que responda \u00e0s perguntas:<br \/>\n\u2013 Qual \u00e9 o problema (ou problemas) que precisam ser resolvidos?<br \/>\n\u2013 O que preocupa as partes envolvidas?<br \/>\n\u2013 Por que tais partes se preocupam e como tais partes est\u00e3o relacionadas com os problemas?<br \/>\n\u2013 Quais seriam as principais solu\u00e7\u00f5es para estes problemas?<br \/>\n\u2013 Como essas solu\u00e7\u00f5es poderiam ser operacionalizadas?<br \/>\n\u2013 Por quem esse projeto precisa ser executado?<br \/>\nPasso 2:\u00a0<\/span><span class=\"fontstyle2\">Os n\u00fameros apresentados no Anu\u00e1rio em rela\u00e7\u00e3o a viol\u00eancia, criminalidade e inseguran\u00e7a no<br \/>\nBrasil s\u00e3o alarmantes. Demandando urgente uma revis\u00e3o no modelo de gest\u00e3o da \u00e1rea de seguran\u00e7a como um<br \/>\ntodo. Diante desse contexto a negocia\u00e7\u00e3o e gest\u00e3o de conflitos \u00e9 muito importante. Saber conduzir uma<br \/>\nsitua\u00e7\u00e3o que envolve v\u00edtima e viol\u00eancia, saber como abordar um criminoso ou suposto criminoso, saber como<br \/>\nconduzir e gerenciar situa\u00e7\u00f5es de conflito s\u00e3o essenciais no \u00e2mbito da seguran\u00e7a.<br \/>\nA negociac\u0327a\u0303o e\u0301 conhecida como a primeira alternativa ta\u0301tica na resoluc\u0327a\u0303o de um incidente cri\u0301tico, ela e\u0301<br \/>\npermeada por ac\u0327o\u0303es especi\u0301ficas, integradas e pontuais e, por isso, deve ser levado a cabo por pessoas<br \/>\nadequadamente treinadas, chamadas de negociadores. A seguranc\u0327a, de maneira geral, possui uma estrutura<br \/>\norganizada, com pessoas habilitadas para negociac\u0327o\u0303es em situac\u0327o\u0303es de grande risco, como no caso de ref\u00e9ns,<br \/>\nsuicidas ou de sequestro. Por\u00e9m o que vemos muitas vezes s\u00e3o profissionais despreparados na conduta de uma<br \/>\nabordagem, seja no caso de um sequestro ou quando existe alguma suspeita.<br \/>\nDe acordo com Martinelli (2009), existem tre\u0302s varia\u0301veis ba\u0301sicas para um processo de negociac\u0327a\u0303o, que<br \/>\ns\u00e3o poder, tempo e informa\u00e7\u00e3o. Diante de todo contexto apresentado e a partir dos conhecimentos adquiridos<br \/>\nna disciplina de Negocia\u00e7\u00e3o e Gest\u00e3o de conflitos em seguran\u00e7a explique a import\u00e2ncia de cada uma dessas<\/span><br \/>\n<span class=\"fontstyle2\">vari\u00e1veis quando se trata de uma negocia\u00e7\u00e3o que envolve uma v\u00edtima.<br \/>\n<\/span><span class=\"fontstyle0\">Passo 3:\u00a0<\/span><span class=\"fontstyle2\">Quando se pensa em solu\u00e7\u00f5es para a melhoria da seguran\u00e7a tanto p\u00fablica quanto privada, o<br \/>\nuso da tecnologia ainda ocupa um espa\u00e7o modesto. A mudan\u00e7a de atitude precisa ser urgente e r\u00e1pida. Por<br \/>\nexemplo, na China, que \u00e9 refer\u00eancia mundial no uso de big data e tecnologias de reconhecimento facial para<br \/>\nseguran\u00e7a p\u00fablica, a previs\u00e3o \u00e9 de que o n\u00famero de c\u00e2meras de vigil\u00e2ncia nas ruas das cidades chegue este ano<br \/>\na 560 milh\u00f5es. Em 2018, eram 200 milh\u00f5es. A vigil\u00e2ncia, de acordo com o governo chin\u00eas, reduz a criminalidade<br \/>\nno pa\u00eds (AQUINO, 2021). Projeto Integrado CST Seguran\u00e7a Privada<br \/>\nPensando na SP apresentada, com foco na sua regi\u00e3o, crie um projeto de TICs (descreva, no m\u00ednimo,<br \/>\ntr\u00eas exemplos de tecnologias que poderiam ser aplicadas) em seguran\u00e7a p\u00fablica ou privada, que podem<br \/>\ncorroborar com a mitiga\u00e7\u00e3o da pand\u00eamica situa\u00e7\u00e3o de viol\u00eancia, de criminalidade e de inseguran\u00e7a no Brasil.<br \/>\n<\/span><span class=\"fontstyle0\">Bibliografia indicada:<br \/>\n<\/span><span class=\"fontstyle2\">AQUINO, C.\u00a0<\/span><span class=\"fontstyle0\">Como a tecnologia pode ajudar a seguran\u00e7a p\u00fablica nas cidades.\u00a0<\/span><span class=\"fontstyle2\">2021. Dispon\u00edvel em:<br \/>\n<\/span><span class=\"fontstyle2\">https:\/\/www.moneytimes.com.br\/cristian-aquino-como-a-tecnologia-pode-ajudar-a-seguranca-publica-nascidades\/.<br \/>\n<\/span><span class=\"fontstyle2\">MORETTI, C.\u00a0<\/span><span class=\"fontstyle0\">Negocia\u00e7\u00e3o e Gest\u00e3o de Conflitos em Seguran\u00e7a.\u00a0<\/span><span class=\"fontstyle2\">Londrina: Editora e Distribuidora S.A, 2018.<br \/>\nOLIVEIRA, D<a href=\"https:\/\/eadcolaborar.com\/\">e<\/a>\u00a0de P. R. de.\u00a0<\/span><span class=\"fontstyle0\">Manual de consultoria empresarial<\/span><span class=\"fontstyle2\">: conceitos, metodologia, pr\u00e1ticas. 13 ed. S\u00e3o<br \/>\nPaulo: Atlas, 2015<br \/>\nSILVA, N. R. F. da.\u00a0<\/span><span class=\"fontstyle0\">Consultoria em seguran\u00e7a.\u00a0<\/span><span class=\"fontstyle2\">Londrina: Editora e Distribuidora Educacional S.A., 2018.<br \/>\n<\/span><span class=\"fontstyle0\">Um \u00f3timo trabalho!<br \/>\nEquipe de professores!<\/span><\/p>\n<div class=\"elementor-toggle-item\">\n<h4 id=\"elementor-tab-title-1941\" class=\"elementor-tab-title elementor-active\" tabindex=\"0\" role=\"tab\" data-tab=\"1\" aria-controls=\"elementor-tab-content-1941\" aria-expanded=\"true\" aria-selected=\"true\">Como funciona?<\/h4>\n<div id=\"elementor-tab-content-1941\" class=\"elementor-tab-content elementor-clearfix elementor-active\" role=\"tabpanel\" data-tab=\"1\" aria-labelledby=\"elementor-tab-title-1941\">\n<p>Elaboramos os portf\u00f3lios, j\u00e1 deixamos prontos, nas normas da ABNT e conforme os requisitos da universidade. F\u00e1cil assim! O MELHOR \u00c9 QUE VOC\u00ca COMPRA E J\u00c1 BAIXA NA HORA O SEU ARQUIVO EM WORD! Sabemos que conciliar trabalho, fam\u00edlia, vida profissional e estudos \u00e9 dif\u00edcil hoje em dia, por isso, estamos aqui para ajudar voc\u00ea. Conte com nossa qualidade, experi\u00eancia e profissionalismo adquirindo seu portf\u00f3lio conosco. GARANTIMOS SEU CONCEITO!<\/p>\n<h4>Como se realizam os envios?<\/h4>\n<\/div>\n<\/div>\n<div class=\"elementor-toggle-item\">\n<div id=\"elementor-tab-content-1942\" class=\"elementor-tab-content elementor-clearfix elementor-active\" role=\"tabpanel\" data-tab=\"2\" aria-labelledby=\"elementor-tab-title-1942\">O seu trabalho \u00e9 disponibilizado pronto, respondido e nas normas j\u00e1 na mesma hora aqui em nosso site na sua \u00e1rea de downloads e tamb\u00e9m no seu e-mail.<\/div>\n<\/div>\n<div class=\"elementor-toggle-item\">\n<div id=\"elementor-tab-content-1943\" class=\"elementor-tab-content elementor-clearfix elementor-active\" role=\"tabpanel\" data-tab=\"3\" aria-labelledby=\"elementor-tab-title-1943\">\n<h4>Em quanto tempo recebo o portf\u00f3lio?<\/h4>\n<\/div>\n<\/div>\n<div class=\"elementor-toggle-item\">\n<div id=\"elementor-tab-content-1944\" class=\"elementor-tab-content elementor-clearfix elementor-active\" role=\"tabpanel\" data-tab=\"4\" aria-labelledby=\"elementor-tab-title-1944\">\n<p>Os envios s\u00e3o imediatos. Ap\u00f3s sua compra, o trabalho j\u00e1 \u00e9 disponibilizado instantaneamente aqui em nosso site e no seu e-mail.<\/p>\n<h4>E se o portf\u00f3lio que comprei precisar de corre\u00e7\u00e3o?<\/h4>\n<\/div>\n<\/div>\n<div class=\"elementor-toggle-item\">\n<div id=\"elementor-tab-content-1945\" class=\"elementor-tab-content elementor-clearfix elementor-active\" role=\"tabpanel\" data-tab=\"5\" aria-labelledby=\"elementor-tab-title-1945\">\n<p>Caso haja alguma solicita\u00e7\u00e3o de corre\u00e7\u00e3o\/altera\u00e7\u00e3o por parte do tutor, basta entrar em contato conosco pelo\u00a0WhatsApp\u00a0que provid\u00eanciaremos sem custo algum.<\/p>\n<h4>Qual o formato do arquivo?<\/h4>\n<\/div>\n<\/div>\n<div class=\"elementor-toggle-item\">\n<div id=\"elementor-tab-content-1946\" class=\"elementor-tab-content elementor-clearfix elementor-active\" role=\"tabpanel\" data-tab=\"6\" aria-labelledby=\"elementor-tab-title-1946\">\n<p>Os arquivos s\u00e3o enviados em formato Word e s\u00e3o edit\u00e1veis.<\/p>\n<h4>Caso eu tiver alguma d\u00favida, terei suporte no p\u00f3s venda?<\/h4>\n<\/div>\n<\/div>\n<div class=\"elementor-toggle-item\">\n<div id=\"elementor-tab-content-1948\" class=\"elementor-tab-content elementor-clearfix elementor-active\" role=\"tabpanel\" data-tab=\"8\" aria-labelledby=\"elementor-tab-title-1948\">\n<p>Sim, com certeza. Basta clicar no \u00edcone do WhatsApp no cantinho da tela. Ser\u00e1 um prazer atend\u00ea-lo(a).<\/p>\n<div class=\"elementor-toggle-item\">\n<div id=\"elementor-tab-content-1948\" class=\"elementor-tab-content elementor-clearfix elementor-active\" role=\"tabpanel\" data-tab=\"8\" aria-labelledby=\"elementor-tab-title-1948\">\n<h4>Quais os seus canais de contato?<\/h4>\n<\/div>\n<\/div>\n<div class=\"elementor-toggle-item\">\n<div id=\"elementor-tab-content-1949\" class=\"elementor-tab-content elementor-clearfix elementor-active\" role=\"tabpanel\" data-tab=\"9\" aria-labelledby=\"elementor-tab-title-1949\">\n<p>Whatsapp: 53 984751621 \u2013 Clicar no canto da tela ou ESCANEIE O QRCODE ABAIXO<\/p>\n<h4><img decoding=\"async\" class=\"alignnone wp-image-13699 jetpack-lazy-image jetpack-lazy-image--handled\" src=\"https:\/\/i0.wp.com\/portifolioos-prontos.com\/wp-content\/uploads\/2023\/02\/whatsapp-business-projeto-de-extensao-300x300.jpeg?resize=144%2C144\" sizes=\"(max-width: 144px) 100vw, 144px\" srcset=\"https:\/\/i0.wp.com\/portifolioos-prontos.com\/wp-content\/uploads\/2023\/02\/whatsapp-business-projeto-de-extensao.jpeg?resize=300%2C301&amp;ssl=1 300w, https:\/\/i0.wp.com\/portifolioos-prontos.com\/wp-content\/uploads\/2023\/02\/whatsapp-business-projeto-de-extensao.jpeg?resize=150%2C150&amp;ssl=1 150w, https:\/\/i0.wp.com\/portifolioos-prontos.com\/wp-content\/uploads\/2023\/02\/whatsapp-business-projeto-de-extensao.jpeg?resize=370%2C372&amp;ssl=1 370w, https:\/\/i0.wp.com\/portifolioos-prontos.com\/wp-content\/uploads\/2023\/02\/whatsapp-business-projeto-de-extensao.jpeg?resize=100%2C100&amp;ssl=1 100w, https:\/\/i0.wp.com\/portifolioos-prontos.com\/wp-content\/uploads\/2023\/02\/whatsapp-business-projeto-de-extensao.jpeg?w=470&amp;ssl=1 470w\" alt=\"projeto de extens\u00e3o unopar\" width=\"144\" height=\"144\" data-lazy-loaded=\"1\" \/><\/h4>\n<\/div>\n<\/div>\n<\/div>\n<\/div>\n<div class=\"elementor-toggle-item\">\n<div id=\"elementor-tab-content-1949\" class=\"elementor-tab-content elementor-clearfix elementor-active\" role=\"tabpanel\" data-tab=\"9\" aria-labelledby=\"elementor-tab-title-1949\">\n<p>E-mail:portifoliosp@gmail.com<\/p>\n<div id=\"attachment_143\" class=\"wp-caption alignnone\">\n<div id=\"attachment_143\" class=\"wp-caption alignnone\" style=\"width: 159px;\">\n<p><a href=\"http:\/\/portifolioos-prontos.com\/\"><img decoding=\"async\" class=\"wp-image-143 jetpack-lazy-image jetpack-lazy-image--handled\" title=\"portfolio pronto unopar\" src=\"https:\/\/i0.wp.com\/portifolioos-prontos.com\/wp-content\/uploads\/2022\/04\/conceitomaximo.png?resize=164%2C47\" alt=\"PORTFOLIO PRONTO UNOPAR ANHANGUERA\" width=\"159\" height=\"45\" aria-describedby=\"caption-attachment-143\" data-lazy-loaded=\"1\" \/><\/a><\/p>\n<p id=\"caption-attachment-143\" class=\"wp-caption-text\">Portf\u00f3lio em Word, respondido, completo e j\u00e1 nas normas.<\/p>\n<\/div>\n<\/div>\n<\/div>\n<\/div>\n","protected":false},"excerpt":{"rendered":"<div class=\"product-short-description\">\n<h5><strong>Pague pelo PIX ou cart\u00e3o e fa\u00e7a o download agora mesmo.<\/strong><\/h5>\n<\/div>\n<div class=\"sticky-add-to-cart-wrapper\">\n<div class=\"sticky-add-to-cart\">\n<div class=\"quantity buttons_added form-flat\"><img decoding=\"async\" class=\"alignnone wp-image-761\" src=\"http:\/\/portifolioos-prontos.com\/wp-content\/uploads\/2022\/04\/PIX-300x107.webp\" alt=\"\" width=\"78\" height=\"28\" \/>\u00a0\u00a0<img loading=\"lazy\" decoding=\"async\" class=\"\" src=\"https:\/\/d26lpennugtm8s.cloudfront.net\/assets\/common\/img\/logos\/payment\/visa@2x.png\" width=\"46\" height=\"29\" \/><img loading=\"lazy\" decoding=\"async\" class=\"\" src=\"https:\/\/d26lpennugtm8s.cloudfront.net\/assets\/common\/img\/logos\/payment\/boleto@2x.png\" width=\"43\" height=\"27\" \/><img loading=\"lazy\" decoding=\"async\" class=\"\" src=\"https:\/\/d26lpennugtm8s.cloudfront.net\/assets\/common\/img\/logos\/payment\/mastercard@2x.png\" width=\"43\" height=\"27\" \/><img loading=\"lazy\" decoding=\"async\" class=\"\" src=\"https:\/\/d26lpennugtm8s.cloudfront.net\/assets\/common\/img\/logos\/payment\/amex@2x.png\" width=\"43\" height=\"27\" \/><img loading=\"lazy\" decoding=\"async\" class=\"\" src=\"https:\/\/d26lpennugtm8s.cloudfront.net\/assets\/common\/img\/logos\/payment\/diners@2x.png\" width=\"46\" height=\"29\" \/><img loading=\"lazy\" decoding=\"async\" class=\"\" src=\"https:\/\/d26lpennugtm8s.cloudfront.net\/assets\/common\/img\/logos\/payment\/br\/elo@2x.png\" width=\"45\" height=\"28\" \/><img loading=\"lazy\" decoding=\"async\" class=\"\" src=\"https:\/\/d26lpennugtm8s.cloudfront.net\/assets\/common\/img\/logos\/payment\/br\/hipercard@2x.png\" width=\"44\" height=\"28\" \/><img loading=\"lazy\" decoding=\"async\" class=\"\" src=\"https:\/\/d26lpennugtm8s.cloudfront.net\/assets\/common\/img\/logos\/payment\/mercadopago@2x.png\" width=\"45\" height=\"28\" \/><\/div>\n<\/div>\n<\/div>\n","protected":false},"featured_media":18799,"template":"","meta":{"_seopress_robots_primary_cat":"none","_seopress_titles_title":"%%post_title%% %%sitetitle%%","_seopress_titles_desc":"%%post_content%%","_seopress_robots_index":""},"product_cat":[15],"product_tag":[],"class_list":{"0":"post-18774","1":"product","2":"type-product","3":"status-publish","4":"has-post-thumbnail","6":"product_cat-uncategorized","8":"first","9":"instock","10":"downloadable","11":"virtual","12":"purchasable","13":"product-type-simple","14":"col-xs-6 col-sm-4","15":"col-mf-5","16":"un-5-cols"},"jetpack_sharing_enabled":true,"_links":{"self":[{"href":"https:\/\/portifolioos-prontos.com\/index.php\/wp-json\/wp\/v2\/product\/18774","targetHints":{"allow":["GET"]}}],"collection":[{"href":"https:\/\/portifolioos-prontos.com\/index.php\/wp-json\/wp\/v2\/product"}],"about":[{"href":"https:\/\/portifolioos-prontos.com\/index.php\/wp-json\/wp\/v2\/types\/product"}],"version-history":[{"count":0,"href":"https:\/\/portifolioos-prontos.com\/index.php\/wp-json\/wp\/v2\/product\/18774\/revisions"}],"wp:featuredmedia":[{"embeddable":true,"href":"https:\/\/portifolioos-prontos.com\/index.php\/wp-json\/wp\/v2\/media\/18799"}],"wp:attachment":[{"href":"https:\/\/portifolioos-prontos.com\/index.php\/wp-json\/wp\/v2\/media?parent=18774"}],"wp:term":[{"taxonomy":"product_cat","embeddable":true,"href":"https:\/\/portifolioos-prontos.com\/index.php\/wp-json\/wp\/v2\/product_cat?post=18774"},{"taxonomy":"product_tag","embeddable":true,"href":"https:\/\/portifolioos-prontos.com\/index.php\/wp-json\/wp\/v2\/product_tag?post=18774"}],"curies":[{"name":"wp","href":"https:\/\/api.w.org\/{rel}","templated":true}]}}