{"id":18836,"date":"2023-08-02T19:39:40","date_gmt":"2023-08-02T22:39:40","guid":{"rendered":"https:\/\/portifolioos-prontos.com\/?post_type=product&#038;p=18836"},"modified":"2023-10-22T12:54:43","modified_gmt":"2023-10-22T15:54:43","slug":"roteiro-aula-pratica-radiologia-veterinaria","status":"publish","type":"product","link":"https:\/\/portifolioos-prontos.com\/index.php\/product\/roteiro-aula-pratica-radiologia-veterinaria\/","title":{"rendered":"Roteiro Aula Pr\u00e1tica Radiologia Veterin\u00e1ria"},"content":{"rendered":"<h4><strong>Roteiro Aula Pr\u00e1tica Radiologia Veterin\u00e1ria<\/strong><\/h4>\n<p>NOME DA DISCIPLINA: Radiologia Veterin\u00e1ria Anhanguera Unopar<\/p>\n<p>Escolher um item.<\/p>\n<p>Escolher um item.<\/p>\n<p>OBJETIVOS<\/p>\n<p>Defini\u00e7\u00e3o dos objetivos da aula pr\u00e1tica:<\/p>\n<p>A proposta desta atividade pr\u00e1tica est\u00e1 amparada nos seguintes objetivos:<\/p>\n<ul>\n<li>Conhecer a terminologia dos posicionamentos de radiologia veterin\u00e1ria.<\/li>\n<li>Conhecer e ser capaz de realizar o posicionamento e protocolos de aquisi\u00e7\u00e3o de imagens<\/li>\n<\/ul>\n<p>em radiologia veterin\u00e1ria.<\/p>\n<p>INFRAESTRUTURA<\/p>\n<p>Instala\u00e7\u00f5es:<\/p>\n<p>Laborat\u00f3rio de Enfermagem<\/p>\n<p>Materiais de consumo:<\/p>\n<p>Descri\u00e7\u00e3o<\/p>\n<p>Quantidade. de materiais por<\/p>\n<p>procedimento\/atividade<\/p>\n<p>Computador com acesso \u00e0 internet.<\/p>\n<p>Software:<\/p>\n<p>Sim ( ) N\u00e3o ( X )<\/p>\n<p>Em caso afirmativo, qual?<\/p>\n<p>Pago ( ) N\u00e3o Pago ( X )<\/p>\n<p>Tipo de Licen\u00e7a: NSA.<\/p>\n<p>Descri\u00e7\u00e3o do software:<\/p>\n<p>NSA<\/p>\n<p>Equipamento de Prote\u00e7\u00e3o Individual (EPI):<\/p>\n<p>N\u00e3o se aplica.3<\/p>\n<p>Roteiro Aula Pr\u00e1tica Radiologia Veterin\u00e1ria<\/p>\n<p>PROCEDIMENTOS PR\u00c1TICOS<\/p>\n<p>Procedimento\/Atividade N\u00ba 1<\/p>\n<p>Atividade proposta:<\/p>\n<p>Conhecer a terminologia dos posicionamentos em radiologia veterin\u00e1ria.<\/p>\n<p>Procedimentos para a realiza\u00e7\u00e3o da atividade:<\/p>\n<p>Antes de iniciar sua aula, pe\u00e7o que acesse o link abaixo e veja o v\u00eddeo com as instru\u00e7\u00f5es:<\/p>\n<p>https:\/\/drive.google.com\/file\/d\/1u0JFhwZSiRwp4ejPNS5EdpY7HMkccktK\/view?usp=sharing<\/p>\n<p>Para nossa primeira atividade vamos observar as nomenclaturas abaixo atentamente.<\/p>\n<p>1.Caudal: refere-se as partes da cabe\u00e7a, pesco\u00e7o ou na dire\u00e7\u00e3o da parte traseira do corpo.<\/p>\n<p>Tamb\u00e9m se refere aos aspectos dos membros acima, a articula\u00e7\u00f5es do carpo e do tarso,<\/p>\n<p>enfrentando na dire\u00e7\u00e3o da parte posterior do corpo.<\/p>\n<p>2.Craniana: refere-se as partes do pesco\u00e7o, tronco e rabo virado para a dire\u00e7\u00e3o da cabe\u00e7a.<\/p>\n<p>Tamb\u00e9m se refere ao aspecto superior ou anterior de um membro ou uma parte do corpo acima<\/p>\n<p>das articula\u00e7\u00f5es do carpo e do tarso.<\/p>\n<ol start=\"3\">\n<li>Distal: refere-se a qualquer parte, longe do centro do corpo.<\/li>\n<li>Dorsal: refere-se a parte traseira ou a parte posterior do corpo; oposto de ventral.<\/li>\n<li>Palmar: refere-se ao aspecto posterior ou inferior do membro anterior do carpo, distalmente.<\/li>\n<li>Plantar: refere-se ao aspecto posterior ou inferior do membro anterior do tarso, distalmente.<\/li>\n<li>Proximal: refere-se \u00e0 extremidade de um membro ou outra parte mais pr\u00f3ximo ao ponto de fixa\u00e7\u00e3o.<\/li>\n<\/ol>\n<ol start=\"8\">\n<li>Rostral: em dire\u00e7\u00e3o a cabe\u00e7a ou focinho.<\/li>\n<li>Ventral: refere-se \u00e0 superf\u00edcie do corpo esternal ou abdominal<\/li>\n<\/ol>\n<p>Roteiro Aula Pr\u00e1tica Radiologia Veterin\u00e1ria<\/p>\n<p>Agora vamos testar os conhecimentos preenchendo a figura abaixo com a nomenclaturas<\/p>\n<p>correspondentes:<\/p>\n<p><img fetchpriority=\"high\" decoding=\"async\" class=\"alignnone size-medium wp-image-3232\" src=\"https:\/\/mundodosportfolios.com\/wp-content\/uploads\/2023\/08\/Radiologia-Veterinaria-591x400.jpg\" sizes=\"(max-width: 591px) 100vw, 591px\" srcset=\"https:\/\/mundodosportfolios.com\/wp-content\/uploads\/2023\/08\/Radiologia-Veterinaria-591x400.jpg 591w, https:\/\/mundodosportfolios.com\/wp-content\/uploads\/2023\/08\/Radiologia-Veterinaria-600x406.jpg 600w, https:\/\/mundodosportfolios.com\/wp-content\/uploads\/2023\/08\/Radiologia-Veterinaria.jpg 689w\" alt=\"Roteiro Aula Pr\u00e1tica radiologia Veterin\u00e1ria\" width=\"591\" height=\"400\" \/><\/p>\n<p>Procedimento\/Atividade N\u00ba 2<\/p>\n<p>Atividade proposta:<\/p>\n<p>Conhecer e ser capaz de realizar o posicionamento e protocolos de aquisi\u00e7\u00e3o de imagens em<\/p>\n<p>radiologia veterin\u00e1ria<\/p>\n<ul>\n<li>Nossa segunda atividade inclui descrever o nome das tr\u00eas incid\u00eancias executadas e correlacion\u00e1-las com a imagem obtida.<\/li>\n<\/ul>\n<p><img decoding=\"async\" class=\"alignnone size-medium wp-image-3233\" src=\"https:\/\/mundodosportfolios.com\/wp-content\/uploads\/2023\/08\/Mundo-do-Portfolios-Radiologia-Roteiro-Aula-Pratica-688x400.jpg\" sizes=\"(max-width: 688px) 100vw, 688px\" srcset=\"https:\/\/mundodosportfolios.com\/wp-content\/uploads\/2023\/08\/Mundo-do-Portfolios-Radiologia-Roteiro-Aula-Pratica-688x400.jpg 688w, https:\/\/mundodosportfolios.com\/wp-content\/uploads\/2023\/08\/Mundo-do-Portfolios-Radiologia-Roteiro-Aula-Pratica-600x349.jpg 600w, https:\/\/mundodosportfolios.com\/wp-content\/uploads\/2023\/08\/Mundo-do-Portfolios-Radiologia-Roteiro-Aula-Pratica.jpg 697w\" alt=\"Roteiro Aula Pr\u00e1tica Radiologia Veterin\u00e1ria,Portf\u00f3lio Roteiro Aula Pr\u00e1tica Radiologia Veterin\u00e1ria\" width=\"688\" height=\"400\" \/><\/p>\n<ul>\n<li>Nossa pr\u00f3xima tarefa inclui 2 casos cl\u00ednicos a serem solucionados:<\/li>\n<\/ul>\n<p>\u2192Um c\u00e3o de 10 meses da ra\u00e7a Golden Retriever deu entrada no centro diagn\u00f3stico dia 27\/04\/17,<\/p>\n<p>com hist\u00f3rico cl\u00ednico de cansa\u00e7o, tosse produtiva e emagrecimento. O tecn\u00f3logo em radiologia<\/p>\n<p>veterin\u00e1ria realizou algumas incid\u00eancias de t\u00f3rax. Analise as imagens abaixo, descreva o nome da<\/p>\n<p>incid\u00eancia e as formas de conten\u00e7\u00e3o do animal.<\/p>\n<p><a href=\"http:\/\/eadcolaborar.com\/\"><img decoding=\"async\" class=\"alignnone size-full wp-image-3234\" src=\"https:\/\/mundodosportfolios.com\/wp-content\/uploads\/2023\/08\/Trabalho-de-Radiologia.jpg\" sizes=\"(max-width: 645px) 100vw, 645px\" srcset=\"https:\/\/mundodosportfolios.com\/wp-content\/uploads\/2023\/08\/Trabalho-de-Radiologia.jpg 645w, https:\/\/mundodosportfolios.com\/wp-content\/uploads\/2023\/08\/Trabalho-de-Radiologia-600x271.jpg 600w\" alt=\"Roteiro Aula Pr\u00e1tica Radiologia Veterin\u00e1ria,Portf\u00f3lio Roteiro Aula Pr\u00e1tica Radiologia Veterin\u00e1ria\" width=\"645\" height=\"291\" \/><\/a><\/p>\n<p>\u2192Tutora chega \u00e0 Cl\u00ednica veterin\u00e1ria com seu animal canino, SRD, f\u00eamea, de 5 anos de idade,<\/p>\n<p>que foi encaminhado para exame radiogr\u00e1fico de membro inferior para um check up. Analise a<\/p>\n<p>imagem abaixo e descreva o nome da incid\u00eancia utilizada pelo tecn\u00f3logo em radiologia.<\/p>\n<p>Roteiro Aula Pr\u00e1tica Radiologia Veterin\u00e1ria<\/p>\n<ul>\n<li>Nessa atividade voc\u00ea vai observar as imagens abaixo que mostram uma radiografia<\/li>\n<\/ul>\n<p>do membro inferior de um animal.<\/p>\n<p>Regi\u00e3o: Membro P\u00e9lvico Direito \u2013 T\u00edbia\/ F\u00edbula e Articula\u00e7\u00e3o Tibiot\u00e1rsica6<\/p>\n<p>Responda as quest\u00f5es abaixo:<\/p>\n<ol>\n<li>Qual a posi\u00e7\u00e3o radiografia de cada imagem?<\/li>\n<li>Descreva, detalhadamente, como o animal deve ser posicionado para obter a visualiza\u00e7\u00e3o<\/li>\n<\/ol>\n<p>completa da T\u00edbia\/ F\u00edbula?<\/p>\n<ol start=\"3\">\n<li>Qual \u00e9 a incid\u00eancia do raio central?<\/li>\n<\/ol>\n<p>Checklist:<\/p>\n<p>As tarefas foram conclu\u00eddas com \u00eaxito?<\/p>\n<p>Voc\u00ea foi capaz de aprender as nomenclaturas?<\/p>\n<p>Voc\u00ea foi capaz de identificar as estruturas anat\u00f4micas das imagens e nomear os posicionamentos<\/p>\n<p>executados em cada uma delas?<\/p>\n<p>Roteiro Aula Pr\u00e1tica Radiologia Veterin\u00e1ria<\/p>\n<p>RESULTADOS<\/p>\n<p>Resultados da aula pr\u00e1tica:<\/p>\n<p>Orienta\u00e7\u00f5es para o envio da atividade:<\/p>\n<ul>\n<li>O resultado de aprendizagem da aula pr\u00e1tica dever\u00e1 ser registrado em forma de um<\/li>\n<\/ul>\n<p>relat\u00f3rio descritivo que dever\u00e1 ser postado em seu ambiente virtual.<\/p>\n<ul>\n<li>A postagem do arquivo final deve ser em um \u00fanico arquivo, formato DOC (Word ou editor<\/li>\n<\/ul>\n<p>de textos);<\/p>\n<ul>\n<li>Responda detalhadamente as quest\u00f5es propostas na Atividade 2.7<\/li>\n<li>O sistema ir\u00e1 arquivar e disponibilizar para corre\u00e7\u00e3o apenas o \u00faltimo trabalho encaminhado,<\/li>\n<\/ul>\n<p>caso voc\u00ea encaminhe um novo arquivo, ele ir\u00e1 sobrepor e apagar o arquivo encaminhado<\/p>\n<p>anteriormente;<\/p>\n<ul>\n<li>Voc\u00ea dever\u00e1 postar o trabalho finalizado no AVA, o que dever\u00e1 ser feito na pasta espec\u00edfica,<\/li>\n<\/ul>\n<p>obedecendo ao prazo limite de postagem, conforme disposto no cronograma do curso. \u2022<\/p>\n<p>N\u00e3o existe prorroga\u00e7\u00e3o para a postagem da atividade;<\/p>\n<ul>\n<li>O trabalho ser\u00e1 realizado individualmente. N\u00e3o deixe de participar de todas as tarefas! Elas<\/li>\n<\/ul>\n<p>ser\u00e3o determinantes para o aprendizado das t\u00e9cnicas.<\/p>\n<p>BONS ESTUDOS!<\/p>\n<div class=\"elementor-toggle-item\">\n<h4 id=\"elementor-tab-title-1941\" class=\"elementor-tab-title elementor-active\" tabindex=\"0\" role=\"tab\" data-tab=\"1\" aria-controls=\"elementor-tab-content-1941\" aria-expanded=\"true\" aria-selected=\"true\">Como funciona?<\/h4>\n<div id=\"elementor-tab-content-1941\" class=\"elementor-tab-content elementor-clearfix elementor-active\" role=\"tabpanel\" data-tab=\"1\" aria-labelledby=\"elementor-tab-title-1941\">\n<p>Elaboramos os portf\u00f3lios, j\u00e1 deixamos prontos, nas normas da ABNT e conforme os requisitos da universidade. F\u00e1cil assim! O MELHOR \u00c9 QUE VOC\u00ca COMPRA E J\u00c1 BAIXA NA HORA O SEU ARQUIVO EM WORD! Sabemos que conciliar trabalho, fam\u00edlia, vida profissional e estudos \u00e9 dif\u00edcil hoje em dia, por isso, estamos aqui para ajudar voc\u00ea. Conte com nossa qualidade, experi\u00eancia e profissionalismo adquirindo seu portf\u00f3lio conosco. GARANTIMOS SEU CONCEITO!<\/p>\n<h4>Como se realizam os envios?<\/h4>\n<\/div>\n<\/div>\n<div class=\"elementor-toggle-item\">\n<div id=\"elementor-tab-content-1942\" class=\"elementor-tab-content elementor-clearfix elementor-active\" role=\"tabpanel\" data-tab=\"2\" aria-labelledby=\"elementor-tab-title-1942\">O seu trabalho \u00e9 disponibilizado pronto, respondido e nas normas j\u00e1 na mesma hora aqui em nosso site na sua \u00e1rea de downloads e tamb\u00e9m no seu e-mail.<\/div>\n<\/div>\n<div class=\"elementor-toggle-item\">\n<div id=\"elementor-tab-content-1943\" class=\"elementor-tab-content elementor-clearfix elementor-active\" role=\"tabpanel\" data-tab=\"3\" aria-labelledby=\"elementor-tab-title-1943\">\n<h4>Em quanto tempo recebo o portf\u00f3lio?<\/h4>\n<\/div>\n<\/div>\n<div class=\"elementor-toggle-item\">\n<div id=\"elementor-tab-content-1944\" class=\"elementor-tab-content elementor-clearfix elementor-active\" role=\"tabpanel\" data-tab=\"4\" aria-labelledby=\"elementor-tab-title-1944\">\n<p>Os envios s\u00e3o imediatos. Ap\u00f3s sua compra, o trabalho j\u00e1 \u00e9 disponibilizado instantaneamente aqui em nosso site e no seu e-mail.<\/p>\n<h4>E se o portf\u00f3lio que comprei precisar de corre\u00e7\u00e3o?<\/h4>\n<\/div>\n<\/div>\n<div class=\"elementor-toggle-item\">\n<div id=\"elementor-tab-content-1945\" class=\"elementor-tab-content elementor-clearfix elementor-active\" role=\"tabpanel\" data-tab=\"5\" aria-labelledby=\"elementor-tab-title-1945\">\n<p>Caso haja alguma solicita\u00e7\u00e3o de corre\u00e7\u00e3o\/altera\u00e7\u00e3o por parte do tutor, basta entrar em contato conosco pelo\u00a0WhatsApp\u00a0que provid\u00eanciaremos sem custo algum.<\/p>\n<h4>Qual o formato do arquivo?<\/h4>\n<\/div>\n<\/div>\n<div class=\"elementor-toggle-item\">\n<div id=\"elementor-tab-content-1946\" class=\"elementor-tab-content elementor-clearfix elementor-active\" role=\"tabpanel\" data-tab=\"6\" aria-labelledby=\"elementor-tab-title-1946\">\n<p>Os arquivos s\u00e3o enviados em formato Word e s\u00e3o edit\u00e1veis.<\/p>\n<h4>Caso eu tiver alguma d\u00favida, terei suporte no p\u00f3s venda?<\/h4>\n<\/div>\n<\/div>\n<div class=\"elementor-toggle-item\">\n<div id=\"elementor-tab-content-1948\" class=\"elementor-tab-content elementor-clearfix elementor-active\" role=\"tabpanel\" data-tab=\"8\" aria-labelledby=\"elementor-tab-title-1948\">\n<p>Sim, com certeza. Basta clicar no \u00edcone do WhatsApp no cantinho da tela. Ser\u00e1 um prazer atend\u00ea-lo(a).<\/p>\n<div class=\"elementor-toggle-item\">\n<div id=\"elementor-tab-content-1948\" class=\"elementor-tab-content elementor-clearfix elementor-active\" role=\"tabpanel\" data-tab=\"8\" aria-labelledby=\"elementor-tab-title-1948\">\n<h4>Quais os seus canais de contato?<\/h4>\n<\/div>\n<\/div>\n<div class=\"elementor-toggle-item\">\n<div id=\"elementor-tab-content-1949\" class=\"elementor-tab-content elementor-clearfix elementor-active\" role=\"tabpanel\" data-tab=\"9\" aria-labelledby=\"elementor-tab-title-1949\">\n<p>Whatsapp: 53 984751621 \u2013 Clicar no canto da tela ou ESCANEIE O QRCODE ABAIXO<\/p>\n<h4><img loading=\"lazy\" decoding=\"async\" class=\"alignnone wp-image-13699 jetpack-lazy-image jetpack-lazy-image--handled\" src=\"https:\/\/i0.wp.com\/portifolioos-prontos.com\/wp-content\/uploads\/2023\/02\/whatsapp-business-projeto-de-extensao-300x300.jpeg?resize=144%2C144\" sizes=\"(max-width: 144px) 100vw, 144px\" srcset=\"https:\/\/i0.wp.com\/portifolioos-prontos.com\/wp-content\/uploads\/2023\/02\/whatsapp-business-projeto-de-extensao.jpeg?resize=300%2C301&amp;ssl=1 300w, https:\/\/i0.wp.com\/portifolioos-prontos.com\/wp-content\/uploads\/2023\/02\/whatsapp-business-projeto-de-extensao.jpeg?resize=150%2C150&amp;ssl=1 150w, https:\/\/i0.wp.com\/portifolioos-prontos.com\/wp-content\/uploads\/2023\/02\/whatsapp-business-projeto-de-extensao.jpeg?resize=370%2C372&amp;ssl=1 370w, https:\/\/i0.wp.com\/portifolioos-prontos.com\/wp-content\/uploads\/2023\/02\/whatsapp-business-projeto-de-extensao.jpeg?resize=100%2C100&amp;ssl=1 100w, https:\/\/i0.wp.com\/portifolioos-prontos.com\/wp-content\/uploads\/2023\/02\/whatsapp-business-projeto-de-extensao.jpeg?w=470&amp;ssl=1 470w\" alt=\"projeto de extens\u00e3o unopar\" width=\"144\" height=\"144\" data-recalc-dims=\"1\" data-lazy-loaded=\"1\" \/><\/h4>\n<\/div>\n<\/div>\n<\/div>\n<\/div>\n<div class=\"elementor-toggle-item\">\n<div id=\"elementor-tab-content-1949\" class=\"elementor-tab-content elementor-clearfix elementor-active\" role=\"tabpanel\" data-tab=\"9\" aria-labelledby=\"elementor-tab-title-1949\">\n<p>E-mail:portifoliosp@gmail.com<\/p>\n<div id=\"attachment_143\" class=\"wp-caption alignnone\">\n<div id=\"attachment_143\" class=\"wp-caption alignnone\" style=\"width: 126px;\">\n<p><a href=\"http:\/\/portifolioos-prontos.com\/\"><img loading=\"lazy\" decoding=\"async\" class=\"wp-image-143 jetpack-lazy-image jetpack-lazy-image--handled\" title=\"portfolio pronto unopar\" src=\"https:\/\/i0.wp.com\/portifolioos-prontos.com\/wp-content\/uploads\/2022\/04\/conceitomaximo.png?resize=161%2C46\" alt=\"PORTFOLIO PRONTO UNOPAR ANHANGUERA\" width=\"126\" height=\"36\" aria-describedby=\"caption-attachment-143\" data-lazy-loaded=\"1\" \/><\/a><\/p>\n<p id=\"caption-attachment-143\" class=\"wp-caption-text\">Portf\u00f3lio em Word, respondido, completo e j\u00e1 nas normas.<\/p>\n<\/div>\n<\/div>\n<\/div>\n<\/div>\n","protected":false},"excerpt":{"rendered":"<div class=\"product-short-description\">\n<h5><strong>Pague pelo PIX ou cart\u00e3o e fa\u00e7a o download agora mesmo.<\/strong><\/h5>\n<\/div>\n<div class=\"sticky-add-to-cart-wrapper\">\n<div class=\"sticky-add-to-cart\">\n<div class=\"quantity buttons_added form-flat\"><img loading=\"lazy\" decoding=\"async\" class=\"alignnone wp-image-761\" src=\"http:\/\/portifolioos-prontos.com\/wp-content\/uploads\/2022\/04\/PIX-300x107.webp\" alt=\"\" width=\"78\" height=\"28\" \/>\u00a0\u00a0<img loading=\"lazy\" decoding=\"async\" class=\"\" src=\"https:\/\/d26lpennugtm8s.cloudfront.net\/assets\/common\/img\/logos\/payment\/visa@2x.png\" width=\"46\" height=\"29\" \/><img loading=\"lazy\" decoding=\"async\" class=\"\" src=\"https:\/\/d26lpennugtm8s.cloudfront.net\/assets\/common\/img\/logos\/payment\/boleto@2x.png\" width=\"43\" height=\"27\" \/><img loading=\"lazy\" decoding=\"async\" class=\"\" src=\"https:\/\/d26lpennugtm8s.cloudfront.net\/assets\/common\/img\/logos\/payment\/mastercard@2x.png\" width=\"43\" height=\"27\" \/><img loading=\"lazy\" decoding=\"async\" class=\"\" src=\"https:\/\/d26lpennugtm8s.cloudfront.net\/assets\/common\/img\/logos\/payment\/amex@2x.png\" width=\"43\" height=\"27\" \/><img loading=\"lazy\" decoding=\"async\" class=\"\" src=\"https:\/\/d26lpennugtm8s.cloudfront.net\/assets\/common\/img\/logos\/payment\/diners@2x.png\" width=\"46\" height=\"29\" \/><img loading=\"lazy\" decoding=\"async\" class=\"\" src=\"https:\/\/d26lpennugtm8s.cloudfront.net\/assets\/common\/img\/logos\/payment\/br\/elo@2x.png\" width=\"45\" height=\"28\" \/><img loading=\"lazy\" decoding=\"async\" class=\"\" src=\"https:\/\/d26lpennugtm8s.cloudfront.net\/assets\/common\/img\/logos\/payment\/br\/hipercard@2x.png\" width=\"44\" height=\"28\" \/><img loading=\"lazy\" decoding=\"async\" class=\"\" src=\"https:\/\/d26lpennugtm8s.cloudfront.net\/assets\/common\/img\/logos\/payment\/mercadopago@2x.png\" width=\"45\" height=\"28\" \/><\/div>\n<\/div>\n<\/div>\n","protected":false},"featured_media":18838,"template":"","meta":{"_seopress_robots_primary_cat":"none","_seopress_titles_title":"%%post_title%% %%sitetitle%%","_seopress_titles_desc":"%%post_content%%","_seopress_robots_index":""},"product_cat":[67,15],"product_tag":[],"class_list":{"0":"post-18836","1":"product","2":"type-product","3":"status-publish","4":"has-post-thumbnail","6":"product_cat-radiologia","7":"product_cat-uncategorized","9":"first","10":"instock","11":"downloadable","12":"virtual","13":"purchasable","14":"product-type-simple","15":"col-xs-6 col-sm-4","16":"col-mf-5","17":"un-5-cols"},"jetpack_sharing_enabled":true,"_links":{"self":[{"href":"https:\/\/portifolioos-prontos.com\/index.php\/wp-json\/wp\/v2\/product\/18836","targetHints":{"allow":["GET"]}}],"collection":[{"href":"https:\/\/portifolioos-prontos.com\/index.php\/wp-json\/wp\/v2\/product"}],"about":[{"href":"https:\/\/portifolioos-prontos.com\/index.php\/wp-json\/wp\/v2\/types\/product"}],"version-history":[{"count":0,"href":"https:\/\/portifolioos-prontos.com\/index.php\/wp-json\/wp\/v2\/product\/18836\/revisions"}],"wp:featuredmedia":[{"embeddable":true,"href":"https:\/\/portifolioos-prontos.com\/index.php\/wp-json\/wp\/v2\/media\/18838"}],"wp:attachment":[{"href":"https:\/\/portifolioos-prontos.com\/index.php\/wp-json\/wp\/v2\/media?parent=18836"}],"wp:term":[{"taxonomy":"product_cat","embeddable":true,"href":"https:\/\/portifolioos-prontos.com\/index.php\/wp-json\/wp\/v2\/product_cat?post=18836"},{"taxonomy":"product_tag","embeddable":true,"href":"https:\/\/portifolioos-prontos.com\/index.php\/wp-json\/wp\/v2\/product_tag?post=18836"}],"curies":[{"name":"wp","href":"https:\/\/api.w.org\/{rel}","templated":true}]}}