{"id":2164,"date":"2022-04-30T15:12:33","date_gmt":"2022-04-30T18:12:33","guid":{"rendered":"https:\/\/portifolioos-prontos.com\/?post_type=product&#038;p=2164"},"modified":"2022-07-19T21:27:29","modified_gmt":"2022-07-20T00:27:29","slug":"projeto-integrado-cursos-da-area-de-ti-uml","status":"publish","type":"product","link":"https:\/\/portifolioos-prontos.com\/index.php\/product\/projeto-integrado-cursos-da-area-de-ti-uml\/","title":{"rendered":"Projeto Integrado cursos da \u00e1rea de Ti: UML"},"content":{"rendered":"<h4>Projeto Integrado cursos da \u00e1rea de Ti<\/h4>\n<hr \/>\n<p>A proposta de Projeto Integrado \u00e9 possibilitar a aprendizagem interdisciplinar dos conte\u00fados<br \/>\ndesenvolvidos nas disciplinas desse semestre.<\/p>\n<p>PROJETO INTEGRADO<\/p>\n<p>2. Leitura proposta<br \/>\nPara atingir os objetivos deste projeto integrado, voc\u00ea dever\u00e1 seguir as instru\u00e7\u00f5es voltadas \u00e0<br \/>\nelabora\u00e7\u00e3o do trabalho disponibilizadas ao longo do semestre, sob a orienta\u00e7\u00e3o do Tutor a<br \/>\nDist\u00e2ncia.<\/p>\n<p>ATIVIDADES<\/p>\n<p>Tarefa 1:<br \/>\nA UML (Linguagem de Modelagem Unificada) \u00e9 uma linguagem-padr\u00e3o para a elabora\u00e7\u00e3o da<br \/>\nestrutura de projetos de software. Ela pode ser empregada para a visualiza\u00e7\u00e3o, a especifica\u00e7\u00e3o, a<br \/>\nconstru\u00e7\u00e3o e a documenta\u00e7\u00e3o de artefatos que fa\u00e7am uso de sistemas complexos de software. A<br \/>\nUML possui diagramas estruturais e comportamentais. Sobre esse assunto, responda \u00e0s quest\u00f5es a<br \/>\nseguir:<br \/>\n\u2022 Descreva a diferen\u00e7a entre os diagramas estruturais e\u00a0comportamentais;<br \/>\n\u2022 Escolha um diagrama comportamental e um diagrama estrutural e descreva as suas principais<br \/>\ncaracter\u00edsticas e em qual momento do projeto eles se encaixam.<\/p>\n<p>Tarefa 2:<br \/>\nPara o design de interfaces, devemos nos preocupar com diversos aspectos.<br \/>\nImagine que voc\u00ea desenvolver\u00e1 a p\u00e1gina inicial do site de um programa para o Minist\u00e9rio da<br \/>\nEduca\u00e7\u00e3o. Ele poder\u00e1 ser acessado tanto na web quanto nos dispositivos m\u00f3veis. Esse programa far\u00e1<br \/>\no mapeamento de faculdades com cursos de tecnologia que existem no Brasil.<br \/>\nAlguns itens importantes e necess\u00e1rios nessa interface:<br \/>\na) Login e senha<br \/>\nb) Cadastro<br \/>\nc) Uma parte visual, onde ser\u00e1 colocado o mapa do Brasil e teremos o mapeamento de quantas<br \/>\nfaculdades temos no estado, quais as cidades que as oferecem e se entrarmos na cidade,<br \/>\npoderemos ver quais s\u00e3o as faculdades naquele munic\u00edpio.<\/p>\n<p>PROJETO INTEGRADO<\/p>\n<p>Fa\u00e7a uma pesquisa e descreva como voc\u00ea far\u00e1:<br \/>\na) Como voc\u00ea desenhar\u00e1 essa p\u00e1gina inicial,<br \/>\nb) Que t\u00e9cnicas poderemos trabalhar para desenvolver essa p\u00e1gina e<br \/>\nc) Quais os aspectos importantes da cria\u00e7\u00e3o dessa p\u00e1gina, como usabilidade entre outros<br \/>\nd) Lembrando que deveremos desenvolver um prot\u00f3tipo dessa tela, como faremos isso?<\/p>\n<p>Tarefa 3:<br \/>\nLeia o fragmento, interprete o c\u00f3digo Python em quest\u00e3o e assinale alternativa correta.<\/p>\n<p>1. def remove(self, valor):<br \/>\n2. if self.head.data == valor:<br \/>\n3. self.head = self.head.nextItem<br \/>\n4. else:<br \/>\n5. before = None<br \/>\n6. navegar = self.head<br \/>\n7. while navegar and navegar.data != valor:<br \/>\n8. before = navegar<br \/>\n9. navegar = navegar.nextItem<br \/>\n10. if navegar:<br \/>\n11. before.nextItem = navegar.nextItem<br \/>\n12. else:<br \/>\n13. before.nextItem = None<\/p>\n<p>a) Descreva como o m\u00e9todo recebe o valor:<br \/>\nb) N\u00e3o sendo o m\u00e9todo, como ser\u00e1 a busca? Lembre-se do head.<br \/>\nc) Quais altera\u00e7\u00f5es ocorrer\u00e1 na lista?<\/p>\n<p>PROJETO INTEGRADO<\/p>\n<p>Tarefa 4:<br \/>\n1 \u2013 Instancia\u00e7\u00e3o \u00e9 um processo muito comum na programa\u00e7\u00e3o orientada a objetos. Isso porque, de<br \/>\ncerta forma, instanciar \u00e9 o mesmo que realizar uma \u201cc\u00f3pia\u201d de algo. Dessa forma, analise o c\u00f3digo a<br \/>\nseguir, identifique as linhas tracejadas (3 e 9) e escreva o c\u00f3digo que falta para que ele funcione<br \/>\nperfeitamente. Uma dica, a classe que voc\u00ea utilizar\u00e1 nesse c\u00f3digo se chama User e o m\u00e9todo que<br \/>\nvoc\u00ea precisar\u00e1 para conex\u00e3o com banco de dados se chama conectar.<\/p>\n<p>1 &lt;?php<br \/>\n2 require_once \u2018usuarios.php\u2019;<br \/>\n3 _______________________<br \/>\n4 if (isset($_POST[\u2018usuario\u2019])){<br \/>\n5 $user = addslashes($_POST[\u2018usuario\u2019]);<br \/>\n6 $passwd = addslashes($_POST[\u2018senha\u2019]);<br \/>\n7<br \/>\n8 if (!empty($usuario) &amp;&amp; !empty($senha)){<br \/>\n9 $u-&gt;__________(\u201cnomeDB\u201d, \u201clocalhost\u201d, \u201cuser\u201d, \u201cpassword\u201d);<br \/>\n10 if ($u-&gt;msgErro == \u201c\u201d){<br \/>\n11 if (!$u-&gt;logar($user, $passwd)){<br \/>\n12 echo \u201cCredenciais incorretas!\u201d;<br \/>\n13 }<br \/>\n14 } else{<br \/>\n15 echo \u201cErro: \u201d . $u-&gt;msgErro;<br \/>\n16 }<br \/>\n17 } else{<br \/>\n18 echo \u201cPreencha todos os campos obrigat\u00f3rios!\u201d;<br \/>\n19 }<br \/>\n20 }<br \/>\n21 ?&gt;<\/p>\n<p>PROJETO INTEGRADO<\/p>\n<p>Tarefa 5:<\/p>\n<p>Qual a diferen\u00e7a entre Bancos de dados relacionais e n\u00e3o relacionais? Cite as principais caracter\u00edsticas<br \/>\ne diferen\u00e7as entre cada um\u00a0deles.<\/p>\n<div class=\"elementor-toggle-item\">\n<h4 id=\"elementor-tab-title-1941\" class=\"elementor-tab-title elementor-active\" tabindex=\"0\" role=\"tab\" data-tab=\"1\" aria-controls=\"elementor-tab-content-1941\" aria-expanded=\"true\" aria-selected=\"true\">Como funciona?<\/h4>\n<div id=\"elementor-tab-content-1941\" class=\"elementor-tab-content elementor-clearfix elementor-active\" role=\"tabpanel\" data-tab=\"1\" aria-labelledby=\"elementor-tab-title-1941\">\n<p>Elaboramos os portf\u00f3lios, j\u00e1 deixamos prontos, nas normas da ABNT e conforme os requisitos da universidade. F\u00e1cil assim! O MELHOR \u00c9 QUE VOC\u00ca COMPRA E J\u00c1 BAIXA NA HORA O SEU ARQUIVO EM WORD! Sabemos que conciliar trabalho, fam\u00edlia, vida profissional e estudos \u00e9 dif\u00edcil hoje em dia, por isso, estamos aqui para ajudar voc\u00ea. Conte com nossa qualidade, experi\u00eancia e profissionalismo adquirindo seu portf\u00f3lio conosco. GARANTIMOS SEU CONCEITO!<\/p>\n<p><span style=\"color: #000000; font-size: 18px; font-weight: bold;\">Como se realizam os envios?<\/span><\/p>\n<\/div>\n<\/div>\n<div class=\"elementor-toggle-item\">\n<div id=\"elementor-tab-content-1942\" class=\"elementor-tab-content elementor-clearfix elementor-active\" role=\"tabpanel\" data-tab=\"2\" aria-labelledby=\"elementor-tab-title-1942\">O seu trabalho \u00e9 disponibilizado pronto, respondido e nas normas j\u00e1 na mesma hora aqui em nosso site na sua \u00e1rea de downloads e tamb\u00e9m no seu e-mail.<\/div>\n<div role=\"tabpanel\" data-tab=\"2\" aria-labelledby=\"elementor-tab-title-1942\"><\/div>\n<div role=\"tabpanel\" data-tab=\"2\" aria-labelledby=\"elementor-tab-title-1942\"><span style=\"color: #000000; font-size: 18px; font-weight: bold;\">Quais formas de pagamento para realizar minha compra?<\/span><\/div>\n<\/div>\n<div class=\"elementor-toggle-item\">\n<div id=\"elementor-tab-content-1943\" class=\"elementor-tab-content elementor-clearfix elementor-active\" role=\"tabpanel\" data-tab=\"3\" aria-labelledby=\"elementor-tab-title-1943\">\n<p>Dispomos dos seguintes meios de pagamento PIX, Cart\u00f5es de Cr\u00e9dito e Boleto\u00a0 \u00a0<img decoding=\"async\" class=\"alignnone wp-image-761\" src=\"http:\/\/portifolioos-prontos.com\/wp-content\/uploads\/2022\/04\/portfolio-unopar-pronto-producao-textual-interdisciplinar-300x107.webp\" sizes=\"(max-width: 140px) 100vw, 140px\" srcset=\"https:\/\/portifolioos-prontos.com\/wp-content\/uploads\/2022\/04\/portfolio-unopar-pronto-producao-textual-interdisciplinar-300x107.webp 300w, https:\/\/portifolioos-prontos.com\/wp-content\/uploads\/2022\/04\/PIX-1024x364.webp 1024w, https:\/\/portifolioos-prontos.com\/wp-content\/uploads\/2022\/04\/PIX-768x273.webp 768w, https:\/\/portifolioos-prontos.com\/wp-content\/uploads\/2022\/04\/PIX-370x131.webp 370w, https:\/\/portifolioos-prontos.com\/wp-content\/uploads\/2022\/04\/PIX-600x213.webp 600w, https:\/\/portifolioos-prontos.com\/wp-content\/uploads\/2022\/04\/portfolio-unopar-pronto-producao-textual-interdisciplinar.webp 1200w\" alt=\"\" width=\"109\" height=\"39\" \/>\u00a0\u00a0<img decoding=\"async\" class=\"\" src=\"https:\/\/d26lpennugtm8s.cloudfront.net\/assets\/common\/img\/logos\/payment\/visa@2x.png\" width=\"68\" height=\"43\" \/><img decoding=\"async\" class=\"\" src=\"https:\/\/d26lpennugtm8s.cloudfront.net\/assets\/common\/img\/logos\/payment\/boleto@2x.png\" width=\"65\" height=\"41\" \/><img loading=\"lazy\" decoding=\"async\" class=\"\" src=\"https:\/\/d26lpennugtm8s.cloudfront.net\/assets\/common\/img\/logos\/payment\/mastercard@2x.png\" width=\"62\" height=\"39\" \/><img loading=\"lazy\" decoding=\"async\" class=\"\" src=\"https:\/\/d26lpennugtm8s.cloudfront.net\/assets\/common\/img\/logos\/payment\/amex@2x.png\" width=\"62\" height=\"39\" \/><img loading=\"lazy\" decoding=\"async\" class=\"\" src=\"https:\/\/d26lpennugtm8s.cloudfront.net\/assets\/common\/img\/logos\/payment\/diners@2x.png\" width=\"60\" height=\"38\" \/><img loading=\"lazy\" decoding=\"async\" class=\"\" src=\"https:\/\/d26lpennugtm8s.cloudfront.net\/assets\/common\/img\/logos\/payment\/br\/elo@2x.png\" width=\"60\" height=\"38\" \/><img loading=\"lazy\" decoding=\"async\" class=\"\" src=\"https:\/\/d26lpennugtm8s.cloudfront.net\/assets\/common\/img\/logos\/payment\/br\/hipercard@2x.png\" width=\"65\" height=\"41\" \/><img loading=\"lazy\" decoding=\"async\" class=\"\" src=\"https:\/\/d26lpennugtm8s.cloudfront.net\/assets\/common\/img\/logos\/payment\/mercadopago@2x.png\" width=\"67\" height=\"42\" \/><\/p>\n<p><span style=\"color: #000000; font-size: 18px; font-weight: bold;\">Em quanto tempo recebo o portf\u00f3lio?<\/span><\/p>\n<\/div>\n<\/div>\n<div class=\"elementor-toggle-item\">\n<div id=\"elementor-tab-content-1944\" class=\"elementor-tab-content elementor-clearfix elementor-active\" role=\"tabpanel\" data-tab=\"4\" aria-labelledby=\"elementor-tab-title-1944\">\n<p>Os envios s\u00e3o imediatos. Ap\u00f3s sua compra, o trabalho j\u00e1 \u00e9 disponibilizado instantaneamente aqui em nosso site e no seu e-mail.<\/p>\n<p><span style=\"color: #000000; font-size: 18px; font-weight: bold;\">E se o portf\u00f3lio que comprei precisar de corre\u00e7\u00e3o?<\/span><\/p>\n<\/div>\n<\/div>\n<div class=\"elementor-toggle-item\">\n<div id=\"elementor-tab-content-1945\" class=\"elementor-tab-content elementor-clearfix elementor-active\" role=\"tabpanel\" data-tab=\"5\" aria-labelledby=\"elementor-tab-title-1945\">\n<p>Caso haja alguma solicita\u00e7\u00e3o de corre\u00e7\u00e3o\/altera\u00e7\u00e3o por parte do tutor, basta entrar em contato conosco pelo\u00a0<a href=\"https:\/\/api.whatsapp.com\/send\/?phone=5553984751621&amp;text&amp;app_absent=0\">WhatsApp<\/a> que provid\u00eanciaremos sem custo algum.<\/p>\n<p><span style=\"color: #000000; font-size: 18px; font-weight: bold;\">Qual o formato do arquivo?<\/span><\/p>\n<\/div>\n<\/div>\n<div class=\"elementor-toggle-item\">\n<div id=\"elementor-tab-content-1946\" class=\"elementor-tab-content elementor-clearfix elementor-active\" role=\"tabpanel\" data-tab=\"6\" aria-labelledby=\"elementor-tab-title-1946\">\n<p>Os arquivos s\u00e3o enviados em formato Word e s\u00e3o edit\u00e1veis.<\/p>\n<p><span style=\"color: #000000; font-size: 18px; font-weight: bold;\">Caso eu tiver alguma d\u00favida, terei suporte no p\u00f3s venda?<\/span><\/p>\n<\/div>\n<\/div>\n<div class=\"elementor-toggle-item\">\n<div id=\"elementor-tab-content-1948\" class=\"elementor-tab-content elementor-clearfix elementor-active\" role=\"tabpanel\" data-tab=\"8\" aria-labelledby=\"elementor-tab-title-1948\">\n<p>Sim, com certeza. Basta clicar no \u00edcone do WhatsApp no cantinho da tela. Ser\u00e1 um prazer atend\u00ea-lo(a).<\/p>\n<p><span style=\"color: #000000; font-size: 18px; font-weight: bold;\">Quais os seus canais de contato?<\/span><\/p>\n<\/div>\n<\/div>\n<div class=\"elementor-toggle-item\">\n<div id=\"elementor-tab-content-1949\" class=\"elementor-tab-content elementor-clearfix elementor-active\" role=\"tabpanel\" data-tab=\"9\" aria-labelledby=\"elementor-tab-title-1949\">\n<p><a href=\"https:\/\/api.whatsapp.com\/send\/?phone=5553984751621&amp;text&amp;app_absent=0\">Whatsapp: 53 984751621 \u2013 Clicar no canto da tela.<\/a><\/p>\n<p>E-mail:portifoliosp@gmail.com<\/p>\n<\/div>\n<\/div>\n","protected":false},"excerpt":{"rendered":"<p>Projeto Integrado cursos da \u00e1rea de Ti A proposta de Projeto Integrado \u00e9 possibilitar a aprendizagem interdisciplinar dos conte\u00fados desenvolvidos nas disciplinas desse semestre. PROJETO INTEGRADO 2. Leitura proposta Para atingir os objetivos deste projeto integrado, voc\u00ea dever\u00e1 seguir as instru\u00e7\u00f5es voltadas \u00e0 elabora\u00e7\u00e3o do trabalho disponibilizadas ao longo do semestre, sob a orienta\u00e7\u00e3o do&hellip;<\/p>\n","protected":false},"featured_media":3645,"template":"","meta":{"_seopress_robots_primary_cat":"none","_seopress_titles_title":"","_seopress_titles_desc":"","_seopress_robots_index":""},"product_cat":[58],"product_tag":[],"class_list":{"0":"post-2164","1":"product","2":"type-product","3":"status-publish","4":"has-post-thumbnail","6":"product_cat-cursos-de-t-i","8":"first","9":"instock","10":"downloadable","11":"virtual","12":"purchasable","13":"product-type-simple","14":"col-xs-6 col-sm-4","15":"col-mf-5","16":"un-5-cols"},"jetpack_sharing_enabled":true,"_links":{"self":[{"href":"https:\/\/portifolioos-prontos.com\/index.php\/wp-json\/wp\/v2\/product\/2164","targetHints":{"allow":["GET"]}}],"collection":[{"href":"https:\/\/portifolioos-prontos.com\/index.php\/wp-json\/wp\/v2\/product"}],"about":[{"href":"https:\/\/portifolioos-prontos.com\/index.php\/wp-json\/wp\/v2\/types\/product"}],"version-history":[{"count":0,"href":"https:\/\/portifolioos-prontos.com\/index.php\/wp-json\/wp\/v2\/product\/2164\/revisions"}],"wp:featuredmedia":[{"embeddable":true,"href":"https:\/\/portifolioos-prontos.com\/index.php\/wp-json\/wp\/v2\/media\/3645"}],"wp:attachment":[{"href":"https:\/\/portifolioos-prontos.com\/index.php\/wp-json\/wp\/v2\/media?parent=2164"}],"wp:term":[{"taxonomy":"product_cat","embeddable":true,"href":"https:\/\/portifolioos-prontos.com\/index.php\/wp-json\/wp\/v2\/product_cat?post=2164"},{"taxonomy":"product_tag","embeddable":true,"href":"https:\/\/portifolioos-prontos.com\/index.php\/wp-json\/wp\/v2\/product_tag?post=2164"}],"curies":[{"name":"wp","href":"https:\/\/api.w.org\/{rel}","templated":true}]}}