{"id":23229,"date":"2024-02-13T17:36:28","date_gmt":"2024-02-13T20:36:28","guid":{"rendered":"https:\/\/portifolioos-prontos.com\/?post_type=product&#038;p=23229"},"modified":"2025-08-14T20:47:37","modified_gmt":"2025-08-14T23:47:37","slug":"atividade-pratica-desenho-tecnico-de-moda","status":"publish","type":"product","link":"https:\/\/portifolioos-prontos.com\/index.php\/product\/atividade-pratica-desenho-tecnico-de-moda\/","title":{"rendered":"Atividade pr\u00e1tica Desenho t\u00e9cnico de moda"},"content":{"rendered":"<h4>Atividade pr\u00e1tica Desenho t\u00e9cnico de moda<\/h4>\n<hr \/>\n<p>OBJETIVOS<br \/>\nA proposta desta atividade pr\u00e1tica est\u00e1 amparada nos seguintes objetivos:<br \/>\n\u2013 Compreender o processo do desenho t\u00e9cnico de moda;<br \/>\n<a href=\"http:\/\/www.portfoliopronto.com\/\">\u2013<\/a>\u00a0Exercitar o ato de\u00a0desenhar\u00a0manual e digitalmente;<br \/>\n\u2013 Criar um desenho t\u00e9cnico de uma pe\u00e7a de vestu\u00e1rio manual e digitalmente.<br \/>\nRECURSOS<br \/>\n\u2013 L\u00e1pis ou lapiseira;<br \/>\n\u2013 Borracha;<br \/>\n\u2013 Papel de desenho (A3 \u00e9 o prefer\u00edvel);<br \/>\n\u2013 R\u00e9gua;<br \/>\n\u2013 Caneta preta de ponta fina;<br \/>\n\u2013 Marcadores coloridos, l\u00e1pis de cor (opcionais);<br \/>\n\u2013 Um smartphone, tablet ou computador com acesso a um aplicativo ou software;<br \/>\nde desenho gratuito (Sugest\u00e3o de aplicativo gratuito para smartphone: Autodesk<br \/>\nSketchbook);<br \/>\n\u2013 Computador com software de edi\u00e7\u00e3o de texto (word ou similar) e acesso \u00e0<br \/>\ninternet e ao ambiente virtual.<br \/>\nPROCEDIMENTOS PR\u00c1TICOS<br \/>\nAtividade proposta<br \/>\nO desenho t\u00e9cnico de moda \u00e9 uma disciplina de arte essencial e integral na<br \/>\nind\u00fastria da moda. Ela \u00e9 o elo entre a concep\u00e7\u00e3o de uma ideia e sua realiza\u00e7\u00e3o no<br \/>\nformato de uma pe\u00e7a de vestu\u00e1rio. O desenho t\u00e9cnico permite ao designer comunicar<br \/>\nsuas ideias de forma clara e precisa para os membros da equipe de produ\u00e7\u00e3o, seja o<br \/>\ncostureiro, o modelista ou o fabricante do tecido.<br \/>\nEssa pr\u00e1tica envolve uma mistura \u00fanica de habilidades art\u00edsticas e t\u00e9cnicas. Em<br \/>\ntermos de habilidades art\u00edsticas, a arte do desenho t\u00e9cnico de moda exige o dom\u00ednio do<br \/>\ndesenho da forma humana, tamb\u00e9m conhecido como croqui, al\u00e9m do desenvolvimento<br \/>\nde um olhar agu\u00e7ado para detalhes e propor\u00e7\u00f5es. Tamb\u00e9m \u00e9 essencial ter uma<br \/>\ncompreens\u00e3o clara das texturas, padr\u00f5es e caimentos dos diferentes tipos de tecidos, a<br \/>\nfim de represent\u00e1-los de maneira eficaz no papel.<br \/>\nDo ponto de vista t\u00e9cnico, o desenho de moda requer precis\u00e3o e detalhamento.<br \/>\nOs desenhos t\u00e9cnicos s\u00e3o preenchidos com informa\u00e7\u00f5es espec\u00edficas, como medidas,<br \/>\nlinhas de costura, linhas de recorte, detalhes de fechamento e acabamento, entre outros.<br \/>\nAl\u00e9m disso, os desenhos t\u00e9cnicos de moda frequentemente incluem setas explicativas e<br \/>\nnotas adicionais para fornecer mais detalhes sobre as caracter\u00edsticas espec\u00edficas de uma<br \/>\npe\u00e7a.<br \/>\nCom a evolu\u00e7\u00e3o da tecnologia, a arte do desenho t\u00e9cnico de moda tamb\u00e9m<br \/>\nevoluiu. Hoje, muitos designers incorporam o uso de ferramentas digitais, como tablets<br \/>\nde desenho e softwares especializados, em seu processo de trabalho. Essas<br \/>\nferramentas n\u00e3o apenas aceleram o processo de desenho, mas tamb\u00e9m oferecem uma<br \/>\ns\u00e9rie de recursos que permitem aos designers experimentar diferentes cores, padr\u00f5es e<br \/>\ntexturas com facilidade.<br \/>\nO objetivo desta atividade \u00e9 proporcionar uma compreens\u00e3o aprofundada e<br \/>\npr\u00e1tica do desenho t\u00e9cnico de moda. Desta maneira, a proposta \u00e9 explorar tanto os<br \/>\nm\u00e9todos manuais quanto os digitais para criar desenhos t\u00e9cnicos, precisos e<br \/>\nesteticamente agrad\u00e1veis, de uma pe\u00e7a do vestu\u00e1rio.<br \/>\nOrienta\u00e7\u00f5es para a realiza\u00e7\u00e3o da atividade<br \/>\nPara a realiza\u00e7\u00e3o da atividade, voc\u00ea precisar\u00e1 de materiais b\u00e1sicos de desenho<br \/>\nmanual como papel, l\u00e1pis, r\u00e9gua, uma caneta de ponta fina para real\u00e7ar os contornos e,<br \/>\nse desejar, l\u00e1pis de cor e marcadores para colorir seu desenho. Al\u00e9m disso, voc\u00ea far\u00e1<br \/>\num desenho na modalidade digital, utilizando o equipamento (smartphone, tablet ou<br \/>\ncomputador) e software (Sketchbook, Corel etc.) que desejar.<br \/>\nDESENHO T\u00c9CNICO DE MODA<br \/>\nPasso 1: Selecione uma pe\u00e7a de roupa para desenhar. Voc\u00ea pode escolher a pe\u00e7a de<br \/>\nsua prefer\u00eancia, do vestu\u00e1rio feminino ou masculino. Voc\u00ea deve desenhar a mesma pe\u00e7a<br \/>\ntanto na etapa manual quanto digital. Escolha a tabela de medidas com a qual ir\u00e1<br \/>\ntrabalhar (ABNT ou personalizada) e indique o tamanho da pe\u00e7a (P, M, G, 36,38, 40 etc).<br \/>\nPasso 2: Desenho manual: Utilizando o material de desenho, elabore a pe\u00e7a de<br \/>\nvestu\u00e1rio, frente e costa, e inclua detalhes, aviamentos, costuras. Marque e indique todas<br \/>\nas medidas necess\u00e1rias. Use caneta preta de linha fina para finalizar o desenho e<br \/>\nmarcadores coloridos (se dispon\u00edveis) para adicionar cor.<br \/>\nPasso 3: Desenho digital:<br \/>\nUtilizando o software de sua prefer\u00eancia, desenhe a pe\u00e7a de vestu\u00e1rio, frente e costas,<br \/>\nem detalhes, explicando cada etapa. Adicione cores e texturas ao desenho. Marque e<br \/>\nindique todas as medidas necess\u00e1rias.<br \/>\nPasso 4: Inclua os desenhos e descri\u00e7\u00f5es no seu relat\u00f3rio<br \/>\nApresente em seu relat\u00f3rio um par\u00e1grafo de introdu\u00e7\u00e3o descrevendo a escolha da pe\u00e7a,<br \/>\ntamanho, detalhes e demais informa\u00e7\u00f5es que voc\u00ea julgar necess\u00e1rias. Em seguida,<br \/>\ndigitalize\/importe os seus desenhos no documento (utilizando formatos de imagem como<br \/>\n.jpg, .png etc.), intitulando claramente o desenho manual e o desenho digital. Finalize<br \/>\ncom um par\u00e1grafo com seu relato de experi\u00eancia. Escreva sobre como foi para voc\u00ea<br \/>\nrealizar esta atividade, as diferen\u00e7as entre a t\u00e9cnica manual e digital, se houve desafios<br \/>\ne outros pontos interessantes.<br \/>\nChecklist<br \/>\n\u2013 Ler a descri\u00e7\u00e3o da atividade com aten\u00e7\u00e3o, elaborando um desenho para cada<br \/>\nt\u00e9cnica proposta (manual e digital).<br \/>\n\u2013 Apresentar uma descri\u00e7\u00e3o clara sobre a escolha da pe\u00e7a e sas caracter\u00edsticas.<br \/>\n\u2013 Organizar o arquivo final para entrega especificando qual desenho se encaixa<br \/>\nem cada t\u00e9cnica e incluir um relato de experi\u00eancia.<br \/>\nRESULTADO<br \/>\nO trabalho dever\u00e1 ser entregue em arquivo Word atendendo as etapas de<br \/>\nprodu\u00e7\u00e3o e utilizando os recursos solicitados no roteiro.<br \/>\nO arquivo dever\u00e1 conter:<br \/>\n\u2022 Capa;<br \/>\n\u2022 Folha de rosto com os dados da disciplina e do aluno;<br \/>\n\u2022 Os resultados das atividades pr\u00e1ticas exigidas pelo roteiro;<br \/>\n\u2022 Refer\u00eancias bibliogr\u00e1ficas (quando houver).<\/p>\n<div class=\"elementor-toggle-item\">\n<h4 id=\"elementor-tab-title-1941\" class=\"elementor-tab-title elementor-active\" tabindex=\"0\" role=\"tab\" data-tab=\"1\" aria-controls=\"elementor-tab-content-1941\" aria-expanded=\"true\" aria-selected=\"true\">Como funciona?<\/h4>\n<div id=\"elementor-tab-content-1941\" class=\"elementor-tab-content elementor-clearfix elementor-active\" role=\"tabpanel\" data-tab=\"1\" aria-labelledby=\"elementor-tab-title-1941\">\n<p>Elaboramos os portf\u00f3lios, j\u00e1 deixamos prontos, nas normas da ABNT e conforme os requisitos da universidade. F\u00e1cil assim! O MELHOR \u00c9 QUE VOC\u00ca COMPRA E J\u00c1 BAIXA NA HORA O SEU ARQUIVO EM WORD! Sabemos que conciliar trabalho, fam\u00edlia, vida profissional e estudos \u00e9 dif\u00edcil hoje em dia, por isso, estamos aqui para ajudar voc\u00ea. Conte com nossa qualidade, experi\u00eancia e profissionalismo adquirindo seu portf\u00f3lio conosco. GARANTIMOS SEU CONCEITO!<\/p>\n<h4>Como se realizam os envios?<\/h4>\n<\/div>\n<\/div>\n<div class=\"elementor-toggle-item\">\n<div id=\"elementor-tab-content-1942\" class=\"elementor-tab-content elementor-clearfix elementor-active\" role=\"tabpanel\" data-tab=\"2\" aria-labelledby=\"elementor-tab-title-1942\">O seu trabalho \u00e9 disponibilizado pronto, respondido e nas normas j\u00e1 na mesma hora aqui em nosso site na sua \u00e1rea de downloads e tamb\u00e9m no seu e-mail.<\/div>\n<\/div>\n<div class=\"elementor-toggle-item\">\n<div id=\"elementor-tab-content-1943\" class=\"elementor-tab-content elementor-clearfix elementor-active\" role=\"tabpanel\" data-tab=\"3\" aria-labelledby=\"elementor-tab-title-1943\">\n<h4>Em quanto tempo recebo o portf\u00f3lio?<\/h4>\n<\/div>\n<\/div>\n<div class=\"elementor-toggle-item\">\n<div id=\"elementor-tab-content-1944\" class=\"elementor-tab-content elementor-clearfix elementor-active\" role=\"tabpanel\" data-tab=\"4\" aria-labelledby=\"elementor-tab-title-1944\">\n<p>Os envios s\u00e3o imediatos. Ap\u00f3s sua compra, o trabalho j\u00e1 \u00e9 disponibilizado instantaneamente aqui em nosso site e no seu e-mail.<\/p>\n<h4>E se o portf\u00f3lio que comprei precisar de corre\u00e7\u00e3o?<\/h4>\n<\/div>\n<\/div>\n<div class=\"elementor-toggle-item\">\n<div id=\"elementor-tab-content-1945\" class=\"elementor-tab-content elementor-clearfix elementor-active\" role=\"tabpanel\" data-tab=\"5\" aria-labelledby=\"elementor-tab-title-1945\">\n<p>Caso haja alguma solicita\u00e7\u00e3o de corre\u00e7\u00e3o\/altera\u00e7\u00e3o por parte do tutor, basta entrar em contato conosco pelo\u00a0WhatsApp\u00a0que provid\u00eanciaremos sem custo algum.<\/p>\n<h4>Qual o formato do arquivo?<\/h4>\n<\/div>\n<\/div>\n<div class=\"elementor-toggle-item\">\n<div id=\"elementor-tab-content-1946\" class=\"elementor-tab-content elementor-clearfix elementor-active\" role=\"tabpanel\" data-tab=\"6\" aria-labelledby=\"elementor-tab-title-1946\">\n<p>Os arquivos s\u00e3o enviados em formato Word e s\u00e3o edit\u00e1veis.<\/p>\n<h4>Caso eu tiver alguma d\u00favida, terei suporte no p\u00f3s venda?<\/h4>\n<\/div>\n<\/div>\n<div class=\"elementor-toggle-item\">\n<div id=\"elementor-tab-content-1948\" class=\"elementor-tab-content elementor-clearfix elementor-active\" role=\"tabpanel\" data-tab=\"8\" aria-labelledby=\"elementor-tab-title-1948\">\n<p>Sim, com certeza. Basta clicar no \u00edcone do WhatsApp no cantinho da tela. Ser\u00e1 um prazer atend\u00ea-lo(a).<\/p>\n<div class=\"elementor-toggle-item\">\n<div id=\"elementor-tab-content-1948\" class=\"elementor-tab-content elementor-clearfix elementor-active\" role=\"tabpanel\" data-tab=\"8\" aria-labelledby=\"elementor-tab-title-1948\">\n<h4>Quais os seus canais de contato?<\/h4>\n<\/div>\n<\/div>\n<div class=\"elementor-toggle-item\">\n<div id=\"elementor-tab-content-1949\" class=\"elementor-tab-content elementor-clearfix elementor-active\" role=\"tabpanel\" data-tab=\"9\" aria-labelledby=\"elementor-tab-title-1949\">\n<p>Whatsapp: 53 984751621 \u2013 Clicar no canto da tela ou ESCANEIE O QRCODE ABAIXO<\/p>\n<h4><img decoding=\"async\" class=\"alignnone wp-image-13699 jetpack-lazy-image jetpack-lazy-image--handled\" src=\"https:\/\/i0.wp.com\/portifolioos-prontos.com\/wp-content\/uploads\/2023\/02\/whatsapp-business-projeto-de-extensao-300x300.jpeg?resize=144%2C144\" sizes=\"(max-width: 144px) 100vw, 144px\" srcset=\"https:\/\/i0.wp.com\/portifolioos-prontos.com\/wp-content\/uploads\/2023\/02\/whatsapp-business-projeto-de-extensao.jpeg?resize=300%2C301&amp;ssl=1 300w, https:\/\/i0.wp.com\/portifolioos-prontos.com\/wp-content\/uploads\/2023\/02\/whatsapp-business-projeto-de-extensao.jpeg?resize=150%2C150&amp;ssl=1 150w, https:\/\/i0.wp.com\/portifolioos-prontos.com\/wp-content\/uploads\/2023\/02\/whatsapp-business-projeto-de-extensao.jpeg?resize=370%2C372&amp;ssl=1 370w, https:\/\/i0.wp.com\/portifolioos-prontos.com\/wp-content\/uploads\/2023\/02\/whatsapp-business-projeto-de-extensao.jpeg?resize=100%2C100&amp;ssl=1 100w, https:\/\/i0.wp.com\/portifolioos-prontos.com\/wp-content\/uploads\/2023\/02\/whatsapp-business-projeto-de-extensao.jpeg?w=470&amp;ssl=1 470w\" alt=\"projeto de extens\u00e3o unopar\" width=\"144\" height=\"144\" data-lazy-loaded=\"1\" \/><\/h4>\n<\/div>\n<\/div>\n<\/div>\n<\/div>\n<div class=\"elementor-toggle-item\">\n<div id=\"elementor-tab-content-1949\" class=\"elementor-tab-content elementor-clearfix elementor-active\" role=\"tabpanel\" data-tab=\"9\" aria-labelledby=\"elementor-tab-title-1949\">\n<p>E-mail:portifoliosp@gmail.com<\/p>\n<div id=\"attachment_143\" class=\"wp-caption alignnone\">\n<div id=\"attachment_143\" class=\"wp-caption alignnone\" style=\"width: 88px;\">\n<p><a href=\"http:\/\/portifolioos-prontos.com\/\"><img decoding=\"async\" class=\"wp-image-143 jetpack-lazy-image jetpack-lazy-image--handled\" title=\"portfolio pronto unopar\" src=\"https:\/\/i0.wp.com\/portifolioos-prontos.com\/wp-content\/uploads\/2022\/04\/conceitomaximo.png?resize=161%2C46\" alt=\"PORTFOLIO PRONTO UNOPAR ANHANGUERA\" width=\"88\" height=\"25\" aria-describedby=\"caption-attachment-143\" data-lazy-loaded=\"1\" \/><\/a><\/p>\n<p id=\"caption-attachment-143\" class=\"wp-caption-text\">Portf\u00f3lio em Word, respondido, completo e j\u00e1 nas normas.<\/p>\n<\/div>\n<\/div>\n<\/div>\n<\/div>\n","protected":false},"excerpt":{"rendered":"<div class=\"product-short-description\">\n<h5><strong>Pague pelo PIX ou cart\u00e3o e fa\u00e7a o download agora mesmo.<\/strong><\/h5>\n<\/div>\n<div class=\"sticky-add-to-cart-wrapper\">\n<div class=\"sticky-add-to-cart\">\n<div class=\"quantity buttons_added form-flat\"><img decoding=\"async\" class=\"alignnone wp-image-761\" src=\"http:\/\/portifolioos-prontos.com\/wp-content\/uploads\/2022\/04\/PIX-300x107.webp\" alt=\"\" width=\"78\" height=\"28\" \/>\u00a0\u00a0<img loading=\"lazy\" decoding=\"async\" class=\"\" src=\"https:\/\/d26lpennugtm8s.cloudfront.net\/assets\/common\/img\/logos\/payment\/visa@2x.png\" width=\"46\" height=\"29\" \/><img loading=\"lazy\" decoding=\"async\" class=\"\" src=\"https:\/\/d26lpennugtm8s.cloudfront.net\/assets\/common\/img\/logos\/payment\/boleto@2x.png\" width=\"43\" height=\"27\" \/><img loading=\"lazy\" decoding=\"async\" class=\"\" src=\"https:\/\/d26lpennugtm8s.cloudfront.net\/assets\/common\/img\/logos\/payment\/mastercard@2x.png\" width=\"43\" height=\"27\" \/><img loading=\"lazy\" decoding=\"async\" class=\"\" src=\"https:\/\/d26lpennugtm8s.cloudfront.net\/assets\/common\/img\/logos\/payment\/amex@2x.png\" width=\"43\" height=\"27\" \/><img loading=\"lazy\" decoding=\"async\" class=\"\" src=\"https:\/\/d26lpennugtm8s.cloudfront.net\/assets\/common\/img\/logos\/payment\/diners@2x.png\" width=\"46\" height=\"29\" \/><img loading=\"lazy\" decoding=\"async\" class=\"\" src=\"https:\/\/d26lpennugtm8s.cloudfront.net\/assets\/common\/img\/logos\/payment\/br\/elo@2x.png\" width=\"45\" height=\"28\" \/><img loading=\"lazy\" decoding=\"async\" class=\"\" src=\"https:\/\/d26lpennugtm8s.cloudfront.net\/assets\/common\/img\/logos\/payment\/br\/hipercard@2x.png\" width=\"44\" height=\"28\" \/><img loading=\"lazy\" decoding=\"async\" class=\"\" src=\"https:\/\/d26lpennugtm8s.cloudfront.net\/assets\/common\/img\/logos\/payment\/mercadopago@2x.png\" width=\"45\" height=\"28\" \/><\/div>\n<\/div>\n<\/div>\n","protected":false},"featured_media":23232,"template":"","meta":{"_seopress_robots_primary_cat":"none","_seopress_titles_title":"%%post_title%% %%sitetitle%%","_seopress_titles_desc":"%%post_content%%","_seopress_robots_index":""},"product_cat":[110,15],"product_tag":[],"class_list":{"0":"post-23229","1":"product","2":"type-product","3":"status-publish","4":"has-post-thumbnail","6":"product_cat-design-de-moda","7":"product_cat-uncategorized","9":"first","10":"instock","11":"shipping-taxable","12":"purchasable","13":"product-type-simple","14":"col-xs-6 col-sm-4","15":"col-mf-5","16":"un-5-cols"},"jetpack_sharing_enabled":true,"_links":{"self":[{"href":"https:\/\/portifolioos-prontos.com\/index.php\/wp-json\/wp\/v2\/product\/23229","targetHints":{"allow":["GET"]}}],"collection":[{"href":"https:\/\/portifolioos-prontos.com\/index.php\/wp-json\/wp\/v2\/product"}],"about":[{"href":"https:\/\/portifolioos-prontos.com\/index.php\/wp-json\/wp\/v2\/types\/product"}],"version-history":[{"count":0,"href":"https:\/\/portifolioos-prontos.com\/index.php\/wp-json\/wp\/v2\/product\/23229\/revisions"}],"wp:featuredmedia":[{"embeddable":true,"href":"https:\/\/portifolioos-prontos.com\/index.php\/wp-json\/wp\/v2\/media\/23232"}],"wp:attachment":[{"href":"https:\/\/portifolioos-prontos.com\/index.php\/wp-json\/wp\/v2\/media?parent=23229"}],"wp:term":[{"taxonomy":"product_cat","embeddable":true,"href":"https:\/\/portifolioos-prontos.com\/index.php\/wp-json\/wp\/v2\/product_cat?post=23229"},{"taxonomy":"product_tag","embeddable":true,"href":"https:\/\/portifolioos-prontos.com\/index.php\/wp-json\/wp\/v2\/product_tag?post=23229"}],"curies":[{"name":"wp","href":"https:\/\/api.w.org\/{rel}","templated":true}]}}