{"id":23389,"date":"2024-02-13T21:30:05","date_gmt":"2024-02-14T00:30:05","guid":{"rendered":"https:\/\/portifolioos-prontos.com\/?post_type=product&#038;p=23389"},"modified":"2025-08-11T10:32:58","modified_gmt":"2025-08-11T13:32:58","slug":"roteiro-aula-pratica-incidencias-radiologicas-i","status":"publish","type":"product","link":"https:\/\/portifolioos-prontos.com\/index.php\/product\/roteiro-aula-pratica-incidencias-radiologicas-i\/","title":{"rendered":"Roteiro aula pr\u00e1tica Incid\u00eancias Radiol\u00f3gicas I"},"content":{"rendered":"<h4>Roteiro aula pr\u00e1tica Incid\u00eancias Radiol\u00f3gicas I<\/h4>\n<hr \/>\n<p>ROTEIRO DE\u00a0AULA\u00a0PR\u00c1TICA<br \/>\nNOME DA DISCIPLINA: Incid\u00eancias Radiol\u00f3gicas I<br \/>\nOBJETIVOS<br \/>\nDefini\u00e7\u00e3o dos objetivos da aula pr\u00e1tica:<br \/>\n\u2022 Conhecer o direcionamento do feixe de raios X;<br \/>\n\u2022 Programar o campo de radia\u00e7\u00e3o adequado para a regi\u00e3o examinada;<br \/>\n\u2022 Aplicar as rotinas de posicionamentos do paciente e da parte de interesse.<br \/>\nInstala\u00e7\u00f5es<a href=\"https:\/\/www.portfoliopronto.com\/\">:<\/a><br \/>\nLaborat\u00f3rio de Inform\u00e1tica<br \/>\nMateriais de consumo:<br \/>\nDescri\u00e7\u00e3o<br \/>\nQtd. de materiais por<br \/>\nprocedimento\/atividade<br \/>\nComputador 1 por aluno<br \/>\nFolha sulfite 2 por aluno<br \/>\nL\u00e1pis\/Caneta 1 por aluno<br \/>\nLaborat\u00f3rio Virtual Algetec<br \/>\nSoftware:<br \/>\nSim (x) N\u00e3o ( )<br \/>\nEm caso afirmativo, qual? Algetec<br \/>\nPago (x) N\u00e3o Pago ( )<br \/>\nDescri\u00e7\u00e3o do software:<br \/>\nEquipamento de Prote\u00e7\u00e3o Individual (EPI):<br \/>\nNSA.<br \/>\nPROCEDIMENTOS PR\u00c1TICOS<br \/>\n2<br \/>\nTipo de Licen\u00e7a:<br \/>\nAcessar o laborat\u00f3rio virtual Algetec: Radiologia e Dosimetria &gt; Radiologia de Cabe\u00e7a e<br \/>\nTronco.<br \/>\nINFRAESTRUTURA<br \/>\nProcedimento\/Atividade n<br \/>\n01<br \/>\nAtividade proposta:<br \/>\nConhecendo o equipamento de raio X.<br \/>\nProcedimentos para a realiza\u00e7\u00e3o da atividade:<br \/>\nAntes de iniciar sua aula, pe\u00e7o que acesse o link abaixo e veja o v\u00eddeo com as instru\u00e7\u00f5es:<br \/>\n<a href=\"https:\/\/drive.google.com\/file\/d\/1TvHs0klhM-a-wx3N_2gUL_t9VvxIQ4hG\/view?usp=sharing\" rel=\"nofollow\">https:\/\/drive.google.com\/file\/d\/1TvHs0klhM-a-wx3N_2gUL_t9VvxIQ4hG\/view?usp=sharing<\/a><br \/>\n\u2022 Os procedimentos ser\u00e3o realizados por meio do VirtuaLab Algetec.<br \/>\n\u2022 Ao abrir o laborat\u00f3rio \u201cRadiografia de Membros Superiores\u201d, voc\u00ea dever\u00e1 acessar o<br \/>\nt\u00f3pico\u201cExperimento\u201d &gt; \u201cAcesse o laborat\u00f3rio\u201d.<br \/>\n\u2022 Em seguida, voc\u00ea j\u00e1 ser\u00e1 direcionado ao laborat\u00f3rio onde realizaremos o nosso primeiro<br \/>\nprocedimento.<br \/>\n3<br \/>\n1. Ajustando a fonte de Raio-X.<br \/>\nVisualize a estativa porta-tubo clicando com o bot\u00e3o esquerdo do mouse na c\u00e2mera com o nome<br \/>\n\u201cEstativa porta-tubo\u201d localizada dentro do painel de visualiza\u00e7\u00e3o no canto superior esquerdo da tela.<br \/>\nAjuste a posi\u00e7\u00e3o vertical do conjunto fonte de raio X clicando com o bot\u00e3o esquerdo do mouse na \u00e1rea<br \/>\ndo bot\u00e3o indicado.<br \/>\n4<br \/>\nAtive o freio do conjunto emissor de raio-X clicando com o bot\u00e3o esquerdo do mouse em um dos<br \/>\ncabos.<br \/>\nDesloque o conjunto na vertical, clicando com o bot\u00e3o esquerdo do mouse nos cabos da manopla. O<br \/>\ncabo esquerdo direciona o freio para baixo e o cabo direito para cima. Se preferir, tamb\u00e9m pode ser<br \/>\nutilizado os bot\u00f5es para elevar ou abaixar o conjunto de feixe, clicando com o bot\u00e3o esquerdo do<br \/>\nmouse.<br \/>\n5<br \/>\nFeche a janela clicando com o bot\u00e3o esquerdo do mouse no \u201cX\u201d. Com isso, a janela deixa de ser<br \/>\nexibida e o bot\u00e3o do freio vertical deixa de ser pressionado.<br \/>\nAjuste a posi\u00e7\u00e3o longitudinal do conjunto fonte de raio X, clicando com o bot\u00e3o esquerdo do mouse na<br \/>\n\u00e1rea do bot\u00e3o indicado. Utilize os cabos ou bot\u00f5es para realizar o ajuste.<br \/>\nAjuste a posi\u00e7\u00e3o transversal do conjunto fonte de raio X, clicando com o bot\u00e3o esquerdo do mouse na<br \/>\n\u00e1rea do bot\u00e3o indicado. Utilize os cabos ou bot\u00f5es para realizar o ajuste.<br \/>\n6<br \/>\nAjuste o \u00e2ngulo do conjunto fonte de raio X, clicando com o bot\u00e3o esquerdo do mouse na \u00e1rea do<br \/>\nbot\u00e3o indicado.<br \/>\nAtive o freio do conjunto emissor de raio-X clicando com o bot\u00e3o esquerdo do mouse em um dos<br \/>\ncabos.<br \/>\n7<br \/>\n\u00c9 exibido o indicador gravitacional do \u00e2ngulo de incid\u00eancia da radiografia. O \u00e2ngulo \u00e9 definido pela<br \/>\nposi\u00e7\u00e3o da esfera neste componente. Mova o conjunto, utilizando as setas dispon\u00edveis ou cabos<br \/>\nclicando com o bot\u00e3o esquerdo do mouse.<br \/>\nFeche a janela clicando com o bot\u00e3o esquerdo do mouse no X. Com isso, a janela deixa de ser exibida<br \/>\ne o bot\u00e3o do freio angular deixa de ser pressionado.<br \/>\n8<br \/>\n2. Ajustando o colimador da fonte de Raio-X.<br \/>\nDefina a \u00e1rea que ser\u00e1 radiografada, iluminando a \u00e1rea de incid\u00eancia do equipamento clicando com o<br \/>\nbot\u00e3o esquerdo do mouse no bot\u00e3o \u201ccolimador luminoso\u201d.<br \/>\nAjuste a abertura do colimador clicando com o bot\u00e3o esquerdo do mouse no bot\u00e3o de ajuste do<br \/>\ntamanho do campo irradiado.<br \/>\n9<br \/>\nAjuste a abertura do colimador clicando com o bot\u00e3o esquerdo do mouse e arrastando o slider.<br \/>\nAjuste a largura do colimador clicando com o bot\u00e3o esquerdo do mouse no bot\u00e3o de ajuste do tamanho<br \/>\ndo campo irradiado.<br \/>\n10<br \/>\nAjuste a abertura do colimador clicando com o bot\u00e3o esquerdo do mouse e arrastando o slider.<br \/>\n3. Ajustando a mesa de exames<br \/>\nAbra e feche a bandeja porta-filme clicando com o bot\u00e3o esquerdo do mouse.<br \/>\n11<br \/>\nPara liberar os movimentos da mesa de exames clicando com o bot\u00e3o esquerdo do mouse no pedal<br \/>\nde freio.<br \/>\nAcione as op\u00e7\u00f5es de movimenta\u00e7\u00e3o da mesa de exames, clicando com o bot\u00e3o esquerdo do mouse<br \/>\nsobre ela.<br \/>\n12<br \/>\nMovimente a mesa no clicando com o bot\u00e3o esquerdo do mouse nas setas.<br \/>\nPara fechar a janela e desativar a movimenta\u00e7\u00e3o clicando com o bot\u00e3o esquerdo do mouse no \u201cX\u201d.<br \/>\n13<br \/>\n4. Ajustando a estativa do Bucky mural<br \/>\nRegule a posi\u00e7\u00e3o do tampo do Bucky mural para incid\u00eancias horizontais, clicando com o bot\u00e3o direito<br \/>\ndo mouse no equipamento e selecione a op\u00e7\u00e3o \u201cAjustar altura\u201d.<br \/>\nRealize o ajuste da altura do Bucky mural clicando com o bot\u00e3o esquerdo do mouse e arrastando o<br \/>\nslider da janela.<br \/>\n14<br \/>\nA bandeja porta-filme pode ser aberta ou fechada clicando com o bot\u00e3o esquerdo do mouse no<br \/>\npuxador da bandeja.<br \/>\nProcedimento\/Atividade n<br \/>\n02<br \/>\nAtividade proposta:<br \/>\n15<br \/>\nDirecionando o feixe de raios X e aplicando as rotinas de posicionamentos.<br \/>\nProcedimentos para a realiza\u00e7\u00e3o da atividade:<br \/>\nAgora que voc\u00ea j\u00e1 conhece os componentes do equipamento, vamos para a incid\u00eancia e<br \/>\nposicionamento do paciente:<br \/>\n1. Escolhendo a incid\u00eancia<br \/>\nVisualize a lista de incid\u00eancia clicando com o bot\u00e3o esquerdo.<br \/>\nAbra a lista de incid\u00eancia clicando com o bot\u00e3o esquerdo do mouse na seta.<br \/>\n16<br \/>\nRole a barra de rolagem para verificar a lista completa de incid\u00eancias clicando com o bot\u00e3o esquerdo<br \/>\ndo mouse na barra de rolagem.<br \/>\nMova a ficha de incid\u00eancia pressionando a seta qu\u00e1drupla com o bot\u00e3o esquerdo do mouse para o<br \/>\nlocal desejado.<br \/>\n17<br \/>\nFeche a ficha de incid\u00eancia clicando com o bot\u00e3o esquerdo do mouse no \u201cX\u201d.<br \/>\nSelecione a incid\u00eancia clicando com o bot\u00e3o esquerdo do mouse na incid\u00eancia \u201cPerfil de antebra\u00e7o \u2013<br \/>\nP de antebra\u00e7o\u201d.<br \/>\nATEN\u00c7\u00c3O ALUNO, siga o passo a passo at\u00e9 finalizar o exame de raio x no<br \/>\nLaborat\u00f3rio virtual.<\/p>\n<p>Roteiro aula pr\u00e1tica Incid\u00eancias Radiol\u00f3gicas I<br \/>\nRESULTADOS<br \/>\nResultados da aula pr\u00e1tica:<br \/>\n\u00c9 esperado que o aluno ao t\u00e9rmino da pr\u00e1tica, saiba posicionar e realizar exames de raio x dos<br \/>\nMMSS.<br \/>\nOrienta\u00e7\u00f5es para o envio da atividade:<br \/>\n\u2022 O resultado de aprendizagem da aula pr\u00e1tica dever\u00e1 ser registrado em forma de um<br \/>\nrelat\u00f3rio descritivo que dever\u00e1 ser postado em seu ambiente virtual.<br \/>\n\u2022 A postagem do arquivo final deve ser em um \u00fanico arquivo, formato .DOC (Word ou editor<br \/>\nde textos);<br \/>\n\u2022 Responda detalhadamente as quest\u00f5es propostas em cada uma das atividades.<br \/>\n\u2022 Atente-se ao tamanho m\u00e1ximo do arquivo, suportado pelo Ambiente Virtual se<br \/>\nAprendizagem, se necess\u00e1rio, reduza o tamanho das suas fotos<br \/>\n(<a href=\"https:\/\/www.resizepixel.com\/pt\/reduce-image-in-kb\/\" rel=\"nofollow\">https:\/\/www.resizepixel.com\/pt\/reduce-image-in-kb\/<\/a>).<br \/>\n\u2022 O sistema ir\u00e1 arquivar e disponibilizar para corre\u00e7\u00e3o apenas o \u00faltimo trabalho<br \/>\nencaminhado, caso voc\u00ea encaminhe um novo arquivo, ele ir\u00e1 sobrepor e apagar o arquivo<br \/>\nencaminhado anteriormente;<br \/>\n\u2022 Voc\u00ea dever\u00e1 postar o trabalho finalizado no AVA, o que dever\u00e1 ser feito na pasta<br \/>\nespec\u00edfica, obedecendo ao prazo limite de postagem, conforme disposto no cronograma do<br \/>\ncurso. N\u00e3o existe prorroga\u00e7\u00e3o para a postagem da atividade;<br \/>\n\u2022 O trabalho ser\u00e1 realizado individualmente.<br \/>\nN\u00e3o deixe de participar de todas as tarefas! Elas ser\u00e3o determinantes para o aprendizado das<br \/>\nt\u00e9cnicas.<\/p>\n<div class=\"elementor-toggle-item\">\n<h4 id=\"elementor-tab-title-1941\" class=\"elementor-tab-title elementor-active\" tabindex=\"0\" role=\"tab\" data-tab=\"1\" aria-controls=\"elementor-tab-content-1941\" aria-expanded=\"true\" aria-selected=\"true\">Como funciona?<\/h4>\n<div id=\"elementor-tab-content-1941\" class=\"elementor-tab-content elementor-clearfix elementor-active\" role=\"tabpanel\" data-tab=\"1\" aria-labelledby=\"elementor-tab-title-1941\">\n<p>Elaboramos os portf\u00f3lios, j\u00e1 deixamos prontos, nas normas da ABNT e conforme os requisitos da universidade. F\u00e1cil assim! O MELHOR \u00c9 QUE VOC\u00ca COMPRA E J\u00c1 BAIXA NA HORA O SEU ARQUIVO EM WORD! Sabemos que conciliar trabalho, fam\u00edlia, vida profissional e estudos \u00e9 dif\u00edcil hoje em dia, por isso, estamos aqui para ajudar voc\u00ea. Conte com nossa qualidade, experi\u00eancia e profissionalismo adquirindo seu portf\u00f3lio conosco. GARANTIMOS SEU CONCEITO!<\/p>\n<h4>Como se realizam os envios?<\/h4>\n<\/div>\n<\/div>\n<div class=\"elementor-toggle-item\">\n<div id=\"elementor-tab-content-1942\" class=\"elementor-tab-content elementor-clearfix elementor-active\" role=\"tabpanel\" data-tab=\"2\" aria-labelledby=\"elementor-tab-title-1942\">O seu trabalho \u00e9 disponibilizado pronto, respondido e nas normas j\u00e1 na mesma hora aqui em nosso site na sua \u00e1rea de downloads e tamb\u00e9m no seu e-mail.<\/div>\n<\/div>\n<div class=\"elementor-toggle-item\">\n<div id=\"elementor-tab-content-1943\" class=\"elementor-tab-content elementor-clearfix elementor-active\" role=\"tabpanel\" data-tab=\"3\" aria-labelledby=\"elementor-tab-title-1943\">\n<h4>Em quanto tempo recebo o portf\u00f3lio?<\/h4>\n<\/div>\n<\/div>\n<div class=\"elementor-toggle-item\">\n<div id=\"elementor-tab-content-1944\" class=\"elementor-tab-content elementor-clearfix elementor-active\" role=\"tabpanel\" data-tab=\"4\" aria-labelledby=\"elementor-tab-title-1944\">\n<p>Os envios s\u00e3o imediatos. Ap\u00f3s sua compra, o trabalho j\u00e1 \u00e9 disponibilizado instantaneamente aqui em nosso site e no seu e-mail.<\/p>\n<h4>E se o portf\u00f3lio que comprei precisar de corre\u00e7\u00e3o?<\/h4>\n<\/div>\n<\/div>\n<div class=\"elementor-toggle-item\">\n<div id=\"elementor-tab-content-1945\" class=\"elementor-tab-content elementor-clearfix elementor-active\" role=\"tabpanel\" data-tab=\"5\" aria-labelledby=\"elementor-tab-title-1945\">\n<p>Caso haja alguma solicita\u00e7\u00e3o de corre\u00e7\u00e3o\/altera\u00e7\u00e3o por parte do tutor, basta entrar em contato conosco pelo\u00a0WhatsApp\u00a0que provid\u00eanciaremos sem custo algum.<\/p>\n<h4>Qual o formato do arquivo?<\/h4>\n<\/div>\n<\/div>\n<div class=\"elementor-toggle-item\">\n<div id=\"elementor-tab-content-1946\" class=\"elementor-tab-content elementor-clearfix elementor-active\" role=\"tabpanel\" data-tab=\"6\" aria-labelledby=\"elementor-tab-title-1946\">\n<p>Os arquivos s\u00e3o enviados em formato Word e s\u00e3o edit\u00e1veis.<\/p>\n<h4>Caso eu tiver alguma d\u00favida, terei suporte no p\u00f3s venda?<\/h4>\n<\/div>\n<\/div>\n<div class=\"elementor-toggle-item\">\n<div id=\"elementor-tab-content-1948\" class=\"elementor-tab-content elementor-clearfix elementor-active\" role=\"tabpanel\" data-tab=\"8\" aria-labelledby=\"elementor-tab-title-1948\">\n<p>Sim, com certeza. Basta clicar no \u00edcone do WhatsApp no cantinho da tela. Ser\u00e1 um prazer atend\u00ea-lo(a).<\/p>\n<div class=\"elementor-toggle-item\">\n<div id=\"elementor-tab-content-1948\" class=\"elementor-tab-content elementor-clearfix elementor-active\" role=\"tabpanel\" data-tab=\"8\" aria-labelledby=\"elementor-tab-title-1948\">\n<h4>Quais os seus canais de contato?<\/h4>\n<\/div>\n<\/div>\n<div class=\"elementor-toggle-item\">\n<div id=\"elementor-tab-content-1949\" class=\"elementor-tab-content elementor-clearfix elementor-active\" role=\"tabpanel\" data-tab=\"9\" aria-labelledby=\"elementor-tab-title-1949\">\n<p>Whatsapp: 53 984751621 \u2013 Clicar no canto da tela ou ESCANEIE O QRCODE ABAIXO<\/p>\n<h4><img decoding=\"async\" class=\"alignnone wp-image-13699 jetpack-lazy-image jetpack-lazy-image--handled\" src=\"https:\/\/i0.wp.com\/portifolioos-prontos.com\/wp-content\/uploads\/2023\/02\/whatsapp-business-projeto-de-extensao-300x300.jpeg?resize=144%2C144\" sizes=\"(max-width: 144px) 100vw, 144px\" srcset=\"https:\/\/i0.wp.com\/portifolioos-prontos.com\/wp-content\/uploads\/2023\/02\/whatsapp-business-projeto-de-extensao.jpeg?resize=300%2C301&amp;ssl=1 300w, https:\/\/i0.wp.com\/portifolioos-prontos.com\/wp-content\/uploads\/2023\/02\/whatsapp-business-projeto-de-extensao.jpeg?resize=150%2C150&amp;ssl=1 150w, https:\/\/i0.wp.com\/portifolioos-prontos.com\/wp-content\/uploads\/2023\/02\/whatsapp-business-projeto-de-extensao.jpeg?resize=370%2C372&amp;ssl=1 370w, https:\/\/i0.wp.com\/portifolioos-prontos.com\/wp-content\/uploads\/2023\/02\/whatsapp-business-projeto-de-extensao.jpeg?resize=100%2C100&amp;ssl=1 100w, https:\/\/i0.wp.com\/portifolioos-prontos.com\/wp-content\/uploads\/2023\/02\/whatsapp-business-projeto-de-extensao.jpeg?w=470&amp;ssl=1 470w\" alt=\"projeto de extens\u00e3o unopar\" width=\"144\" height=\"144\" data-lazy-loaded=\"1\" \/><\/h4>\n<\/div>\n<\/div>\n<\/div>\n<\/div>\n<div class=\"elementor-toggle-item\">\n<div id=\"elementor-tab-content-1949\" class=\"elementor-tab-content elementor-clearfix elementor-active\" role=\"tabpanel\" data-tab=\"9\" aria-labelledby=\"elementor-tab-title-1949\">\n<p>E-mail:portifoliosp@gmail.com<\/p>\n<div id=\"attachment_143\" class=\"wp-caption alignnone\">\n<div id=\"attachment_143\" class=\"wp-caption alignnone\" style=\"width: 95px;\">\n<p><a href=\"http:\/\/portifolioos-prontos.com\/\"><img decoding=\"async\" class=\"wp-image-143 jetpack-lazy-image jetpack-lazy-image--handled\" title=\"portfolio pronto unopar\" src=\"https:\/\/i0.wp.com\/portifolioos-prontos.com\/wp-content\/uploads\/2022\/04\/conceitomaximo.png?resize=161%2C46\" alt=\"PORTFOLIO PRONTO UNOPAR ANHANGUERA\" width=\"95\" height=\"27\" aria-describedby=\"caption-attachment-143\" data-lazy-loaded=\"1\" \/><\/a><\/p>\n<p id=\"caption-attachment-143\" class=\"wp-caption-text\">Portf\u00f3lio em Word, respondido, completo e j\u00e1 nas normas.<\/p>\n<\/div>\n<\/div>\n<\/div>\n<\/div>\n","protected":false},"excerpt":{"rendered":"<div class=\"product-short-description\">\n<h5><strong>Pague pelo PIX ou cart\u00e3o e fa\u00e7a o download agora mesmo.<\/strong><\/h5>\n<\/div>\n<div class=\"sticky-add-to-cart-wrapper\">\n<div class=\"sticky-add-to-cart\">\n<div class=\"quantity buttons_added form-flat\"><img decoding=\"async\" class=\"alignnone wp-image-761\" src=\"http:\/\/portifolioos-prontos.com\/wp-content\/uploads\/2022\/04\/PIX-300x107.webp\" alt=\"\" width=\"78\" height=\"28\" \/>\u00a0\u00a0<img loading=\"lazy\" decoding=\"async\" class=\"\" src=\"https:\/\/d26lpennugtm8s.cloudfront.net\/assets\/common\/img\/logos\/payment\/visa@2x.png\" width=\"46\" height=\"29\" \/><img loading=\"lazy\" decoding=\"async\" class=\"\" src=\"https:\/\/d26lpennugtm8s.cloudfront.net\/assets\/common\/img\/logos\/payment\/boleto@2x.png\" width=\"43\" height=\"27\" \/><img loading=\"lazy\" decoding=\"async\" class=\"\" src=\"https:\/\/d26lpennugtm8s.cloudfront.net\/assets\/common\/img\/logos\/payment\/mastercard@2x.png\" width=\"43\" height=\"27\" \/><img loading=\"lazy\" decoding=\"async\" class=\"\" src=\"https:\/\/d26lpennugtm8s.cloudfront.net\/assets\/common\/img\/logos\/payment\/amex@2x.png\" width=\"43\" height=\"27\" \/><img loading=\"lazy\" decoding=\"async\" class=\"\" src=\"https:\/\/d26lpennugtm8s.cloudfront.net\/assets\/common\/img\/logos\/payment\/diners@2x.png\" width=\"46\" height=\"29\" \/><img loading=\"lazy\" decoding=\"async\" class=\"\" src=\"https:\/\/d26lpennugtm8s.cloudfront.net\/assets\/common\/img\/logos\/payment\/br\/elo@2x.png\" width=\"45\" height=\"28\" \/><img loading=\"lazy\" decoding=\"async\" class=\"\" src=\"https:\/\/d26lpennugtm8s.cloudfront.net\/assets\/common\/img\/logos\/payment\/br\/hipercard@2x.png\" width=\"44\" height=\"28\" \/><img loading=\"lazy\" decoding=\"async\" class=\"\" src=\"https:\/\/d26lpennugtm8s.cloudfront.net\/assets\/common\/img\/logos\/payment\/mercadopago@2x.png\" width=\"45\" height=\"28\" \/><\/div>\n<\/div>\n<\/div>\n","protected":false},"featured_media":23392,"template":"","meta":{"_seopress_robots_primary_cat":"none","_seopress_titles_title":"%%post_title%% %%sitetitle%%","_seopress_titles_desc":"%%post_content%%","_seopress_robots_index":""},"product_cat":[67,15],"product_tag":[],"class_list":{"0":"post-23389","1":"product","2":"type-product","3":"status-publish","4":"has-post-thumbnail","6":"product_cat-radiologia","7":"product_cat-uncategorized","9":"first","10":"instock","11":"downloadable","12":"virtual","13":"purchasable","14":"product-type-simple","15":"col-xs-6 col-sm-4","16":"col-mf-5","17":"un-5-cols"},"jetpack_sharing_enabled":true,"_links":{"self":[{"href":"https:\/\/portifolioos-prontos.com\/index.php\/wp-json\/wp\/v2\/product\/23389","targetHints":{"allow":["GET"]}}],"collection":[{"href":"https:\/\/portifolioos-prontos.com\/index.php\/wp-json\/wp\/v2\/product"}],"about":[{"href":"https:\/\/portifolioos-prontos.com\/index.php\/wp-json\/wp\/v2\/types\/product"}],"version-history":[{"count":0,"href":"https:\/\/portifolioos-prontos.com\/index.php\/wp-json\/wp\/v2\/product\/23389\/revisions"}],"wp:featuredmedia":[{"embeddable":true,"href":"https:\/\/portifolioos-prontos.com\/index.php\/wp-json\/wp\/v2\/media\/23392"}],"wp:attachment":[{"href":"https:\/\/portifolioos-prontos.com\/index.php\/wp-json\/wp\/v2\/media?parent=23389"}],"wp:term":[{"taxonomy":"product_cat","embeddable":true,"href":"https:\/\/portifolioos-prontos.com\/index.php\/wp-json\/wp\/v2\/product_cat?post=23389"},{"taxonomy":"product_tag","embeddable":true,"href":"https:\/\/portifolioos-prontos.com\/index.php\/wp-json\/wp\/v2\/product_tag?post=23389"}],"curies":[{"name":"wp","href":"https:\/\/api.w.org\/{rel}","templated":true}]}}