{"id":23612,"date":"2024-02-20T20:26:50","date_gmt":"2024-02-20T23:26:50","guid":{"rendered":"https:\/\/portifolioos-prontos.com\/?post_type=product&#038;p=23612"},"modified":"2025-08-03T16:50:28","modified_gmt":"2025-08-03T19:50:28","slug":"projeto-integrado-podologia-integracao-multidisciplinar-para-promocao-da-saude","status":"publish","type":"product","link":"https:\/\/portifolioos-prontos.com\/index.php\/product\/projeto-integrado-podologia-integracao-multidisciplinar-para-promocao-da-saude\/","title":{"rendered":"Projeto integrado Podologia  &#8211; Integra\u00e7\u00e3o Multidisciplinar para Promo\u00e7\u00e3o da Sa\u00fade"},"content":{"rendered":"<h4>Projeto integrado Podologia &#8211; Integra\u00e7\u00e3o Multidisciplinar para Promo\u00e7\u00e3o da Sa\u00fade<\/h4>\n<h4>Projeto integrador Curso Superior de Tecnologia em Podologia &#8211; Integra\u00e7\u00e3o Multidisciplinar para Promo\u00e7\u00e3o da Sa\u00fade<\/h4>\n<p>Prezado(a) aluno (a),<br \/>\nSeja bem-vindo(a) a este semestre!<br \/>\nA proposta do Projeto Integrador ter\u00e1 como tema norteador: Integra\u00e7\u00e3o Multidisciplinar para<br \/>\nPromo\u00e7\u00e3o da Sa\u00fade<br \/>\nCONTEXTUALIZA\u00c7\u00c3O<br \/>\nPromo\u00e7\u00e3o da Sa\u00fade<br \/>\nDe acordo com o Art. 196, da Constitui\u00e7\u00e3o Brasileira: a sa\u00fade \u00e9 direito de todos e dever do Estado, garantido<br \/>\nmediante pol\u00edticas sociais e econ\u00f4micas que visem \u00e0 redu\u00e7\u00e3o do risco de doen\u00e7a e de outros agravos e ao acesso<br \/>\nuniversal e igualit\u00e1rio \u00e0s a\u00e7\u00f5es e servi\u00e7os para sua promo\u00e7\u00e3o, prote\u00e7\u00e3o e recupera\u00e7\u00e3o (Brasil, 1988).<br \/>\nA sa\u00fade \u00e9 elemento central para o desenvolvimento humano, social e econ\u00f4mico, configurando-se em importante<br \/>\ndimens\u00e3o da qualidade de vida. Fatores pol\u00edticos, econ\u00f4micos, sociais, culturais, ambientais, comportamentais e<br \/>\nbiol\u00f3gicos podem tanto favorecer quanto prejudicar a sa\u00fade.<br \/>\nA promo\u00e7\u00e3o da sa\u00fade \u00e9 uma das estrat\u00e9gias do setor sa\u00fade para buscar a melhoria da qualidade de vida da<br \/>\npopula\u00e7\u00e3o. A\u00e7\u00f5es de promo\u00e7\u00e3o da sa\u00fade devem considerar os determinantes sociais da sa\u00fade e de que maneira<br \/>\nestes causam impacto na qualidade de vida da popula\u00e7\u00e3o. Os determinantes sociais s\u00e3o fatores sociais, econ\u00f4micos,<br \/>\nculturais, \u00e9tnico-raciais, psicol\u00f3gicos, comportamentais e ambientais que influenciam o processo sa\u00fade-doen\u00e7a<br \/>\n(Brasil, 2012).<br \/>\nO cen\u00e1rio global da sa\u00fade, resultante de profundas modifica\u00e7\u00f5es nas rela\u00e7\u00f5es sociais, econ\u00f4micas e ambientais, se<br \/>\nexpressa em transi\u00e7\u00f5es epidemiol\u00f3gica, nutricional e demogr\u00e1fica que t\u00eam aumentado a carga de doen\u00e7as<br \/>\nexponencialmente, exigindo articula\u00e7\u00f5es entre a sa\u00fade e os demais setores de governo e da sociedade (BRASIL,<br \/>\n2011).<br \/>\nA promo\u00e7\u00e3o da sa\u00fade consiste em um conjunto de estrat\u00e9gias, pol\u00edticas, a\u00e7\u00f5es e interven\u00e7\u00f5es com o prop\u00f3sito de<br \/>\nmelhorar a qualidade de vida dos indiv\u00edduos e coletividades na medida em que atua sobre os condicionantes e<br \/>\ndeterminantes sociais de sa\u00fade, de forma intersetorial e com participa\u00e7\u00e3o popular, promovendo escolhas saud\u00e1veis<br \/>\npor parte dos indiv\u00edduos e coletividades no territ\u00f3rio onde est\u00e3o inseridos (BRASIL, 2014).<br \/>\nIntimamente relacionada \u00e0 vigil\u00e2ncia \u00e0 sa\u00fade e a um movimento de cr\u00edtica \u00e0 medicaliza\u00e7\u00e3o do setor, a promo\u00e7\u00e3o<br \/>\nde sa\u00fade sup\u00f5e uma concep\u00e7\u00e3o que n\u00e3o restrinja a sa\u00fade \u00e0 aus\u00eancia de doen\u00e7a, mas que seja capaz de atuar sobre<br \/>\nseus determinantes. Incidindo sobre as condi\u00e7\u00f5es de vida da popula\u00e7\u00e3o, extrapola a presta\u00e7\u00e3o de servi\u00e7os cl\u00ednicoassistenciais, propondo a\u00e7\u00f5es intersetoriais que envolvam a educa\u00e7\u00e3o, o saneamento b\u00e1sico, a habita\u00e7\u00e3o, a renda,<br \/>\no trabalho, a alimenta\u00e7\u00e3o, o meio ambiente, o acesso a bens e servi\u00e7os essenciais, o lazer, entre outros<br \/>\ndeterminantes sociais da sa\u00fade.<br \/>\nA promo\u00e7\u00e3o da sa\u00fade, para alcan\u00e7ar seus objetivos, exige a\u00e7\u00e3o coordenada entre todas as partes envolvidas:<br \/>\ngoverno, setor sa\u00fade e outros setores sociais e econ\u00f4micos, organiza\u00e7\u00f5es volunt\u00e1rias e n\u00e3o governamentais,<br \/>\nautoridades locais, ind\u00fastria e meios de comunica\u00e7\u00e3o. As pessoas, em todas as esferas de vida, devem envolver-se<br \/>\nneste processo como indiv\u00edduos, fam\u00edlias e comunidades. Os profissionais e grupos sociais t\u00eam grande<br \/>\nresponsabilidade na media\u00e7\u00e3o entre os diferentes, com respeito \u00e0 sa\u00fade, existentes na sociedade. As estrat\u00e9gias e<br \/>\nprogramas na \u00e1rea da promo\u00e7\u00e3o da sa\u00fade devem adaptar-se \u00e0s necessidades locais e \u00e0s possibilidades de cada pa\u00eds<br \/>\ne regi\u00e3o, bem como levar em conta as diferen\u00e7as em seus sistemas sociais, culturais e econ\u00f4micos.<br \/>\nRefer\u00eancias<br \/>\nBRASIL. Minist\u00e9rio da Sa\u00fade. Portaria n\u00ba 2.446, de 11 de novembro de 2014. Redefine a Pol\u00edtica Nacional de<br \/>\nPromo\u00e7\u00e3o da Sa\u00fade (PNPS). Di\u00e1rio Oficial da Uni\u00e3o 2014; 11 nov.<br \/>\nBRASIL. Constitui\u00e7\u00e3o da Rep\u00fablica Federativa do Brasil de 1988. Bras\u00edlia, Distrito Federal. Dispon\u00edvel em:<br \/>\nhttp:\/\/www.planalto.gov.br\/ccivil_03\/constituicao\/constituicao.htm.<br \/>\nAcesso em: 12 dezembro. 2023.<br \/>\nBRASIL. Minist\u00e9rio da Sa\u00fade. Secretaria-Executiva. Secretaria de Vigil\u00e2ncia em Sa\u00fade. Gloss\u00e1rio tem\u00e1tico: promo\u00e7\u00e3o<br \/>\nda sa\u00fade. Bras\u00edlia: Minist\u00e9rio da Sa\u00fade, 2012.<br \/>\nBRASIL. Minist\u00e9rio da Sa\u00fade. Secretaria de Vigil\u00e2ncia em Sa\u00fade. Secretaria de Aten\u00e7\u00e3o \u00e0 Sa\u00fade. Pol\u00edtica Nacional de<br \/>\nPromo\u00e7\u00e3o da Sa\u00fade. Anexo I da Portaria de Consolida\u00e7\u00e3o n.\u00ba 2, de 28 de setembro de 2017. Bras\u00edlia: Minist\u00e9rio da<br \/>\nSa\u00fade, 2018.<br \/>\nAgora \u00e9 com voc\u00ea!!<br \/>\nDesenvolver um projeto que integre os conhecimentos de Sa\u00fade P\u00fablica, Microbiologia B\u00e1sica,<br \/>\nAnatomofisiologia do Corpo Humano, Cinesiologia e Biomec\u00e2nica, e Ci\u00eancias Morfofuncionais dos<br \/>\nSistemas Tegumentar, Locomotor e Reprodutor para promover a compreens\u00e3o abrangente da sa\u00fade<br \/>\nhumana e fornecer recomenda\u00e7\u00f5es pr\u00e1ticas para a melhoria do bem-estar.<\/p>\n<p><strong>PASSO 1:<\/strong><br \/>\nInvestigar quais s\u00e3o as principais doen\u00e7as infecciosas e cr\u00f4nicas que ocorrem no Brasil.<br \/>\nIdentificar fatores de risco para essas doen\u00e7as. Propor estrat\u00e9gias para melhorar esta realidade.<\/p>\n<p><strong>PASSO 2:<\/strong><br \/>\nA podologia \u00e9 uma ci\u00eancia da Sa\u00fade Humana que al\u00e9m do estudo dos p\u00e9s, tem como objetivo o estudo<br \/>\ndo tegumento, anexos cut\u00e2neos, nervos, m\u00fasculos, ossos e, tend\u00f5es, consistindo na preven\u00e7\u00e3o e<br \/>\ntratamento das patologias que acometem todo o conjunto podal. Um importante problema de sa\u00fade<br \/>\np\u00fablica voltado aos pod\u00f3logos s\u00e3o as onicomicoses que s\u00e3o mais do que um problema est\u00e9tico e que<br \/>\nacomete ambos os sexos. Descreva o que s\u00e3o as onicoses. E quais s\u00e3o os principais agentes causadores<br \/>\ndas onimicoses, descrevendo suas principais caracter\u00edsticas como: habitat, reprodu\u00e7\u00e3o e nutri\u00e7\u00e3o.<br \/>\nDescreva quais s\u00e3o os principais sintomas e caracter\u00edsticas das onicomises.<\/p>\n<p><strong>PASSO 2:<\/strong><br \/>\nDescreva as consequ\u00eancias nas camadas anat\u00f4micas da pele em indiv\u00edduos tabagistas, considerando<br \/>\nfatores anat\u00f4micos e fisiol\u00f3gicos. Explique como o tabagismo influencia a integridade e fun\u00e7\u00e3o da pele,<br \/>\ndestacando as altera\u00e7\u00f5es nas camadas epid\u00e9rmica, d\u00e9rmica e subcut\u00e2nea. Al\u00e9m disso, discuta o<br \/>\nimpacto do tabagismo no envelhecimento cut\u00e2neo e na resposta a ferimentos.<br \/>\nPASSO 3: Discuta como o conhecimento da anatomofisiologia do corpo humano \u00e9 fundamental para<br \/>\norientar interven\u00e7\u00f5es de promo\u00e7\u00e3o da sa\u00fade. Como a compreens\u00e3o dos sistemas org\u00e2nicos pode ser<br \/>\naplicada para prevenir doen\u00e7as e otimizar a sa\u00fade global?<br \/>\nPASSO 4: Como os princ\u00edpios da cinesiologia podem ser aplicados para promover a sa\u00fade e prevenir<br \/>\ndoen\u00e7as musculoesquel\u00e9ticas? Explore a import\u00e2ncia do movimento, exerc\u00edcios e t\u00e9cnicas de<br \/>\nreabilita\u00e7\u00e3o na promo\u00e7\u00e3o da sa\u00fade f\u00edsica.<br \/>\nPASSO 5: Como a integra\u00e7\u00e3o dessas disciplinas pode fornecer uma abordagem mais hol\u00edstica para a<br \/>\npromo\u00e7\u00e3o da sa\u00fade? Explique como a cinesiologia, biomec\u00e2nica e anatomofisiologia podem trabalhar<br \/>\nem conjunto para abordar quest\u00f5es como sedentarismo, les\u00f5es musculares e problemas posturais.<br \/>\nUm \u00f3timo trabalho!<br \/>\nEquipe de professores<\/p>\n<div class=\"elementor-toggle-item\">\n<div class=\"elementor-toggle-item\">\n<p id=\"elementor-tab-title-1941\" class=\"elementor-tab-title elementor-active\" tabindex=\"0\" role=\"tab\" data-tab=\"1\" aria-controls=\"elementor-tab-content-1941\" aria-expanded=\"true\" aria-selected=\"true\"><strong>Como funciona?<\/strong><\/p>\n<p>Elaboramos os portf\u00f3lios, j\u00e1 deixamos prontos, nas normas da ABNT e conforme os requisitos da universidade. F\u00e1cil assim! O MELHOR \u00c9 QUE VOC\u00ca COMPRA E J\u00c1 BAIXA NA HORA O SEU ARQUIVO EM WORD! Sabemos que conciliar trabalho, fam\u00edlia, vida profissional e estudos \u00e9 dif\u00edcil hoje em dia, por isso, estamos aqui para ajudar voc\u00ea. Conte com nossa qualidade, experi\u00eancia e profissionalismo adquirindo seu portf\u00f3lio conosco. GARANTIMOS SEU CONCEITO!<\/p>\n<p><strong>Como se realizam os envios?<\/strong><\/p>\n<\/div>\n<p id=\"elementor-tab-content-1942\" class=\"elementor-tab-content elementor-clearfix elementor-active\" role=\"tabpanel\" data-tab=\"2\" aria-labelledby=\"elementor-tab-title-1942\">O seu trabalho \u00e9 disponibilizado pronto, respondido e nas normas j\u00e1 na mesma hora aqui em nosso site na sua \u00e1rea de downloads e tamb\u00e9m no seu e-mail.<\/p>\n<p><strong>Em quanto tempo recebo o portf\u00f3lio?<\/strong><\/p>\n<p>Os envios s\u00e3o imediatos. Ap\u00f3s sua compra, o trabalho j\u00e1 \u00e9 disponibilizado instantaneamente aqui em nosso site e no seu e-mail.<\/p>\n<p><strong>E se o portf\u00f3lio que comprei precisar de corre\u00e7\u00e3o?<\/strong><\/p>\n<p>Caso haja alguma solicita\u00e7\u00e3o de corre\u00e7\u00e3o\/altera\u00e7\u00e3o por parte do tutor, basta entrar em contato conosco pelo\u00a0WhatsApp\u00a0que provid\u00eanciaremos sem custo algum.<\/p>\n<p><strong>Qual o formato do arquivo?<\/strong><\/p>\n<p>Os arquivos s\u00e3o enviados em formato Word e s\u00e3o edit\u00e1veis.<\/p>\n<p><strong>Caso eu tiver alguma d\u00favida, terei suporte no p\u00f3s venda?<\/strong><\/p>\n<p>Sim, com certeza. Basta clicar no \u00edcone do WhatsApp no cantinho da tela. Ser\u00e1 um prazer atend\u00ea-lo(a).<\/p>\n<div id=\"elementor-tab-content-1948\" class=\"elementor-tab-content elementor-clearfix elementor-active\" role=\"tabpanel\" data-tab=\"8\" aria-labelledby=\"elementor-tab-title-1948\">\n<p><strong>Quais os seus canais de contato?<\/strong><\/p>\n<\/div>\n<div id=\"elementor-tab-content-1949\" class=\"elementor-tab-content elementor-clearfix elementor-active\" role=\"tabpanel\" data-tab=\"9\" aria-labelledby=\"elementor-tab-title-1949\">\n<p>Whatsapp: 53 984751621 \u2013 Clicar no canto da tela ou ESCANEIE O QRCODE ABAIXO<\/p>\n<h4><img decoding=\"async\" class=\"alignnone wp-image-13699 jetpack-lazy-image jetpack-lazy-image--handled\" src=\"https:\/\/i0.wp.com\/portifolioos-prontos.com\/wp-content\/uploads\/2023\/02\/whatsapp-business-projeto-de-extensao-300x300.jpeg?resize=144%2C144\" sizes=\"(max-width: 144px) 100vw, 144px\" srcset=\"https:\/\/i0.wp.com\/portifolioos-prontos.com\/wp-content\/uploads\/2023\/02\/whatsapp-business-projeto-de-extensao.jpeg?resize=300%2C301&amp;ssl=1 300w, https:\/\/i0.wp.com\/portifolioos-prontos.com\/wp-content\/uploads\/2023\/02\/whatsapp-business-projeto-de-extensao.jpeg?resize=150%2C150&amp;ssl=1 150w, https:\/\/i0.wp.com\/portifolioos-prontos.com\/wp-content\/uploads\/2023\/02\/whatsapp-business-projeto-de-extensao.jpeg?resize=370%2C372&amp;ssl=1 370w, https:\/\/i0.wp.com\/portifolioos-prontos.com\/wp-content\/uploads\/2023\/02\/whatsapp-business-projeto-de-extensao.jpeg?resize=100%2C100&amp;ssl=1 100w, https:\/\/i0.wp.com\/portifolioos-prontos.com\/wp-content\/uploads\/2023\/02\/whatsapp-business-projeto-de-extensao.jpeg?w=470&amp;ssl=1 470w\" alt=\"projeto de extens\u00e3o unopar\" width=\"144\" height=\"144\" data-lazy-loaded=\"1\" \/><\/h4>\n<\/div>\n<div class=\"elementor-toggle-item\">\n<div id=\"elementor-tab-content-1949\" class=\"elementor-tab-content elementor-clearfix elementor-active\" role=\"tabpanel\" data-tab=\"9\" aria-labelledby=\"elementor-tab-title-1949\">\n<p>E-mail:portifoliosp@gmail.com<\/p>\n<div id=\"attachment_143\" class=\"wp-caption alignnone\">\n<div id=\"attachment_143\" class=\"wp-caption alignnone\">\n<p id=\"caption-attachment-143\" class=\"wp-caption-text\"><a href=\"http:\/\/portfolio-pronto.com\/\">Portf\u00f3lio<\/a>\u00a0em Word, respondido, completo e j\u00e1 nas normas<\/p>\n<\/div>\n<\/div>\n<\/div>\n<\/div>\n<\/div>\n","protected":false},"excerpt":{"rendered":"<div class=\"product-short-description\">\n<div class=\"product-short-description\">\n<p><strong>Pague pelo PIX ou cart\u00e3o e fa\u00e7a o download agora mesmo.<\/strong><\/p>\n<\/div>\n<div class=\"sticky-add-to-cart-wrapper\">\n<div class=\"sticky-add-to-cart\">\n<p class=\"quantity buttons_added form-flat\"><img decoding=\"async\" class=\"lazyloaded smush-image-5 smush-image-3 smush-image-4 smush-detected-img smush-image-bigger-3\" src=\"https:\/\/d26lpennugtm8s.cloudfront.net\/assets\/common\/img\/logos\/payment\/visa@2x.png\" width=\"46\" height=\"29\" data-src=\"https:\/\/d26lpennugtm8s.cloudfront.net\/assets\/common\/img\/logos\/payment\/visa@2x.png\" \/><img decoding=\"async\" class=\"lazyloaded smush-image-6 smush-image-4 smush-image-5 smush-detected-img smush-image-bigger-4\" src=\"https:\/\/d26lpennugtm8s.cloudfront.net\/assets\/common\/img\/logos\/payment\/boleto@2x.png\" width=\"43\" height=\"27\" data-src=\"https:\/\/d26lpennugtm8s.cloudfront.net\/assets\/common\/img\/logos\/payment\/boleto@2x.png\" \/><img loading=\"lazy\" decoding=\"async\" class=\"lazyloaded smush-image-7 smush-image-5 smush-image-6 smush-detected-img smush-image-bigger-5\" src=\"https:\/\/d26lpennugtm8s.cloudfront.net\/assets\/common\/img\/logos\/payment\/mastercard@2x.png\" width=\"43\" height=\"27\" data-src=\"https:\/\/d26lpennugtm8s.cloudfront.net\/assets\/common\/img\/logos\/payment\/mastercard@2x.png\" \/><img loading=\"lazy\" decoding=\"async\" class=\"lazyloaded smush-image-8 smush-image-6 smush-image-7 smush-detected-img smush-image-bigger-6\" src=\"https:\/\/d26lpennugtm8s.cloudfront.net\/assets\/common\/img\/logos\/payment\/amex@2x.png\" width=\"43\" height=\"27\" data-src=\"https:\/\/d26lpennugtm8s.cloudfront.net\/assets\/common\/img\/logos\/payment\/amex@2x.png\" \/><img loading=\"lazy\" decoding=\"async\" class=\"lazyloaded smush-image-9 smush-image-7 smush-image-8 smush-detected-img smush-image-bigger-7\" src=\"https:\/\/d26lpennugtm8s.cloudfront.net\/assets\/common\/img\/logos\/payment\/diners@2x.png\" width=\"46\" height=\"29\" data-src=\"https:\/\/d26lpennugtm8s.cloudfront.net\/assets\/common\/img\/logos\/payment\/diners@2x.png\" \/><img loading=\"lazy\" decoding=\"async\" class=\"lazyloaded smush-image-10 smush-image-8 smush-image-9 alignnone smush-detected-img smush-image-bigger-8\" src=\"https:\/\/d26lpennugtm8s.cloudfront.net\/assets\/common\/img\/logos\/payment\/br\/elo@2x.png\" alt=\"portf\u00f3lio unopar anhanguera\" width=\"45\" height=\"28\" data-src=\"https:\/\/d26lpennugtm8s.cloudfront.net\/assets\/common\/img\/logos\/payment\/br\/elo@2x.png\" \/><img loading=\"lazy\" decoding=\"async\" class=\"lazyloaded smush-image-11 smush-image-9 smush-image-10 alignnone smush-detected-img smush-image-bigger-9\" src=\"https:\/\/d26lpennugtm8s.cloudfront.net\/assets\/common\/img\/logos\/payment\/br\/hipercard@2x.png\" alt=\"portf\u00f3lio unopar anhanguera\" width=\"44\" height=\"28\" data-src=\"https:\/\/d26lpennugtm8s.cloudfront.net\/assets\/common\/img\/logos\/payment\/br\/hipercard@2x.png\" \/><img loading=\"lazy\" decoding=\"async\" class=\"lazyloaded smush-image-12 smush-image-10 smush-image-11 alignnone smush-detected-img smush-image-bigger-10\" src=\"https:\/\/d26lpennugtm8s.cloudfront.net\/assets\/common\/img\/logos\/payment\/mercadopago@2x.png\" alt=\"portf\u00f3lio unopar anhanguera\" width=\"45\" height=\"28\" data-src=\"https:\/\/d26lpennugtm8s.cloudfront.net\/assets\/common\/img\/logos\/payment\/mercadopago@2x.png\" \/><img loading=\"lazy\" decoding=\"async\" class=\"alignnone ls-is-cached lazyloaded smush-detected-img smush-image-bigger-11\" src=\"https:\/\/futurium.com.br\/wp-content\/uploads\/2021\/06\/logo-pix-icone-512.png\" alt=\"portfolio pronto\" width=\"30\" height=\"30\" data-src=\"https:\/\/futurium.com.br\/wp-content\/uploads\/2021\/06\/logo-pix-icone-512.png\" \/><\/p>\n<\/div>\n<\/div>\n<\/div>\n","protected":false},"featured_media":23615,"template":"","meta":{"_seopress_robots_primary_cat":"none","_seopress_titles_title":"%%post_title%% %%sitetitle%%","_seopress_titles_desc":"%%post_content%%","_seopress_robots_index":""},"product_cat":[68,15],"product_tag":[],"class_list":{"0":"post-23612","1":"product","2":"type-product","3":"status-publish","4":"has-post-thumbnail","6":"product_cat-podologia","7":"product_cat-uncategorized","9":"first","10":"instock","11":"downloadable","12":"virtual","13":"purchasable","14":"product-type-simple","15":"col-xs-6 col-sm-4","16":"col-mf-5","17":"un-5-cols"},"jetpack_sharing_enabled":true,"_links":{"self":[{"href":"https:\/\/portifolioos-prontos.com\/index.php\/wp-json\/wp\/v2\/product\/23612","targetHints":{"allow":["GET"]}}],"collection":[{"href":"https:\/\/portifolioos-prontos.com\/index.php\/wp-json\/wp\/v2\/product"}],"about":[{"href":"https:\/\/portifolioos-prontos.com\/index.php\/wp-json\/wp\/v2\/types\/product"}],"version-history":[{"count":0,"href":"https:\/\/portifolioos-prontos.com\/index.php\/wp-json\/wp\/v2\/product\/23612\/revisions"}],"wp:featuredmedia":[{"embeddable":true,"href":"https:\/\/portifolioos-prontos.com\/index.php\/wp-json\/wp\/v2\/media\/23615"}],"wp:attachment":[{"href":"https:\/\/portifolioos-prontos.com\/index.php\/wp-json\/wp\/v2\/media?parent=23612"}],"wp:term":[{"taxonomy":"product_cat","embeddable":true,"href":"https:\/\/portifolioos-prontos.com\/index.php\/wp-json\/wp\/v2\/product_cat?post=23612"},{"taxonomy":"product_tag","embeddable":true,"href":"https:\/\/portifolioos-prontos.com\/index.php\/wp-json\/wp\/v2\/product_tag?post=23612"}],"curies":[{"name":"wp","href":"https:\/\/api.w.org\/{rel}","templated":true}]}}