{"id":2403,"date":"2022-05-12T19:37:00","date_gmt":"2022-05-12T22:37:00","guid":{"rendered":"https:\/\/portifolioos-prontos.com\/?post_type=product&#038;p=2403"},"modified":"2022-08-18T13:37:35","modified_gmt":"2022-08-18T16:37:35","slug":"projeto-integrado-redes-de-computadores-cursos-de-t-i-1o-semestre","status":"publish","type":"product","link":"https:\/\/portifolioos-prontos.com\/index.php\/product\/projeto-integrado-redes-de-computadores-cursos-de-t-i-1o-semestre\/","title":{"rendered":"Projeto Integrado Redes de Computadores  &#8211; Cursos de T.I 1\u00ba semestre"},"content":{"rendered":"<div>\n<h4>Projeto Integrado Redes de Computadores 1\u00ba semestre<\/h4>\n<\/div>\n<div id=\"single-product\" class=\"js-product-detail js-shipping-calculator-container js-has-new-shipping\">\n<div id=\"single-product-container\" class=\"js-product-container\" data-variants=\"[{&quot;product_id&quot;:118433771,&quot;price_short&quot;:&quot;R$69,00&quot;,&quot;price_long&quot;:&quot;R$69,00&quot;,&quot;price_number&quot;:69,&quot;compare_at_price_short&quot;:null,&quot;compare_at_price_long&quot;:null,&quot;compare_at_price_number&quot;:null,&quot;stock&quot;:null,&quot;sku&quot;:null,&quot;available&quot;:true,&quot;contact&quot;:false,&quot;option0&quot;:null,&quot;option1&quot;:null,&quot;option2&quot;:null,&quot;id&quot;:457413565,&quot;image&quot;:309900248,&quot;image_url&quot;:&quot;\\\/\\\/d3ugyf2ht6aenh.cloudfront.net\\\/stores\\\/001\\\/960\\\/136\\\/products\\\/projeto-integrado-redes-de-computadores1-d5e853a4af170cd91016511141914679-1024-1024.jpg&quot;,&quot;installments_data&quot;:&quot;{\\&quot;Nuvem Pago\\&quot;:{\\&quot;1\\&quot;:{\\&quot;installment_value\\&quot;:69,\\&quot;installment_value_cents\\&quot;:6900,\\&quot;interest\\&quot;:0,\\&quot;total_value\\&quot;:69,\\&quot;without_interests\\&quot;:true}}}&quot;}]\">\n<div class=\"span6 clear-both-xs\" data-store=\"product-info-118433771\">\n<div class=\"product-form-container\">\n<div class=\"description user-content display-when-content-ready\" data-store=\"product-description-118433771\">\n<p><b>Tarefa 1:<br \/>\n<\/b>Na \u00e1rea de desenvolvimento, as fun\u00e7\u00f5es s\u00e3o utilizadas para deixar o c\u00f3digo claro e recursivo,<br \/>\nevitando a repeti\u00e7\u00e3o de linhas de comandos. Dentre as boas pr\u00e1ticas de programa\u00e7\u00e3o \u00e9 avaliar se um determinado trecho precisa ser escrito v\u00e1rias vezes. Se a resposta for sim, ent\u00e3o esse trecho deve ser transformado em uma funcionalidade no seu c\u00f3digo.<br \/>\nAvalie o c\u00f3digo abaixo:<\/p>\n<ol>\n<li>#include&lt;stdio.h&gt;<br \/>\n2. int somar(){<br \/>\n3. return 1 + 2.15;<br \/>\n4. }<br \/>\n5. int main(){<br \/>\n6. int resultado = 0;<br \/>\n7. resultado = somar();<br \/>\n8. printf(\u201cO resultado da funcao e = %d\u201d,resultado);<br \/>\n9. return 0;<br \/>\n10. }<\/li>\n<\/ol>\n<p>Com base no contexto apresentado, comente o resultado do c\u00f3digo acima, qual resultado<br \/>\nser\u00e1 apresentado no final? E porqu\u00ea?<\/p>\n<p>PROJETO INTEGRADO<br \/>\n<b>Tarefa 2:<br \/>\n<\/b>Hartmann e Wobeto (2015), abordando a norma ISO\/IEC 38.500 (ABNT 2009), sobre a Gest\u00e3o da Tecnologia de Informa\u00e7\u00e3o, o que est\u00e1 relacionado \u00e0 sua Governan\u00e7a e definem: \u00c9 o sistema pelo qual os usos atual e futuro da TI s\u00e3o dirigidos e controlados. Significa avaliar e direcionar o uso da TI para dar suporte \u00e0 organiza\u00e7\u00e3o e monitorar seu uso para realizar planos. Inclui a estrat\u00e9gia e as pol\u00edticas de uso da TI dentro da organiza\u00e7\u00e3o.<br \/>\nDentro da governan\u00e7a, pesquise sobre ITIL e COBIT e traga um exemplo de boas pr\u00e1ticas<br \/>\ntanto para ITL como para Cobit.<\/p>\n<p><b>Tarefa 3:<br \/>\n<\/b>Com a pandemia, muitas pessoas que trabalharam na \u201clinha de frente do combate\u201d acabaram se contaminando com o coronav\u00edrus. Voc\u00ea recebeu a tarefa de implementar um aplicativo com plano de controle e preven\u00e7\u00e3o de acidentes para hospitais. Os profissionais que tiveram os maiores \u00edndices de acidentes e afastamentos foram os enfermeiros e os m\u00e9dicos e os setores de maior contamina\u00e7\u00e3o foram a UTI e a Enfermaria.<br \/>\nPara ter mais detalhes sobre esses setores, voc\u00ea solicitou informa\u00e7\u00f5es sobre os setores de UTI e Enfermaria.<br \/>\nAs informa\u00e7\u00f5es obtidas foram:<br \/>\n\u2022 Nove pessoas trabalham exclusivamente na UTI.<br \/>\n\u2022 Sete pessoas trabalham exclusivamente n Enfermaria.<br \/>\n\u2022 Ao todo, trabalham, nas duas se\u00e7\u00f5es, 22 funcion\u00e1rios.<br \/>\nPara divulgar o aplicativo com mais efici\u00eancia, voc\u00ea decidiu que os funcion\u00e1rios que s\u00e3o<br \/>\ncapacitados para trabalhar nos dois setores ser\u00e3o os divulgadores das informa\u00e7\u00f5es para a preven\u00e7\u00e3o de acidentes.<\/p>\n<ol>\n<li>Como voc\u00ea determinaria a quantidade de funcion\u00e1rios que ser\u00e3o os divulgadores do<br \/>\nplano de controle e preven\u00e7\u00e3o de acidentes?<br \/>\nb) Sabendo que o tempo de treinamento dos funcion\u00e1rios \u00e9 de, aproximadamente, 7<br \/>\nhoras, que o valor da hora de trabalho de cada um \u00e9 R$ 22,00 e que o custo do servi\u00e7o<br \/>\ndo t\u00e9cnico que realizar\u00e1 o treinamento \u00e9 de 1,2 mil reais, qual deve ser a estimativa<br \/>\ndo valor gasto com o treinamento dessas pessoas?<\/li>\n<li><b>Tarefa 4:<\/b><br \/>\nO primeiro passo para a implementa\u00e7\u00e3o de um banco de dados \u00e9 a sua modelagem. Ou seja,<br \/>\n\u00e9 nesta primeira etapa que voc\u00ea deve pensar nos dados que ser\u00e3o armazenados e em como eles ser\u00e3o relacionados entre si na estrutura do banco. Desta forma, explique quais s\u00e3o as fases de modelagem de dados que devem ser aplicadas em um projeto de banco de dados, e indique ao menos uma ferramenta CASE que poderia ser utilizada neste processo de modelagem.<\/p>\n<div class=\"elementor-toggle-item\">\n<h4 id=\"elementor-tab-title-1941\" class=\"elementor-tab-title elementor-active\" tabindex=\"0\" role=\"tab\" data-tab=\"1\" aria-controls=\"elementor-tab-content-1941\" aria-expanded=\"true\" aria-selected=\"true\">Como funciona?<\/h4>\n<div id=\"elementor-tab-content-1941\" class=\"elementor-tab-content elementor-clearfix elementor-active\" role=\"tabpanel\" data-tab=\"1\" aria-labelledby=\"elementor-tab-title-1941\">\n<p>Elaboramos os portf\u00f3lios, j\u00e1 deixamos prontos, nas normas da ABNT e conforme os requisitos da universidade. F\u00e1cil assim! O MELHOR \u00c9 QUE VOC\u00ca COMPRA E J\u00c1 BAIXA NA HORA O SEU ARQUIVO EM WORD! Sabemos que conciliar trabalho, fam\u00edlia, vida profissional e estudos \u00e9 dif\u00edcil hoje em dia, por isso, estamos aqui para ajudar voc\u00ea. Conte com nossa qualidade, experi\u00eancia e profissionalismo adquirindo seu portf\u00f3lio conosco. GARANTIMOS SEU CONCEITO!<\/p>\n<p><span style=\"color: #000000; font-size: 18px; font-weight: bold;\">Como se realizam os envios?<\/span><\/p>\n<\/div>\n<\/div>\n<div class=\"elementor-toggle-item\">\n<div id=\"elementor-tab-content-1942\" class=\"elementor-tab-content elementor-clearfix elementor-active\" role=\"tabpanel\" data-tab=\"2\" aria-labelledby=\"elementor-tab-title-1942\">O seu trabalho \u00e9 disponibilizado pronto, respondido e nas normas j\u00e1 na mesma hora aqui em nosso site na sua \u00e1rea de downloads e tamb\u00e9m no seu e-mail.<\/div>\n<div role=\"tabpanel\" data-tab=\"2\" aria-labelledby=\"elementor-tab-title-1942\"><\/div>\n<div role=\"tabpanel\" data-tab=\"2\" aria-labelledby=\"elementor-tab-title-1942\"><span style=\"color: #000000; font-size: 18px; font-weight: bold;\">Quais formas de pagamento para realizar minha compra?<\/span><\/div>\n<\/div>\n<div class=\"elementor-toggle-item\">\n<div id=\"elementor-tab-content-1943\" class=\"elementor-tab-content elementor-clearfix elementor-active\" role=\"tabpanel\" data-tab=\"3\" aria-labelledby=\"elementor-tab-title-1943\">\n<p>Dispomos dos seguintes meios de pagamento PIX, Cart\u00f5es de Cr\u00e9dito e Boleto\u00a0 \u00a0<img decoding=\"async\" class=\"alignnone wp-image-761\" src=\"http:\/\/portifolioos-prontos.com\/wp-content\/uploads\/2022\/04\/portfolio-unopar-pronto-producao-textual-interdisciplinar-300x107.webp\" sizes=\"(max-width: 140px) 100vw, 140px\" srcset=\"https:\/\/portifolioos-prontos.com\/wp-content\/uploads\/2022\/04\/portfolio-unopar-pronto-producao-textual-interdisciplinar-300x107.webp 300w, https:\/\/portifolioos-prontos.com\/wp-content\/uploads\/2022\/04\/PIX-1024x364.webp 1024w, https:\/\/portifolioos-prontos.com\/wp-content\/uploads\/2022\/04\/PIX-768x273.webp 768w, https:\/\/portifolioos-prontos.com\/wp-content\/uploads\/2022\/04\/PIX-370x131.webp 370w, https:\/\/portifolioos-prontos.com\/wp-content\/uploads\/2022\/04\/PIX-600x213.webp 600w, https:\/\/portifolioos-prontos.com\/wp-content\/uploads\/2022\/04\/portfolio-unopar-pronto-producao-textual-interdisciplinar.webp 1200w\" alt=\"Portfolio pronto,portifolio pronto,portf\u00f3lio pronto,portifolios prontos,portif\u00f3lios prontos,portf\u00f3lio pronto unopar,portifolio pronto unopar,portif\u00f3lio pronto unopar,portifolios prontos unopar,portifolios prontos anhanguera,portf\u00f3lios prontos anhanguera,portf\u00f3lio pronto anhanguera,pti unopar,ptg unopar,modelo de portf\u00f3lio unopar,modelo de portf\u00f3lio anhanguera,como fazer um portf\u00f3lio para faculdade,como faz portf\u00f3lio universidade,como faz portf\u00f3lios para universidade,portf\u00f3lios prontos para universidade,portf\u00f3lios pronto para faculdade,portf\u00f3lio pronto para editar,portifolios prontos para editar,portf\u00f3lio em word,portfolio em word,portf\u00f3lio em word para editar,portifolio em word para editar,portfolio unopar pronto para editar,modelo de portfolio para unopar,modelo de portif\u00f3lio para unopar,modelo de portf\u00f3lio para unopar,unopar portf\u00f3lio pronto,anhanguera portf\u00f3lio pronto,portf\u00f3lio em word pronto,comprar portf\u00f3lio pronto,como fazer um portf\u00f3lio,como fazer portf\u00f3lio digital,portfolio,portf\u00f3lio,portifolio,portif\u00f3lio,portf\u00f3lio interdisciplinar individual,portfolio interdisciplinar individual,exemplos de portf\u00f3lio para faculdade,baixar portf\u00f3lio pronto,portf\u00f3lio acad\u00eamico,portf\u00f3lio online,portfoliooead,portfolio ead,portf\u00f3lio pronto interdisciplinar individual,relat\u00f3rio de est\u00e1gio unopar,relat\u00f3rio de est\u00e1gio pronto unopar,como criar um portf\u00f3lio,o que \u00e9 um portf\u00f3lio e como fazer,portfolio exemplo,modelo de portfolio acad\u00eamico,relat\u00f3rio de est\u00e1gio gest\u00e3o escolar pronto unopar,portf\u00f3lio como fazer,prova profici\u00eancia unopar,portfolio individual est\u00e1gio curricular obrigat\u00f3rio ii anos iniciais do ensino fundamental,prova de profici\u00eancia pedagogia unopar,capa de trabalho unopar para editar,portf\u00f3lio acad\u00eamico unopar,como fazer um portf\u00f3lio acad\u00eamico,portf\u00f3lio exemplos word,portfolio acad\u00eamico,portfolio individual,portfolio individual unopar,portfolio individual anhanguera,portfolio marketing digital,portf\u00f3lio educa\u00e7\u00e3o f\u00edsica unopar,portf\u00f3lio gest\u00e3o educacional e espa\u00e7os n\u00e3o escolares,como fazer um portifolio unopar,modelo de portf\u00f3lio unopar em arquivo word,capa de portf\u00f3lio de pedagogia,como fazer um portf\u00f3lio no word,projeto integrado unopar,exemplo de portf\u00f3lio academico pedagogia\" width=\"109\" height=\"39\" \/>\u00a0\u00a0<img decoding=\"async\" class=\"\" src=\"https:\/\/d26lpennugtm8s.cloudfront.net\/assets\/common\/img\/logos\/payment\/visa@2x.png\" width=\"68\" height=\"43\" \/><img decoding=\"async\" class=\"\" src=\"https:\/\/d26lpennugtm8s.cloudfront.net\/assets\/common\/img\/logos\/payment\/boleto@2x.png\" width=\"65\" height=\"41\" \/><img loading=\"lazy\" decoding=\"async\" class=\"\" src=\"https:\/\/d26lpennugtm8s.cloudfront.net\/assets\/common\/img\/logos\/payment\/mastercard@2x.png\" width=\"62\" height=\"39\" \/><img loading=\"lazy\" decoding=\"async\" class=\"\" src=\"https:\/\/d26lpennugtm8s.cloudfront.net\/assets\/common\/img\/logos\/payment\/amex@2x.png\" width=\"62\" height=\"39\" \/><img loading=\"lazy\" decoding=\"async\" class=\"\" src=\"https:\/\/d26lpennugtm8s.cloudfront.net\/assets\/common\/img\/logos\/payment\/diners@2x.png\" width=\"60\" height=\"38\" \/><img loading=\"lazy\" decoding=\"async\" class=\"\" src=\"https:\/\/d26lpennugtm8s.cloudfront.net\/assets\/common\/img\/logos\/payment\/br\/elo@2x.png\" width=\"60\" height=\"38\" \/><img loading=\"lazy\" decoding=\"async\" class=\"\" src=\"https:\/\/d26lpennugtm8s.cloudfront.net\/assets\/common\/img\/logos\/payment\/br\/hipercard@2x.png\" width=\"65\" height=\"41\" \/><img loading=\"lazy\" decoding=\"async\" class=\"\" src=\"https:\/\/d26lpennugtm8s.cloudfront.net\/assets\/common\/img\/logos\/payment\/mercadopago@2x.png\" width=\"67\" height=\"42\" \/><\/p>\n<p><span style=\"color: #000000; font-size: 18px; font-weight: bold;\">Em quanto tempo recebo o portf\u00f3lio?<\/span><\/p>\n<\/div>\n<\/div>\n<div class=\"elementor-toggle-item\">\n<div id=\"elementor-tab-content-1944\" class=\"elementor-tab-content elementor-clearfix elementor-active\" role=\"tabpanel\" data-tab=\"4\" aria-labelledby=\"elementor-tab-title-1944\">\n<p>Os envios s\u00e3o imediatos. Ap\u00f3s sua compra, o trabalho j\u00e1 \u00e9 disponibilizado instantaneamente aqui em nosso site e no seu e-mail.<\/p>\n<p><span style=\"color: #000000; font-size: 18px; font-weight: bold;\">E se o portf\u00f3lio que comprei precisar de corre\u00e7\u00e3o?<\/span><\/p>\n<\/div>\n<\/div>\n<div class=\"elementor-toggle-item\">\n<div id=\"elementor-tab-content-1945\" class=\"elementor-tab-content elementor-clearfix elementor-active\" role=\"tabpanel\" data-tab=\"5\" aria-labelledby=\"elementor-tab-title-1945\">\n<p>Caso haja alguma solicita\u00e7\u00e3o de corre\u00e7\u00e3o\/altera\u00e7\u00e3o por parte do tutor, basta entrar em contato conosco pelo\u00a0<a href=\"https:\/\/api.whatsapp.com\/send\/?phone=5553984751621&amp;text&amp;app_absent=0\">WhatsApp<\/a> que provid\u00eanciaremos sem custo algum.<\/p>\n<p><span style=\"color: #000000; font-size: 18px; font-weight: bold;\">Qual o formato do arquivo?<\/span><\/p>\n<\/div>\n<\/div>\n<div class=\"elementor-toggle-item\">\n<div id=\"elementor-tab-content-1946\" class=\"elementor-tab-content elementor-clearfix elementor-active\" role=\"tabpanel\" data-tab=\"6\" aria-labelledby=\"elementor-tab-title-1946\">\n<p>Os arquivos s\u00e3o enviados em formato Word e s\u00e3o edit\u00e1veis.<\/p>\n<p><span style=\"color: #000000; font-size: 18px; font-weight: bold;\">Caso eu tiver alguma d\u00favida, terei suporte no p\u00f3s venda?<\/span><\/p>\n<\/div>\n<\/div>\n<div class=\"elementor-toggle-item\">\n<div id=\"elementor-tab-content-1948\" class=\"elementor-tab-content elementor-clearfix elementor-active\" role=\"tabpanel\" data-tab=\"8\" aria-labelledby=\"elementor-tab-title-1948\">\n<p>Sim, com certeza. Basta clicar no \u00edcone do WhatsApp no cantinho da tela. Ser\u00e1 um prazer atend\u00ea-lo(a).<\/p>\n<p><span style=\"color: #000000; font-size: 18px; font-weight: bold;\">Quais os seus canais de contato?<\/span><\/p>\n<\/div>\n<\/div>\n<div class=\"elementor-toggle-item\">\n<div id=\"elementor-tab-content-1949\" class=\"elementor-tab-content elementor-clearfix elementor-active\" role=\"tabpanel\" data-tab=\"9\" aria-labelledby=\"elementor-tab-title-1949\">\n<p><a href=\"https:\/\/api.whatsapp.com\/send\/?phone=5553984751621&amp;text&amp;app_absent=0\">Whatsapp: 53 984751621 \u2013 Clicar no canto da tela.<\/a><\/p>\n<p>E-mail:portifoliosp@gmail.com<\/p>\n<\/div>\n<\/div>\n<\/li>\n<\/ol>\n<\/div>\n<\/div>\n<\/div>\n<\/div>\n<\/div>\n","protected":false},"excerpt":{"rendered":"<p>Projeto Integrado Redes de Computadores 1\u00ba semestre Tarefa 1: Na \u00e1rea de desenvolvimento, as fun\u00e7\u00f5es s\u00e3o utilizadas para deixar o c\u00f3digo claro e recursivo, evitando a repeti\u00e7\u00e3o de linhas de comandos. Dentre as boas pr\u00e1ticas de programa\u00e7\u00e3o \u00e9 avaliar se um determinado trecho precisa ser escrito v\u00e1rias vezes. Se a resposta for sim, ent\u00e3o esse&hellip;<\/p>\n","protected":false},"featured_media":3645,"template":"","meta":{"_seopress_robots_primary_cat":"none","_seopress_titles_title":"","_seopress_titles_desc":"","_seopress_robots_index":""},"product_cat":[58],"product_tag":[],"class_list":{"0":"post-2403","1":"product","2":"type-product","3":"status-publish","4":"has-post-thumbnail","6":"product_cat-cursos-de-t-i","8":"first","9":"instock","10":"downloadable","11":"virtual","12":"purchasable","13":"product-type-simple","14":"col-xs-6 col-sm-4","15":"col-mf-5","16":"un-5-cols"},"jetpack_sharing_enabled":true,"_links":{"self":[{"href":"https:\/\/portifolioos-prontos.com\/index.php\/wp-json\/wp\/v2\/product\/2403","targetHints":{"allow":["GET"]}}],"collection":[{"href":"https:\/\/portifolioos-prontos.com\/index.php\/wp-json\/wp\/v2\/product"}],"about":[{"href":"https:\/\/portifolioos-prontos.com\/index.php\/wp-json\/wp\/v2\/types\/product"}],"version-history":[{"count":0,"href":"https:\/\/portifolioos-prontos.com\/index.php\/wp-json\/wp\/v2\/product\/2403\/revisions"}],"wp:featuredmedia":[{"embeddable":true,"href":"https:\/\/portifolioos-prontos.com\/index.php\/wp-json\/wp\/v2\/media\/3645"}],"wp:attachment":[{"href":"https:\/\/portifolioos-prontos.com\/index.php\/wp-json\/wp\/v2\/media?parent=2403"}],"wp:term":[{"taxonomy":"product_cat","embeddable":true,"href":"https:\/\/portifolioos-prontos.com\/index.php\/wp-json\/wp\/v2\/product_cat?post=2403"},{"taxonomy":"product_tag","embeddable":true,"href":"https:\/\/portifolioos-prontos.com\/index.php\/wp-json\/wp\/v2\/product_tag?post=2403"}],"curies":[{"name":"wp","href":"https:\/\/api.w.org\/{rel}","templated":true}]}}