{"id":24667,"date":"2024-04-01T20:45:07","date_gmt":"2024-04-01T23:45:07","guid":{"rendered":"https:\/\/portifolioos-prontos.com\/?post_type=product&#038;p=24667"},"modified":"2024-10-09T13:29:42","modified_gmt":"2024-10-09T16:29:42","slug":"portfolio-pratica-praticas-pedagogicas-identidade-docente","status":"publish","type":"product","link":"https:\/\/portifolioos-prontos.com\/index.php\/product\/portfolio-pratica-praticas-pedagogicas-identidade-docente\/","title":{"rendered":"Portf\u00f3lio Pr\u00e1tica pr\u00e1ticas pedag\u00f3gicas: identidade docente"},"content":{"rendered":"<div>Portf\u00f3lio Pr\u00e1tica pr\u00e1ticas pedag\u00f3gicas: identidade docente<\/div>\n<div>\n<hr \/>\n<\/div>\n<div>Ol\u00e1, estudante!<\/div>\n<div>Neste momento, voc\u00ea realizar\u00e1 uma atividade pr\u00e1tica relacionada a uma reflex\u00e3o da atua\u00e7\u00e3o do<\/div>\n<div>professor.<\/div>\n<div>Objetivo<\/div>\n<div><\/div>\n<div>Refletir sobre a import\u00e2ncia da pr\u00e1tica do professor e a constru\u00e7\u00e3o da identidade docente.<\/div>\n<div><\/div>\n<div>Situa\u00e7\u00e3o-problema<\/div>\n<div>Imagine que voc\u00ea \u00e9 um professor dedicado, imerso na din\u00e2mica desafiadora da educa\u00e7\u00e3o b\u00e1sica<\/div>\n<div>contempor\u00e2nea. Diante de uma diversidade crescente de alunos, oriundos de diferentes<\/div>\n<div>contextos culturais e socioecon\u00f4micos, voc\u00ea se v\u00ea diante de um complexo desafio: a concilia\u00e7\u00e3o<\/div>\n<div>entre a preserva\u00e7\u00e3o dos valores tradicionais e a necessidade de adapta\u00e7\u00e3o \u00e0s demandas<\/div>\n<div>contempor\u00e2neas. A busca por uma identidade docente aut\u00eantica, que respeite a diversidade<\/div>\n<div>cultural dos alunos, integre tecnologias emergentes e promova pr\u00e1ticas pedag\u00f3gicas inovadoras,<\/div>\n<div>torna-se um dilema para muitos educadores. Como construir uma identidade que preserve a<\/div>\n<div>ess\u00eancia do papel do educador, ao mesmo tempo que abra\u00e7a a evolu\u00e7\u00e3o constante do cen\u00e1rio<\/div>\n<div>educacional? A reflex\u00e3o sobre este desafio torna-se crucial para promover uma pr\u00e1tica docente<\/div>\n<div>que seja tanto enraizada em valores fundamentais quanto capaz de inspirar e capacitar os<\/div>\n<div>estudantes para os desafios complexos do mundo contempor\u00e2neo.<\/div>\n<div>Passo 1<\/div>\n<div>Para elaborar a atividade, voc\u00ea precisar\u00e1:<\/div>\n<div>1.\u00a0Refeltir sobre a charge, a seguir:<\/div>\n<div><\/div>\n<div>Disponivel em: https:\/\/blogs.correiobraziliense.com.br\/aricunha\/profissao-professor\/<\/div>\n<div><\/div>\n<div>2. Ler os textos propostos:<\/div>\n<div><\/div>\n<div>ATV<\/div>\n<div>ATIVIDADE PR\u00c1TICA<\/div>\n<div>Texto 1:<\/div>\n<div>DA SILVA, E. P.; CHAKUR, C. R. de S. L. A Tomada de Consci\u00eancia da Crise de Identidade<\/div>\n<div>Profissional em Professores do Ensino Fundamental 1. Sch\u00e8me: Revista Eletr\u00f4nica de<\/div>\n<div>Psicologia e Epistemologia Gen\u00e9ticas, 2009. Dispon\u00edvel em:<\/div>\n<div>https:\/\/www.marilia.unesp.br\/Home\/RevistasEletronicas\/Scheme\/Vol02Num03Art05.pdf.<\/div>\n<div>Acesso em: 12 de Dez. 2023.<\/div>\n<div><\/div>\n<div>Texto2:<\/div>\n<div>LOMBA, Maria L\u00facia Resende; FARIA FILHO, Luciano Mendes. Os professores e sua<\/div>\n<div>forma\u00e7\u00e3o profissional: entrevista com Ant\u00f3nio N\u00f3voa. Educar em Revista, [S.l.], dez. 2022.<\/div>\n<div>ISSN 1984-0411. Dispon\u00edvel em: https:\/\/revistas.ufpr.br\/educar\/article\/view\/88222\/48158 .<\/div>\n<div>Acesso em: 12 dez. 2023.<\/div>\n<div>Passo 2:<\/div>\n<div>Elabora\u00e7\u00e3o do trabalho para postagem no AVA, contendo:<\/div>\n<div>1) Capa da Institui\u00e7\u00e3o, conforme orienta\u00e7\u00e3o dispon\u00edvel na biblioteca virtual.<\/div>\n<div>2) Desenvolvimento: Texto dissertativo contendo uma an\u00e1lise cr\u00edtica dos textos 1 e 2,<\/div>\n<div>elencados no passo 1, que contemplam a constru\u00e7\u00e3o da identidade docente na<\/div>\n<div>contemporaneidade. A an\u00e1lise cr\u00edtica compreende uma avalia\u00e7\u00e3o clara e fundamentada<\/div>\n<div>da validade de uma assertiva por meio da an\u00e1lise dos argumentos que a sustentam. Uma<\/div>\n<div>avalia\u00e7\u00e3o fundamentada incorpora elementos presentes no texto desenvolvido e recorre<\/div>\n<div>a conhecimentos externos bastante aceitos ou demonstrados no pr\u00f3prio texto.<\/div>\n<div>3) Considera\u00e7\u00f5es finais: para a finaliza\u00e7\u00e3o do texto, voc\u00ea deve retomar a pergunta da<\/div>\n<div>charge presente no passo 1, apresentando seu posicionamento sobre o tema Identidade<\/div>\n<div>Docente.<\/div>\n<div><\/div>\n<div>NORMAS PARA ENTREGA DA ATIVIDADE PR\u00c1TICA<\/div>\n<div><\/div>\n<div>Voc\u00ea dever\u00e1 postar seu trabalho final no AVA, na pasta espec\u00edfica relacionada \u00e0 atividade pr\u00e1tica,<\/div>\n<div>obedecendo o prazo limite de postagem, conforme disposto no AVA.<\/div>\n<div>\u2022 O trabalho deve ser enviado em formato Word ou PDF, em um ARQUIVO \u00daNICO de at\u00e9 10<\/div>\n<div>MB.<\/div>\n<div>\u2022 O sistema permite anexar apenas um arquivo. Caso haja mais de uma postagem, ser\u00e1<\/div>\n<div>considerada a \u00faltima vers\u00e3o.<\/div>\n<div>IMPORTANTE:<\/div>\n<div>\u2022 A entrega da atividade, de acordo com a proposta solicitada, \u00e9 um crit\u00e9rio de aprova\u00e7\u00e3o na<\/div>\n<div>disciplina.<\/div>\n<div>\u2022 N\u00e3o h\u00e1 prorroga\u00e7\u00e3o para a postagem da atividade.<\/div>\n<div>Aproveite essa oportunidade para aprofundar ainda mais seus conhecimentos.<\/div>\n<div>Portf\u00f3lio Pr\u00e1tica pr\u00e1ticas pedag\u00f3gicas: identidade docente<\/div>\n<div>\n<div class=\"elementor-toggle-item\">\n<div id=\"elementor-tab-content-1941\" class=\"elementor-tab-content elementor-clearfix elementor-active\" role=\"tabpanel\" data-tab=\"1\" aria-labelledby=\"elementor-tab-title-1941\">\n<h4>Como se realizam os envios?<\/h4>\n<\/div>\n<\/div>\n<div class=\"elementor-toggle-item\">\n<div id=\"elementor-tab-content-1942\" class=\"elementor-tab-content elementor-clearfix elementor-active\" role=\"tabpanel\" data-tab=\"2\" aria-labelledby=\"elementor-tab-title-1942\">O seu trabalho \u00e9 disponibilizado pronto, respondido e nas normas j\u00e1 na mesma hora aqui em nosso site na sua \u00e1rea de downloads e tamb\u00e9m no seu e-mail.<\/div>\n<\/div>\n<div class=\"elementor-toggle-item\">\n<div id=\"elementor-tab-content-1943\" class=\"elementor-tab-content elementor-clearfix elementor-active\" role=\"tabpanel\" data-tab=\"3\" aria-labelledby=\"elementor-tab-title-1943\">\n<h4>Em quanto tempo recebo o portf\u00f3lio?<\/h4>\n<\/div>\n<\/div>\n<div class=\"elementor-toggle-item\">\n<div id=\"elementor-tab-content-1944\" class=\"elementor-tab-content elementor-clearfix elementor-active\" role=\"tabpanel\" data-tab=\"4\" aria-labelledby=\"elementor-tab-title-1944\">\n<p>Os envios s\u00e3o imediatos. Ap\u00f3s sua compra, o trabalho j\u00e1 \u00e9 disponibilizado instantaneamente aqui em nosso site e no seu e-mail.<\/p>\n<h4>E se o portf\u00f3lio que comprei precisar de corre\u00e7\u00e3o?<\/h4>\n<\/div>\n<\/div>\n<div class=\"elementor-toggle-item\">\n<div id=\"elementor-tab-content-1945\" class=\"elementor-tab-content elementor-clearfix elementor-active\" role=\"tabpanel\" data-tab=\"5\" aria-labelledby=\"elementor-tab-title-1945\">\n<p>Caso haja alguma solicita\u00e7\u00e3o de corre\u00e7\u00e3o\/altera\u00e7\u00e3o por parte do tutor, basta entrar em contato conosco pelo\u00a0WhatsApp\u00a0que provid\u00eanciaremos sem custo algum.<\/p>\n<h4>Qual o formato do arquivo?<\/h4>\n<\/div>\n<\/div>\n<div class=\"elementor-toggle-item\">\n<div id=\"elementor-tab-content-1946\" class=\"elementor-tab-content elementor-clearfix elementor-active\" role=\"tabpanel\" data-tab=\"6\" aria-labelledby=\"elementor-tab-title-1946\">\n<p>Os arquivos s\u00e3o enviados em formato Word e s\u00e3o edit\u00e1veis.<\/p>\n<h4>Caso eu tiver alguma d\u00favida, terei suporte no p\u00f3s venda?<\/h4>\n<\/div>\n<\/div>\n<div class=\"elementor-toggle-item\">\n<div id=\"elementor-tab-content-1948\" class=\"elementor-tab-content elementor-clearfix elementor-active\" role=\"tabpanel\" data-tab=\"8\" aria-labelledby=\"elementor-tab-title-1948\">\n<p>Sim, com certeza. Basta clicar no \u00edcone do WhatsApp no cantinho da tela. Ser\u00e1 um prazer atend\u00ea-lo(a).<\/p>\n<div class=\"elementor-toggle-item\">\n<div id=\"elementor-tab-content-1948\" class=\"elementor-tab-content elementor-clearfix elementor-active\" role=\"tabpanel\" data-tab=\"8\" aria-labelledby=\"elementor-tab-title-1948\">\n<h4>Quais os seus canais de contato?<\/h4>\n<\/div>\n<\/div>\n<div class=\"elementor-toggle-item\">\n<div id=\"elementor-tab-content-1949\" class=\"elementor-tab-content elementor-clearfix elementor-active\" role=\"tabpanel\" data-tab=\"9\" aria-labelledby=\"elementor-tab-title-1949\">\n<p>Whatsapp: 53 984751621 \u2013 Clicar no canto da tela ou ESCANEIE O QRCODE ABAIXO<\/p>\n<h4><img decoding=\"async\" class=\"alignnone wp-image-13699\" src=\"https:\/\/i0.wp.com\/portifolioos-prontos.com\/wp-content\/uploads\/2023\/02\/whatsapp-business-projeto-de-extensao-300x300.jpeg?resize=144%2C144\" sizes=\"(max-width: 144px) 100vw, 144px\" srcset=\"https:\/\/i0.wp.com\/portifolioos-prontos.com\/wp-content\/uploads\/2023\/02\/whatsapp-business-projeto-de-extensao.jpeg?resize=300%2C301&amp;ssl=1 300w, https:\/\/i0.wp.com\/portifolioos-prontos.com\/wp-content\/uploads\/2023\/02\/whatsapp-business-projeto-de-extensao.jpeg?resize=100%2C100&amp;ssl=1 100w, https:\/\/i0.wp.com\/portifolioos-prontos.com\/wp-content\/uploads\/2023\/02\/whatsapp-business-projeto-de-extensao.jpeg?resize=150%2C150&amp;ssl=1 150w, https:\/\/i0.wp.com\/portifolioos-prontos.com\/wp-content\/uploads\/2023\/02\/whatsapp-business-projeto-de-extensao.jpeg?resize=370%2C372&amp;ssl=1 370w, https:\/\/i0.wp.com\/portifolioos-prontos.com\/wp-content\/uploads\/2023\/02\/whatsapp-business-projeto-de-extensao.jpeg?w=470&amp;ssl=1 470w\" alt=\"projeto de extens\u00e3o unopar\" width=\"144\" height=\"144\" \/><\/h4>\n<\/div>\n<\/div>\n<\/div>\n<\/div>\n<div class=\"elementor-toggle-item\">\n<div id=\"elementor-tab-content-1949\" class=\"elementor-tab-content elementor-clearfix elementor-active\" role=\"tabpanel\" data-tab=\"9\" aria-labelledby=\"elementor-tab-title-1949\">\n<p>E-mail:portifoliosp@gmail.com<\/p>\n<div id=\"attachment_143\" class=\"wp-caption alignnone\">\n<div id=\"attachment_143\" class=\"wp-caption alignnone\" style=\"width: 109px;\">\n<p><a href=\"http:\/\/portifolioos-prontos.com\/\"><img decoding=\"async\" class=\"wp-image-143 jetpack-lazy-image jetpack-lazy-image--handled\" title=\"portfolio pronto unopar\" src=\"https:\/\/i0.wp.com\/portifolioos-prontos.com\/wp-content\/uploads\/2022\/04\/conceitomaximo.png?resize=161%2C46\" alt=\"PORTFOLIO PRONTO UNOPAR ANHANGUERA\" width=\"109\" height=\"31\" aria-describedby=\"caption-attachment-143\" data-lazy-loaded=\"1\" \/><\/a><\/p>\n<p id=\"caption-attachment-143\" class=\"wp-caption-text\">Portf\u00f3lio em Word, respondido, completo e j\u00e1 nas normas.<\/p>\n<\/div>\n<\/div>\n<\/div>\n<\/div>\n<\/div>\n","protected":false},"excerpt":{"rendered":"<div class=\"product-short-description\">\n<h5><strong>Pague pelo PIX ou cart\u00e3o e fa\u00e7a o download agora mesmo.<\/strong><\/h5>\n<\/div>\n<div class=\"sticky-add-to-cart-wrapper\">\n<div class=\"sticky-add-to-cart\">\n<div class=\"quantity buttons_added form-flat\"><img decoding=\"async\" class=\"alignnone wp-image-761\" src=\"http:\/\/portifolioos-prontos.com\/wp-content\/uploads\/2022\/04\/PIX-300x107.webp\" alt=\"\" width=\"78\" height=\"28\" \/>\u00a0\u00a0<img loading=\"lazy\" decoding=\"async\" class=\"\" src=\"https:\/\/d26lpennugtm8s.cloudfront.net\/assets\/common\/img\/logos\/payment\/visa@2x.png\" width=\"46\" height=\"29\" \/><img loading=\"lazy\" decoding=\"async\" class=\"\" src=\"https:\/\/d26lpennugtm8s.cloudfront.net\/assets\/common\/img\/logos\/payment\/boleto@2x.png\" width=\"43\" height=\"27\" \/><img loading=\"lazy\" decoding=\"async\" class=\"\" src=\"https:\/\/d26lpennugtm8s.cloudfront.net\/assets\/common\/img\/logos\/payment\/mastercard@2x.png\" width=\"43\" height=\"27\" \/><img loading=\"lazy\" decoding=\"async\" class=\"\" src=\"https:\/\/d26lpennugtm8s.cloudfront.net\/assets\/common\/img\/logos\/payment\/amex@2x.png\" width=\"43\" height=\"27\" \/><img loading=\"lazy\" decoding=\"async\" class=\"\" src=\"https:\/\/d26lpennugtm8s.cloudfront.net\/assets\/common\/img\/logos\/payment\/diners@2x.png\" width=\"46\" height=\"29\" \/><img loading=\"lazy\" decoding=\"async\" class=\"\" src=\"https:\/\/d26lpennugtm8s.cloudfront.net\/assets\/common\/img\/logos\/payment\/br\/elo@2x.png\" width=\"45\" height=\"28\" \/><img loading=\"lazy\" decoding=\"async\" class=\"\" src=\"https:\/\/d26lpennugtm8s.cloudfront.net\/assets\/common\/img\/logos\/payment\/br\/hipercard@2x.png\" width=\"44\" height=\"28\" \/><img loading=\"lazy\" decoding=\"async\" class=\"\" src=\"https:\/\/d26lpennugtm8s.cloudfront.net\/assets\/common\/img\/logos\/payment\/mercadopago@2x.png\" width=\"45\" height=\"28\" \/><\/div>\n<\/div>\n<\/div>\n","protected":false},"featured_media":24670,"template":"","meta":{"_seopress_robots_primary_cat":"none","_seopress_titles_title":"","_seopress_titles_desc":"","_seopress_robots_index":""},"product_cat":[15],"product_tag":[],"class_list":{"0":"post-24667","1":"product","2":"type-product","3":"status-publish","4":"has-post-thumbnail","6":"product_cat-uncategorized","8":"first","9":"instock","10":"downloadable","11":"virtual","12":"purchasable","13":"product-type-simple","14":"col-xs-6 col-sm-4","15":"col-mf-5","16":"un-5-cols"},"jetpack_sharing_enabled":true,"_links":{"self":[{"href":"https:\/\/portifolioos-prontos.com\/index.php\/wp-json\/wp\/v2\/product\/24667","targetHints":{"allow":["GET"]}}],"collection":[{"href":"https:\/\/portifolioos-prontos.com\/index.php\/wp-json\/wp\/v2\/product"}],"about":[{"href":"https:\/\/portifolioos-prontos.com\/index.php\/wp-json\/wp\/v2\/types\/product"}],"version-history":[{"count":0,"href":"https:\/\/portifolioos-prontos.com\/index.php\/wp-json\/wp\/v2\/product\/24667\/revisions"}],"wp:featuredmedia":[{"embeddable":true,"href":"https:\/\/portifolioos-prontos.com\/index.php\/wp-json\/wp\/v2\/media\/24670"}],"wp:attachment":[{"href":"https:\/\/portifolioos-prontos.com\/index.php\/wp-json\/wp\/v2\/media?parent=24667"}],"wp:term":[{"taxonomy":"product_cat","embeddable":true,"href":"https:\/\/portifolioos-prontos.com\/index.php\/wp-json\/wp\/v2\/product_cat?post=24667"},{"taxonomy":"product_tag","embeddable":true,"href":"https:\/\/portifolioos-prontos.com\/index.php\/wp-json\/wp\/v2\/product_tag?post=24667"}],"curies":[{"name":"wp","href":"https:\/\/api.w.org\/{rel}","templated":true}]}}