{"id":24715,"date":"2024-04-02T13:38:25","date_gmt":"2024-04-02T16:38:25","guid":{"rendered":"https:\/\/portifolioos-prontos.com\/?post_type=product&#038;p=24715"},"modified":"2025-08-06T20:12:48","modified_gmt":"2025-08-06T23:12:48","slug":"aula-pratica-gestao-de-agronegocios","status":"publish","type":"product","link":"https:\/\/portifolioos-prontos.com\/index.php\/product\/aula-pratica-gestao-de-agronegocios\/","title":{"rendered":"Aula pr\u00e1tica Gest\u00e3o de Agroneg\u00f3cios"},"content":{"rendered":"<p>Aula pr\u00e1tica Gest\u00e3o de\u00a0Agroneg\u00f3cios<\/p>\n<hr \/>\n<p>Disciplina: Gest\u00e3o de Agroneg\u00f3cios<br \/>\nROTEIRO DE AULA PR\u00c1TICA 1<br \/>\nUnidade: 2 \u2013 Economia Industrial no Agribusiness<br \/>\nAula: Agribusiness e a Tecnologia<br \/>\nInfraestrutura:<br \/>\nTablet ou ipad com acesso \u00e0 internet.<\/p>\n<p>ATIVIDADE PR\u00c1TICA 1<br \/>\nAtividade proposta:<br \/>\nCaro aluno, na primeira etapa dessa atividade voc\u00ea ir\u00e1 trazer um panorama da sua regi\u00e3o,<br \/>\ndestacando a import\u00e2ncia do agroneg\u00f3cio no seu munic\u00edpio.<br \/>\n\u2022 Traga um panorama geral da sua cidade (regi\u00e3o, \u00e1rea territorial, popula\u00e7\u00e3o, densidade<br \/>\ndemogr\u00e1fica, clima, economia (principais setores que impactam na economia) qual a<br \/>\nparcela que agricultura ocupa no PIB.<br \/>\n\u2022 Quais as principais culturas agr\u00edcolas em seu munic\u00edpio, o tamanho das \u00e1reas dessas<br \/>\nculturas, seus potenciais produtivos e rendimento m\u00e9dios.<br \/>\n\u2022 Perfil dos produtores da regi\u00e3o<br \/>\no Tamanho m\u00e9dio das propriedades, n\u00edvel de investimento e tecnologia.<br \/>\n\u2022 Principais produtos agroindustriais:<br \/>\no N\u00edvel de industrializa\u00e7\u00e3o e mercado de destino.<br \/>\n\u2022 Principais canais de suportes aos produtores da regi\u00e3o:<br \/>\no Identificar forma de atua\u00e7\u00e3o (cooperativa, venda direta, revenda).<br \/>\no N\u00famero de estabelecimentos<br \/>\nObjetivos:<br \/>\nTrazer um panorama geral e compreender a dimens\u00e3o da agricultura na regi\u00e3o em que o aluno<br \/>\n(a) reside.<br \/>\nProcedimentos para a realiza\u00e7\u00e3o da atividade:<br \/>\nRealizar uma pesquisa coletando dados nos principais \u00f3rg\u00e3os do munic\u00edpio, trazendo todos os<br \/>\ndados necess\u00e1rios para compreens\u00e3o do panorama geral, econ\u00f4mico e agr\u00edcola da regi\u00e3o em<br \/>\nque o aluno mora.<br \/>\nChecklist:<br \/>\n\u2013 Cidade:<br \/>\n\u2013 Regi\u00e3o:<br \/>\n\u2013 \u00c1rea territorial:<br \/>\n\u2013 Popula\u00e7\u00e3o:<br \/>\n\u2013 Densidade demogr\u00e1fica:<br \/>\n\u2013 Clima:<br \/>\n\u2013 Economia (principais setores que impactam a economia):<br \/>\n\u2013 Parcela da agricultura no PIB:<br \/>\n\u2013 Principais culturas agr\u00edcolas, tamanho das \u00e1reas, potenciais produtivos e rendimentos m\u00e9dios.<br \/>\n\u2013 Perfil dos produtores da regi\u00e3o:<br \/>\n\u2013 Principais produtos agroindustriais:<br \/>\n\u2013\u00a0Principais\u00a0canais de suportes aos produtores da regi\u00e3o:<br \/>\nResultado: Aluno, voc\u00ea dever\u00e1 entregar:<br \/>\nArquivo no formato word com o resultado de todas as quest\u00f5es propostas na pesquisa.<br \/>\nRefer\u00eancias:<br \/>\nIBGE \u2013 Instituto Brasileiro de Geografia e Estat\u00edstica. Dispon\u00edvel em: https:\/\/www.ibge.gov.br<\/p>\n<p>Aula pr\u00e1tica Gest\u00e3o de Agroneg\u00f3cios<\/p>\n<div class=\"elementor-toggle-item\">\n<div id=\"elementor-tab-content-1941\" class=\"elementor-tab-content elementor-clearfix elementor-active\" role=\"tabpanel\" data-tab=\"1\" aria-labelledby=\"elementor-tab-title-1941\">\n<h4>Como se realizam os envios?<\/h4>\n<\/div>\n<\/div>\n<div class=\"elementor-toggle-item\">\n<div id=\"elementor-tab-content-1942\" class=\"elementor-tab-content elementor-clearfix elementor-active\" role=\"tabpanel\" data-tab=\"2\" aria-labelledby=\"elementor-tab-title-1942\">O seu trabalho \u00e9 disponibilizado pronto, respondido e nas normas j\u00e1 na mesma hora aqui em nosso site na sua \u00e1rea de downloads e tamb\u00e9m no seu e-mail.<\/div>\n<\/div>\n<div class=\"elementor-toggle-item\">\n<div id=\"elementor-tab-content-1943\" class=\"elementor-tab-content elementor-clearfix elementor-active\" role=\"tabpanel\" data-tab=\"3\" aria-labelledby=\"elementor-tab-title-1943\">\n<h4>Em quanto tempo recebo o portf\u00f3lio?<\/h4>\n<\/div>\n<\/div>\n<div class=\"elementor-toggle-item\">\n<div id=\"elementor-tab-content-1944\" class=\"elementor-tab-content elementor-clearfix elementor-active\" role=\"tabpanel\" data-tab=\"4\" aria-labelledby=\"elementor-tab-title-1944\">\n<p>Os envios s\u00e3o imediatos. Ap\u00f3s sua compra, o trabalho j\u00e1 \u00e9 disponibilizado instantaneamente aqui em nosso site e no seu e-mail.<\/p>\n<h4>E se o portf\u00f3lio que comprei precisar de corre\u00e7\u00e3o?<\/h4>\n<\/div>\n<\/div>\n<div class=\"elementor-toggle-item\">\n<div id=\"elementor-tab-content-1945\" class=\"elementor-tab-content elementor-clearfix elementor-active\" role=\"tabpanel\" data-tab=\"5\" aria-labelledby=\"elementor-tab-title-1945\">\n<p>Caso haja alguma solicita\u00e7\u00e3o de corre\u00e7\u00e3o\/altera\u00e7\u00e3o por parte do tutor, basta entrar em contato conosco pelo\u00a0WhatsApp\u00a0que provid\u00eanciaremos sem custo algum.<\/p>\n<h4>Qual o formato do arquivo?<\/h4>\n<\/div>\n<\/div>\n<div class=\"elementor-toggle-item\">\n<div id=\"elementor-tab-content-1946\" class=\"elementor-tab-content elementor-clearfix elementor-active\" role=\"tabpanel\" data-tab=\"6\" aria-labelledby=\"elementor-tab-title-1946\">\n<p>Os arquivos s\u00e3o enviados em formato Word e s\u00e3o edit\u00e1veis.<\/p>\n<h4>Caso eu tiver alguma d\u00favida, terei suporte no p\u00f3s venda?<\/h4>\n<\/div>\n<\/div>\n<div class=\"elementor-toggle-item\">\n<div id=\"elementor-tab-content-1948\" class=\"elementor-tab-content elementor-clearfix elementor-active\" role=\"tabpanel\" data-tab=\"8\" aria-labelledby=\"elementor-tab-title-1948\">\n<p>Sim, com certeza. Basta clicar no \u00edcone do WhatsApp no cantinho da tela. Ser\u00e1 um prazer atend\u00ea-lo(a).<\/p>\n<div class=\"elementor-toggle-item\">\n<div id=\"elementor-tab-content-1948\" class=\"elementor-tab-content elementor-clearfix elementor-active\" role=\"tabpanel\" data-tab=\"8\" aria-labelledby=\"elementor-tab-title-1948\">\n<h4>Quais os seus canais de contato?<\/h4>\n<\/div>\n<\/div>\n<div class=\"elementor-toggle-item\">\n<div id=\"elementor-tab-content-1949\" class=\"elementor-tab-content elementor-clearfix elementor-active\" role=\"tabpanel\" data-tab=\"9\" aria-labelledby=\"elementor-tab-title-1949\">\n<p>Whatsapp: 53 984751621 \u2013 Clicar no canto da tela ou ESCANEIE O QRCODE ABAIXO<\/p>\n<h4><img decoding=\"async\" class=\"alignnone wp-image-13699\" src=\"https:\/\/i0.wp.com\/portifolioos-prontos.com\/wp-content\/uploads\/2023\/02\/whatsapp-business-projeto-de-extensao-300x300.jpeg?resize=144%2C144\" sizes=\"(max-width: 144px) 100vw, 144px\" srcset=\"https:\/\/i0.wp.com\/portifolioos-prontos.com\/wp-content\/uploads\/2023\/02\/whatsapp-business-projeto-de-extensao.jpeg?resize=300%2C301&amp;ssl=1 300w, https:\/\/i0.wp.com\/portifolioos-prontos.com\/wp-content\/uploads\/2023\/02\/whatsapp-business-projeto-de-extensao.jpeg?resize=100%2C100&amp;ssl=1 100w, https:\/\/i0.wp.com\/portifolioos-prontos.com\/wp-content\/uploads\/2023\/02\/whatsapp-business-projeto-de-extensao.jpeg?resize=150%2C150&amp;ssl=1 150w, https:\/\/i0.wp.com\/portifolioos-prontos.com\/wp-content\/uploads\/2023\/02\/whatsapp-business-projeto-de-extensao.jpeg?resize=370%2C372&amp;ssl=1 370w, https:\/\/i0.wp.com\/portifolioos-prontos.com\/wp-content\/uploads\/2023\/02\/whatsapp-business-projeto-de-extensao.jpeg?w=470&amp;ssl=1 470w\" alt=\"projeto de extens\u00e3o unopar\" width=\"144\" height=\"144\" \/><\/h4>\n<\/div>\n<\/div>\n<\/div>\n<\/div>\n<div class=\"elementor-toggle-item\">\n<div id=\"elementor-tab-content-1949\" class=\"elementor-tab-content elementor-clearfix elementor-active\" role=\"tabpanel\" data-tab=\"9\" aria-labelledby=\"elementor-tab-title-1949\">\n<p>E-mail:portifoliosp@gmail.com<\/p>\n<div id=\"attachment_143\" class=\"wp-caption alignnone\">\n<div id=\"attachment_143\" class=\"wp-caption alignnone\" style=\"width: 105px;\">\n<p><a href=\"http:\/\/portifolioos-prontos.com\/\"><img decoding=\"async\" class=\"wp-image-143 jetpack-lazy-image jetpack-lazy-image--handled smush-detected-img smush-image-10\" title=\"portfolio pronto unopar\" src=\"https:\/\/i0.wp.com\/portifolioos-prontos.com\/wp-content\/uploads\/2022\/04\/conceitomaximo.png?resize=161%2C46\" alt=\"PORTFOLIO PRONTO UNOPAR ANHANGUERA\" width=\"105\" height=\"30\" aria-describedby=\"caption-attachment-143\" data-lazy-loaded=\"1\" \/><\/a><\/p>\n<p id=\"caption-attachment-143\" class=\"wp-caption-text\">Portf\u00f3lio em Word, respondido, completo e j\u00e1 nas normas.<\/p>\n<\/div>\n<\/div>\n<\/div>\n<\/div>\n","protected":false},"excerpt":{"rendered":"<p><strong>Pague pelo PIX ou cart\u00e3o e fa\u00e7a o download agora mesmo.<\/strong><\/p>\n<div class=\"sticky-add-to-cart-wrapper\">\n<div class=\"sticky-add-to-cart\">\n<div class=\"quantity buttons_added form-flat\"><img decoding=\"async\" class=\"alignnone wp-image-761 smush-detected-img smush-image-1 lazyload\" data-src=\"http:\/\/portifolioos-prontos.com\/wp-content\/uploads\/2022\/04\/PIX-300x107.webp\" alt=\"\" width=\"78\" height=\"28\" src=\"image\/svg+xml;base64,PHN2ZyB3aWR0aD0iMSIgaGVpZ2h0PSIxIiB4bWxucz0iaHR0cDovL3d3dy53My5vcmcvMjAwMC9zdmciPjwvc3ZnPg==\" style=\"--smush-placeholder-width: 78px;--smush-placeholder-aspect-ratio: 78\/28\"><\/p>\n<p><img loading=\"lazy\" decoding=\"async\" class=\"smush-detected-img smush-image-2 lazyload\" data-src=\"https:\/\/d26lpennugtm8s.cloudfront.net\/assets\/common\/img\/logos\/payment\/visa@2x.png\" width=\"46\" height=\"29\" src=\"image\/svg+xml;base64,PHN2ZyB3aWR0aD0iMSIgaGVpZ2h0PSIxIiB4bWxucz0iaHR0cDovL3d3dy53My5vcmcvMjAwMC9zdmciPjwvc3ZnPg==\" style=\"--smush-placeholder-width: 46px;--smush-placeholder-aspect-ratio: 46\/29\"><\/p>\n<p><img loading=\"lazy\" decoding=\"async\" class=\"smush-detected-img smush-image-3 lazyload\" data-src=\"https:\/\/d26lpennugtm8s.cloudfront.net\/assets\/common\/img\/logos\/payment\/boleto@2x.png\" width=\"43\" height=\"27\" src=\"image\/svg+xml;base64,PHN2ZyB3aWR0aD0iMSIgaGVpZ2h0PSIxIiB4bWxucz0iaHR0cDovL3d3dy53My5vcmcvMjAwMC9zdmciPjwvc3ZnPg==\" style=\"--smush-placeholder-width: 43px;--smush-placeholder-aspect-ratio: 43\/27\"><\/p>\n<p><img loading=\"lazy\" decoding=\"async\" class=\"smush-detected-img smush-image-4 lazyload\" data-src=\"https:\/\/d26lpennugtm8s.cloudfront.net\/assets\/common\/img\/logos\/payment\/mastercard@2x.png\" width=\"43\" height=\"27\" src=\"image\/svg+xml;base64,PHN2ZyB3aWR0aD0iMSIgaGVpZ2h0PSIxIiB4bWxucz0iaHR0cDovL3d3dy53My5vcmcvMjAwMC9zdmciPjwvc3ZnPg==\" style=\"--smush-placeholder-width: 43px;--smush-placeholder-aspect-ratio: 43\/27\"><\/p>\n<p><img loading=\"lazy\" decoding=\"async\" class=\"smush-detected-img smush-image-5 lazyload\" data-src=\"https:\/\/d26lpennugtm8s.cloudfront.net\/assets\/common\/img\/logos\/payment\/amex@2x.png\" width=\"43\" height=\"27\" src=\"image\/svg+xml;base64,PHN2ZyB3aWR0aD0iMSIgaGVpZ2h0PSIxIiB4bWxucz0iaHR0cDovL3d3dy53My5vcmcvMjAwMC9zdmciPjwvc3ZnPg==\" style=\"--smush-placeholder-width: 43px;--smush-placeholder-aspect-ratio: 43\/27\"><\/p>\n<p><img loading=\"lazy\" decoding=\"async\" class=\"smush-detected-img smush-image-6 lazyload\" data-src=\"https:\/\/d26lpennugtm8s.cloudfront.net\/assets\/common\/img\/logos\/payment\/diners@2x.png\" width=\"46\" height=\"29\" src=\"image\/svg+xml;base64,PHN2ZyB3aWR0aD0iMSIgaGVpZ2h0PSIxIiB4bWxucz0iaHR0cDovL3d3dy53My5vcmcvMjAwMC9zdmciPjwvc3ZnPg==\" style=\"--smush-placeholder-width: 46px;--smush-placeholder-aspect-ratio: 46\/29\"><\/p>\n<p><img loading=\"lazy\" decoding=\"async\" class=\"smush-detected-img smush-image-7 lazyload\" data-src=\"https:\/\/d26lpennugtm8s.cloudfront.net\/assets\/common\/img\/logos\/payment\/br\/elo@2x.png\" width=\"45\" height=\"28\" src=\"image\/svg+xml;base64,PHN2ZyB3aWR0aD0iMSIgaGVpZ2h0PSIxIiB4bWxucz0iaHR0cDovL3d3dy53My5vcmcvMjAwMC9zdmciPjwvc3ZnPg==\" style=\"--smush-placeholder-width: 45px;--smush-placeholder-aspect-ratio: 45\/28\"><\/p>\n<p><img loading=\"lazy\" decoding=\"async\" class=\"smush-detected-img smush-image-8 lazyload\" data-src=\"https:\/\/d26lpennugtm8s.cloudfront.net\/assets\/common\/img\/logos\/payment\/br\/hipercard@2x.png\" width=\"44\" height=\"28\" src=\"image\/svg+xml;base64,PHN2ZyB3aWR0aD0iMSIgaGVpZ2h0PSIxIiB4bWxucz0iaHR0cDovL3d3dy53My5vcmcvMjAwMC9zdmciPjwvc3ZnPg==\" style=\"--smush-placeholder-width: 44px;--smush-placeholder-aspect-ratio: 44\/28\"><\/p>\n<p><img loading=\"lazy\" decoding=\"async\" class=\"smush-detected-img smush-image-9 lazyload\" data-src=\"https:\/\/d26lpennugtm8s.cloudfront.net\/assets\/common\/img\/logos\/payment\/mercadopago@2x.png\" width=\"45\" height=\"28\" src=\"image\/svg+xml;base64,PHN2ZyB3aWR0aD0iMSIgaGVpZ2h0PSIxIiB4bWxucz0iaHR0cDovL3d3dy53My5vcmcvMjAwMC9zdmciPjwvc3ZnPg==\" style=\"--smush-placeholder-width: 45px;--smush-placeholder-aspect-ratio: 45\/28\"><\/div>\n<\/div>\n<\/div>\n","protected":false},"featured_media":24718,"template":"","meta":{"_seopress_robots_primary_cat":"none","_seopress_titles_title":"%%post_title%% %%sitetitle%%","_seopress_titles_desc":"%%post_content%%","_seopress_robots_index":""},"product_cat":[15],"product_tag":[],"class_list":{"0":"post-24715","1":"product","2":"type-product","3":"status-publish","4":"has-post-thumbnail","6":"product_cat-uncategorized","8":"first","9":"instock","10":"downloadable","11":"virtual","12":"purchasable","13":"product-type-simple","14":"col-xs-6 col-sm-4","15":"col-mf-5","16":"un-5-cols"},"jetpack_sharing_enabled":true,"_links":{"self":[{"href":"https:\/\/portifolioos-prontos.com\/index.php\/wp-json\/wp\/v2\/product\/24715","targetHints":{"allow":["GET"]}}],"collection":[{"href":"https:\/\/portifolioos-prontos.com\/index.php\/wp-json\/wp\/v2\/product"}],"about":[{"href":"https:\/\/portifolioos-prontos.com\/index.php\/wp-json\/wp\/v2\/types\/product"}],"version-history":[{"count":0,"href":"https:\/\/portifolioos-prontos.com\/index.php\/wp-json\/wp\/v2\/product\/24715\/revisions"}],"wp:featuredmedia":[{"embeddable":true,"href":"https:\/\/portifolioos-prontos.com\/index.php\/wp-json\/wp\/v2\/media\/24718"}],"wp:attachment":[{"href":"https:\/\/portifolioos-prontos.com\/index.php\/wp-json\/wp\/v2\/media?parent=24715"}],"wp:term":[{"taxonomy":"product_cat","embeddable":true,"href":"https:\/\/portifolioos-prontos.com\/index.php\/wp-json\/wp\/v2\/product_cat?post=24715"},{"taxonomy":"product_tag","embeddable":true,"href":"https:\/\/portifolioos-prontos.com\/index.php\/wp-json\/wp\/v2\/product_tag?post=24715"}],"curies":[{"name":"wp","href":"https:\/\/api.w.org\/{rel}","templated":true}]}}