{"id":25319,"date":"2024-04-19T20:37:52","date_gmt":"2024-04-19T23:37:52","guid":{"rendered":"https:\/\/portifolioos-prontos.com\/?post_type=product&#038;p=25319"},"modified":"2026-03-02T16:29:15","modified_gmt":"2026-03-02T19:29:15","slug":"atividade-pratica-geometria-espacial","status":"publish","type":"product","link":"https:\/\/portifolioos-prontos.com\/index.php\/product\/atividade-pratica-geometria-espacial\/","title":{"rendered":"Atividade pr\u00e1tica Geometria espacial"},"content":{"rendered":"<p><strong>ATIVIDADE PR\u00c1TICA GEOMETRIA ESPACIAL<\/strong><\/p>\n<hr \/>\n<p><strong>OBJETIVOS<\/strong><br \/>\nEssa atividade visa a constru\u00e7\u00e3o de um objeto de aprendizagem que permita comparar<br \/>\nos volumes de prismas e pir\u00e2mides, bem como reflex\u00f5es sobre as potencialidades<br \/>\ndesse objeto para o ensino e aprendizagem de Matem\u00e1tica na Educa\u00e7\u00e3o B\u00e1sica<\/p>\n<hr \/>\n<p><strong>RECURSOS<\/strong><br \/>\nSoftware GeoGebra. Site Oficial do GeoGebra: &lt;https:\/\/www.geogebra.org\/&gt; (acesso<br \/>\n15 dez. 2022)<br \/>\nPara acesso ao software instalado em computador ou notebook:<br \/>\nOs requisitos m\u00ednimos do computador ou notebook s\u00e3o:<br \/>\n\u2022 Processador Intel\u00ae Core i3, com suporte a 64 bits<br \/>\n\u2022 Sistema Operacional Windows 7 ou superior<br \/>\n\u2022 Mem\u00f3ria RAM: 8 GB<br \/>\n\u2022 Espa\u00e7o em disco r\u00edgido: 200 MB dispon\u00edveis para a instala\u00e7\u00e3o.<br \/>\nPara acesso \u00e0 vers\u00e3o online:<br \/>\n\u00c9 necess\u00e1rio conex\u00e3o com a Internet.<br \/>\nPara acesso ao aplicativo para celulares e tablets:<br \/>\nAp\u00f3s instalado o aplicativo, o acesso ao GeoGebra n\u00e3o exige conex\u00e3o com a Internet.<\/p>\n<hr \/>\n<p><strong>PROCEDIMENTOS PR\u00c1TICOS<\/strong><br \/>\n<strong>Atividade proposta<\/strong><br \/>\nGeoGebra \u00e9 um software de matem\u00e1tica que permite o trabalho com temas relacionados<br \/>\nao c\u00e1lculo, \u00e1lgebra e geometria. Ele foi desenvolvido pelo professor Markus<br \/>\nHohenwarter, da Universidade de Salzburgo, na \u00c1ustria.<br \/>\nPor permitir o trabalho com constru\u00e7\u00f5es geom\u00e9tricas e a manipula\u00e7\u00e3o das figuras em<br \/>\ntempo real, ele \u00e9 considerado um software de geometria din\u00e2mica, o qual favorece o<br \/>\nensino e a aprendizagem de conceitos matem\u00e1ticos.<br \/>\nEsse software pode ser acessado de tr\u00eas formas: por meio da vers\u00e3o online, do aplicativo<br \/>\npara celulares ou do software instalado em computadores ou notebooks.<br \/>\nConsiderando esse software propomos a constru\u00e7\u00e3o de um objeto de aprendizagem<br \/>\nrelacionado a volume de prismas e pir\u00e2mides.<br \/>\nProcedimentos para a realiza\u00e7\u00e3o da atividade<br \/>\nNo estudo dos poliedros, duas categorias de s\u00f3lidos podem ser destacadas: os prismas<br \/>\ne as pir\u00e2mides. Apesar das suas especificidades, podemos relacionar as estrat\u00e9gias de<br \/>\nc\u00e1lculo do volume desses s\u00f3lidos entre si, desde que eles apresentem algumas<br \/>\ncaracter\u00edsticas em comum.<br \/>\nNesse sentido, para essa atividade, sua tarefa \u00e9 a de construir um objeto de<br \/>\naprendizagem que permita efetuar compara\u00e7\u00f5es entre os volumes desses s\u00f3lidos. Mais<br \/>\nespecificamente, a proposta \u00e9 utilizar o GeoGebra para construir um prisma reto de base<br \/>\nquadrada e uma pir\u00e2mide reta de base quadrada, ambos com mesma medida de \u00e1rea<br \/>\nda base e mesma medida de altura, acrescentando ferramentas que permitam a<br \/>\nmanipula\u00e7\u00e3o dessas contru\u00e7\u00f5es em tempo real e a compara\u00e7\u00e3o entre os volumes desses<br \/>\npoliedros.<br \/>\nPara iniciar essa atividade, acesse o GeoGebra utilizando uma das vers\u00f5es dispon\u00edveis<br \/>\ne siga os procedimentos a seguir.<br \/>\nObserva\u00e7\u00e3o: Nesse roteiro ser\u00e3o apresentadas as imagens considerando a vers\u00e3o<br \/>\nonline, acessada por meio de um computador. No entanto, os procedimentos podem ser<br \/>\nseguidos da mesma forma em qualquer uma das tr\u00eas vers\u00f5es do GeoGebra. Al\u00e9m disso,<br \/>\nas express\u00f5es sublinhadas, presentes nesse roteiro, correspondem aos comandos que<br \/>\npodem ser digitados diretamente no campo Entrada, no GeoGebra.<br \/>\nEtapa 1: Construindo as bases dos poliedros<br \/>\nInicie com a constru\u00e7\u00e3o de um controle deslizante, no formato num\u00e9rico, cuja varia\u00e7\u00e3o<br \/>\nser\u00e1 de 0 a 5. Para isso, por meio do campo Entrada, digite o comando<br \/>\nControleDeslizante(0,5). Esse controle ser\u00e1 representado pela letra \u201ca\u201d.<br \/>\nEm seguida, utilizando o mesmo procedimento, construa um segundo controle<br \/>\ndeslizante, tamb\u00e9m no formato num\u00e9rico, com varia\u00e7\u00e3o de 0 a 6. Para isso, no campo<br \/>\nEntrada, use o comando ControleDeslizante(0,6). Esse controle ser\u00e1 representado pela<br \/>\nletra \u201cb\u201d.<br \/>\nConfigure os controles deslizantes \u201ca\u201d e \u201cb\u201d para que assumam o valor 2.<br \/>\nNa sequ\u00eancia, construa dois quadrados cujo lado tenha a medida \u201ca\u201d, baseada no<br \/>\ncontrole deslizante j\u00e1 constru\u00eddo. Para isso, no campo Entrada, construa tr\u00eas pontos, de<br \/>\nacordo com as seguintes express\u00f5es:<br \/>\nA=(0,0,0)<br \/>\nB = (a,0,0)<br \/>\nC=(-a,0,0)<br \/>\nFigura 01, acervo do autor.<br \/>\nAcesse a op\u00e7\u00e3o Ferramentas e, com a ferramenta Pol\u00edgono regular, selecione o ponto<br \/>\nA, em seguida o ponto B, nessa ordem. Na caixa que aparecer\u00e1 na tela, digite no campo<br \/>\nV\u00e9rtices o n\u00famero 4. Dessa forma, ser\u00e1 gerado um quadrado de v\u00e9rtices ABDE.<br \/>\nEm seguida, mantendo a ferramenta Pol\u00edgono regular, selecione o ponto A e, em<br \/>\nseguida, o C, nessa ordem. Na caixa que aparecer\u00e1 na tela, digite no campo V\u00e9rtices o<br \/>\nn\u00famero 4. Assim, ser\u00e1 gerado um quadrado de v\u00e9rtices ACFG.<br \/>\nFigura 02, acervo do autor.<br \/>\nEtapa 2: Construindo um prisma e uma pir\u00e2mide<br \/>\nUtilizando a ferramenta Extrus\u00e3o para prisma, selecione o quadrado ABDE (ou pol1) e,<br \/>\nna caixa de texto que aparecer\u00e1 na tela, no campo Altura, digite a letra \u201cb\u201d, que<br \/>\ncorresponde ao segundo controle deslizante criado na etapa anterior.<br \/>\nSelecionando agora a ferramenta Fazer extrus\u00e3o para pir\u00e2mide, selecione o quadrado<br \/>\nACFG (ou pol2) e, na caixa de texto apresentada, no campo Altura, digite a letra \u201cb\u201d, a<br \/>\nmesma utilizada na constru\u00e7\u00e3o do prisma.<br \/>\nFigura 03, acervo do autor.<br \/>\nUtilizando os controles deslizantes criados, modifique os valores de \u201ca\u201d e \u201cb\u201d, e note as<br \/>\naltera\u00e7\u00f5es efetuadas em ambos os s\u00f3lidos. Ap\u00f3s essa an\u00e1lise, retorne os controles para<br \/>\no valor 2.<br \/>\nEtapa 3: Incrementando o objeto de aprendizagem<br \/>\nNesta etapa, o objetivo \u00e9 incrementar esse objeto de tal forma a evidenciar, por meio de<br \/>\nanima\u00e7\u00f5es, as rela\u00e7\u00f5es entre o volume do cilindro e do cone.<br \/>\nPara isso, construa um terceiro controle deslizante utilizando a seguinte configura\u00e7\u00e3o:<br \/>\nControleDeslizante(0,b), o qual ser\u00e1 denominado \u201cc\u201d. Ajuste esse controle para o valor<br \/>\n1.<br \/>\nUtilizando o campo Entrada, construa um plano digitando a express\u00e3o z=c.<br \/>\nNa sequ\u00eancia, determine a interse\u00e7\u00e3o desse plano com cada aresta lateral da pir\u00e2mide<br \/>\nutilizando a ferramenta Interse\u00e7\u00e3o de Dois Objetos. Para isso, selecione a ferramenta<br \/>\ne, em seguida, clique no plano e na aresta IA. Repita esse procedimento com as arestas<br \/>\nIC, IF e IG, sempre selecionando o plano e a aresta com a ferramenta em quest\u00e3o<br \/>\nativada.<br \/>\nFigura 04, acervo do autor.<br \/>\nOculte o plano, denominado \u201cp\u201d, mas mantenha vis\u00edveis todos os demais elementos.<br \/>\nUtilizando a ferramenta Pol\u00edgono, crie os pol\u00edgonos AHKG, AHJC, CJPF e FPKG. Para<br \/>\na primeira figrua, selecione a ferramenta em quest\u00e3o, em seguida selecione os pontos<br \/>\nA, H, K, G e A, nessa ordem. Lembre-se de sempre selecionar, ao final, o primeiro ponto<br \/>\nnovamente para fechar o pol\u00edgono. Repita essa constru\u00e7\u00e3o com os outros tr\u00eas pol\u00edgonos.<br \/>\nFigura 05, acervo do autor.<br \/>\nAp\u00f3s essa constru\u00e7\u00e3o, oculte os pontos H, J, K e P.<br \/>\nSelecionando a ferramenta Mover, modifique a vis\u00e3o dessa constru\u00e7\u00e3o de modo que<br \/>\nseja poss\u00edvel observar a base do prisma pela parte inferior.<br \/>\nFigura 06, acervo do autor.<br \/>\nSelecione a ferramenta Extrus\u00e3o para prisma, selecione o quadrado ABDE (ou pol1) e,<br \/>\nna caixa de texto que aparecer\u00e1 na tela, no campo Altura, digite a express\u00e3o \u201c(b-c)\/3\u201d.<br \/>\nCom a ferramenta Mover, retorne a constru\u00e7\u00e3o \u00e0 vis\u00e3o anterior.<br \/>\nAp\u00f3s essas constru\u00e7\u00f5es, altere o valor do controle deslizante \u201cb\u201d para 3 e movimente o<br \/>\ncontrole deslizante \u201cc\u201d, observando as altera\u00e7\u00f5es na constru\u00e7\u00e3o.<br \/>\nFigura 07, acervo do autor.<br \/>\nPara complementar o objeto, acrescente informa\u00e7\u00f5es quanto ao volume dos s\u00f3lidos em<br \/>\nquest\u00e3o. Selecione a ferramenta Volume e clique no prisma e na pir\u00e2mide originais,<br \/>\nconstru\u00eddos na etapa 2 do roteiro.<br \/>\nEm seguida, selecione a ferramenta Texto, clique na regi\u00e3o em branco da janela de<br \/>\nvisualiza\u00e7\u00e3o. Na janela de Texto, abra a caixa Avan\u00e7ado. No primeiro campo, digite a<br \/>\ninforma\u00e7\u00e3o Volume do cilindro: e, ao lado, insira o volume do cilindro selecionando, no<br \/>\ncampo inferior, o objeto volumed. Na linha seguinte, digite a informa\u00e7\u00e3o Volume do cone:<br \/>\ne, ao lado, insira o objeto volumee, selecionando-o a partir do quadro inferior. Ao final,<br \/>\nselecione o bot\u00e3o OK.<br \/>\nFigura 08, acervo do autor.<br \/>\nAp\u00f3s essas constru\u00e7\u00f5es, o resultado obtido ser\u00e1 o indicado na figura a seguir.<br \/>\nFigura 08, acervo do autor.<br \/>\nPara finalizar, clique com o bot\u00e3o direito do mouse em cada um dos pontos da figura,<br \/>\nacesse a op\u00e7\u00e3o Configura\u00e7\u00f5es e deixe a op\u00e7\u00e3o Exibir Objeto desmarcada. Repita<br \/>\nesse procedimento para cada um dos pontos.<br \/>\nEm seguida, oculte tamb\u00e9m os objetos \u201cTextod\u201d e \u201cTextoe\u201d. Clique com o bot\u00e3o direito<br \/>\ndo mouse na janela e desmarque as op\u00e7\u00f5es Exibir Eixos e Exibir plano, finalizando a<br \/>\nconstru\u00e7\u00e3o do objeto.<br \/>\n<strong>Checklist<\/strong><br \/>\n\u2013 N\u00e3o se aplica.<\/p>\n<hr \/>\n<p><strong>RESULTADO<\/strong><br \/>\nVoc\u00ea dever\u00e1 entregar um relat\u00f3rio, em formato Word contemplando as seguintes<br \/>\ninforma\u00e7\u00f5es conforme segue.<\/p>\n<hr \/>\n<p><strong>MODELO DE RELAT\u00d3RIO<\/strong><br \/>\nI. Nome da disciplina<br \/>\nII. T\u00edtulo da atividade<br \/>\nIII. Apresenta\u00e7\u00e3o do objeto de aprendizagem<br \/>\nElabore uma descri\u00e7\u00e3o para o objeto de aprendizagem, indicando suas principais<br \/>\ncaracter\u00edsticas e os conte\u00fados que podem ser abordados por meio da explora\u00e7\u00e3o do<br \/>\nobjeto de aprendizagem constru\u00eddo.<br \/>\nAl\u00e9m disso, nessa apresenta\u00e7\u00e3o, apresente imagens desse objeto de aprendizagem,<br \/>\nobtidas a partir da constru\u00e7\u00e3o realizada por voc\u00ea. Apresente ao menos tr\u00eas imagens,<br \/>\nvariando os valores dos par\u00e2metros inseridos nessa constru\u00e7\u00e3o, ou seja, varie os valores<br \/>\nassumidos pelos \u201ccontroles deslizantes\u201d, explicitando de que forma esses par\u00e2metros<br \/>\ninfluenciam na estrutura dos s\u00f3lidos presentes nesse objeto de aprendizagem. Com o<br \/>\naux\u00edlio dessas figuras, procure explicar como um aluno pode manipular e analisar esse<br \/>\nobjeto.<br \/>\nIV. Potencialidades do objeto para o ensino e aprendizagem de Matem\u00e1tica<br \/>\nElabore um texto, contendo de 2 a 3 p\u00e1ginas, discutindo sobre as potencialidades desse<br \/>\nobjeto para o ensino e aprendizagem de Matem\u00e1tica. Destaque, durante seu texto, os<br \/>\npontos positivos e negativos desse objeto, como ele pode ser inserido durante as aulas<br \/>\npara o trabalho com os conte\u00fados a ele relacionados, para qual etapa da Educa\u00e7\u00e3o B\u00e1sica<br \/>\nele seria mais indicado, entre outras quest\u00f5es que voc\u00ea julgar relevantes diante dessa<br \/>\ntem\u00e1tica.<br \/>\nPara enriquecer seu texto, voc\u00ea pode apresentar exemplos de atividades que poderiam<br \/>\nser desenvolvidas com o uso desse objeto de aprendizagem, destacando os objetivos e<br \/>\nelucidando o papel do professor durante esse trabalho.<br \/>\nV. Refer\u00eancias<br \/>\nUtilize as normas da ABNT para a indica\u00e7\u00e3o das refer\u00eancias de todos os materiais<br \/>\nconsultados para a elabora\u00e7\u00e3o do seu relat\u00f3rio.<\/p>\n<div class=\"elementor-toggle-item\">\n<h4 id=\"elementor-tab-title-1941\" class=\"elementor-tab-title elementor-active\" tabindex=\"0\" role=\"tab\" data-tab=\"1\" aria-controls=\"elementor-tab-content-1941\" aria-expanded=\"true\" aria-selected=\"true\">Como funciona?<\/h4>\n<div id=\"elementor-tab-content-1941\" class=\"elementor-tab-content elementor-clearfix elementor-active\" role=\"tabpanel\" data-tab=\"1\" aria-labelledby=\"elementor-tab-title-1941\">\n<p>Elaboramos os portf\u00f3lios, j\u00e1 deixamos prontos, nas normas da ABNT e conforme os requisitos da universidade. F\u00e1cil assim! O MELHOR \u00c9 QUE VOC\u00ca COMPRA E J\u00c1 BAIXA NA HORA O SEU ARQUIVO EM WORD! Sabemos que conciliar trabalho, fam\u00edlia, vida profissional e estudos \u00e9 dif\u00edcil hoje em dia, por isso, estamos aqui para ajudar voc\u00ea. Conte com nossa qualidade, experi\u00eancia e profissionalismo adquirindo seu portf\u00f3lio conosco. GARANTIMOS SEU CONCEITO!<\/p>\n<h4>Como se realizam os envios?<\/h4>\n<\/div>\n<\/div>\n<div class=\"elementor-toggle-item\">\n<div id=\"elementor-tab-content-1942\" class=\"elementor-tab-content elementor-clearfix elementor-active\" role=\"tabpanel\" data-tab=\"2\" aria-labelledby=\"elementor-tab-title-1942\">O seu trabalho \u00e9 disponibilizado pronto, respondido e nas normas j\u00e1 na mesma hora aqui em nosso site na sua \u00e1rea de downloads e tamb\u00e9m no seu e-mail.<\/div>\n<\/div>\n<div class=\"elementor-toggle-item\">\n<div id=\"elementor-tab-content-1943\" class=\"elementor-tab-content elementor-clearfix elementor-active\" role=\"tabpanel\" data-tab=\"3\" aria-labelledby=\"elementor-tab-title-1943\">\n<h4>Em quanto tempo recebo o portf\u00f3lio?<\/h4>\n<\/div>\n<\/div>\n<div class=\"elementor-toggle-item\">\n<div id=\"elementor-tab-content-1944\" class=\"elementor-tab-content elementor-clearfix elementor-active\" role=\"tabpanel\" data-tab=\"4\" aria-labelledby=\"elementor-tab-title-1944\">\n<p>Os envios s\u00e3o imediatos. Ap\u00f3s sua compra, o trabalho j\u00e1 \u00e9 disponibilizado instantaneamente aqui em nosso site e no seu e-mail.<\/p>\n<h4>E se o portf\u00f3lio que comprei precisar de corre\u00e7\u00e3o?<\/h4>\n<\/div>\n<\/div>\n<div class=\"elementor-toggle-item\">\n<div id=\"elementor-tab-content-1945\" class=\"elementor-tab-content elementor-clearfix elementor-active\" role=\"tabpanel\" data-tab=\"5\" aria-labelledby=\"elementor-tab-title-1945\">\n<p>Caso haja alguma solicita\u00e7\u00e3o de corre\u00e7\u00e3o\/altera\u00e7\u00e3o por parte do tutor, basta entrar em contato conosco pelo\u00a0WhatsApp\u00a0que provid\u00eanciaremos sem custo algum.<\/p>\n<h4>Qual o formato do arquivo?<\/h4>\n<\/div>\n<\/div>\n<div class=\"elementor-toggle-item\">\n<div id=\"elementor-tab-content-1946\" class=\"elementor-tab-content elementor-clearfix elementor-active\" role=\"tabpanel\" data-tab=\"6\" aria-labelledby=\"elementor-tab-title-1946\">\n<p>Os arquivos s\u00e3o enviados em formato Word e s\u00e3o edit\u00e1veis.<\/p>\n<h4>Caso eu tiver alguma d\u00favida, terei suporte no p\u00f3s venda?<\/h4>\n<\/div>\n<\/div>\n<div class=\"elementor-toggle-item\">\n<div id=\"elementor-tab-content-1948\" class=\"elementor-tab-content elementor-clearfix elementor-active\" role=\"tabpanel\" data-tab=\"8\" aria-labelledby=\"elementor-tab-title-1948\">\n<p>Sim, com certeza. Basta clicar no \u00edcone do WhatsApp no cantinho da tela. Ser\u00e1 um prazer atend\u00ea-lo(a).<\/p>\n<div class=\"elementor-toggle-item\">\n<div id=\"elementor-tab-content-1948\" class=\"elementor-tab-content elementor-clearfix elementor-active\" role=\"tabpanel\" data-tab=\"8\" aria-labelledby=\"elementor-tab-title-1948\">\n<h4>Quais os seus canais de contato?<\/h4>\n<\/div>\n<\/div>\n<div class=\"elementor-toggle-item\">\n<div id=\"elementor-tab-content-1949\" class=\"elementor-tab-content elementor-clearfix elementor-active\" role=\"tabpanel\" data-tab=\"9\" aria-labelledby=\"elementor-tab-title-1949\">\n<p>Whatsapp: 53 984751621 \u2013 Clicar no canto da tela ou ESCANEIE O QRCODE ABAIXO<\/p>\n<h4><img decoding=\"async\" class=\"alignnone wp-image-13699 jetpack-lazy-image jetpack-lazy-image--handled smush-detected-img smush-image-1\" src=\"https:\/\/i0.wp.com\/portifolioos-prontos.com\/wp-content\/uploads\/2023\/02\/whatsapp-business-projeto-de-extensao-300x300.jpeg?resize=144%2C144\" sizes=\"(max-width: 144px) 100vw, 144px\" srcset=\"https:\/\/i0.wp.com\/portifolioos-prontos.com\/wp-content\/uploads\/2023\/02\/whatsapp-business-projeto-de-extensao.jpeg?resize=300%2C301&amp;ssl=1 300w, https:\/\/i0.wp.com\/portifolioos-prontos.com\/wp-content\/uploads\/2023\/02\/whatsapp-business-projeto-de-extensao.jpeg?resize=150%2C150&amp;ssl=1 150w, https:\/\/i0.wp.com\/portifolioos-prontos.com\/wp-content\/uploads\/2023\/02\/whatsapp-business-projeto-de-extensao.jpeg?resize=370%2C372&amp;ssl=1 370w, https:\/\/i0.wp.com\/portifolioos-prontos.com\/wp-content\/uploads\/2023\/02\/whatsapp-business-projeto-de-extensao.jpeg?resize=100%2C100&amp;ssl=1 100w, https:\/\/i0.wp.com\/portifolioos-prontos.com\/wp-content\/uploads\/2023\/02\/whatsapp-business-projeto-de-extensao.jpeg?w=470&amp;ssl=1 470w\" alt=\"projeto de extens\u00e3o unopar\" width=\"144\" height=\"144\" data-lazy-loaded=\"1\" \/><\/h4>\n<\/div>\n<\/div>\n<\/div>\n<\/div>\n<div class=\"elementor-toggle-item\">\n<div id=\"elementor-tab-content-1949\" class=\"elementor-tab-content elementor-clearfix elementor-active\" role=\"tabpanel\" data-tab=\"9\" aria-labelledby=\"elementor-tab-title-1949\">\n<p>E-mail:portifoliosp@gmail.com<\/p>\n<div id=\"attachment_143\" class=\"wp-caption alignnone\">\n<div id=\"attachment_143\" class=\"wp-caption alignnone\" style=\"width: 116px;\">\n<p><a href=\"https:\/\/portifolioos-prontos.com\/\"><img decoding=\"async\" class=\"wp-image-143 jetpack-lazy-image jetpack-lazy-image--handled smush-detected-img smush-image-11 smush-image-2\" title=\"portfolio pronto unopar\" src=\"https:\/\/i0.wp.com\/portifolioos-prontos.com\/wp-content\/uploads\/2022\/04\/conceitomaximo.png?resize=161%2C46\" alt=\"PORTFOLIO PRONTO UNOPAR ANHANGUERA\" width=\"116\" height=\"33\" aria-describedby=\"caption-attachment-143\" data-lazy-loaded=\"1\" \/><\/a><\/p>\n<p id=\"caption-attachment-143\" class=\"wp-caption-text\">Portf\u00f3lio em Word, respondido, completo e j\u00e1 nas normas<\/p>\n<\/div>\n<\/div>\n<\/div>\n<\/div>\n","protected":false},"excerpt":{"rendered":"<div class=\"product-short-description\">\n<h5><strong>Pague pelo PIX ou cart\u00e3o e fa\u00e7a o download agora mesmo.<\/strong><\/h5>\n<\/div>\n<div class=\"sticky-add-to-cart-wrapper\">\n<div class=\"sticky-add-to-cart\">\n<div class=\"quantity buttons_added form-flat\"><img decoding=\"async\" class=\"smush-detected-img smush-image-3\" src=\"https:\/\/d26lpennugtm8s.cloudfront.net\/assets\/common\/img\/logos\/payment\/visa@2x.png\" width=\"46\" height=\"29\" \/><img loading=\"lazy\" decoding=\"async\" class=\"smush-detected-img smush-image-4\" src=\"https:\/\/d26lpennugtm8s.cloudfront.net\/assets\/common\/img\/logos\/payment\/boleto@2x.png\" width=\"43\" height=\"27\" \/><img loading=\"lazy\" decoding=\"async\" class=\"smush-detected-img smush-image-5\" src=\"https:\/\/d26lpennugtm8s.cloudfront.net\/assets\/common\/img\/logos\/payment\/mastercard@2x.png\" width=\"43\" height=\"27\" \/><img loading=\"lazy\" decoding=\"async\" class=\"smush-detected-img smush-image-6\" src=\"https:\/\/d26lpennugtm8s.cloudfront.net\/assets\/common\/img\/logos\/payment\/amex@2x.png\" width=\"43\" height=\"27\" \/><img loading=\"lazy\" decoding=\"async\" class=\"smush-detected-img smush-image-7\" src=\"https:\/\/d26lpennugtm8s.cloudfront.net\/assets\/common\/img\/logos\/payment\/diners@2x.png\" width=\"46\" height=\"29\" \/><img loading=\"lazy\" decoding=\"async\" class=\"smush-detected-img smush-image-8\" src=\"https:\/\/d26lpennugtm8s.cloudfront.net\/assets\/common\/img\/logos\/payment\/br\/elo@2x.png\" width=\"45\" height=\"28\" \/><img loading=\"lazy\" decoding=\"async\" class=\"smush-detected-img smush-image-9\" src=\"https:\/\/d26lpennugtm8s.cloudfront.net\/assets\/common\/img\/logos\/payment\/br\/hipercard@2x.png\" width=\"44\" height=\"28\" \/><img loading=\"lazy\" decoding=\"async\" class=\"smush-detected-img smush-image-10\" src=\"https:\/\/d26lpennugtm8s.cloudfront.net\/assets\/common\/img\/logos\/payment\/mercadopago@2x.png\" width=\"45\" height=\"28\" \/><\/div>\n<\/div>\n<\/div>\n","protected":false},"featured_media":25322,"template":"","meta":{"_seopress_robots_primary_cat":"none","_seopress_titles_title":"%%post_title%% %%sitetitle%%","_seopress_titles_desc":"%%post_content%%","_seopress_robots_index":""},"product_cat":[15],"product_tag":[],"class_list":{"0":"post-25319","1":"product","2":"type-product","3":"status-publish","4":"has-post-thumbnail","6":"product_cat-uncategorized","8":"first","9":"instock","10":"downloadable","11":"virtual","12":"purchasable","13":"product-type-simple","14":"col-xs-6 col-sm-4","15":"col-mf-5","16":"un-5-cols"},"jetpack_sharing_enabled":true,"_links":{"self":[{"href":"https:\/\/portifolioos-prontos.com\/index.php\/wp-json\/wp\/v2\/product\/25319","targetHints":{"allow":["GET"]}}],"collection":[{"href":"https:\/\/portifolioos-prontos.com\/index.php\/wp-json\/wp\/v2\/product"}],"about":[{"href":"https:\/\/portifolioos-prontos.com\/index.php\/wp-json\/wp\/v2\/types\/product"}],"version-history":[{"count":2,"href":"https:\/\/portifolioos-prontos.com\/index.php\/wp-json\/wp\/v2\/product\/25319\/revisions"}],"predecessor-version":[{"id":49793,"href":"https:\/\/portifolioos-prontos.com\/index.php\/wp-json\/wp\/v2\/product\/25319\/revisions\/49793"}],"wp:featuredmedia":[{"embeddable":true,"href":"https:\/\/portifolioos-prontos.com\/index.php\/wp-json\/wp\/v2\/media\/25322"}],"wp:attachment":[{"href":"https:\/\/portifolioos-prontos.com\/index.php\/wp-json\/wp\/v2\/media?parent=25319"}],"wp:term":[{"taxonomy":"product_cat","embeddable":true,"href":"https:\/\/portifolioos-prontos.com\/index.php\/wp-json\/wp\/v2\/product_cat?post=25319"},{"taxonomy":"product_tag","embeddable":true,"href":"https:\/\/portifolioos-prontos.com\/index.php\/wp-json\/wp\/v2\/product_tag?post=25319"}],"curies":[{"name":"wp","href":"https:\/\/api.w.org\/{rel}","templated":true}]}}