{"id":2680,"date":"2022-05-13T13:02:20","date_gmt":"2022-05-13T16:02:20","guid":{"rendered":"https:\/\/portifolioos-prontos.com\/?post_type=product&#038;p=2680"},"modified":"2023-02-15T18:10:11","modified_gmt":"2023-02-15T21:10:11","slug":"plano-de-trabalho-dos-estagios-dos-cursos-de-licenciatura-reformulacao-devido-a-pandemia-covid-19-estagio-ii-anos-inicias-do-ensino-fundamental-pedagogia","status":"publish","type":"product","link":"https:\/\/portifolioos-prontos.com\/index.php\/product\/plano-de-trabalho-dos-estagios-dos-cursos-de-licenciatura-reformulacao-devido-a-pandemia-covid-19-estagio-ii-anos-inicias-do-ensino-fundamental-pedagogia\/","title":{"rendered":"PLANO DE TRABALHO DOS EST\u00c1GIOS DOS CURSOS DE LICENCIATURA REFORMULA\u00c7\u00c3O DEVIDO \u00c0 PANDEMIA COVID-19 EST\u00c1GIO II ANOS INICIAS DO ENSINO FUNDAMENTAL (PEDAGOGIA)"},"content":{"rendered":"<h4><strong>PLANO DE TRABALHO DOS EST\u00c1GIOS DOS CURSOS DE LICENCIATURA REFORMULA\u00c7\u00c3O DEVIDO \u00c0 PANDEMIA COVID-19 EST\u00c1GIO II ANOS INICIAIS DO ENSINO FUNDAMENTAL (PEDAGOGIA)<\/strong><\/h4>\n<hr \/>\n<p><strong>POSSUI UM TOTAL DE 27 P\u00c1GINAS<\/strong><\/p>\n<hr \/>\n<p>1. PLANO DE TRABALHO: EDUCA\u00c7\u00c3O INFANTIL, ENSINO FUNDAMENTAL \u2013 ANOS INICIAIS, E<br \/>\nENSINO FUNDAMENTAL \u2013 ANOS FINAIS \u2026\u2026\u2026\u2026\u2026\u2026\u2026\u2026\u2026\u2026\u2026\u2026\u2026\u2026\u2026\u2026\u2026\u2026\u2026\u2026\u2026\u2026\u2026\u2026\u2026\u2026\u2026\u2026\u2026.. 3<br \/>\n1.1 ORIENTA\u00c7\u00d5ES PARA AS ATIVIDADES\u2026\u2026\u2026\u2026\u2026\u2026\u2026\u2026\u2026\u2026\u2026\u2026\u2026\u2026\u2026\u2026\u2026\u2026\u2026\u2026\u2026\u2026\u2026\u2026\u2026\u2026\u2026\u2026\u2026.4<\/p>\n<p>1. PLANO DE TRABALHO: EDUCA\u00c7\u00c3O INFANTIL, ENSINO FUNDAMENTAL \u2013 ANOS INICIAIS,<br \/>\nE ENSINO FUNDAMENTAL \u2013 ANOS FINAIS<\/p>\n<p>No quadro a seguir, h\u00e1 a descri\u00e7\u00e3o das atividades do Plano de Trabalho reformulado<br \/>\ndevido ao contexto da pandemia COVID-19, conforme campos de est\u00e1gio (Educa\u00e7\u00e3o Infantil,<br \/>\nEnsino Fundamental \u2013 Anos Iniciais e Ensino Fundamental \u2013 Anos Finais).<\/p>\n<p>Plano de Trabalho Reformulado<\/p>\n<p>Atividade A: Ler os textos indicados.<br \/>\nAtividade B: Conhecer a fun\u00e7\u00e3o e a estrutura do Projeto Pol\u00edtico Pedag\u00f3gico (PPP).<br \/>\nAtividade C: Conhecer a atua\u00e7\u00e3o do professor regente e sua inter-rela\u00e7\u00e3o com a equipe pedag\u00f3gica<br \/>\ne administrativa, assim como a atua\u00e7\u00e3o da equipe pedag\u00f3gica no acompanhamento do<br \/>\ndesenvolvimento da disciplina.<br \/>\nAtividade D: Conhecer a abordagem dos temas contempor\u00e2neos transversais da BNCC (meio<br \/>\nambiente, economia, sa\u00fade, cidadania e civismo, multiculturalismo e ci\u00eancia e tecnologia).<br \/>\nAtividade E: Pesquisar metodologias ativas com uso de tecnologias digitais.<br \/>\nAtividade F: Elaborar 2 (dois) planos de aula, conforme campo de est\u00e1gio.<br \/>\nAtividade G: Produzir Relat\u00f3rio de Est\u00e1gio.<\/p>\n<p>1.1 ORIENTA\u00c7\u00d5ES PARA AS ATIVIDADES<\/p>\n<p>A seguir, s\u00e3o apresentadas as orienta\u00e7\u00f5es das atividades previstas para os est\u00e1gios de<br \/>\nEduca\u00e7\u00e3o Infantil, Ensino Fundamental \u2013 Anos Iniciais e Ensino Fundamental \u2013 Anos Finais<br \/>\ndos cursos de Licenciatura, reformuladas para atender \u00e0s restri\u00e7\u00f5es estabelecidas durante o<br \/>\nper\u00edodo da pandemia COVID-19.<br \/>\nVerifique seu campo de est\u00e1gio no Plano de Trabalho original, de acordo com seu curso<br \/>\ne semestre.<\/p>\n<p>ATIVIDADE A \u2013 Ler os textos indicados<\/p>\n<p>Os textos indicados para leitura est\u00e3o dispon\u00edveis no AVA do respectivo est\u00e1gio, na<br \/>\npasta \u201cLeitura\u201d \u2013 Materiais Externos \u2013 Textos Est\u00e1gios.<br \/>\nA pasta \u201cTextos Est\u00e1gios\u201d est\u00e1 compactada, sendo necess\u00e1rio baix\u00e1-la e descompactar.<br \/>\nAo acessar a pasta, identifique o seu curso. Em seguida, localize seu est\u00e1gio e clique<br \/>\nna respectiva pasta para visualizar o texto.<\/p>\n<p>Ap\u00f3s a leitura do material indicado, voc\u00ea deve produzir um texto dissertativo-<br \/>\nargumentativo, contendo de 1,5 a 2 p\u00e1ginas, analisando as principais ideias apontadas pelos<\/p>\n<p>autores e os aspectos a serem destacados no segmento no qual voc\u00ea realiza o est\u00e1gio.<br \/>\nATIVIDADE B \u2013 Conhecer a fun\u00e7\u00e3o e a estrutura do Projeto Pol\u00edtico Pedag\u00f3gico (PPP)<br \/>\nO Projeto Pol\u00edtico Pedag\u00f3gico (PPP) \u00e9 um documento normativo de grande relev\u00e2ncia<br \/>\npara a escola, pois se refere ao planejamento global da institui\u00e7\u00e3o, entretanto, essa<br \/>\nsistematiza\u00e7\u00e3o n\u00e3o \u00e9 definitiva, mas sim, flex\u00edvel e org\u00e2nica. Segundo a legisla\u00e7\u00e3o educacional<br \/>\nbrasileira, ele deve ser elaborado em uma perspectiva democr\u00e1tica, a qual reconhece a<br \/>\nnecessidade de envolvimento de todos os membros do contexto escolar (gest\u00e3o escolar,<br \/>\nprofessores, alunos e comunidade). Cada PPP \u00e9 \u00fanico, pois expressa as finalidades e as<br \/>\nnecessidades da realidade escolar que representa.<br \/>\nLeia um exemplo de PPP dispon\u00edvel no AVA do respectivo est\u00e1gio, na pasta \u201cLeitura\u201d \u2013<br \/>\nArquivos.<br \/>\nA partir da leitura realizada, responda:<br \/>\n1. O que \u00e9 o PPP e qual a import\u00e2ncia desse documento para o ambiente escolar?<br \/>\n2. A Base Nacional Comum Curricular (BNCC) \u00e9 um documento normativo que define<br \/>\nas aprendizagens essenciais que todos os alunos devem se apropriar na educa\u00e7\u00e3o<br \/>\nb\u00e1sica. Sendo assim, todas as escolas devem organizar seu curr\u00edculo a partir desse<br \/>\ndocumento. Com base na leitura que voc\u00ea realizou, como as compet\u00eancias gerais<br \/>\nda Educa\u00e7\u00e3o B\u00e1sica se inter-relacionam com o PPP?<br \/>\n3. A avalia\u00e7\u00e3o da aprendizagem \u00e9 um elemento crucial no processo de ensino e de<br \/>\naprendizagem, visto que oportuniza ind\u00edcios dos avan\u00e7os escolares e dos pontos<br \/>\nque precisam ser aperfei\u00e7oados. Com base na leitura que voc\u00ea realizou do PPP, de<br \/>\nque modo a escola apresenta o processo de avalia\u00e7\u00e3o?<\/p>\n<p>As perguntas e as respostas devem ser inseridas no relat\u00f3rio final, contendo de 1,5 a 2<br \/>\np\u00e1ginas.<br \/>\nATIVIDADE C \u2013 Conhecer a atua\u00e7\u00e3o do professor e sua inter-rela\u00e7\u00e3o com a equipe pedag\u00f3gica<br \/>\ne administrativa, assim como a atua\u00e7\u00e3o da equipe pedag\u00f3gica no acompanhamento do<br \/>\ndesenvolvimento da disciplina<\/p>\n<p>Identifique, a seguir, seu campo de est\u00e1gio. Depois, veja os v\u00eddeos dispon\u00edveis no AVA<br \/>\ndo respectivo est\u00e1gio, na pasta \u201cLeitura\u201d \u2013 Arquivos \u2013 V\u00eddeos Complementares Adaptados \u2013<br \/>\nCovid, e responda \u00e0s respectivas perguntas:<br \/>\nCampo de est\u00e1gio: Educa\u00e7\u00e3o Infantil<br \/>\n1. V\u00cdDEO A (Tema: Atua\u00e7\u00e3o do professor da Educa\u00e7\u00e3o Infantil)<br \/>\n2. V\u00cdDEO B (Tema: Atua\u00e7\u00e3o da equipe pedag\u00f3gica)<br \/>\n3. V\u00cdDEO C (Tema: Atua\u00e7\u00e3o da equipe administrativa)<br \/>\n4. V\u00cdDEO D (Tema: KLS Fundamentos e Organiza\u00e7\u00e3o da Educa\u00e7\u00e3o Infantil e do<br \/>\nEnsino Fundamental)<br \/>\nA partir dos v\u00eddeos, responda \u00e0s perguntas:<br \/>\n1) Considerando os conhecimentos abordados sobre a doc\u00eancia na educa\u00e7\u00e3o<br \/>\ninfantil, aponte tr\u00eas atividades que fazem parte da rotina de trabalho do<br \/>\nprofessor e explique como essas atividades devem ocorrer.<br \/>\n2) Exemplifique de que maneira a equipe pedag\u00f3gica poder\u00e1 orientar o professor<br \/>\ntendo como refer\u00eancia a utiliza\u00e7\u00e3o do Projeto Pol\u00edtico Pedag\u00f3gico e da Proposta<br \/>\nCurricular.<br \/>\n3) No que se refere \u00e0s atribui\u00e7\u00f5es da equipe administrativa, descreva a import\u00e2ncia<br \/>\nda rela\u00e7\u00e3o da dire\u00e7\u00e3o com a equipe pedag\u00f3gica para a qualidade dos processos<br \/>\neducativos no contexto escolar.<\/p>\n<p>Campo de Est\u00e1gio: Ensino Fundamental \u2013 Anos Iniciais<br \/>\n1. V\u00cdDEO E (Tema: Atua\u00e7\u00e3o do professor dos Anos Iniciais do Ensino Fundamental)<br \/>\n2. V\u00cdDEO B (Tema: Atua\u00e7\u00e3o da equipe pedag\u00f3gica)<br \/>\n3. V\u00cdDEO C (Tema: Atua\u00e7\u00e3o da equipe administrativa)<br \/>\n4. V\u00cdDEO D (Tema: KLS Fundamentos e Organiza\u00e7\u00e3o da Educa\u00e7\u00e3o Infantil e do<br \/>\nEnsino Fundamental)<br \/>\nA partir dos v\u00eddeos, responda \u00e0s perguntas:<br \/>\n1) A BNCC \u00e9 um documento que regulamenta as aprendizagens essenciais a serem<br \/>\ntrabalhadas nas escolas p\u00fablicas e privadas para garantir os direitos de<br \/>\naprendizagem e desenvolvimento aos alunos. Quais os principais desafios da<br \/>\natua\u00e7\u00e3o do professor nos anos iniciais do Ensino Fundamental a partir das<br \/>\nregulamenta\u00e7\u00f5es apresentadas na BNCC?<br \/>\n2) Exemplifique de que maneira a equipe pedag\u00f3gica poder\u00e1 orientar o professor<br \/>\ntendo como refer\u00eancia a utiliza\u00e7\u00e3o do Projeto Pol\u00edtico Pedag\u00f3gico e da Proposta<br \/>\nCurricular.<br \/>\n3) No que se refere \u00e0s atribui\u00e7\u00f5es da equipe administrativa, descreva a import\u00e2ncia<br \/>\nda rela\u00e7\u00e3o da dire\u00e7\u00e3o com a equipe pedag\u00f3gica para a qualidade dos processos<br \/>\neducativos no contexto escolar.<\/p>\n<p>Campo de Est\u00e1gio: Ensino Fundamental \u2013 Anos Finais<br \/>\n1. V\u00cdDEO F (Tema: Atua\u00e7\u00e3o do professor dos Anos Finais do Ensino Fundamental)<br \/>\n2. V\u00cdDEO B (Tema: Atua\u00e7\u00e3o da equipe pedag\u00f3gica)<br \/>\n3. V\u00cdDEO C (Tema: Atua\u00e7\u00e3o da equipe administrativa)<br \/>\nA partir dos v\u00eddeos, responda \u00e0s perguntas:<br \/>\n1) A Base Nacional Comum Curricular (BNCC) come\u00e7ou a ser implementada na<br \/>\nEduca\u00e7\u00e3o B\u00e1sica recentemente. Esse documento fornece orienta\u00e7\u00f5es e determina<br \/>\ncompet\u00eancias, habilidades e componentes essenciais para estudantes de todas as<br \/>\nescolas brasileiras, p\u00fablicas e privadas. Por\u00e9m, esse n\u00e3o \u00e9 o \u00fanico documento que<br \/>\no professor dever\u00e1 considerar no momento de planejar a sua pr\u00e1tica pedag\u00f3gica.<br \/>\na. Por que a BNCC n\u00e3o pode ser o \u00fanico documento orientador do<br \/>\nplanejamento docente?<br \/>\nb. Quais outros documentos dever\u00e3o ser considerados?<br \/>\n2) Exemplifique de que maneira a equipe pedag\u00f3gica poder\u00e1 orientar o professor<br \/>\ntendo como refer\u00eancia a utiliza\u00e7\u00e3o do Projeto Pol\u00edtico Pedag\u00f3gico e da Proposta<br \/>\nCurricular.<br \/>\n3) No que se refere \u00e0s atribui\u00e7\u00f5es da equipe administrativa, descreva a import\u00e2ncia<br \/>\nda rela\u00e7\u00e3o da dire\u00e7\u00e3o com a equipe pedag\u00f3gica para a qualidade dos processos<br \/>\neducativos no contexto escolar.<\/p>\n<p>As perguntas e as respostas devem ser inseridas no relat\u00f3rio final, contendo de 1,5 a 2<br \/>\np\u00e1ginas.<br \/>\nATIVIDADE D \u2013 Conhecer a abordagem dos temas contempor\u00e2neos transversais da BNCC<br \/>\n(meio ambiente, economia, sa\u00fade, cidadania e civismo, multiculturalismo e ci\u00eancia e<br \/>\ntecnologia)<\/p>\n<p>Al\u00e9m dos conte\u00fados estruturantes, conforme orienta\u00e7\u00f5es dos documentos oficiais que<br \/>\nnorteiam o ensino no pa\u00eds, todo professor deve proceder \u00e0 abordagem de conte\u00fados<br \/>\ntransversais: meio ambiente, economia, sa\u00fade, cidadania e civismo, multiculturalismo e<br \/>\nci\u00eancia e tecnologia. Para isso, as escolas podem contar com a disponibiliza\u00e7\u00e3o de materiais<br \/>\nde apoio para a abordagem desses temas, al\u00e9m de, em alguns casos, receber o aux\u00edlio da<br \/>\natua\u00e7\u00e3o de uma equipe multidisciplinar, constitu\u00edda para o gerenciamento de a\u00e7\u00f5es nessa<br \/>\nesfera.<br \/>\nLeia o texto dispon\u00edvel no AVA do respectivo est\u00e1gio, na pasta \u201cLeitura\u201d \u2013 Arquivos \u2013<br \/>\nGuia pr\u00e1tico \u2013 Temas Contempor\u00e2neos.<br \/>\nA partir da leitura do texto, voc\u00ea dever\u00e1 responder \u00e0s quest\u00f5es listadas a seguir:<br \/>\n1. Como podemos entender o termo Transversalidade?<br \/>\n2. Qual a import\u00e2ncia de se trabalhar com os TCTs na escola?<br \/>\n3. Dos TCTs listados, quais podem ser trabalhados de forma transversal no seu<br \/>\ncurso de gradua\u00e7\u00e3o?<br \/>\n4. O Guia apresenta uma metodologia de trabalho para o desenvolvimento dos<br \/>\nTCTs, baseado em quatro pilares. Quais s\u00e3o estes pilares? Comente sua<br \/>\nperspectiva sobre essa metodologia.<\/p>\n<p>As perguntas e as respostas devem ser inseridas no relat\u00f3rio final.<br \/>\nATIVIDADE E \u2013 Conhecer metodologias ativas com uso de tecnologias digitais, conforme<br \/>\nrespectivo est\u00e1gio<\/p>\n<p>A partir da leitura do texto, dispon\u00edvel no AVA do respectivo est\u00e1gio, na pasta \u201cLeitura\u201d<br \/>\n\u2013 Arquivo \u2013 Metodologias Ativas, e da situa\u00e7\u00e3o-problema nele apresentada, voc\u00ea dever\u00e1<br \/>\nredigir a solu\u00e7\u00e3o em forma de relato, que conduzir\u00e1 a elabora\u00e7\u00e3o de seus planos de aula.<\/p>\n<p>O texto, em forma de relato, contendo de 1,5 a 2 p\u00e1ginas.com a solu\u00e7\u00e3o da situa\u00e7\u00e3o-<br \/>\nproblema, deve ser inserido no relat\u00f3rio final.<\/p>\n<p>ATIVIDADE F \u2013 Elaborar Planos de Aula<\/p>\n<p>A partir da situa\u00e7\u00e3o-problema da atividade E, voc\u00ea dever\u00e1 elaborar uma sequ\u00eancia de<br \/>\n2 (dois) planos de aula para uma turma fict\u00edcia, de acordo com seu campo de est\u00e1gio.<br \/>\nPara a elabora\u00e7\u00e3o de cada um dos planos de aula, utilize o modelo a seguir.<\/p>\n<p>MODELO DE PLANO DE AULA<\/p>\n<p><img decoding=\"async\" class=\"jetpack-lazy-image jetpack-lazy-image--handled lazyloaded\" src=\"https:\/\/i0.wp.com\/cdn.awsli.com.br\/1302\/1302728\/arquivos\/1115555.png?w=1020&amp;ssl=1\" alt=\"\" data-recalc-dims=\"1\" data-lazy-loaded=\"1\" data-ll-status=\"loaded\" \/><\/p>\n<p><img decoding=\"async\" class=\"jetpack-lazy-image lazyloaded jetpack-lazy-image--handled\" src=\"https:\/\/i0.wp.com\/cdn.awsli.com.br\/1302\/1302728\/arquivos\/sgddhdd.png?w=1020&amp;is-pending-load=1#038;ssl=1\" alt=\"\" data-recalc-dims=\"1\" data-ll-status=\"loaded\" data-lazy-loaded=\"1\" \/><\/p>\n<p>ATIVIDADE G \u2013 Produzir Relat\u00f3rio de Est\u00e1gio<br \/>\nPara a elabora\u00e7\u00e3o do relat\u00f3rio final de est\u00e1gio, voc\u00ea dever\u00e1 fazer o download do<br \/>\nModelo no AVA e reunir todo o material elaborado no desenvolvimento das diferentes<br \/>\natividades descritas no Plano de Trabalho.<\/p>\n<p>1 Elementos pr\u00e9-textuais<br \/>\nInser\u00e7\u00e3o de elementos de apresenta\u00e7\u00e3o\/identifica\u00e7\u00e3o do acad\u00eamico e do est\u00e1gio<br \/>\ncursado no semestre, conforme Modelo disponibilizado no AVA:<br \/>\n\u2022 capa;<br \/>\n\u2022 folha de rosto;<br \/>\n\u2022 sum\u00e1rio.<\/p>\n<p>2 Elementos textuais<br \/>\nInser\u00e7\u00e3o das atividades realizadas, conforme descritas no Plano de Trabalho, seguindo<br \/>\no Modelo disponibilizado no AVA:<br \/>\n\u2022 Introdu\u00e7\u00e3o: inser\u00e7\u00e3o de texto com a contextualiza\u00e7\u00e3o sobre o est\u00e1gio realizado.<br \/>\n\u2022 Desenvolvimento: inser\u00e7\u00e3o, em sequ\u00eancia, de todos os materiais elaborados nas<br \/>\natividades, conforme Modelo disponibilizado no AVA e orienta\u00e7\u00f5es descritas no<br \/>\nPlano de Trabalho.<br \/>\n\u2022 Considera\u00e7\u00f5es finais: inser\u00e7\u00e3o de reflex\u00f5es decorrentes da realiza\u00e7\u00e3o do est\u00e1gio.<br \/>\nAten\u00e7\u00e3o:<br \/>\n\uf0b7 Verifique o plano de trabalho espec\u00edfico do est\u00e1gio que voc\u00ea est\u00e1 cursando no semestre.<br \/>\n\uf0b7 O relat\u00f3rio deve ser postado em formato Word. N\u00e3o ser\u00e3o aceitos, sob nenhuma hip\u00f3tese,<br \/>\ntrabalhos enviados em PDF.<\/p>\n<p>3 Elementos p\u00f3s-textuais<br \/>\nInser\u00e7\u00e3o de elementos complementares para fechamento do relat\u00f3rio, conforme<br \/>\nModelo disponibilizado no AVA:<br \/>\n\u2022 refer\u00eancias;<br \/>\n\u2022 anexos;<br \/>\n\u2022 ap\u00eandices.<\/p>\n<div class=\"elementor-toggle-item\">\n<h4 id=\"elementor-tab-title-1941\" class=\"elementor-tab-title elementor-active\" tabindex=\"0\" role=\"tab\" data-tab=\"1\" aria-controls=\"elementor-tab-content-1941\" aria-expanded=\"true\" aria-selected=\"true\">Como funciona?<\/h4>\n<div id=\"elementor-tab-content-1941\" class=\"elementor-tab-content elementor-clearfix elementor-active\" role=\"tabpanel\" data-tab=\"1\" aria-labelledby=\"elementor-tab-title-1941\">\n<p>Elaboramos os portf\u00f3lios, j\u00e1 deixamos prontos, nas normas da ABNT e conforme os requisitos da universidade. F\u00e1cil assim! O MELHOR \u00c9 QUE VOC\u00ca COMPRA E J\u00c1 BAIXA NA HORA O SEU ARQUIVO EM WORD! Sabemos que conciliar trabalho, fam\u00edlia, vida profissional e estudos \u00e9 dif\u00edcil hoje em dia, por isso, estamos aqui para ajudar voc\u00ea. Conte com nossa qualidade, experi\u00eancia e profissionalismo adquirindo seu portf\u00f3lio conosco. GARANTIMOS SEU CONCEITO!<\/p>\n<p><span style=\"color: #000000; font-size: 18px; font-weight: bold;\">Como se realizam os envios?<\/span><\/p>\n<\/div>\n<\/div>\n<div class=\"elementor-toggle-item\">\n<div id=\"elementor-tab-content-1942\" class=\"elementor-tab-content elementor-clearfix elementor-active\" role=\"tabpanel\" data-tab=\"2\" aria-labelledby=\"elementor-tab-title-1942\">O seu trabalho \u00e9 disponibilizado pronto, respondido e nas normas j\u00e1 na mesma hora aqui em nosso site na sua \u00e1rea de downloads e tamb\u00e9m no seu e-mail.<\/div>\n<div role=\"tabpanel\" data-tab=\"2\" aria-labelledby=\"elementor-tab-title-1942\"><\/div>\n<div role=\"tabpanel\" data-tab=\"2\" aria-labelledby=\"elementor-tab-title-1942\"><span style=\"color: #000000; font-size: 18px; font-weight: bold;\">Quais formas de pagamento para realizar minha compra?<\/span><\/div>\n<\/div>\n<div class=\"elementor-toggle-item\">\n<div id=\"elementor-tab-content-1943\" class=\"elementor-tab-content elementor-clearfix elementor-active\" role=\"tabpanel\" data-tab=\"3\" aria-labelledby=\"elementor-tab-title-1943\">\n<p>Dispomos dos seguintes meios de pagamento PIX, Cart\u00f5es de Cr\u00e9dito e Boleto\u00a0 \u00a0<img decoding=\"async\" class=\"alignnone wp-image-761\" src=\"http:\/\/portifolioos-prontos.com\/wp-content\/uploads\/2022\/04\/portfolio-unopar-pronto-producao-textual-interdisciplinar-300x107.webp\" sizes=\"(max-width: 140px) 100vw, 140px\" srcset=\"https:\/\/portifolioos-prontos.com\/wp-content\/uploads\/2022\/04\/portfolio-unopar-pronto-producao-textual-interdisciplinar-300x107.webp 300w, https:\/\/portifolioos-prontos.com\/wp-content\/uploads\/2022\/04\/PIX-1024x364.webp 1024w, https:\/\/portifolioos-prontos.com\/wp-content\/uploads\/2022\/04\/PIX-768x273.webp 768w, https:\/\/portifolioos-prontos.com\/wp-content\/uploads\/2022\/04\/PIX-370x131.webp 370w, https:\/\/portifolioos-prontos.com\/wp-content\/uploads\/2022\/04\/PIX-600x213.webp 600w, https:\/\/portifolioos-prontos.com\/wp-content\/uploads\/2022\/04\/portfolio-unopar-pronto-producao-textual-interdisciplinar.webp 1200w\" alt=\"\" width=\"109\" height=\"39\" \/>\u00a0\u00a0<img decoding=\"async\" class=\"\" src=\"https:\/\/d26lpennugtm8s.cloudfront.net\/assets\/common\/img\/logos\/payment\/visa@2x.png\" width=\"68\" height=\"43\" \/><img decoding=\"async\" class=\"\" src=\"https:\/\/d26lpennugtm8s.cloudfront.net\/assets\/common\/img\/logos\/payment\/boleto@2x.png\" width=\"65\" height=\"41\" \/><img loading=\"lazy\" decoding=\"async\" class=\"\" src=\"https:\/\/d26lpennugtm8s.cloudfront.net\/assets\/common\/img\/logos\/payment\/mastercard@2x.png\" width=\"62\" height=\"39\" \/><img loading=\"lazy\" decoding=\"async\" class=\"\" src=\"https:\/\/d26lpennugtm8s.cloudfront.net\/assets\/common\/img\/logos\/payment\/amex@2x.png\" width=\"62\" height=\"39\" \/><img loading=\"lazy\" decoding=\"async\" class=\"\" src=\"https:\/\/d26lpennugtm8s.cloudfront.net\/assets\/common\/img\/logos\/payment\/diners@2x.png\" width=\"60\" height=\"38\" \/><img loading=\"lazy\" decoding=\"async\" class=\"\" src=\"https:\/\/d26lpennugtm8s.cloudfront.net\/assets\/common\/img\/logos\/payment\/br\/elo@2x.png\" width=\"60\" height=\"38\" \/><img loading=\"lazy\" decoding=\"async\" class=\"\" src=\"https:\/\/d26lpennugtm8s.cloudfront.net\/assets\/common\/img\/logos\/payment\/br\/hipercard@2x.png\" width=\"65\" height=\"41\" \/><img loading=\"lazy\" decoding=\"async\" class=\"\" src=\"https:\/\/d26lpennugtm8s.cloudfront.net\/assets\/common\/img\/logos\/payment\/mercadopago@2x.png\" width=\"67\" height=\"42\" \/><\/p>\n<p><span style=\"color: #000000; font-size: 18px; font-weight: bold;\">Em quanto tempo recebo o portf\u00f3lio?<\/span><\/p>\n<\/div>\n<\/div>\n<div class=\"elementor-toggle-item\">\n<div id=\"elementor-tab-content-1944\" class=\"elementor-tab-content elementor-clearfix elementor-active\" role=\"tabpanel\" data-tab=\"4\" aria-labelledby=\"elementor-tab-title-1944\">\n<p>Os envios s\u00e3o imediatos. Ap\u00f3s sua compra, o trabalho j\u00e1 \u00e9 disponibilizado instantaneamente aqui em nosso site e no seu e-mail.<\/p>\n<p><span style=\"color: #000000; font-size: 18px; font-weight: bold;\">E se o portf\u00f3lio que comprei precisar de corre\u00e7\u00e3o?<\/span><\/p>\n<\/div>\n<\/div>\n<div class=\"elementor-toggle-item\">\n<div id=\"elementor-tab-content-1945\" class=\"elementor-tab-content elementor-clearfix elementor-active\" role=\"tabpanel\" data-tab=\"5\" aria-labelledby=\"elementor-tab-title-1945\">\n<p>Caso haja alguma solicita\u00e7\u00e3o de corre\u00e7\u00e3o\/altera\u00e7\u00e3o por parte do tutor, basta entrar em contato conosco pelo\u00a0<a href=\"https:\/\/api.whatsapp.com\/send\/?phone=5553984751621&amp;text&amp;app_absent=0\">WhatsApp<\/a> que provid\u00eanciaremos sem custo algum.<\/p>\n<p><span style=\"color: #000000; font-size: 18px; font-weight: bold;\">Qual o formato do arquivo?<\/span><\/p>\n<\/div>\n<\/div>\n<div class=\"elementor-toggle-item\">\n<div id=\"elementor-tab-content-1946\" class=\"elementor-tab-content elementor-clearfix elementor-active\" role=\"tabpanel\" data-tab=\"6\" aria-labelledby=\"elementor-tab-title-1946\">\n<p>Os arquivos s\u00e3o enviados em formato Word e s\u00e3o edit\u00e1veis.<\/p>\n<p><span style=\"color: #000000; font-size: 18px; font-weight: bold;\">Caso eu tiver alguma d\u00favida, terei suporte no p\u00f3s venda?<\/span><\/p>\n<\/div>\n<\/div>\n<div class=\"elementor-toggle-item\">\n<div id=\"elementor-tab-content-1948\" class=\"elementor-tab-content elementor-clearfix elementor-active\" role=\"tabpanel\" data-tab=\"8\" aria-labelledby=\"elementor-tab-title-1948\">\n<p>Sim, com certeza. Basta clicar no \u00edcone do WhatsApp no cantinho da tela. Ser\u00e1 um prazer atend\u00ea-lo(a).<\/p>\n<p><span style=\"color: #000000; font-size: 18px; font-weight: bold;\">Quais os seus canais de contato?<\/span><\/p>\n<\/div>\n<\/div>\n<div class=\"elementor-toggle-item\">\n<div id=\"elementor-tab-content-1949\" class=\"elementor-tab-content elementor-clearfix elementor-active\" role=\"tabpanel\" data-tab=\"9\" aria-labelledby=\"elementor-tab-title-1949\">\n<p><a href=\"https:\/\/api.whatsapp.com\/send\/?phone=5553984751621&amp;text&amp;app_absent=0\">Whatsapp: 53 984751621 \u2013 Clicar no canto da tela.<\/a><\/p>\n<p>E-mail:portifoliosp@gmail.com<\/p>\n<\/div>\n<\/div>\n","protected":false},"excerpt":{"rendered":"<p>PLANO DE TRABALHO DOS EST\u00c1GIOS DOS CURSOS DE LICENCIATURA REFORMULA\u00c7\u00c3O DEVIDO \u00c0 PANDEMIA COVID-19 EST\u00c1GIO II ANOS INICIAIS DO ENSINO FUNDAMENTAL (PEDAGOGIA) POSSUI UM TOTAL DE 27 P\u00c1GINAS 1. PLANO DE TRABALHO: EDUCA\u00c7\u00c3O INFANTIL, ENSINO FUNDAMENTAL \u2013 ANOS INICIAIS, E ENSINO FUNDAMENTAL \u2013 ANOS FINAIS \u2026\u2026\u2026\u2026\u2026\u2026\u2026\u2026\u2026\u2026\u2026\u2026\u2026\u2026\u2026\u2026\u2026\u2026\u2026\u2026\u2026\u2026\u2026\u2026\u2026\u2026\u2026\u2026\u2026.. 3 1.1 ORIENTA\u00c7\u00d5ES PARA AS ATIVIDADES\u2026\u2026\u2026\u2026\u2026\u2026\u2026\u2026\u2026\u2026\u2026\u2026\u2026\u2026\u2026\u2026\u2026\u2026\u2026\u2026\u2026\u2026\u2026\u2026\u2026\u2026\u2026\u2026\u2026.4 1. PLANO DE&hellip;<\/p>\n","protected":false},"featured_media":3619,"template":"","meta":{"_seopress_robots_primary_cat":"none","_seopress_titles_title":"","_seopress_titles_desc":"","_seopress_robots_index":""},"product_cat":[47,52],"product_tag":[],"class_list":{"0":"post-2680","1":"product","2":"type-product","3":"status-publish","4":"has-post-thumbnail","6":"product_cat-licenciaturas","7":"product_cat-pedagogia","9":"first","10":"instock","11":"downloadable","12":"virtual","13":"purchasable","14":"product-type-simple","15":"col-xs-6 col-sm-4","16":"col-mf-5","17":"un-5-cols"},"jetpack_sharing_enabled":true,"_links":{"self":[{"href":"https:\/\/portifolioos-prontos.com\/index.php\/wp-json\/wp\/v2\/product\/2680","targetHints":{"allow":["GET"]}}],"collection":[{"href":"https:\/\/portifolioos-prontos.com\/index.php\/wp-json\/wp\/v2\/product"}],"about":[{"href":"https:\/\/portifolioos-prontos.com\/index.php\/wp-json\/wp\/v2\/types\/product"}],"version-history":[{"count":0,"href":"https:\/\/portifolioos-prontos.com\/index.php\/wp-json\/wp\/v2\/product\/2680\/revisions"}],"wp:featuredmedia":[{"embeddable":true,"href":"https:\/\/portifolioos-prontos.com\/index.php\/wp-json\/wp\/v2\/media\/3619"}],"wp:attachment":[{"href":"https:\/\/portifolioos-prontos.com\/index.php\/wp-json\/wp\/v2\/media?parent=2680"}],"wp:term":[{"taxonomy":"product_cat","embeddable":true,"href":"https:\/\/portifolioos-prontos.com\/index.php\/wp-json\/wp\/v2\/product_cat?post=2680"},{"taxonomy":"product_tag","embeddable":true,"href":"https:\/\/portifolioos-prontos.com\/index.php\/wp-json\/wp\/v2\/product_tag?post=2680"}],"curies":[{"name":"wp","href":"https:\/\/api.w.org\/{rel}","templated":true}]}}