{"id":27135,"date":"2024-05-14T13:43:43","date_gmt":"2024-05-14T16:43:43","guid":{"rendered":"https:\/\/portifolioos-prontos.com\/?post_type=product&#038;p=27135"},"modified":"2025-08-07T16:18:41","modified_gmt":"2025-08-07T19:18:41","slug":"tcc-i-teologia","status":"publish","type":"product","link":"https:\/\/portifolioos-prontos.com\/index.php\/product\/tcc-i-teologia\/","title":{"rendered":"TCC I Teologia"},"content":{"rendered":"<p>TCC I Teologia<\/p>\n<hr \/>\n<p>Manual do<br \/>\nTrabalho de Conclus\u00e3o<br \/>\nde Curso I<br \/>\nCurso: Teologia<br \/>\nCoordenadora do Curso: Prof.\u00aa Ma. Valqu\u00edria Ap\u00aa Dias Caprioli<\/p>\n<p>Curso:\u00a0Teologia<br \/>\nDisciplinas: \u2022 Trabalho de Conclus\u00e3o de\u00a0Curso\u00a0I<br \/>\nProfessores<br \/>\n\u2022 Valqu\u00edria Aparecida Dias Caprioli<br \/>\nCompet\u00eancias:<br \/>\n\u2022 \u00c9tica na pesquisa.<br \/>\n\u2022 Etapas do trabalho monogr\u00e1fico.<br \/>\n\u2022 Elabora\u00e7\u00e3o do\u00a0projeto\u00a0de pesquisa.<br \/>\nHabilidades: O TCC oportunizar\u00e1 ao aluno a reflex\u00e3o sobre a possibilidade de<br \/>\ninclus\u00e3o dos diversos segmentos da sociedade que, por sua vez,<br \/>\nforam exclu\u00eddos de determinados direitos para a garantia da<br \/>\ncidadania.<br \/>\nObjetivos da<br \/>\nAprendizagem:<br \/>\nEstimular o desenvolvimento do esp\u00edrito cient\u00edfico e do pensamento<br \/>\nreflexivo e investigativo.<br \/>\nO presente manual tem por objetivo orientar os acad\u00eamicos do curso de gradua\u00e7\u00e3o<br \/>\nem Teologia sobre a confec\u00e7\u00e3o e as regras para elabora\u00e7\u00e3o do Trabalho de Conclus\u00e3o de Curso I.<br \/>\nO TCC I dever\u00e1 ser inserido no ambiente virtual de Aprendizagem \u2013 Colaborar da<br \/>\ndisciplina de Trabalho de Conclus\u00e3o de Curso I (regular e\/ou depend\u00eancia), em data definida em<br \/>\ncalend\u00e1rio acad\u00eamico.<br \/>\nO Trabalho de Conclus\u00e3o de Curso \u00e9 INDIVIDUAL e essencial para que o aluno se<br \/>\ngradue em Teologia, conforme consta no Guia de Percurso.<br \/>\n2<br \/>\nSUM\u00c1RIO<br \/>\nORIENTA\u00c7\u00d5ES PARA A CONSTRU\u00c7\u00c3O DO TRABALHO \u2026\u2026\u2026\u2026\u2026\u2026\u2026\u2026\u2026\u2026\u2026\u2026\u2026\u2026\u2026\u2026\u2026\u2026\u2026\u2026\u2026\u2026\u2026\u2026. 3<br \/>\nROTEIRO PARA ELABORA\u00c7\u00c3O DO PROJETO DE PESQUISA \u2026\u2026\u2026\u2026\u2026\u2026\u2026\u2026\u2026\u2026\u2026\u2026\u2026\u2026\u2026\u2026\u2026\u2026\u2026\u2026\u2026\u2026 4<br \/>\n1. INTRODU\u00c7\u00c3O\u2026\u2026\u2026\u2026\u2026\u2026\u2026\u2026\u2026\u2026\u2026\u2026\u2026\u2026\u2026\u2026\u2026\u2026\u2026\u2026\u2026\u2026\u2026\u2026\u2026\u2026\u2026\u2026\u2026\u2026\u2026\u2026\u2026\u2026\u2026\u2026\u2026\u2026\u2026\u2026\u2026\u2026\u2026\u2026. 4<br \/>\n2. DELIMITA\u00c7\u00c3O E FORMULA\u00c7\u00c3O DO PROBLEMA \u2026\u2026\u2026\u2026\u2026\u2026\u2026\u2026\u2026\u2026\u2026\u2026\u2026\u2026\u2026\u2026\u2026\u2026\u2026\u2026\u2026\u2026\u2026\u2026\u2026\u2026 4<br \/>\n3. FORMULA\u00c7\u00c3O DOS OBJETIVOS GERAL E ESPEC\u00cdFICOS \u2026\u2026\u2026\u2026\u2026\u2026\u2026\u2026\u2026\u2026\u2026\u2026\u2026\u2026\u2026\u2026\u2026\u2026\u2026\u2026\u2026\u2026.. 4<br \/>\n4. JUSTIFICATIVA: \u2026\u2026\u2026\u2026\u2026\u2026\u2026\u2026\u2026\u2026\u2026\u2026\u2026\u2026\u2026\u2026\u2026\u2026\u2026\u2026\u2026\u2026\u2026\u2026\u2026\u2026\u2026\u2026\u2026\u2026\u2026\u2026\u2026\u2026\u2026\u2026\u2026\u2026\u2026\u2026\u2026\u2026\u2026. 4<br \/>\n5. METODOLOGIA: \u2026\u2026\u2026\u2026\u2026\u2026\u2026\u2026\u2026\u2026\u2026\u2026\u2026\u2026\u2026\u2026\u2026\u2026\u2026\u2026\u2026\u2026\u2026\u2026\u2026\u2026\u2026\u2026\u2026\u2026\u2026\u2026\u2026\u2026\u2026\u2026\u2026\u2026\u2026\u2026\u2026\u2026\u2026 5<br \/>\n6. REVIS\u00c3O BIBLIOGR\u00c1FICA \u2026\u2026\u2026\u2026\u2026\u2026\u2026\u2026\u2026\u2026\u2026\u2026\u2026\u2026\u2026\u2026\u2026\u2026\u2026\u2026\u2026\u2026\u2026\u2026\u2026\u2026\u2026\u2026\u2026\u2026\u2026\u2026\u2026\u2026\u2026\u2026\u2026\u2026 5<br \/>\n7. CRONOGRAMA DA PESQUISA (PREVIS\u00c3O SOBRE O TEMPO PARA O DESENVOLVIMENTO DA<br \/>\nPESQUISA) \u2026\u2026\u2026\u2026\u2026\u2026\u2026\u2026\u2026\u2026\u2026\u2026\u2026\u2026\u2026\u2026\u2026\u2026\u2026\u2026\u2026\u2026\u2026\u2026\u2026\u2026\u2026\u2026\u2026\u2026\u2026\u2026\u2026\u2026\u2026\u2026\u2026\u2026\u2026\u2026\u2026\u2026\u2026\u2026\u2026\u2026\u2026. 5<br \/>\n8. OR\u00c7AMENTO \u2026\u2026\u2026\u2026\u2026\u2026\u2026\u2026\u2026\u2026\u2026\u2026\u2026\u2026\u2026\u2026\u2026\u2026\u2026\u2026\u2026\u2026\u2026\u2026\u2026\u2026\u2026\u2026\u2026\u2026\u2026\u2026\u2026\u2026\u2026\u2026\u2026\u2026\u2026\u2026\u2026\u2026\u2026\u2026. 6<br \/>\n9. RESULTADOS ESPERADOS \u2026\u2026\u2026\u2026\u2026\u2026\u2026\u2026\u2026\u2026\u2026\u2026\u2026\u2026\u2026\u2026\u2026\u2026\u2026\u2026\u2026\u2026\u2026\u2026\u2026\u2026\u2026\u2026\u2026\u2026\u2026\u2026\u2026\u2026\u2026\u2026\u2026.. 6<br \/>\n10. REFER\u00caNCIAS \u2026\u2026\u2026\u2026\u2026\u2026\u2026\u2026\u2026\u2026\u2026\u2026\u2026\u2026\u2026\u2026\u2026\u2026\u2026\u2026\u2026\u2026\u2026\u2026\u2026\u2026\u2026\u2026\u2026\u2026\u2026\u2026\u2026\u2026\u2026\u2026\u2026\u2026\u2026\u2026\u2026\u2026\u2026.. 6<br \/>\nOBSERVA\u00c7\u00d5ES \u2026\u2026\u2026\u2026\u2026\u2026\u2026\u2026\u2026\u2026\u2026\u2026\u2026\u2026\u2026\u2026\u2026\u2026\u2026\u2026\u2026\u2026\u2026\u2026\u2026\u2026\u2026\u2026\u2026\u2026\u2026\u2026\u2026\u2026\u2026\u2026\u2026\u2026\u2026\u2026\u2026\u2026\u2026\u2026\u2026 6<br \/>\n3<br \/>\nORIENTA\u00c7\u00d5ES PARA A CONSTRU\u00c7\u00c3O DO TRABALHO<br \/>\nPrezado(a) aluno(a),<br \/>\nEste \u00e9 um momento de sua forma\u00e7\u00e3o no qual voc\u00ea j\u00e1 deve estar se preparando para<br \/>\no Trabalho de Conclus\u00e3o de Curso I (TCC I) e para o exerc\u00edcio profissional.<br \/>\nAo longo dos semestres voc\u00ea teve \u00e0 sua disposi\u00e7\u00e3o algumas disciplinas que o<br \/>\najudar\u00e3o n\u00e3o somente no desenvolvimento dos trabalhos a serem realizados, mas tamb\u00e9m no<br \/>\nexerc\u00edcio das diferentes dimens\u00f5es da profiss\u00e3o, que em breve exercer\u00e1.<br \/>\nPara que o profissional tenha uma a\u00e7\u00e3o que fa\u00e7a a diferen\u00e7a no \u00e2mbito social, \u00e9<br \/>\npreciso que estabele\u00e7a estrat\u00e9gias que respondam a situa\u00e7\u00f5es percebidas no seu cotidiano<br \/>\nprofissional, sempre tendo como refer\u00eancia conhecimentos elaborados, indicadores sociais e<br \/>\nestat\u00edsticas levantadas em rela\u00e7\u00e3o ao assunto em quest\u00e3o.<br \/>\nCom o objetivo de exercitar o aprendizado proposto pelas disciplinas do semestre<br \/>\ne demais conte\u00fados trabalhados no decorrer do curso, solicitamos que voc\u00ea fa\u00e7a um Projeto de<br \/>\nPesquisa individual. Tendo como refer\u00eancia as orienta\u00e7\u00f5es de Joaquim Martins Junior (2008),<br \/>\napresentamos no quadro abaixo um roteiro para nortear o teu trabalho:<br \/>\nObserva\u00e7\u00e3o indispens\u00e1vel: N\u00e3o confundir projeto de pesquisa com projeto de<br \/>\ninterven\u00e7\u00e3o. Esta proposta \u00e9 de conhecer e n\u00e3o de intervir, portanto, s\u00f3 ser\u00e3o aceitos projetos de<br \/>\npesquisa.<br \/>\nO tipo de pesquisa de seu projeto deve ser \u201cbibliogr\u00e1fica\u201d, conforme o roteiro na<br \/>\npr\u00f3xima p\u00e1gina:<br \/>\n4<br \/>\nROTEIRO PARA ELABORA\u00c7\u00c3O DO PROJETO DE PESQUISA<br \/>\n1. INTRODU\u00c7\u00c3O<br \/>\nAqui dever\u00e1 ser descrito o tema escolhido, o problema que se pretende conhecer.<br \/>\nNeste item, voc\u00ea dar\u00e1 uma pequena no\u00e7\u00e3o sobre o que pretende pesquisar.<br \/>\n2. DELIMITA\u00c7\u00c3O E FORMULA\u00c7\u00c3O DO PROBLEMA<br \/>\nNeste t\u00f3pico, \u00e9 importante delimitar o objeto dentro do tema. \u00c9 a quest\u00e3o central<br \/>\nda sua pesquisa, podendo ser em uma \u00fanica frase, interrogat\u00f3ria.<br \/>\n3. FORMULA\u00c7\u00c3O DOS OBJETIVOS GERAL E ESPEC\u00cdFICOS<br \/>\nObjetivo Geral: Dever\u00e1 indicar uma inten\u00e7\u00e3o qualitativa que se pretende alcan\u00e7ar<br \/>\ncom o trabalho. \u00c9 importante ser claro e usar apenas um objetivo, no tempo infinitivo.<br \/>\nEspec\u00edficos: Apontam com mais detalhamento o que se pretende conhecer,<br \/>\ndesmembrando o objetivo geral. Voc\u00ea dever\u00e1 elaborar ao menos quatro objetivos espec\u00edficos.<br \/>\n4. JUSTIFICATIVA:<br \/>\nEm primeiro momento, dever\u00e1 explicitar a inten\u00e7\u00e3o daquele que elabora o projeto<br \/>\ne em segundo momento apresentar o \u201cpara que\u201d, \u201cpara quem\u201d e \u201cno que pode contribuir\u201d o trabalho<br \/>\na ser desenvolvido.<br \/>\nTCC I Teologia<br \/>\n5. METODOLOGIA:<br \/>\nNa pesquisa bibliogr\u00e1fica \u00e9 necess\u00e1rio apresentar a forma e as fontes que ser\u00e3o<br \/>\nconsultadas, mencionando as fontes impressas e fontes eletr\u00f4nicas e como a pesquisa ser\u00e1<br \/>\ndesenvolvida posteriormente.<br \/>\n5.1 M\u00e9todo:<br \/>\nO m\u00e9todo a ser utilizado em seu projeto tamb\u00e9m deve ser informado e justificado.<br \/>\n6. REVIS\u00c3O BIBLIOGR\u00c1FICA<br \/>\nPesquisa sobre o que j\u00e1 foi escrito a respeito do assunto investigado. N\u00e3o \u00e9<br \/>\nnecess\u00e1rio estender muito sobre a obra do(s) autor(es) escolhido(s) como referencial, fa\u00e7a um<br \/>\ndi\u00e1logo entre a fala do autor e o problema sobre o qual pretende trabalhar). Voc\u00ea dever\u00e1 citar no<br \/>\nm\u00ednimo 4 autores.<br \/>\nExemplos:<br \/>\n1. O autor XXXX (2010) refere-se a inser\u00e7\u00e3o social como um desafio\u2026<br \/>\n2. O autor YYYY (2008) refere-se sobre a import\u00e2ncia da participa\u00e7\u00e3o da fam\u00edlia<br \/>\nno processo de\u2026<br \/>\n7. CRONOGRAMA DA PESQUISA (PREVIS\u00c3O SOBRE O TEMPO PARA O DESENVOLVIMENTO DA<br \/>\nPESQUISA)<br \/>\nExemplo de um cronograma de pesquisa:<br \/>\nEtapas Mar Abr Mai Jun Jul Ago Set Out Nov<br \/>\nElabora\u00e7\u00e3o do<br \/>\nprojeto<br \/>\nX X X X X X X X<br \/>\nRevis\u00e3o de<br \/>\nliteratura<br \/>\nX X X X X<br \/>\nApresenta\u00e7\u00e3o<br \/>\ndo projeto<br \/>\nX X<br \/>\nColeta de<br \/>\ndados<br \/>\nX X X<br \/>\n6<br \/>\nConclus\u00e3o e<br \/>\nreda\u00e7\u00e3o<br \/>\nX X<br \/>\nCorre\u00e7\u00e3o<br \/>\nortogr\u00e1fica<br \/>\nX X<br \/>\nEntrega X X<br \/>\n8. OR\u00c7AMENTO<br \/>\nDever\u00e1 incluir as poss\u00edveis despesas que custear\u00e3o o projeto, desde sulfite,<br \/>\nposs\u00edveis aquisi\u00e7\u00e3o de livros, fotoc\u00f3pia, encaderna\u00e7\u00e3o, cartuchos de impressoras e outros<br \/>\n(lembrando que as despesas com o projeto de pesquisa s\u00e3o de compet\u00eancia do pesquisador).<br \/>\nTCC I Teologia<br \/>\n9. RESULTADOS ESPERADOS<br \/>\nComo este trabalho se trata apenas de um projeto de pesquisa, n\u00e3o \u00e9 poss\u00edvel ainda<br \/>\napresentar resultados, mas sim apontar resultados esperados, que poder\u00e3o ser comprovados ou n\u00e3o<br \/>\nno momento do desenvolvimento da mesma.<br \/>\n10. REFER\u00caNCIAS<br \/>\nNo final, o pesquisador apresenta somente as fontes de pesquisa que utilizou no<br \/>\ndecorrer da elabora\u00e7\u00e3o do projeto e n\u00e3o aquelas que pretende consultar no desenvolvimento do<br \/>\nprojeto.<br \/>\nOBSERVA\u00c7\u00d5ES<br \/>\nA pesquisa \u00e9 fundamental para o desenvolvimento de trabalhos acad\u00eamicos e o<br \/>\nexerc\u00edcio profissional, no entanto \u00e9 necess\u00e1rio se atentar a alguns pontos, dentre eles:<br \/>\n7<br \/>\n\uf0b7 O(A) ALUNO(A) pode transcrever trechos importantes dos autores que leu, por\u00e9m DEVE fazer<br \/>\na devida refer\u00eancia, para n\u00e3o caracterizar pl\u00e1gio;<br \/>\n\uf0b7 Pode parafrasear trechos importantes dos autores que leu, mas tamb\u00e9m DEVE fazer a devida<br \/>\nrefer\u00eancia, para n\u00e3o caracterizar pl\u00e1gio;<br \/>\n\uf0b7 DEVE escrever com suas pr\u00f3prias palavras, para que o trabalho tamb\u00e9m tenha a sua cara!<br \/>\n\uf0b7 Lembramos que voc\u00ea dever\u00e1 realizar a apresenta\u00e7\u00e3o oral do trabalho na data pr\u00e9-acordada<br \/>\ncom seu tutor presencial e ela \u00e9 complementar \u00e0 pontua\u00e7\u00e3o obtida no trabalho, para realizar<br \/>\na apresenta\u00e7\u00e3o do TCC I \u00e9 obTrigat\u00f3rio que voc\u00ea tenha feito a postagem do trabalho no<br \/>\nambiente virtual de aprendizagem.<br \/>\nO trabalho dever\u00e1 ser elaborado de acordo com as normas da ABNT<\/p>\n","protected":false},"excerpt":{"rendered":"<div class=\"product-short-description\">\n<h5><strong>Pague pelo PIX ou cart\u00e3o e fa\u00e7a o download agora mesmo.<\/strong><\/h5>\n<\/div>\n<div class=\"sticky-add-to-cart-wrapper\">\n<div class=\"sticky-add-to-cart\">\n<div class=\"quantity buttons_added form-flat\"><img decoding=\"async\" class=\"alignnone wp-image-761 smush-detected-img smush-image-2 smush-image-1 smush-image-4\" src=\"https:\/\/portifolioos-prontos.com\/wp-content\/uploads\/2022\/04\/PIX-300x107.webp\" alt=\"\" width=\"78\" height=\"28\" \/>\u00a0\u00a0<img decoding=\"async\" class=\"smush-detected-img smush-image-3 smush-image-2 smush-image-5\" src=\"https:\/\/d26lpennugtm8s.cloudfront.net\/assets\/common\/img\/logos\/payment\/visa@2x.png\" width=\"46\" height=\"29\" \/><img decoding=\"async\" class=\"smush-detected-img smush-image-4 smush-image-3 smush-image-6\" src=\"https:\/\/d26lpennugtm8s.cloudfront.net\/assets\/common\/img\/logos\/payment\/boleto@2x.png\" width=\"43\" height=\"27\" \/><img loading=\"lazy\" decoding=\"async\" class=\"smush-detected-img smush-image-5 smush-image-4 smush-image-7\" src=\"https:\/\/d26lpennugtm8s.cloudfront.net\/assets\/common\/img\/logos\/payment\/mastercard@2x.png\" width=\"43\" height=\"27\" \/><img loading=\"lazy\" decoding=\"async\" class=\"smush-detected-img smush-image-6 smush-image-5 smush-image-8\" src=\"https:\/\/d26lpennugtm8s.cloudfront.net\/assets\/common\/img\/logos\/payment\/amex@2x.png\" width=\"43\" height=\"27\" \/><img loading=\"lazy\" decoding=\"async\" class=\"smush-detected-img smush-image-7 smush-image-6 smush-image-9\" src=\"https:\/\/d26lpennugtm8s.cloudfront.net\/assets\/common\/img\/logos\/payment\/diners@2x.png\" width=\"46\" height=\"29\" \/><img loading=\"lazy\" decoding=\"async\" class=\"smush-detected-img smush-image-8 smush-image-7 smush-image-10\" src=\"https:\/\/d26lpennugtm8s.cloudfront.net\/assets\/common\/img\/logos\/payment\/br\/elo@2x.png\" width=\"45\" height=\"28\" \/><img loading=\"lazy\" decoding=\"async\" class=\"smush-detected-img smush-image-9 smush-image-8 smush-image-11\" src=\"https:\/\/d26lpennugtm8s.cloudfront.net\/assets\/common\/img\/logos\/payment\/br\/hipercard@2x.png\" width=\"44\" height=\"28\" \/><img loading=\"lazy\" decoding=\"async\" class=\"smush-detected-img smush-image-10 smush-image-9 smush-image-12\" src=\"https:\/\/d26lpennugtm8s.cloudfront.net\/assets\/common\/img\/logos\/payment\/mercadopago@2x.png\" width=\"45\" height=\"28\" \/><\/div>\n<\/div>\n<\/div>\n","protected":false},"featured_media":27138,"template":"","meta":{"_seopress_robots_primary_cat":"none","_seopress_titles_title":"","_seopress_titles_desc":"","_seopress_robots_index":""},"product_cat":[59,15],"product_tag":[],"class_list":{"0":"post-27135","1":"product","2":"type-product","3":"status-publish","4":"has-post-thumbnail","6":"product_cat-teologia","7":"product_cat-uncategorized","9":"first","10":"instock","11":"downloadable","12":"virtual","13":"purchasable","14":"product-type-simple","15":"col-xs-6 col-sm-4","16":"col-mf-5","17":"un-5-cols"},"jetpack_sharing_enabled":true,"_links":{"self":[{"href":"https:\/\/portifolioos-prontos.com\/index.php\/wp-json\/wp\/v2\/product\/27135","targetHints":{"allow":["GET"]}}],"collection":[{"href":"https:\/\/portifolioos-prontos.com\/index.php\/wp-json\/wp\/v2\/product"}],"about":[{"href":"https:\/\/portifolioos-prontos.com\/index.php\/wp-json\/wp\/v2\/types\/product"}],"version-history":[{"count":0,"href":"https:\/\/portifolioos-prontos.com\/index.php\/wp-json\/wp\/v2\/product\/27135\/revisions"}],"wp:featuredmedia":[{"embeddable":true,"href":"https:\/\/portifolioos-prontos.com\/index.php\/wp-json\/wp\/v2\/media\/27138"}],"wp:attachment":[{"href":"https:\/\/portifolioos-prontos.com\/index.php\/wp-json\/wp\/v2\/media?parent=27135"}],"wp:term":[{"taxonomy":"product_cat","embeddable":true,"href":"https:\/\/portifolioos-prontos.com\/index.php\/wp-json\/wp\/v2\/product_cat?post=27135"},{"taxonomy":"product_tag","embeddable":true,"href":"https:\/\/portifolioos-prontos.com\/index.php\/wp-json\/wp\/v2\/product_tag?post=27135"}],"curies":[{"name":"wp","href":"https:\/\/api.w.org\/{rel}","templated":true}]}}