{"id":28521,"date":"2024-07-28T20:36:51","date_gmt":"2024-07-28T23:36:51","guid":{"rendered":"https:\/\/portifolioos-prontos.com\/?post_type=product&#038;p=28521"},"modified":"2025-08-03T17:36:51","modified_gmt":"2025-08-03T20:36:51","slug":"projeto-integrado-terapias-integrativas-e-complementares-saude-e-qualidade-de-vida-politicas-publicas-e-o-autocuidado","status":"publish","type":"product","link":"https:\/\/portifolioos-prontos.com\/index.php\/product\/projeto-integrado-terapias-integrativas-e-complementares-saude-e-qualidade-de-vida-politicas-publicas-e-o-autocuidado\/","title":{"rendered":"Projeto integrado Terapias Integrativas e Complementares \u2013 Sa\u00fade e qualidade de vida: pol\u00edticas p\u00fablicas e o autocuidado"},"content":{"rendered":"<h4>Projeto integrado Terapias Integrativas e Complementares \u2013 Sa\u00fade e qualidade de vida: pol\u00edticas p\u00fablicas e o autocuidado<\/h4>\n<h4>Projeto integrado Terapias Integrativas e Complementares<\/h4>\n<h4>Sa\u00fade e qualidade de vida: pol\u00edticas p\u00fablicas e o autocuidado.<\/h4>\n<hr \/>\n<p>A proposta do Projeto Integrado ter\u00e1 como tema norteador: Sa\u00fade e qualidade de vida:<br \/>\npol\u00edticas p\u00fablicas e o autocuidado.<br \/>\nCONTEXTUALIZA\u00c7\u00c3O<br \/>\nNeste projeto voc\u00ea desenvolver\u00e1 a atitude de investiga\u00e7\u00e3o e pr\u00e1tica, sistematizando julgamentos<br \/>\nbaseados em crit\u00e9rios e padr\u00f5es qualitativos e quantitativos relacionados a uma situa\u00e7\u00e3o geradora de<br \/>\naprendizagem (SGA) e embasados em conhecimentos constru\u00eddos em cada disciplina.<br \/>\nPara isso, convidamos voc\u00ea a refletir sobre quest\u00f5es que envolvem os conte\u00fados do semestre<br \/>\nbuscando o conhecimento te\u00f3rico e as ferramentas necess\u00e1rias para que, com vis\u00e3o cr\u00edtica das situa\u00e7\u00f5es<br \/>\napresentadas, encontre o caminho certo a percorrer.<br \/>\nAo pensarmos sobre o desenvolvimento do Sistema \u00danico de Sa\u00fade (SUS) e seus cuidados de sa\u00fade<br \/>\nem nosso pa\u00eds, nos remetemos aos seus princ\u00edpios norteadores, que s\u00e3o um dos principais motivos do seu<br \/>\nsucesso no exterior como modelo de assist\u00eancia \u00e0 sa\u00fade p\u00fablica. Isso porque al\u00e9m de garantir a<br \/>\nintegralidade e equidade dos servi\u00e7os, atuando com justi\u00e7a social, o SUS tamb\u00e9m possui a descentraliza\u00e7\u00e3o<br \/>\nda gest\u00e3o e a regionaliza\u00e7\u00e3o como norteadores das a\u00e7\u00f5es de sa\u00fade, entre elas pol\u00edticas p\u00fablicas e os mais<br \/>\nvariados programas de assist\u00eancia \u00e0 sa\u00fade da popula\u00e7\u00e3o brasileira.<br \/>\nPROJETO INTEGRADO<br \/>\nP\u00fablico<br \/>\nE no per\u00edodo do seu desenvolvimento e cria\u00e7\u00e3o, a Organiza\u00e7\u00e3o Mundial da Sa\u00fade (OMS) j\u00e1<br \/>\nfomentava discuss\u00f5es acerca das Medicinas Tradicionais e sua import\u00e2ncia n\u00e3o s\u00f3 para a valoriza\u00e7\u00e3o<br \/>\ncultural e dos saberes populares, mas para a implementa\u00e7\u00e3o destes cuidados nos sistemas p\u00fablicos como<br \/>\numa nova e promissora abordagem nos cuidados com a sa\u00fade da popula\u00e7\u00e3o.<br \/>\nRetomamos ent\u00e3o, uma fala fundamental do seu primeiro projeto integrado, tanto pela sua<br \/>\nimport\u00e2ncia, quanto para que voc\u00ea, estudante, perceba sua evolu\u00e7\u00e3o em seu processo de aprendizagem:<br \/>\n\u201cAs Pr\u00e1ticas Integrativas e Complementares em Sa\u00fade (PICS) s\u00e3o abordagens terap\u00eauticas que t\u00eam como<br \/>\nobjetivo prevenir agravos \u00e0 sa\u00fade, a promo\u00e7\u00e3o e recupera\u00e7\u00e3o da sa\u00fade, enfatizando a escuta acolhedora, a<br \/>\nconstru\u00e7\u00e3o de la\u00e7os terap\u00eauticos e a conex\u00e3o entre ser humano, meio ambiente e sociedade\u201d.<br \/>\nEstas pr\u00e1ticas foram institucionalizadas no Sistema \u00danico de Sa\u00fade (SUS) atrav\u00e9s da Pol\u00edtica<br \/>\nNacional de Pr\u00e1ticas Integrativas e Complementares e oferece, de forma integral e gratuita, diversos<br \/>\nprocedimentos de PICS \u00e0 popula\u00e7\u00e3o. Isso ocorreu para o crescimento, fortalecimento e consolida\u00e7\u00e3o das<br \/>\nPICS n\u00e3o s\u00f3 no sistema p\u00fablico, mas tamb\u00e9m no setor privado, e de modo a ofertar nova forma de<br \/>\nassist\u00eancia \u00e0 sa\u00fade, com foco principal em seus aspectos preventivos e da promo\u00e7\u00e3o da sa\u00fade.<br \/>\nAl\u00e9m disso, j\u00e1 h\u00e1 bastante tempo, que as pessoas vinham buscando por nova forma de cuidados<br \/>\ncom a sa\u00fade, por pr\u00e1ticas mais leves e naturais, por menor agress\u00e3o ao organismo ao se submeter \u00e0<br \/>\ntratamentos e pela integralidade na vis\u00e3o do processo sa\u00fade-doen\u00e7a. Complementando, com o per\u00edodo<br \/>\npand\u00eamico essa necessidade foi multiplicada, fazendo com que as medicinas tradicionais e suas pr\u00e1ticas<br \/>\nintegrativas fossem mais buscadas e, com seus grandes resultados, mais aceitas e respeitadas!<br \/>\nPor outro lado, tamb\u00e9m podemos observar aumento significativo das necessidades de cuidados<br \/>\ncom a sa\u00fade n\u00e3o s\u00f3 com a popula\u00e7\u00e3o idosa, que vem crescendo bastante nas \u00faltimas d\u00e9cadas, como<br \/>\ntamb\u00e9m com um grande problema de sa\u00fade p\u00fablica mundial: as Doen\u00e7as Cr\u00f4nicas N\u00e3o Transmiss\u00edveis<br \/>\n(DCNT), como a hipertens\u00e3o e o diabetes.<br \/>\nIsso acontece, porque, ao mesmo passo que observamos mudan\u00e7as de comportamento para a<br \/>\nbusca de qualidade de vida, tamb\u00e9m assistimos uma nova gera\u00e7\u00e3o, altamente tecnol\u00f3gica e inativa. Uma<br \/>\ngera\u00e7\u00e3o que produz muito em seus computadores mas n\u00e3o \u00e9 capaz de buscar por uma alimenta\u00e7\u00e3o aqu\u00e9m<br \/>\ndos fest-foods e possuir um estilo de vida ativo.<br \/>\nPensando nisso, vamos iniciar as atividades?! Agora \u00e9 com voc\u00ea!<br \/>\nPROJETO INTEGRADO<br \/>\nP\u00fablico<br \/>\nEtapa 1<br \/>\nPlanejamento de a\u00e7\u00e3o educativa com a tem\u00e1tica: \u201cPor uma vida mais saud\u00e1vel\u201d<br \/>\nAs DCNT s\u00e3o respons\u00e1veis por cerca de 80% das mortes e esse dado \u00e9 alarmante!<br \/>\nAgora, imagine que voc\u00ea \u00e9 um membro ativo do Conselho de Sa\u00fade da sua cidade, pois gosta de<br \/>\nestar por dentro de tudo que vem acontecendo em sua regi\u00e3o. Al\u00e9m disso, devido sua \u00e1rea de atua\u00e7\u00e3o e a<br \/>\ncrescente demanda das PICS, gosta de participar e contribuir para a qualidade de vida de sua comunidade.<br \/>\nEm uma das reuni\u00f5es do Conselho de Sa\u00fade Municipal, foram avaliados dados epidemiol\u00f3gicos da<br \/>\ncidade, apontando para o aumento de casos de hipertens\u00e3o, e em indiv\u00edduos cada vez mais novos. Durante<br \/>\nas delibera\u00e7\u00f5es foi sugerido discutir a cria\u00e7\u00e3o, desenvolvimento e implementa\u00e7\u00e3o de um programa de<br \/>\nsa\u00fade p\u00fablica, voltado para os cuidados com a sa\u00fade de pessoas com doen\u00e7as cr\u00f4nicas, e conscientiza\u00e7\u00e3o<br \/>\nda popula\u00e7\u00e3o para a preven\u00e7\u00e3o destas doen\u00e7as.<br \/>\nInicialmente foi decidido realizar campanha para a explicar sobre os cuidados para se evitar o<br \/>\ndesenvolvimento das doen\u00e7as cr\u00f4nicas e quais atitudes devemos ter para isso.<br \/>\n\u2013 Desenvolva um encarte, folder ou panfleto educativo, explicando a import\u00e2ncia dos h\u00e1bitos de vida<br \/>\nsau\u00e1veis e como isso pode impactar a nossa sa\u00fade, incluindo a preven\u00e7\u00e3o das DCNT, mostrando a<br \/>\nimport\u00e2ncia do autocuidado.<br \/>\nEtapa 2<br \/>\nImplementa\u00e7\u00e3o de Pr\u00e1tica integrativa e complementar na UBS<br \/>\nAgora, imagine que voc\u00ea ir\u00e1 ajudar a equipe da UBS de seu bairro a desenvolver um projeto para a<br \/>\nimplementa\u00e7\u00e3o de PICS que possam auxiliar aquelas pessoas que j\u00e1 possuem uma doen\u00e7a cr\u00f4nica e<br \/>\nquerem melhorar sua qualidade de vida, mas precisam de assist\u00eancia.<br \/>\nSabemos que atrav\u00e9s das pr\u00e1ticas coletivas, podemos assistir maior n\u00famero de indiv\u00edduos, sem<br \/>\nperder qualidade. Al\u00e9m disso, os momentos de encontro proporcionam o fortalecimento de cada um para<br \/>\nse manter fiime em sua proposta de mudan\u00e7a e melhoria, al\u00e9m de ser um ambiente excelente para a troca<br \/>\nde informa\u00e7\u00f5es e aquisi\u00e7\u00e3o de conhecimentos.<br \/>\nPensado nisso, responda as perguntas:<br \/>\nPROJETO INTEGRADO<br \/>\nP\u00fablico<br \/>\n\u2013 Qual pr\u00e1tica voc\u00ea acha mais interessante ser introduzida, de forma a propiciar um ambiente de<br \/>\nincentivo \u00e0 atividade f\u00edsica e facilitar a passagem de informa\u00e7\u00f5es relevantes ao grupo? Justifique a sua<br \/>\nresposta.<br \/>\nEtapa 3<br \/>\nIntrodu\u00e7\u00e3o da Medicina Tradicional Chinesa<br \/>\nSeguindo a proposta de busca por uma vida mais ativa e saud\u00e1vel, voc\u00ea fica sabendo que um<br \/>\nprofissional da sa\u00fade da UBS trabalha com t\u00e9cnicas da Medicina Tradicional Chinesa (MTC). Se coloque no<br \/>\nlugar deste profissional e responda:<br \/>\n\u2013 Se voc\u00ea pudesse utilizar a t\u00e9cnica de auriculoterapia para aplicar nas pessoas que fazem parte do(s)<br \/>\ngrupo(s) formado(s) para cuidados com a sa\u00fade, com a proposta de buscar uma vida mais ativa e<br \/>\nsaud\u00e1vel, qual seria sua abordagem? Por que?<br \/>\n\u2013 Qual a rela\u00e7\u00e3o da t\u00e9cnica com a anatomofisiologia humana<a href=\"https:\/\/www.portfoliopronto.com\/\">?<\/a><br \/>\n\u2013 Quais os principais pontos utilizaria? Justifique.<br \/>\nEtapa 4<br \/>\nAvalia\u00e7\u00e3o integrativa<br \/>\nPara finalizar seu projeto integrado, voc\u00ea j\u00e1 aprendeu que a avalia\u00e7\u00e3o possui grande import\u00e2ncia<br \/>\nnos atendimentos com as pr\u00e1ticas integrativas e complementares, pois al\u00e9m de conhecermos as condi\u00e7\u00f5es<br \/>\nde sa\u00fade do nosso cliente, temos a possibilidade de enxe<a href=\"https:\/\/portfoliooead.com.br\/\">r<\/a>gar este ser \u00e0 nossa frente po<a href=\"https:\/\/portfoliointerdisciplinar.com.br\/\">r<\/a>\u00a0todos os seus<br \/>\naspectos: f\u00edsico, mental, espiritual e social.<br \/>\n\u2013 Fa\u00e7a uma ficha de avalia\u00e7\u00e3o integrativa, contemplando os pontos importantes para que este momento<br \/>\ninicial do cuidado seja completo e te auxilie para tra\u00e7ar o melhor plano de tratamento poss\u00edvel, com a<br \/>\nescolha adequada das t\u00e9cnicas que ir\u00e1 usar, garantindo a efic\u00e1cia e a seguran\u00e7a do tratamento.<br \/>\nPROJETO INTEGRADO<br \/>\nP\u00fablico<br \/>\nBibliografia sugerida para o desenvolvimento das atividades:<br \/>\nBARROCO, C. A.; TOMBI, E. C. N. A. Terapias alternativas em est\u00e9tica. Porto Alegre: SAGAH, 2018. [Minha<br \/>\nBiblioteca].<br \/>\nLIMA, P. T. R. (Coord.). Bases da medicina integrativa. 3. ed. S\u00e3o Paulo: Manole, 2023. [Minha Biblioteca].<br \/>\nMACHADO, M. G. M. et al. Pr\u00e1ticas integrativas e complementares em sa\u00fade. Porto Alegre: SAGAH, 2021.<br \/>\n[Minha Biblioteca].<br \/>\nWEN, T. S. Manual terap\u00eautico de acupuntura. Barueri, SP: Manole, 2008. [Minha Biblioteca].<\/p>\n<p>Projeto integrado Terapias Integrativas e Complementares Sa\u00fade e qualidade de vida: pol\u00edticas p\u00fablicas e o autocuidado.<\/p>\n<div class=\"elementor-toggle-item\">\n<div class=\"elementor-toggle-item\">\n<p id=\"elementor-tab-title-1941\" class=\"elementor-tab-title elementor-active\" tabindex=\"0\" role=\"tab\" data-tab=\"1\" aria-controls=\"elementor-tab-content-1941\" aria-expanded=\"true\" aria-selected=\"true\"><strong>Como funciona?<\/strong><\/p>\n<p>Elaboramos os portf\u00f3lios, j\u00e1 deixamos prontos, nas normas da ABNT e conforme os requisitos da universidade. F\u00e1cil assim! O MELHOR \u00c9 QUE VOC\u00ca COMPRA E J\u00c1 BAIXA NA HORA O SEU ARQUIVO EM WORD! Sabemos que conciliar trabalho, fam\u00edlia, vida profissional e estudos \u00e9 dif\u00edcil hoje em dia, por isso, estamos aqui para ajudar voc\u00ea. Conte com nossa qualidade, experi\u00eancia e profissionalismo adquirindo seu portf\u00f3lio conosco. GARANTIMOS SEU CONCEITO!<\/p>\n<p><strong>Como se realizam os envios?<\/strong><\/p>\n<\/div>\n<p id=\"elementor-tab-content-1942\" class=\"elementor-tab-content elementor-clearfix elementor-active\" role=\"tabpanel\" data-tab=\"2\" aria-labelledby=\"elementor-tab-title-1942\">O seu trabalho \u00e9 disponibilizado pronto, respondido e nas normas j\u00e1 na mesma hora aqui em nosso site na sua \u00e1rea de downloads e tamb\u00e9m no seu e-mail.<\/p>\n<p><strong>Em quanto tempo recebo o portf\u00f3lio?<\/strong><\/p>\n<p>Os envios s\u00e3o imediatos. Ap\u00f3s sua compra, o trabalho j\u00e1 \u00e9 disponibilizado instantaneamente aqui em nosso site e no seu e-mail.<\/p>\n<p><strong>E se o portf\u00f3lio que comprei precisar de corre\u00e7\u00e3o?<\/strong><\/p>\n<p>Caso haja alguma solicita\u00e7\u00e3o de corre\u00e7\u00e3o\/altera\u00e7\u00e3o por parte do tutor, basta entrar em contato conosco pelo\u00a0WhatsApp\u00a0que provid\u00eanciaremos sem custo algum.<\/p>\n<p><strong>Qual o formato do arquivo?<\/strong><\/p>\n<p>Os arquivos s\u00e3o enviados em formato Word e s\u00e3o edit\u00e1veis.<\/p>\n<p><strong>Caso eu tiver alguma d\u00favida, terei suporte no p\u00f3s venda?<\/strong><\/p>\n<p>Sim, com certeza. Basta clicar no \u00edcone do WhatsApp no cantinho da tela. Ser\u00e1 um prazer atend\u00ea-lo(a).<\/p>\n<div id=\"elementor-tab-content-1948\" class=\"elementor-tab-content elementor-clearfix elementor-active\" role=\"tabpanel\" data-tab=\"8\" aria-labelledby=\"elementor-tab-title-1948\">\n<p><strong>Quais os seus canais de contato?<\/strong><\/p>\n<\/div>\n<div id=\"elementor-tab-content-1949\" class=\"elementor-tab-content elementor-clearfix elementor-active\" role=\"tabpanel\" data-tab=\"9\" aria-labelledby=\"elementor-tab-title-1949\">\n<p>Whatsapp: 53 984751621 \u2013 Clicar no canto da tela ou ESCANEIE O QRCODE ABAIXO<\/p>\n<h4><img decoding=\"async\" class=\"alignnone wp-image-13699 jetpack-lazy-image jetpack-lazy-image--handled\" src=\"https:\/\/i0.wp.com\/portifolioos-prontos.com\/wp-content\/uploads\/2023\/02\/whatsapp-business-projeto-de-extensao-300x300.jpeg?resize=144%2C144\" sizes=\"(max-width: 144px) 100vw, 144px\" srcset=\"https:\/\/i0.wp.com\/portifolioos-prontos.com\/wp-content\/uploads\/2023\/02\/whatsapp-business-projeto-de-extensao.jpeg?resize=300%2C301&amp;ssl=1 300w, https:\/\/i0.wp.com\/portifolioos-prontos.com\/wp-content\/uploads\/2023\/02\/whatsapp-business-projeto-de-extensao.jpeg?resize=150%2C150&amp;ssl=1 150w, https:\/\/i0.wp.com\/portifolioos-prontos.com\/wp-content\/uploads\/2023\/02\/whatsapp-business-projeto-de-extensao.jpeg?resize=370%2C372&amp;ssl=1 370w, https:\/\/i0.wp.com\/portifolioos-prontos.com\/wp-content\/uploads\/2023\/02\/whatsapp-business-projeto-de-extensao.jpeg?resize=100%2C100&amp;ssl=1 100w, https:\/\/i0.wp.com\/portifolioos-prontos.com\/wp-content\/uploads\/2023\/02\/whatsapp-business-projeto-de-extensao.jpeg?w=470&amp;ssl=1 470w\" alt=\"projeto de extens\u00e3o unopar\" width=\"144\" height=\"144\" data-lazy-loaded=\"1\" \/><\/h4>\n<\/div>\n<div class=\"elementor-toggle-item\">\n<div id=\"elementor-tab-content-1949\" class=\"elementor-tab-content elementor-clearfix elementor-active\" role=\"tabpanel\" data-tab=\"9\" aria-labelledby=\"elementor-tab-title-1949\">\n<p>E-mail:portifoliosp@gmail.com<\/p>\n<div id=\"attachment_143\" class=\"wp-caption alignnone\">\n<div id=\"attachment_143\" class=\"wp-caption alignnone\">\n<p id=\"caption-attachment-143\" class=\"wp-caption-text\"><a href=\"http:\/\/portfolio-pronto.com\/\">Portf\u00f3lio<\/a>\u00a0em Word, respondido, completo e j\u00e1 nas normas<\/p>\n<\/div>\n<\/div>\n<\/div>\n<\/div>\n<\/div>\n","protected":false},"excerpt":{"rendered":"<div class=\"product-short-description\">\n<div class=\"product-short-description\">\n<p><strong>Pague pelo PIX ou cart\u00e3o e fa\u00e7a o download agora mesmo.<\/strong><\/p>\n<\/div>\n<div class=\"sticky-add-to-cart-wrapper\">\n<div class=\"sticky-add-to-cart\">\n<p class=\"quantity buttons_added form-flat\"><img decoding=\"async\" class=\"lazyloaded smush-image-5 smush-image-3 smush-image-4 smush-detected-img smush-image-bigger-3\" src=\"https:\/\/d26lpennugtm8s.cloudfront.net\/assets\/common\/img\/logos\/payment\/visa@2x.png\" width=\"46\" height=\"29\" data-src=\"https:\/\/d26lpennugtm8s.cloudfront.net\/assets\/common\/img\/logos\/payment\/visa@2x.png\" \/><img decoding=\"async\" class=\"lazyloaded smush-image-6 smush-image-4 smush-image-5 smush-detected-img smush-image-bigger-4\" src=\"https:\/\/d26lpennugtm8s.cloudfront.net\/assets\/common\/img\/logos\/payment\/boleto@2x.png\" width=\"43\" height=\"27\" data-src=\"https:\/\/d26lpennugtm8s.cloudfront.net\/assets\/common\/img\/logos\/payment\/boleto@2x.png\" \/><img loading=\"lazy\" decoding=\"async\" class=\"lazyloaded smush-image-7 smush-image-5 smush-image-6 smush-detected-img smush-image-bigger-5\" src=\"https:\/\/d26lpennugtm8s.cloudfront.net\/assets\/common\/img\/logos\/payment\/mastercard@2x.png\" width=\"43\" height=\"27\" data-src=\"https:\/\/d26lpennugtm8s.cloudfront.net\/assets\/common\/img\/logos\/payment\/mastercard@2x.png\" \/><img loading=\"lazy\" decoding=\"async\" class=\"lazyloaded smush-image-8 smush-image-6 smush-image-7 smush-detected-img smush-image-bigger-6\" src=\"https:\/\/d26lpennugtm8s.cloudfront.net\/assets\/common\/img\/logos\/payment\/amex@2x.png\" width=\"43\" height=\"27\" data-src=\"https:\/\/d26lpennugtm8s.cloudfront.net\/assets\/common\/img\/logos\/payment\/amex@2x.png\" \/><img loading=\"lazy\" decoding=\"async\" class=\"lazyloaded smush-image-9 smush-image-7 smush-image-8 smush-detected-img smush-image-bigger-7\" src=\"https:\/\/d26lpennugtm8s.cloudfront.net\/assets\/common\/img\/logos\/payment\/diners@2x.png\" width=\"46\" height=\"29\" data-src=\"https:\/\/d26lpennugtm8s.cloudfront.net\/assets\/common\/img\/logos\/payment\/diners@2x.png\" \/><img loading=\"lazy\" decoding=\"async\" class=\"lazyloaded smush-image-10 smush-image-8 smush-image-9 alignnone smush-detected-img smush-image-bigger-8\" src=\"https:\/\/d26lpennugtm8s.cloudfront.net\/assets\/common\/img\/logos\/payment\/br\/elo@2x.png\" alt=\"portf\u00f3lio unopar anhanguera\" width=\"45\" height=\"28\" data-src=\"https:\/\/d26lpennugtm8s.cloudfront.net\/assets\/common\/img\/logos\/payment\/br\/elo@2x.png\" \/><img loading=\"lazy\" decoding=\"async\" class=\"lazyloaded smush-image-11 smush-image-9 smush-image-10 alignnone smush-detected-img smush-image-bigger-9\" src=\"https:\/\/d26lpennugtm8s.cloudfront.net\/assets\/common\/img\/logos\/payment\/br\/hipercard@2x.png\" alt=\"portf\u00f3lio unopar anhanguera\" width=\"44\" height=\"28\" data-src=\"https:\/\/d26lpennugtm8s.cloudfront.net\/assets\/common\/img\/logos\/payment\/br\/hipercard@2x.png\" \/><img loading=\"lazy\" decoding=\"async\" class=\"lazyloaded smush-image-12 smush-image-10 smush-image-11 alignnone smush-detected-img smush-image-bigger-10\" src=\"https:\/\/d26lpennugtm8s.cloudfront.net\/assets\/common\/img\/logos\/payment\/mercadopago@2x.png\" alt=\"portf\u00f3lio unopar anhanguera\" width=\"45\" height=\"28\" data-src=\"https:\/\/d26lpennugtm8s.cloudfront.net\/assets\/common\/img\/logos\/payment\/mercadopago@2x.png\" \/><img loading=\"lazy\" decoding=\"async\" class=\"alignnone lazyloaded smush-detected-img smush-image-bigger-11\" src=\"https:\/\/futurium.com.br\/wp-content\/uploads\/2021\/06\/logo-pix-icone-512.png\" alt=\"portfolio pronto\" width=\"30\" height=\"30\" data-src=\"https:\/\/futurium.com.br\/wp-content\/uploads\/2021\/06\/logo-pix-icone-512.png\" \/><\/p>\n<\/div>\n<\/div>\n<\/div>\n","protected":false},"featured_media":28524,"template":"","meta":{"_seopress_robots_primary_cat":"none","_seopress_titles_title":"%%post_title%% %%sitetitle%%","_seopress_titles_desc":"%%post_content%%","_seopress_robots_index":""},"product_cat":[121,15],"product_tag":[],"class_list":{"0":"post-28521","1":"product","2":"type-product","3":"status-publish","4":"has-post-thumbnail","6":"product_cat-terapias-integrativas-e-complementares","7":"product_cat-uncategorized","9":"first","10":"instock","11":"shipping-taxable","12":"purchasable","13":"product-type-simple","14":"col-xs-6 col-sm-4","15":"col-mf-5","16":"un-5-cols"},"jetpack_sharing_enabled":true,"_links":{"self":[{"href":"https:\/\/portifolioos-prontos.com\/index.php\/wp-json\/wp\/v2\/product\/28521","targetHints":{"allow":["GET"]}}],"collection":[{"href":"https:\/\/portifolioos-prontos.com\/index.php\/wp-json\/wp\/v2\/product"}],"about":[{"href":"https:\/\/portifolioos-prontos.com\/index.php\/wp-json\/wp\/v2\/types\/product"}],"version-history":[{"count":0,"href":"https:\/\/portifolioos-prontos.com\/index.php\/wp-json\/wp\/v2\/product\/28521\/revisions"}],"wp:featuredmedia":[{"embeddable":true,"href":"https:\/\/portifolioos-prontos.com\/index.php\/wp-json\/wp\/v2\/media\/28524"}],"wp:attachment":[{"href":"https:\/\/portifolioos-prontos.com\/index.php\/wp-json\/wp\/v2\/media?parent=28521"}],"wp:term":[{"taxonomy":"product_cat","embeddable":true,"href":"https:\/\/portifolioos-prontos.com\/index.php\/wp-json\/wp\/v2\/product_cat?post=28521"},{"taxonomy":"product_tag","embeddable":true,"href":"https:\/\/portifolioos-prontos.com\/index.php\/wp-json\/wp\/v2\/product_tag?post=28521"}],"curies":[{"name":"wp","href":"https:\/\/api.w.org\/{rel}","templated":true}]}}