{"id":29754,"date":"2024-09-14T14:21:07","date_gmt":"2024-09-14T17:21:07","guid":{"rendered":"https:\/\/portifolioos-prontos.com\/?post_type=product&#038;p=29754"},"modified":"2025-08-03T17:50:48","modified_gmt":"2025-08-03T20:50:48","slug":"aula-pratica-projetos-de-redes-de-computadores","status":"publish","type":"product","link":"https:\/\/portifolioos-prontos.com\/index.php\/product\/aula-pratica-projetos-de-redes-de-computadores\/","title":{"rendered":"Aula Pr\u00e1tica Projetos de Redes de Computadores"},"content":{"rendered":"<h4>Aula Pr\u00e1tica Projetos de Redes de Computadores<\/h4>\n<p>ROTEIRO DE AULA PR\u00c1TICA<br \/>\nNOME DA DISCIPLINA: PROJETOS DE REDES DE COMPUTADORES<br \/>\nUnidade: U4_ TESTE E DOCUMENTA\u00c7\u00c3O DE PROJETOS DE REDES<br \/>\nAula: A4_ DOCUMENTA\u00c7\u00c3O<\/p>\n<p>OBJETIVOS<br \/>\nDefini\u00e7\u00e3o dos objetivos da aula pr\u00e1tica:<br \/>\n\u2022 Responder as tr\u00eas quest\u00f5es quanto a implementa\u00e7\u00e3o de projeto de infraestrutura de redes<br \/>\npadronizadas.<br \/>\n\u2022 Criar uma pequena rede de computadores e testar utilizando a ferramenta Cisco Packet<br \/>\nTracer.<br \/>\nSOLU\u00c7\u00c3O DIGITAL<br \/>\n\u2022 O Cisco Packet Tracer \u00e9 um programa educacional gratuito que permite simular uma rede de<br \/>\ncomputadores, atrav\u00e9s de equipamentos e configura\u00e7\u00f5es presente em situa\u00e7\u00f5es reais. O<br \/>\nprograma apresenta uma interface gr\u00e1fica simples, com suportes multim\u00eddia que auxiliam na<br \/>\nconfec\u00e7\u00e3o das simula\u00e7\u00f5es.<\/p>\n<p>PROCEDIMENTOS PR\u00c1TICOS<br \/>\nProcedimento\/Atividade n\u00ba 1<br \/>\nAtividade proposta:<br \/>\nCriar uma pequena rede de computadores e monitorar utilizando a ferramenta Cisco Packet<br \/>\nTracer.<br \/>\n01. O desenvolvimento de um projeto Top-Down para Infraestrutura de Rede \u00e9 uma abordagem<br \/>\nestruturada que come\u00e7a com uma vis\u00e3o geral e gradualmente desce aos detalhes espec\u00edficos do<br \/>\nprojeto. Aponte os principais pontos do desenvolvimento de projeto Top-Down para Infraestrutura<br \/>\nde Rede.<br \/>\n02. Considerando os principais pontos da an\u00e1lise, projeto, implanta\u00e7\u00e3o, certifica\u00e7\u00e3o e testes.<br \/>\nAponte os principais pontos da an\u00e1lise projeto para uma implementa\u00e7\u00e3o segura.<br \/>\nP\u00fablico3<br \/>\n03. Quanto aos principais pontos da opera\u00e7\u00e3o com Hardware de Rede e confec\u00e7\u00e3o de<br \/>\ncrimpagem. Aponte os principais pontos dessa opera\u00e7\u00e3o, considerando os padr\u00f5es ABNT, TIA e<br \/>\nISO.<br \/>\nNessa pr\u00e1tica, voc\u00ea dever\u00e1 utilizar a ferramenta Cisco Packet Tracer para criar e testar<br \/>\numa pequena rede de computadores que foi proposta.<br \/>\n\u2022 Primeiramente, voc\u00ea dever\u00e1 fazer download da ferramenta Cisco Packet<br \/>\nTracer, acessando o seguinte link:<br \/>\nhttps:\/\/mega.nz\/file\/h081RB7D#xPpdyKOKI53zaJKFLtNwEw8webLplH<br \/>\nT7b8Sv6uqL1cY<br \/>\n\u2022 Fazer o cadastro no site da Cisco, necess\u00e1rio login para utilizar a vers\u00e3o<br \/>\nestudante: https:\/\/id.cisco.com\/#<br \/>\n\u2022 Para aprofundar o conte\u00fado, n\u00e3o \u00e9 obrigat\u00f3riao, mas passamos essa dica, fa\u00e7a o<br \/>\npequeno curso oficial gratuito atrav\u00e9s da Academia de Rede Cisco, \u00e9 s\u00f3 fazer o<br \/>\ncadastro e acompanhar o curso, \u00e9 poss\u00edvel ir do b\u00e1sico ao avan\u00e7ado (dica de<br \/>\nconte\u00fado adicional):<br \/>\nhttps:\/\/skillsforall.com\/learningcollections\/cisco-packettracer?utm_source=netacad.com&#038;utm_medium=referral&#038;utm_campaign=packettracer&#038;userlogin=0&#038;userLang=pt-BR<br \/>\n\u2022 Tela incial, conforme a Figura 1 a seguir.<br \/>\nFigura 1. Home Cisco Packet Tracer.<br \/>\nFonte: Captura de tela Home Cisco Packet Tracer.<br \/>\n&#8212;&#8212;&#8212;&#8212;&#8212;&#8212;&#8212;&#8212;&#8212;&#8212;&#8212;&#8212;&#8212;&#8212;&#8212;&#8212;&#8212;&#8212;&#8212;&#8212;&#8212;&#8212;&#8212;&#8212;&#8212;&#8212;&#8212;&#8212;&#8212;&#8212;&#8212;&#8212;&#8212;&#8212;&#8212;&#8212;&#8212;&#8212;&#8212;&#8212;&#8212;&#8212;&#8212;&#8212;&#8212;-<br \/>\nCriar a rede de computador abaixo no simulador de redes Cisco Packet Tracer:<br \/>\nA) S\u00e3o 4 departamentos: Engenharia, Compras, TI Interno e Infraestrutura. Cada departamento<br \/>\ndeve conter: 14 esta\u00e7\u00f5es, 2 servidores e 2 impressoras, totalizando 18 hosts.<br \/>\nP\u00fablico4<br \/>\nB) Deve ser usada uma m\u00e1scara de sub-rede que atenda a necessidade apresentada. A rede<br \/>\n\u00e9 de Classe C e deve-se usar a topologia estrela. Para a numera\u00e7\u00e3o IPs, deve-se usar uma<br \/>\nsequ\u00eancia nas subredes de acordo com a m\u00e1scara adotada.<br \/>\nC) Como s\u00e3o 2\u00b2 hosts em cada sub-rede, devemos usar uma m\u00e1scara que permita est\u00e1<br \/>\nconfigura\u00e7\u00e3o: neste caso a rede seria de 227, o host de 25<br \/>\n. Descreva a rede, seu 1\u00ba IP v\u00e1lido,<br \/>\nultimo IP valido e o broadcast de cada Sub-Rede.<br \/>\nD) Utilize o switch 2950-24 da Cisco para cada departamento, interligando eles entre si. Cada<br \/>\ndepartamento deve estar em uma sub-rede. Configure uma Vlan nas subs-redes. Em cada Subrede crie 2 Vlan com 10 portas cada. Da 1-10 VLAN 1 e da 11-20 VLAN2. Cada VLAN vai ter<br \/>\n08 esta\u00e7\u00f5es, 1 impressora e um Servidor.<br \/>\nE) Os departamentos s\u00e3o: Engenharia, Compras, TI Interno e Infraestrutura. Os departamentos<br \/>\nde Engenharia e TI Interno devem ser colocados IPs est\u00e1ticos, j\u00e1 nos departamentos de<br \/>\ncompras e Infraestrutura devem ser colocados IPs din\u00e2micos, de maneira que siga a sequ\u00eancia<br \/>\ndos IPs est\u00e1ticos.<br \/>\nChecklist:<br \/>\nA) Departamentos e equipamentos:<br \/>\n\u2022 Engenharia: 14 esta\u00e7\u00f5es, 2 servidores, 2 impressoras<br \/>\n\u2022 Compras: 14 esta\u00e7\u00f5es, 2 servidores, 2 impressoras<br \/>\n\u2022 TI Interno: 14 esta\u00e7\u00f5es, 2 servidores, 2 impressoras<br \/>\n\u2022 Infraestrutura: 14 esta\u00e7\u00f5es, 2 servidores, 2 impressoras<br \/>\nB) Configura\u00e7\u00e3o da rede:<br \/>\n\u2022 Utilizar uma m\u00e1scara de sub-rede que atenda a necessidade.<br \/>\n\u2022 Utilizar topologia estrela.<br \/>\n\u2022 A rede \u00e9 de Classe C.<br \/>\nC) Configura\u00e7\u00e3o das sub-redes:<br \/>\n\u2022 Utilizar uma m\u00e1scara correta;<br \/>\nP\u00fablico5<br \/>\n\u2022 Descrever cada sub-rede, seu 1\u00ba IP v\u00e1lido, \u00faltimo IP v\u00e1lido e o broadcast de cada subrede.<br \/>\nD) Configura\u00e7\u00e3o do switch Cisco 2950-24:<br \/>\n\u2022 Utilizar um switch para cada departamento.<br \/>\n\u2022 Interligar os switches entre si.<br \/>\n\u2022 Configurar VLANs nas sub-redes.<br \/>\n\u2022 Cada sub-rede ter\u00e1 2 VLANs com 10 portas cada.<br \/>\n\u2022 VLAN 1 ter\u00e1 8 esta\u00e7\u00f5es, 1 impressora e 1 servidor.<br \/>\n\u2022 VLAN 2 ter\u00e1 8 esta\u00e7\u00f5es, 1 impressora e 1 servidor.<br \/>\nE) Configura\u00e7\u00e3o dos IPs:<br \/>\n\u2022 Departamento de Engenharia e TI Interno: IPs est\u00e1ticos.<br \/>\n\u2022 Departamentos de Compras e Infraestrutura: IPs din\u00e2micos seguindo a sequ\u00eancia dos<br \/>\nIPs est\u00e1ticos.<br \/>\nRESULTADOS<br \/>\nResultados de Aprendizagem:<br \/>\nNesse exerc\u00edcio, o voc\u00ea aprendeu a configurar uma rede com quatro departamentos (Engenharia,<br \/>\nCompras, TI Interno e Infraestrutura) utilizando uma topologia estrela. Aprendeu a calcular a<br \/>\nm\u00e1scara de sub-rede adequada, designar IPs est\u00e1ticos e din\u00e2micos, e interligar os switches Cisco<br \/>\n2950-24 de cada departamento. Al\u00e9m disso, ser\u00e1 capaz de criar VLANs, distribuir as esta\u00e7\u00f5es,<br \/>\nservidores e impressoras de forma organizada nas VLANs e entender como funciona a<br \/>\ncomunica\u00e7\u00e3o entre as sub-redes. Esse exerc\u00edcio pr\u00e1tico proporcionou uma compreens\u00e3o valiosa<br \/>\nsobre o planejamento e a configura\u00e7\u00e3o de redes, preparando-o para lidar com ambientes de rede<br \/>\nem um contexto profissional.<br \/>\nESTUDANTE, VOC\u00ca DEVER\u00c1 ENTREGAR<br \/>\nDescri\u00e7\u00e3o orientativa sobre a entregada da comprova\u00e7\u00e3o da aula pr\u00e1tica:<br \/>\nEntrega do relato\u0301rio com os resultados obtidos e da topologia da rede criada.<br \/>\nREFER\u00caNCIAS BIBLIOGR\u00c1FICAS<br \/>\nDescri\u00e7\u00e3o (em abnt) das refer\u00eancias utilizadas<br \/>\nOLIVEIRA, D. B.; LUMMERTZ, R. S.; SOUZA, D. C. Qualidade e desempenho de redes. Porto<br \/>\nAlegre: Sagah, 2019.<br \/>\nP\u00fablico6<br \/>\nSOUZA, D. C. et al. Gerenciamento de redes de computares. Porto Alegre: Sagah, 2021.<br \/>\nKUROSE, J. F.; ROSS, K. W. Redes de computadores e a Internet: uma abordagem topdown. 6. ed. S\u00e3o Paulo: Pearson<\/p>\n<div class=\"elementor-toggle-item\">\n<div class=\"elementor-toggle-item\">\n<p id=\"elementor-tab-title-1941\" class=\"elementor-tab-title elementor-active\" tabindex=\"0\" role=\"tab\" data-tab=\"1\" aria-controls=\"elementor-tab-content-1941\" aria-expanded=\"true\" aria-selected=\"true\"><strong>Como funciona?<\/strong><\/p>\n<p>Elaboramos os portf\u00f3lios, j\u00e1 deixamos prontos, nas normas da ABNT e conforme os requisitos da universidade. F\u00e1cil assim! O MELHOR \u00c9 QUE VOC\u00ca COMPRA E J\u00c1 BAIXA NA HORA O SEU ARQUIVO EM WORD! Sabemos que conciliar trabalho, fam\u00edlia, vida profissional e estudos \u00e9 dif\u00edcil hoje em dia, por isso, estamos aqui para ajudar voc\u00ea. Conte com nossa qualidade, experi\u00eancia e profissionalismo adquirindo seu portf\u00f3lio conosco. GARANTIMOS SEU CONCEITO!<\/p>\n<p><strong>Como se realizam os envios?<\/strong><\/p>\n<\/div>\n<p id=\"elementor-tab-content-1942\" class=\"elementor-tab-content elementor-clearfix elementor-active\" role=\"tabpanel\" data-tab=\"2\" aria-labelledby=\"elementor-tab-title-1942\">O seu trabalho \u00e9 disponibilizado pronto, respondido e nas normas j\u00e1 na mesma hora aqui em nosso site na sua \u00e1rea de downloads e tamb\u00e9m no seu e-mail.<\/p>\n<p><strong>Em quanto tempo recebo o portf\u00f3lio?<\/strong><\/p>\n<p>Os envios s\u00e3o imediatos. Ap\u00f3s sua compra, o trabalho j\u00e1 \u00e9 disponibilizado instantaneamente aqui em nosso site e no seu e-mail.<\/p>\n<p><strong>E se o portf\u00f3lio que comprei precisar de corre\u00e7\u00e3o?<\/strong><\/p>\n<p>Caso haja alguma solicita\u00e7\u00e3o de corre\u00e7\u00e3o\/altera\u00e7\u00e3o por parte do tutor, basta entrar em contato conosco pelo\u00a0WhatsApp\u00a0que provid\u00eanciaremos sem custo algum.<\/p>\n<p><strong>Qual o formato do arquivo?<\/strong><\/p>\n<p>Os arquivos s\u00e3o enviados em formato Word e s\u00e3o edit\u00e1veis.<\/p>\n<p><strong>Caso eu tiver alguma d\u00favida, terei suporte no p\u00f3s venda?<\/strong><\/p>\n<p>Sim, com certeza. Basta clicar no \u00edcone do WhatsApp no cantinho da tela. Ser\u00e1 um prazer atend\u00ea-lo(a).<\/p>\n<div id=\"elementor-tab-content-1948\" class=\"elementor-tab-content elementor-clearfix elementor-active\" role=\"tabpanel\" data-tab=\"8\" aria-labelledby=\"elementor-tab-title-1948\">\n<p><strong>Quais os seus canais de contato?<\/strong><\/p>\n<\/div>\n<div id=\"elementor-tab-content-1949\" class=\"elementor-tab-content elementor-clearfix elementor-active\" role=\"tabpanel\" data-tab=\"9\" aria-labelledby=\"elementor-tab-title-1949\">\n<p>Whatsapp: 53 984751621 \u2013 Clicar no canto da tela ou ESCANEIE O QRCODE ABAIXO<\/p>\n<h4><img decoding=\"async\" class=\"alignnone wp-image-13699 jetpack-lazy-image jetpack-lazy-image--handled\" src=\"https:\/\/i0.wp.com\/portifolioos-prontos.com\/wp-content\/uploads\/2023\/02\/whatsapp-business-projeto-de-extensao-300x300.jpeg?resize=144%2C144\" sizes=\"(max-width: 144px) 100vw, 144px\" srcset=\"https:\/\/i0.wp.com\/portifolioos-prontos.com\/wp-content\/uploads\/2023\/02\/whatsapp-business-projeto-de-extensao.jpeg?resize=300%2C301&amp;ssl=1 300w, https:\/\/i0.wp.com\/portifolioos-prontos.com\/wp-content\/uploads\/2023\/02\/whatsapp-business-projeto-de-extensao.jpeg?resize=150%2C150&amp;ssl=1 150w, https:\/\/i0.wp.com\/portifolioos-prontos.com\/wp-content\/uploads\/2023\/02\/whatsapp-business-projeto-de-extensao.jpeg?resize=370%2C372&amp;ssl=1 370w, https:\/\/i0.wp.com\/portifolioos-prontos.com\/wp-content\/uploads\/2023\/02\/whatsapp-business-projeto-de-extensao.jpeg?resize=100%2C100&amp;ssl=1 100w, https:\/\/i0.wp.com\/portifolioos-prontos.com\/wp-content\/uploads\/2023\/02\/whatsapp-business-projeto-de-extensao.jpeg?w=470&amp;ssl=1 470w\" alt=\"projeto de extens\u00e3o unopar\" width=\"144\" height=\"144\" data-lazy-loaded=\"1\" \/><\/h4>\n<\/div>\n<div class=\"elementor-toggle-item\">\n<div id=\"elementor-tab-content-1949\" class=\"elementor-tab-content elementor-clearfix elementor-active\" role=\"tabpanel\" data-tab=\"9\" aria-labelledby=\"elementor-tab-title-1949\">\n<p>E-mail:portifoliosp@gmail.com<\/p>\n<div id=\"attachment_143\" class=\"wp-caption alignnone\">\n<div id=\"attachment_143\" class=\"wp-caption alignnone\">\n<p id=\"caption-attachment-143\" class=\"wp-caption-text\"><a href=\"http:\/\/portfolio-pronto.com\/\">Portf\u00f3lio<\/a>\u00a0em Word, respondido, completo e j\u00e1 nas normas<\/p>\n<\/div>\n<\/div>\n<\/div>\n<\/div>\n<\/div>\n","protected":false},"excerpt":{"rendered":"<div class=\"product-short-description\">\n<div class=\"product-short-description\">\n<p><strong>Pague pelo PIX ou cart\u00e3o e fa\u00e7a o download agora mesmo.<\/strong><\/p>\n<\/div>\n<div class=\"sticky-add-to-cart-wrapper\">\n<div class=\"sticky-add-to-cart\">\n<p class=\"quantity buttons_added form-flat\"><img decoding=\"async\" class=\"lazyloaded smush-image-5 smush-image-3 smush-image-4 smush-detected-img smush-image-bigger-3\" src=\"https:\/\/d26lpennugtm8s.cloudfront.net\/assets\/common\/img\/logos\/payment\/visa@2x.png\" width=\"46\" height=\"29\" data-src=\"https:\/\/d26lpennugtm8s.cloudfront.net\/assets\/common\/img\/logos\/payment\/visa@2x.png\" \/><img decoding=\"async\" class=\"lazyloaded smush-image-6 smush-image-4 smush-image-5 smush-detected-img smush-image-bigger-4\" src=\"https:\/\/d26lpennugtm8s.cloudfront.net\/assets\/common\/img\/logos\/payment\/boleto@2x.png\" width=\"43\" height=\"27\" data-src=\"https:\/\/d26lpennugtm8s.cloudfront.net\/assets\/common\/img\/logos\/payment\/boleto@2x.png\" \/><img loading=\"lazy\" decoding=\"async\" class=\"lazyloaded smush-image-7 smush-image-5 smush-image-6 smush-detected-img smush-image-bigger-5\" src=\"https:\/\/d26lpennugtm8s.cloudfront.net\/assets\/common\/img\/logos\/payment\/mastercard@2x.png\" width=\"43\" height=\"27\" data-src=\"https:\/\/d26lpennugtm8s.cloudfront.net\/assets\/common\/img\/logos\/payment\/mastercard@2x.png\" \/><img loading=\"lazy\" decoding=\"async\" class=\"lazyloaded smush-image-8 smush-image-6 smush-image-7 smush-detected-img smush-image-bigger-6\" src=\"https:\/\/d26lpennugtm8s.cloudfront.net\/assets\/common\/img\/logos\/payment\/amex@2x.png\" width=\"43\" height=\"27\" data-src=\"https:\/\/d26lpennugtm8s.cloudfront.net\/assets\/common\/img\/logos\/payment\/amex@2x.png\" \/><img loading=\"lazy\" decoding=\"async\" class=\"lazyloaded smush-image-9 smush-image-7 smush-image-8 smush-detected-img smush-image-bigger-7\" src=\"https:\/\/d26lpennugtm8s.cloudfront.net\/assets\/common\/img\/logos\/payment\/diners@2x.png\" width=\"46\" height=\"29\" data-src=\"https:\/\/d26lpennugtm8s.cloudfront.net\/assets\/common\/img\/logos\/payment\/diners@2x.png\" \/><img loading=\"lazy\" decoding=\"async\" class=\"lazyloaded smush-image-10 smush-image-8 smush-image-9 alignnone smush-detected-img smush-image-bigger-8\" src=\"https:\/\/d26lpennugtm8s.cloudfront.net\/assets\/common\/img\/logos\/payment\/br\/elo@2x.png\" alt=\"portf\u00f3lio unopar anhanguera\" width=\"45\" height=\"28\" data-src=\"https:\/\/d26lpennugtm8s.cloudfront.net\/assets\/common\/img\/logos\/payment\/br\/elo@2x.png\" \/><img loading=\"lazy\" decoding=\"async\" class=\"lazyloaded smush-image-11 smush-image-9 smush-image-10 alignnone smush-detected-img smush-image-bigger-9\" src=\"https:\/\/d26lpennugtm8s.cloudfront.net\/assets\/common\/img\/logos\/payment\/br\/hipercard@2x.png\" alt=\"portf\u00f3lio unopar anhanguera\" width=\"44\" height=\"28\" data-src=\"https:\/\/d26lpennugtm8s.cloudfront.net\/assets\/common\/img\/logos\/payment\/br\/hipercard@2x.png\" \/><img loading=\"lazy\" decoding=\"async\" class=\"lazyloaded smush-image-12 smush-image-10 smush-image-11 alignnone smush-detected-img smush-image-bigger-10\" src=\"https:\/\/d26lpennugtm8s.cloudfront.net\/assets\/common\/img\/logos\/payment\/mercadopago@2x.png\" alt=\"portf\u00f3lio unopar anhanguera\" width=\"45\" height=\"28\" data-src=\"https:\/\/d26lpennugtm8s.cloudfront.net\/assets\/common\/img\/logos\/payment\/mercadopago@2x.png\" \/><img loading=\"lazy\" decoding=\"async\" class=\"alignnone lazyloaded smush-detected-img smush-image-bigger-11\" src=\"https:\/\/futurium.com.br\/wp-content\/uploads\/2021\/06\/logo-pix-icone-512.png\" alt=\"portfolio pronto\" width=\"30\" height=\"30\" data-src=\"https:\/\/futurium.com.br\/wp-content\/uploads\/2021\/06\/logo-pix-icone-512.png\" \/><\/p>\n<\/div>\n<\/div>\n<\/div>\n","protected":false},"featured_media":29758,"template":"","meta":{"_seopress_robots_primary_cat":"none","_seopress_titles_title":"","_seopress_titles_desc":"","_seopress_robots_index":""},"product_cat":[15],"product_tag":[],"class_list":{"0":"post-29754","1":"product","2":"type-product","3":"status-publish","4":"has-post-thumbnail","6":"product_cat-uncategorized","8":"first","9":"instock","10":"downloadable","11":"virtual","12":"purchasable","13":"product-type-simple","14":"col-xs-6 col-sm-4","15":"col-mf-5","16":"un-5-cols"},"jetpack_sharing_enabled":true,"_links":{"self":[{"href":"https:\/\/portifolioos-prontos.com\/index.php\/wp-json\/wp\/v2\/product\/29754","targetHints":{"allow":["GET"]}}],"collection":[{"href":"https:\/\/portifolioos-prontos.com\/index.php\/wp-json\/wp\/v2\/product"}],"about":[{"href":"https:\/\/portifolioos-prontos.com\/index.php\/wp-json\/wp\/v2\/types\/product"}],"version-history":[{"count":0,"href":"https:\/\/portifolioos-prontos.com\/index.php\/wp-json\/wp\/v2\/product\/29754\/revisions"}],"wp:featuredmedia":[{"embeddable":true,"href":"https:\/\/portifolioos-prontos.com\/index.php\/wp-json\/wp\/v2\/media\/29758"}],"wp:attachment":[{"href":"https:\/\/portifolioos-prontos.com\/index.php\/wp-json\/wp\/v2\/media?parent=29754"}],"wp:term":[{"taxonomy":"product_cat","embeddable":true,"href":"https:\/\/portifolioos-prontos.com\/index.php\/wp-json\/wp\/v2\/product_cat?post=29754"},{"taxonomy":"product_tag","embeddable":true,"href":"https:\/\/portifolioos-prontos.com\/index.php\/wp-json\/wp\/v2\/product_tag?post=29754"}],"curies":[{"name":"wp","href":"https:\/\/api.w.org\/{rel}","templated":true}]}}