{"id":31752,"date":"2024-10-28T17:32:16","date_gmt":"2024-10-28T20:32:16","guid":{"rendered":"https:\/\/portifolioos-prontos.com\/?post_type=product&#038;p=31752"},"modified":"2024-10-28T17:32:16","modified_gmt":"2024-10-28T20:32:16","slug":"atividade-pratica-fitoterapia","status":"publish","type":"product","link":"https:\/\/portifolioos-prontos.com\/index.php\/product\/atividade-pratica-fitoterapia\/","title":{"rendered":"Atividade Pr\u00e1tica Fitoterapia"},"content":{"rendered":"<h5>Atividade Pr\u00e1tica Fitoterapia<\/h5>\n<p>OBJETIVOS<br \/>\nA proposta desta atividade pr\u00e1tica est\u00e1 amparada nos seguintes objetivos:<br \/>\n&#8211; Aprofundar do conhecimento sobre fitoter\u00e1picos;<br \/>\n&#8211; Refletir sobre o uso racional\/adequado de plantas medicinais;<br \/>\n&#8211; Explorar formas de dissemina\u00e7\u00e3o do conhecimento e consci\u00eancia da import\u00e2ncia do<br \/>\nuso racional da fitoterapia.<br \/>\nRECURSOS<br \/>\nComputador com acesso \u00e0 internet e ao ambiente virtual.<br \/>\nPROCEDIMENTOS PR\u00c1TICOS<br \/>\nAtividade proposta<br \/>\nUso adequado de fitoter\u00e1picos.<br \/>\nProcedimentos para a realiza\u00e7\u00e3o da atividade<br \/>\n1) O trecho a seguir \u00e9 parte do artigo \u201cA Fitoterapia no SUS e o Programa de Pesquisas de<br \/>\nPlantas Medicinais da Central de Medicamentos\u201d, s\u00e9rie B. Textos b\u00e1sicos de sa\u00fade, do<br \/>\nMinist\u00e9rio da Sa\u00fade (2006):<br \/>\n\u201cA Pol\u00edtica Nacional de Medicamentos, como parte essencial da Pol\u00edtica Nacional de Sa\u00fade, no<br \/>\n\u00e2mbito de suas diretrizes para o desenvolvimento tecnol\u00f3gico, preconiza que \u201c[&#8230;] dever\u00e1 ser<br \/>\ncontinuado e expandido o apoio \u00e0s pesquisas que visem ao aproveitamento do potencial<br \/>\nterap\u00eautico da flora e fauna nacionais, enfatizando a certifica\u00e7\u00e3o de suas propriedades<br \/>\nmedicamentosas\u201d (BRASIL, 1998c). Diante disso, a extinta Ger\u00eancia T\u00e9cnica de Assist\u00eancia<br \/>\nFarmac\u00eautica da Secretaria de Pol\u00edticas da Sa\u00fade constituiu um Grupo de Estudo de<br \/>\nFitoter\u00e1picos para elabora\u00e7\u00e3o da Proposta de Pol\u00edtica Nacional de Plantas Medicinais e<br \/>\nFitoter\u00e1picos, cujo objetivo era garantir acesso e uso racional das plantas medicinais e dos<br \/>\nfitoter\u00e1picos, com seguran\u00e7a, efic\u00e1cia e qualidade, contribuindo com o desenvolvimento desse<br \/>\nsetor no pa\u00eds\u201d.<br \/>\n(Texto completo dispon\u00edvel em:<br \/>\nhttps:\/\/bvsms.saude.gov.br\/bvs\/publicacoes\/fitoterapia_no_sus.pdf)<br \/>\nTrata-se da ado\u00e7\u00e3o das Pr\u00e1ticas integrativas e complementares pelo Sistema \u00danico de Sa\u00fade<br \/>\n(SUS), entre elas a fitoterapia. A inser\u00e7\u00e3o da pr\u00e1tica no SUS, fomentou novas pesquisas e<br \/>\naprofundamento deste conhecimento que aproxima o saber popular e a ci\u00eancia.<br \/>\nPor\u00e9m, para que a utiliza\u00e7\u00e3o de plantas medicinais tenha \u00eaxito, \u00e9 necess\u00e1rio observar n\u00e3o s\u00f3 a<br \/>\nefic\u00e1cia, mas a segunra\u00e7a do seu emprego para diferentes altera\u00e7\u00f5es de sa\u00fade.<br \/>\nDessa forma, explique as diferentes formas de emprego da fitoterapia (profil\u00e1tica, curativa e<br \/>\npaliativa) e quais as formas farmac\u00eauticas de dispensa\u00e7\u00e3o poss\u00edveis para a administra\u00e7\u00e3o.<br \/>\n2) O artigo \u201cPlantas medicinais: uma abordagem sobre o uso seguro e racional\u201d (PEDROSO, RS;<br \/>\nANDRADE, G; PIRES, RH; 2021), dispon\u00edvel em:<br \/>\nhttps:\/\/www.scielo.br\/j\/physis\/a\/kwsS5zBL84b5w9LrMrCjy5d\/?lang=pt Promove uma<br \/>\ndiscuss\u00e3o sobre o conhecimento e a import\u00e2ncia da utiliza\u00e7\u00e3o corretas das plantas medicinais.<br \/>\nA valida\u00e7\u00e3o de fitoter\u00e1picos, cujo objetivo \u00e9 comprovar sua seguran\u00e7a, efic\u00e1cia e qualidade,<br \/>\nenvolve diversas etapas de pesquisa e de controle de qualidade, desde a escolha da planta a<br \/>\nser estudada, passando pela an\u00e1lise e identifica\u00e7\u00e3o dos seus princ\u00edpios ativos, at\u00e9 os ensaios<br \/>\nfarmacol\u00f3gicos e toxicol\u00f3gicos.<br \/>\nExplique como se d\u00e1 o processo de controle de qualidade em fitoterapia.<br \/>\n3) Entres as a\u00e7\u00f5es necess\u00e1rias em rela\u00e7\u00e3o ao uso racional de plantas medicinais e fitoter\u00e1picos,<br \/>\ndescritas na obra \u201cPol\u00edtica e programa nacional de plantas medicinais e fitoter\u00e1picos\u201d do<br \/>\nMinist\u00e9rio da Sa\u00fade (2016), est\u00e1: \u201cPromover campanhas educativas para usu\u00e1rios voltadas ao<br \/>\nuso racional de plantas medicinais e fitoter\u00e1picos\u201d.<br \/>\nElabore uma campanha educativa objetivando a utiliza\u00e7\u00e3o racional da fitoterapia pela<br \/>\npopula\u00e7\u00e3o. Dicas: pense em qual forma a campanha ir\u00e1 atingir o p\u00fablico alvo, qual ser\u00e1 este<br \/>\np\u00fablico e quais informa\u00e7\u00f5es e como ir\u00e1 transmit\u00ed-las! Descreve todo este processo.<br \/>\n(Texto completo dispon\u00edvel em:<br \/>\nhttps:\/\/bvsms.saude.gov.br\/bvs\/publicacoes\/politica_programa_nacional_plantas_medicinais_fit<br \/>\noterapicos.pdf)<br \/>\n4) Para ompletar seus estudos, cite ao menos uma planta (diferente das abordadas nas aulas<br \/>\nte\u00f3ricas), seus efeitos, modo de uso e como obteve este conhecimento, se de familiares ou<br \/>\nconhecidos ou conhecimento cient\u00edfico, neste \u00faltimo caso, cite a fonte.<br \/>\nPlanta:<br \/>\nEfeitos:<br \/>\nModo de uso:<br \/>\nConhecimento popular: _________________________________________________________<br \/>\nConhecimento cient\u00edfico: ________________________________________________________<br \/>\nChecklist<br \/>\nPrincipais etapas para a completude da atividade pr\u00e1tica:<br \/>\n&#8211; Diferentes formas de emprego da fitoterapia e formas farmac\u00eauticas de dispensa\u00e7\u00e3o poss\u00edveis<br \/>\npara a administra\u00e7\u00e3o<br \/>\n&#8211; Como \u00e9 feito o controle de qualidade de produtos fitoter\u00e1picos.<br \/>\n&#8211; Elabora\u00e7\u00e3o de campanha educativa sobre o uso racional da fitoterapia.<br \/>\n&#8211; Conhecimentos sobre diferentes plantas medicinais.<br \/>\nRESULTADO<br \/>\nEntrega de um arquivo word que contemple todas as etapas da atividade pr\u00e1tica,<br \/>\nconforme apresentado no checklist.<\/p>\n<div class=\"elementor-toggle-item\">\n<h4 id=\"elementor-tab-title-1941\" class=\"elementor-tab-title elementor-active\" tabindex=\"0\" role=\"tab\" data-tab=\"1\" aria-controls=\"elementor-tab-content-1941\" aria-expanded=\"true\" aria-selected=\"true\">Como funciona?<\/h4>\n<div id=\"elementor-tab-content-1941\" class=\"elementor-tab-content elementor-clearfix elementor-active\" role=\"tabpanel\" data-tab=\"1\" aria-labelledby=\"elementor-tab-title-1941\">\n<p>Elaboramos os portf\u00f3lios, j\u00e1 deixamos prontos, nas normas da ABNT e conforme os requisitos da universidade. F\u00e1cil assim! O MELHOR \u00c9 QUE VOC\u00ca COMPRA E J\u00c1 BAIXA NA HORA O SEU ARQUIVO EM WORD! Sabemos que conciliar trabalho, fam\u00edlia, vida profissional e estudos \u00e9 dif\u00edcil hoje em dia, por isso, estamos aqui para ajudar voc\u00ea. Conte com nossa qualidade, experi\u00eancia e profissionalismo adquirindo seu portf\u00f3lio conosco. GARANTIMOS SEU CONCEITO!<\/p>\n<h4>Como se realizam os envios?<\/h4>\n<\/div>\n<\/div>\n<div class=\"elementor-toggle-item\">\n<div id=\"elementor-tab-content-1942\" class=\"elementor-tab-content elementor-clearfix elementor-active\" role=\"tabpanel\" data-tab=\"2\" aria-labelledby=\"elementor-tab-title-1942\">O seu trabalho \u00e9 disponibilizado pronto, respondido e nas normas j\u00e1 na mesma hora aqui em nosso site na sua \u00e1rea de downloads e tamb\u00e9m no seu e-mail.<\/div>\n<\/div>\n<div class=\"elementor-toggle-item\">\n<div id=\"elementor-tab-content-1943\" class=\"elementor-tab-content elementor-clearfix elementor-active\" role=\"tabpanel\" data-tab=\"3\" aria-labelledby=\"elementor-tab-title-1943\">\n<h4>Em quanto tempo recebo o portf\u00f3lio?<\/h4>\n<\/div>\n<\/div>\n<div class=\"elementor-toggle-item\">\n<div id=\"elementor-tab-content-1944\" class=\"elementor-tab-content elementor-clearfix elementor-active\" role=\"tabpanel\" data-tab=\"4\" aria-labelledby=\"elementor-tab-title-1944\">\n<p>Os envios s\u00e3o imediatos. Ap\u00f3s sua compra, o trabalho j\u00e1 \u00e9 disponibilizado instantaneamente aqui em nosso site e no seu e-mail.<\/p>\n<h4>E se o portf\u00f3lio que comprei precisar de corre\u00e7\u00e3o?<\/h4>\n<\/div>\n<\/div>\n<div class=\"elementor-toggle-item\">\n<div id=\"elementor-tab-content-1945\" class=\"elementor-tab-content elementor-clearfix elementor-active\" role=\"tabpanel\" data-tab=\"5\" aria-labelledby=\"elementor-tab-title-1945\">\n<p>Caso haja alguma solicita\u00e7\u00e3o de corre\u00e7\u00e3o\/altera\u00e7\u00e3o por parte do tutor, basta entrar em contato conosco pelo\u00a0WhatsApp\u00a0que provid\u00eanciaremos sem custo algum.<\/p>\n<h4>Qual o formato do arquivo?<\/h4>\n<\/div>\n<\/div>\n<div class=\"elementor-toggle-item\">\n<div id=\"elementor-tab-content-1946\" class=\"elementor-tab-content elementor-clearfix elementor-active\" role=\"tabpanel\" data-tab=\"6\" aria-labelledby=\"elementor-tab-title-1946\">\n<p>Os arquivos s\u00e3o enviados em formato Word e s\u00e3o edit\u00e1veis.<\/p>\n<h4>Caso eu tiver alguma d\u00favida, terei suporte no p\u00f3s venda?<\/h4>\n<\/div>\n<\/div>\n<div class=\"elementor-toggle-item\">\n<div id=\"elementor-tab-content-1948\" class=\"elementor-tab-content elementor-clearfix elementor-active\" role=\"tabpanel\" data-tab=\"8\" aria-labelledby=\"elementor-tab-title-1948\">\n<p>Sim, com certeza. Basta clicar no \u00edcone do WhatsApp no cantinho da tela. Ser\u00e1 um prazer atend\u00ea-lo(a).<\/p>\n<div class=\"elementor-toggle-item\">\n<div id=\"elementor-tab-content-1948\" class=\"elementor-tab-content elementor-clearfix elementor-active\" role=\"tabpanel\" data-tab=\"8\" aria-labelledby=\"elementor-tab-title-1948\">\n<h4>Quais os seus canais de contato?<\/h4>\n<\/div>\n<\/div>\n<div class=\"elementor-toggle-item\">\n<div id=\"elementor-tab-content-1949\" class=\"elementor-tab-content elementor-clearfix elementor-active\" role=\"tabpanel\" data-tab=\"9\" aria-labelledby=\"elementor-tab-title-1949\">\n<p>Whatsapp: 53 984751621 \u2013 Clicar no canto da tela ou ESCANEIE O QRCODE ABAIXO<\/p>\n<h4><img decoding=\"async\" class=\"alignnone wp-image-13699 jetpack-lazy-image jetpack-lazy-image--handled\" src=\"https:\/\/i0.wp.com\/portifolioos-prontos.com\/wp-content\/uploads\/2023\/02\/whatsapp-business-projeto-de-extensao-300x300.jpeg?resize=144%2C144\" sizes=\"(max-width: 144px) 100vw, 144px\" srcset=\"https:\/\/i0.wp.com\/portifolioos-prontos.com\/wp-content\/uploads\/2023\/02\/whatsapp-business-projeto-de-extensao.jpeg?resize=300%2C301&amp;ssl=1 300w, https:\/\/i0.wp.com\/portifolioos-prontos.com\/wp-content\/uploads\/2023\/02\/whatsapp-business-projeto-de-extensao.jpeg?resize=150%2C150&amp;ssl=1 150w, https:\/\/i0.wp.com\/portifolioos-prontos.com\/wp-content\/uploads\/2023\/02\/whatsapp-business-projeto-de-extensao.jpeg?resize=370%2C372&amp;ssl=1 370w, https:\/\/i0.wp.com\/portifolioos-prontos.com\/wp-content\/uploads\/2023\/02\/whatsapp-business-projeto-de-extensao.jpeg?resize=100%2C100&amp;ssl=1 100w, https:\/\/i0.wp.com\/portifolioos-prontos.com\/wp-content\/uploads\/2023\/02\/whatsapp-business-projeto-de-extensao.jpeg?w=470&amp;ssl=1 470w\" alt=\"projeto de extens\u00e3o unopar\" width=\"144\" height=\"144\" data-lazy-loaded=\"1\" \/><\/h4>\n<\/div>\n<\/div>\n<\/div>\n<\/div>\n<div class=\"elementor-toggle-item\">\n<div id=\"elementor-tab-content-1949\" class=\"elementor-tab-content elementor-clearfix elementor-active\" role=\"tabpanel\" data-tab=\"9\" aria-labelledby=\"elementor-tab-title-1949\">\n<p>E-mail:portifoliosp@gmail.com<\/p>\n<div id=\"attachment_143\" class=\"wp-caption alignnone\">\n<div id=\"attachment_143\" class=\"wp-caption alignnone\" style=\"width: 88px;\">\n<p><a href=\"https:\/\/portifolioos-prontos.com\/\"><img decoding=\"async\" class=\"wp-image-143 jetpack-lazy-image jetpack-lazy-image--handled smush-image-16 smush-image-17 smush-detected-img smush-image-11\" title=\"portfolio pronto unopar\" src=\"https:\/\/i0.wp.com\/portifolioos-prontos.com\/wp-content\/uploads\/2022\/04\/conceitomaximo.png?resize=161%2C46\" alt=\"PORTFOLIO PRONTO UNOPAR ANHANGUERA\" width=\"88\" height=\"25\" aria-describedby=\"caption-attachment-143\" data-lazy-loaded=\"1\" \/><\/a><\/p>\n<p id=\"caption-attachment-143\" class=\"wp-caption-text\">Portf\u00f3lio em Word, respondido, completo e j\u00e1 nas normas.<\/p>\n<\/div>\n<\/div>\n<\/div>\n<\/div>\n","protected":false},"excerpt":{"rendered":"<div class=\"product-short-description\">\n<h5><strong>Pague pelo PIX ou cart\u00e3o e fa\u00e7a o download agora mesmo.<\/strong><\/h5>\n<\/div>\n<div class=\"sticky-add-to-cart-wrapper\">\n<div class=\"sticky-add-to-cart\">\n<div class=\"quantity buttons_added form-flat\"><img decoding=\"async\" class=\"alignnone wp-image-761 lazyloaded smush-image-7 smush-detected-img smush-image-2\" src=\"https:\/\/portifolioos-prontos.com\/wp-content\/uploads\/2022\/04\/PIX-300x107.webp\" alt=\"\" width=\"78\" height=\"28\" data-src=\"https:\/\/portifolioos-prontos.com\/wp-content\/uploads\/2022\/04\/PIX-300x107.webp\" \/>\u00a0\u00a0<img loading=\"lazy\" decoding=\"async\" class=\"lazyloaded smush-image-8 smush-detected-img smush-image-3\" src=\"https:\/\/d26lpennugtm8s.cloudfront.net\/assets\/common\/img\/logos\/payment\/visa@2x.png\" width=\"46\" height=\"29\" data-src=\"https:\/\/d26lpennugtm8s.cloudfront.net\/assets\/common\/img\/logos\/payment\/visa@2x.png\" \/><img loading=\"lazy\" decoding=\"async\" class=\"lazyloaded smush-image-9 smush-detected-img smush-image-4\" src=\"https:\/\/d26lpennugtm8s.cloudfront.net\/assets\/common\/img\/logos\/payment\/boleto@2x.png\" width=\"43\" height=\"27\" data-src=\"https:\/\/d26lpennugtm8s.cloudfront.net\/assets\/common\/img\/logos\/payment\/boleto@2x.png\" \/><img loading=\"lazy\" decoding=\"async\" class=\"lazyloaded smush-image-10 smush-detected-img smush-image-5\" src=\"https:\/\/d26lpennugtm8s.cloudfront.net\/assets\/common\/img\/logos\/payment\/mastercard@2x.png\" width=\"43\" height=\"27\" data-src=\"https:\/\/d26lpennugtm8s.cloudfront.net\/assets\/common\/img\/logos\/payment\/mastercard@2x.png\" \/><img loading=\"lazy\" decoding=\"async\" class=\"lazyloaded smush-image-11 smush-detected-img smush-image-6\" src=\"https:\/\/d26lpennugtm8s.cloudfront.net\/assets\/common\/img\/logos\/payment\/amex@2x.png\" width=\"43\" height=\"27\" data-src=\"https:\/\/d26lpennugtm8s.cloudfront.net\/assets\/common\/img\/logos\/payment\/amex@2x.png\" \/><img loading=\"lazy\" decoding=\"async\" class=\"lazyloaded smush-image-12 smush-detected-img smush-image-7\" src=\"https:\/\/d26lpennugtm8s.cloudfront.net\/assets\/common\/img\/logos\/payment\/diners@2x.png\" width=\"46\" height=\"29\" data-src=\"https:\/\/d26lpennugtm8s.cloudfront.net\/assets\/common\/img\/logos\/payment\/diners@2x.png\" \/><img loading=\"lazy\" decoding=\"async\" class=\"lazyloaded smush-image-13 smush-detected-img smush-image-8\" src=\"https:\/\/d26lpennugtm8s.cloudfront.net\/assets\/common\/img\/logos\/payment\/br\/elo@2x.png\" width=\"45\" height=\"28\" data-src=\"https:\/\/d26lpennugtm8s.cloudfront.net\/assets\/common\/img\/logos\/payment\/br\/elo@2x.png\" \/><img loading=\"lazy\" decoding=\"async\" class=\"lazyloaded smush-image-14 smush-detected-img smush-image-9\" src=\"https:\/\/d26lpennugtm8s.cloudfront.net\/assets\/common\/img\/logos\/payment\/br\/hipercard@2x.png\" width=\"44\" height=\"28\" data-src=\"https:\/\/d26lpennugtm8s.cloudfront.net\/assets\/common\/img\/logos\/payment\/br\/hipercard@2x.png\" \/><img loading=\"lazy\" decoding=\"async\" class=\"lazyloaded smush-image-15 smush-detected-img smush-image-10\" src=\"https:\/\/d26lpennugtm8s.cloudfront.net\/assets\/common\/img\/logos\/payment\/mercadopago@2x.png\" width=\"45\" height=\"28\" data-src=\"https:\/\/d26lpennugtm8s.cloudfront.net\/assets\/common\/img\/logos\/payment\/mercadopago@2x.png\" \/><\/div>\n<\/div>\n<\/div>\n","protected":false},"featured_media":31756,"template":"","meta":{"_seopress_robots_primary_cat":"","_seopress_titles_title":"%%post_title%% %%sitetitle%%","_seopress_titles_desc":"%%post_content%%","_seopress_robots_index":""},"product_cat":[15],"product_tag":[],"class_list":{"0":"post-31752","1":"product","2":"type-product","3":"status-publish","4":"has-post-thumbnail","6":"product_cat-uncategorized","8":"first","9":"instock","10":"downloadable","11":"virtual","12":"purchasable","13":"product-type-simple","14":"col-xs-6 col-sm-4","15":"col-mf-5","16":"un-5-cols"},"jetpack_sharing_enabled":true,"_links":{"self":[{"href":"https:\/\/portifolioos-prontos.com\/index.php\/wp-json\/wp\/v2\/product\/31752","targetHints":{"allow":["GET"]}}],"collection":[{"href":"https:\/\/portifolioos-prontos.com\/index.php\/wp-json\/wp\/v2\/product"}],"about":[{"href":"https:\/\/portifolioos-prontos.com\/index.php\/wp-json\/wp\/v2\/types\/product"}],"version-history":[{"count":0,"href":"https:\/\/portifolioos-prontos.com\/index.php\/wp-json\/wp\/v2\/product\/31752\/revisions"}],"wp:featuredmedia":[{"embeddable":true,"href":"https:\/\/portifolioos-prontos.com\/index.php\/wp-json\/wp\/v2\/media\/31756"}],"wp:attachment":[{"href":"https:\/\/portifolioos-prontos.com\/index.php\/wp-json\/wp\/v2\/media?parent=31752"}],"wp:term":[{"taxonomy":"product_cat","embeddable":true,"href":"https:\/\/portifolioos-prontos.com\/index.php\/wp-json\/wp\/v2\/product_cat?post=31752"},{"taxonomy":"product_tag","embeddable":true,"href":"https:\/\/portifolioos-prontos.com\/index.php\/wp-json\/wp\/v2\/product_tag?post=31752"}],"curies":[{"name":"wp","href":"https:\/\/api.w.org\/{rel}","templated":true}]}}