{"id":34750,"date":"2025-01-29T10:24:56","date_gmt":"2025-01-29T13:24:56","guid":{"rendered":"https:\/\/portifolioos-prontos.com\/?post_type=product&#038;p=34750"},"modified":"2025-08-03T18:09:11","modified_gmt":"2025-08-03T21:09:11","slug":"projeto-integrado-humanizacao-na-radiologia-um-atendimento-mais-empatico-e-eficiente","status":"publish","type":"product","link":"https:\/\/portifolioos-prontos.com\/index.php\/product\/projeto-integrado-humanizacao-na-radiologia-um-atendimento-mais-empatico-e-eficiente\/","title":{"rendered":"Projeto integrado Humaniza\u00e7\u00e3o na Radiologia: um atendimento mais emp\u00e1tico e eficiente"},"content":{"rendered":"<h5 style=\"box-sizing: border-box; margin-bottom: 1.3em; color: #777777; font-family: Lato, sans-serif; font-size: medium;\">Projeto integrado Humaniza\u00e7\u00e3o na Radiologia: um atendimento mais emp\u00e1tico e eficiente<\/h5>\n<hr style=\"box-sizing: border-box; border-top-width: 1px; border-top-style: solid; margin: 15px 0px; opacity: 0.1; color: #777777; font-family: Lato, sans-serif; font-size: medium; background-color: #ffffff;\" \/>\n<p style=\"box-sizing: border-box; margin-bottom: 1.3em; color: #777777; font-family: Lato, sans-serif; font-size: medium;\">SITUA\u00c7\u00c3O PROPOSTA<br style=\"box-sizing: border-box;\" \/>\u201cHumaniza\u00e7\u00e3o na Radiologia: um atendimento mais emp\u00e1tico e eficiente\u201d<br style=\"box-sizing: border-box;\" \/>A Radiologia, como \u00e1rea da sa\u00fade, desempenha um papel crucial no diagn\u00f3stico de diversas<br style=\"box-sizing: border-box;\" \/>doen\u00e7as. No entanto, a qualidade do atendimento vai al\u00e9m da excel\u00eancia t\u00e9cnica. A humaniza\u00e7\u00e3o,<br style=\"box-sizing: border-box;\" \/>caracterizada pela empatia, respeito e comunica\u00e7\u00e3o eficaz, torna a experi\u00eancia do paciente mais<br style=\"box-sizing: border-box;\" \/>acolhedora e contribui para a sua recupera\u00e7\u00e3o.<br style=\"box-sizing: border-box;\" \/>Este projeto tem como objetivo explorar a import\u00e2ncia da humaniza\u00e7\u00e3o na Radiologia,<br style=\"box-sizing: border-box;\" \/>propondo atividades pr\u00e1ticas para promover um atendimento mais centrado no paciente.<br style=\"box-sizing: border-box;\" \/>Objetivos<br style=\"box-sizing: border-box;\" \/>\u2022 Compreender: A import\u00e2ncia da humaniza\u00e7\u00e3o na radiologia.<br style=\"box-sizing: border-box;\" \/>\u2022 Identificar: As principais barreiras e facilitadores da humaniza\u00e7\u00e3o no setor.<br style=\"box-sizing: border-box;\" \/>\u2022 Desenvolver: Estrat\u00e9gias para melhorar o atendimento ao paciente.<br style=\"box-sizing: border-box;\" \/>\u2022 Criar: Um mapa mental visualizando as principais ideias sobre o tema.<br style=\"box-sizing: border-box;\" \/>P\u00fablico<br style=\"box-sizing: border-box;\" \/>PROJETO INTEGRADO INTERDISCIPLINAR<br style=\"box-sizing: border-box;\" \/>INDIVIDUAL \u2013 PTI<br style=\"box-sizing: border-box;\" \/>ATIVIDADES<br style=\"box-sizing: border-box;\" \/>1. Leitura e Interpreta\u00e7\u00e3o de Textos:<br style=\"box-sizing: border-box;\" \/>o Selecionar 1 artigo cient\u00edfico e ou not\u00edcias sobre humaniza\u00e7\u00e3o na sa\u00fade e na<br style=\"box-sizing: border-box;\" \/>Radiologia.<br style=\"box-sizing: border-box;\" \/>o Analisar os seguintes aspectos:<br style=\"box-sizing: border-box;\" \/>\u25aa Defini\u00e7\u00e3o de humaniza\u00e7\u00e3o.<br style=\"box-sizing: border-box;\" \/>\u25aa Benef\u00edcios da humaniza\u00e7\u00e3o para o paciente e o profissional.<br style=\"box-sizing: border-box;\" \/>\u25aa Desafios encontrados na implementa\u00e7\u00e3o da humaniza\u00e7\u00e3o.<br style=\"box-sizing: border-box;\" \/>\u25aa Estrat\u00e9gias para promover a humaniza\u00e7\u00e3o no atendimento.<br style=\"box-sizing: border-box;\" \/>o Elaborar um relat\u00f3rio individual ou em grupo, apresentando as principais ideias e<br style=\"box-sizing: border-box;\" \/>conclus\u00f5es, apresentando no relat\u00f3rio a refer\u00eancia bibliogr\u00e1fica utilizada para<br style=\"box-sizing: border-box;\" \/>an\u00e1lise.<br style=\"box-sizing: border-box;\" \/>2. Cria\u00e7\u00e3o de Mapa Mental:<br style=\"box-sizing: border-box;\" \/>o O mapa mental deve conter:<br style=\"box-sizing: border-box;\" \/>\u25aa O conceito central: Humaniza\u00e7\u00e3o na Radiologia<br style=\"box-sizing: border-box;\" \/>\u25aa Ramos principais: Benef\u00edcios, Desafios, Estrat\u00e9gias<br style=\"box-sizing: border-box;\" \/>\u25aa Sub-ramos: Detalhando cada um dos ramos principais<br style=\"box-sizing: border-box;\" \/>\u25aa Palavras-chave e imagens para ilustrar as ideias<br style=\"box-sizing: border-box;\" \/>3. Estudo de Caso:<br style=\"box-sizing: border-box;\" \/>o Analisar o Cen\u00e1rio proposto no projeto.<br style=\"box-sizing: border-box;\" \/>o Comparar as experi\u00eancias dos pacientes e identificar os fatores que influenciaram a<br style=\"box-sizing: border-box;\" \/>qualidade do atendimento.<br style=\"box-sizing: border-box;\" \/>o Elaborar um relat\u00f3rio com as conclus\u00f5es.<br style=\"box-sizing: border-box;\" \/>P\u00fablico<br style=\"box-sizing: border-box;\" \/>PROJETO INTEGRADO INTERDISCIPLINAR<br style=\"box-sizing: border-box;\" \/>INDIVIDUAL \u2013 PTI<br style=\"box-sizing: border-box;\" \/>CEN\u00c1RIO:<br style=\"box-sizing: border-box;\" \/>Imagine uma paciente idosa, Dona Maria, que precisa realizar uma tomografia<br style=\"box-sizing: border-box;\" \/>computadorizada. Ela sente-se ansiosa e insegura em rela\u00e7\u00e3o ao exame, pois nunca passou por uma<br style=\"box-sizing: border-box;\" \/>experi\u00eancia similar.<br style=\"box-sizing: border-box;\" \/>1. O Atendimento Inicial:<br style=\"box-sizing: border-box;\" \/>\u2022 Falta de humaniza\u00e7\u00e3o: A paciente chega ao setor de radiologia e \u00e9 direcionada a uma sala de<br style=\"box-sizing: border-box;\" \/>espera sem qualquer explica\u00e7\u00e3o sobre o procedimento ou tempo de espera. A recepcionista,<br style=\"box-sizing: border-box;\" \/>com uma express\u00e3o ap\u00e1tica, solicita os documentos de Dona Maria sem estabelecer nenhum<br style=\"box-sizing: border-box;\" \/>contato visual ou verbal mais aprofundado.<br style=\"box-sizing: border-box;\" \/>\u2022 Atendimento humanizado: A recepcionista sorri para Dona Maria, chama-a pelo nome e<br style=\"box-sizing: border-box;\" \/>explica, de forma clara e simples, o procedimento que ser\u00e1 realizado, o tempo estimado e o<br style=\"box-sizing: border-box;\" \/>que ela pode esperar. A recepcionista tamb\u00e9m oferece um copo d\u2019\u00e1gua e pergunta se Dona<br style=\"box-sizing: border-box;\" \/>Maria tem alguma d\u00favida.<br style=\"box-sizing: border-box;\" \/>2. A Prepara\u00e7\u00e3o para o Exame:<br style=\"box-sizing: border-box;\" \/>\u2022 Falta de humaniza\u00e7\u00e3o: O t\u00e9cnico em radiologia entra na sala, posiciona Dona Maria no<br style=\"box-sizing: border-box;\" \/>equipamento de forma brusca e solicita que ela fique im\u00f3vel sem qualquer explica\u00e7\u00e3o.<br style=\"box-sizing: border-box;\" \/>\u2022 Atendimento humanizado: O t\u00e9cnico em radiologia se apresenta para Dona Maria, explica<br style=\"box-sizing: border-box;\" \/>cada etapa do posicionamento, e utiliza uma linguagem clara e simples. Ele demonstra<br style=\"box-sizing: border-box;\" \/>cuidado ao posicionar a paciente, verificando se ela est\u00e1 confort\u00e1vel e respondendo \u00e0s suas<br style=\"box-sizing: border-box;\" \/>perguntas.<br style=\"box-sizing: border-box;\" \/>3. Durante o Exame:<br style=\"box-sizing: border-box;\" \/>\u2022 Falta de humaniza\u00e7\u00e3o: Durante o exame, a paciente sente dor e tenta comunicar isso ao<br style=\"box-sizing: border-box;\" \/>t\u00e9cnico, mas n\u00e3o \u00e9 ouvida. O t\u00e9cnico demonstra impaci\u00eancia e pede para que ela fique<br style=\"box-sizing: border-box;\" \/>quieta.<br style=\"box-sizing: border-box;\" \/>\u2022 Atendimento humanizado: O t\u00e9cnico observa atentamente Dona Maria\u00a0<a style=\"box-sizing: border-box; background-color: rgba(255, 255, 255, 0); touch-action: manipulation; color: var(--fs-experimental-link-color);\" href=\"https:\/\/portfoliointerdisciplinar.com.br\/\">durante<\/a>\u00a0o exame.<br style=\"box-sizing: border-box;\" \/><a style=\"box-sizing: border-box; background-color: rgba(255, 255, 255, 0); touch-action: manipulation; color: var(--fs-experimental-link-color);\" href=\"https:\/\/www.portfoliopronto.com\/\">P\u00fablico<\/a><br style=\"box-sizing: border-box;\" \/>Ao perceber que ela est\u00e1 sentindo dor, ele interrompe o procedimento, conversa com a<br style=\"box-sizing: border-box;\" \/>PROJETO INTEGRADO INTERDISCIPLINAR<br style=\"box-sizing: border-box;\" \/>INDIVIDUAL \u2013\u00a0<a style=\"box-sizing: border-box; background-color: rgba(255, 255, 255, 0); touch-action: manipulation; color: var(--fs-experimental-link-color);\" href=\"https:\/\/portfoliooead.com.br\/\">PTI<\/a><br style=\"box-sizing: border-box;\" \/>paciente e procura alternativas para minimizar o desconforto, como ajustar a posi\u00e7\u00e3o ou<br style=\"box-sizing: border-box;\" \/>oferecer uma pausa.<br style=\"box-sizing: border-box;\" \/>4. Ap\u00f3s o Exame:<br style=\"box-sizing: border-box;\" \/>\u2022 Falta de humaniza\u00e7\u00e3o: Ap\u00f3s o exame, a paciente \u00e9 liberada sem nenhuma orienta\u00e7\u00e3o sobre<br style=\"box-sizing: border-box;\" \/>os pr\u00f3ximos passos ou sobre os resultados do exame.<br style=\"box-sizing: border-box;\" \/>\u2022 Atendimento humanizado: O t\u00e9cnico agradece a colabora\u00e7\u00e3o de Dona Maria e explica que os<br style=\"box-sizing: border-box;\" \/>resultados do exame ficar\u00e3o prontos em alguns dias. Ele orienta a paciente sobre como<br style=\"box-sizing: border-box;\" \/>receber os resultados e informa sobre quem ela deve procurar em caso de d\u00favidas.<br style=\"box-sizing: border-box;\" \/>Analisando os Resultados:<br style=\"box-sizing: border-box;\" \/>\u2022 Impacto na paciente: Compare as rea\u00e7\u00f5es de Dona Maria em cada um dos cen\u00e1rios. Como a<br style=\"box-sizing: border-box;\" \/>falta de humaniza\u00e7\u00e3o e a humaniza\u00e7\u00e3o influenciam a sua experi\u00eancia?<br style=\"box-sizing: border-box;\" \/>\u2022 Impacto na equipe: Qual o impacto da humaniza\u00e7\u00e3o na satisfa\u00e7\u00e3o e no bem-estar dos<br style=\"box-sizing: border-box;\" \/>profissionais de sa\u00fade?<br style=\"box-sizing: border-box;\" \/>\u2022 Impacto na institui\u00e7\u00e3o: Como a humaniza\u00e7\u00e3o pode contribuir para a imagem da institui\u00e7\u00e3o e<br style=\"box-sizing: border-box;\" \/>para a fideliza\u00e7\u00e3o dos pacientes?<br style=\"box-sizing: border-box;\" \/>Discuss\u00e3o e Conclus\u00f5es:<br style=\"box-sizing: border-box;\" \/>\u2022 Quais s\u00e3o os principais elementos da humaniza\u00e7\u00e3o presentes no estudo de caso?<br style=\"box-sizing: border-box;\" \/>\u2022 Quais s\u00e3o os desafios para a implementa\u00e7\u00e3o da humaniza\u00e7\u00e3o na radiologia?<br style=\"box-sizing: border-box;\" \/>\u2022 Como as institui\u00e7\u00f5es de sa\u00fade podem promover a humaniza\u00e7\u00e3o no atendimento aos<br style=\"box-sizing: border-box;\" \/>pacientes?<\/p>\n<div style=\"box-sizing: border-box;\">\n<div class=\"elementor-toggle-item\">\n<p id=\"elementor-tab-title-1941\" class=\"elementor-tab-title elementor-active\" tabindex=\"0\" role=\"tab\" data-tab=\"1\" aria-controls=\"elementor-tab-content-1941\" aria-expanded=\"true\" aria-selected=\"true\"><strong>Como funciona?<\/strong><\/p>\n<p>Elaboramos os portf\u00f3lios, j\u00e1 deixamos prontos, nas normas da ABNT e conforme os requisitos da universidade. F\u00e1cil assim! O MELHOR \u00c9 QUE VOC\u00ca COMPRA E J\u00c1 BAIXA NA HORA O SEU ARQUIVO EM WORD! Sabemos que conciliar trabalho, fam\u00edlia, vida profissional e estudos \u00e9 dif\u00edcil hoje em dia, por isso, estamos aqui para ajudar voc\u00ea. Conte com nossa qualidade, experi\u00eancia e profissionalismo adquirindo seu portf\u00f3lio conosco. GARANTIMOS SEU CONCEITO!<\/p>\n<p><strong>Como se realizam os envios?<\/strong><\/p>\n<\/div>\n<p id=\"elementor-tab-content-1942\" class=\"elementor-tab-content elementor-clearfix elementor-active\" role=\"tabpanel\" data-tab=\"2\" aria-labelledby=\"elementor-tab-title-1942\">O seu trabalho \u00e9 disponibilizado pronto, respondido e nas normas j\u00e1 na mesma hora aqui em nosso site na sua \u00e1rea de downloads e tamb\u00e9m no seu e-mail.<\/p>\n<p><strong>Em quanto tempo recebo o portf\u00f3lio?<\/strong><\/p>\n<p>Os envios s\u00e3o imediatos. Ap\u00f3s sua compra, o trabalho j\u00e1 \u00e9 disponibilizado instantaneamente aqui em nosso site e no seu e-mail.<\/p>\n<p><strong>E se o portf\u00f3lio que comprei precisar de corre\u00e7\u00e3o?<\/strong><\/p>\n<p>Caso haja alguma solicita\u00e7\u00e3o de corre\u00e7\u00e3o\/altera\u00e7\u00e3o por parte do tutor, basta entrar em contato conosco pelo\u00a0WhatsApp\u00a0que provid\u00eanciaremos sem custo algum.<\/p>\n<p><strong>Qual o formato do arquivo?<\/strong><\/p>\n<p>Os arquivos s\u00e3o enviados em formato Word e s\u00e3o edit\u00e1veis.<\/p>\n<p><strong>Caso eu tiver alguma d\u00favida, terei suporte no p\u00f3s venda?<\/strong><\/p>\n<p>Sim, com certeza. Basta clicar no \u00edcone do WhatsApp no cantinho da tela. Ser\u00e1 um prazer atend\u00ea-lo(a).<\/p>\n<div id=\"elementor-tab-content-1948\" class=\"elementor-tab-content elementor-clearfix elementor-active\" role=\"tabpanel\" data-tab=\"8\" aria-labelledby=\"elementor-tab-title-1948\">\n<p><strong>Quais os seus canais de contato?<\/strong><\/p>\n<\/div>\n<div id=\"elementor-tab-content-1949\" class=\"elementor-tab-content elementor-clearfix elementor-active\" role=\"tabpanel\" data-tab=\"9\" aria-labelledby=\"elementor-tab-title-1949\">\n<p>Whatsapp: 53 984751621 \u2013 Clicar no canto da tela ou ESCANEIE O QRCODE ABAIXO<\/p>\n<h4><img decoding=\"async\" class=\"alignnone wp-image-13699 jetpack-lazy-image jetpack-lazy-image--handled\" src=\"https:\/\/i0.wp.com\/portifolioos-prontos.com\/wp-content\/uploads\/2023\/02\/whatsapp-business-projeto-de-extensao-300x300.jpeg?resize=144%2C144\" sizes=\"(max-width: 144px) 100vw, 144px\" srcset=\"https:\/\/i0.wp.com\/portifolioos-prontos.com\/wp-content\/uploads\/2023\/02\/whatsapp-business-projeto-de-extensao.jpeg?resize=300%2C301&amp;ssl=1 300w, https:\/\/i0.wp.com\/portifolioos-prontos.com\/wp-content\/uploads\/2023\/02\/whatsapp-business-projeto-de-extensao.jpeg?resize=150%2C150&amp;ssl=1 150w, https:\/\/i0.wp.com\/portifolioos-prontos.com\/wp-content\/uploads\/2023\/02\/whatsapp-business-projeto-de-extensao.jpeg?resize=370%2C372&amp;ssl=1 370w, https:\/\/i0.wp.com\/portifolioos-prontos.com\/wp-content\/uploads\/2023\/02\/whatsapp-business-projeto-de-extensao.jpeg?resize=100%2C100&amp;ssl=1 100w, https:\/\/i0.wp.com\/portifolioos-prontos.com\/wp-content\/uploads\/2023\/02\/whatsapp-business-projeto-de-extensao.jpeg?w=470&amp;ssl=1 470w\" alt=\"projeto de extens\u00e3o unopar\" width=\"144\" height=\"144\" data-lazy-loaded=\"1\" \/><\/h4>\n<\/div>\n<div class=\"elementor-toggle-item\">\n<div id=\"elementor-tab-content-1949\" class=\"elementor-tab-content elementor-clearfix elementor-active\" role=\"tabpanel\" data-tab=\"9\" aria-labelledby=\"elementor-tab-title-1949\">\n<p>E-mail:portifoliosp@gmail.com<\/p>\n<div id=\"attachment_143\" class=\"wp-caption alignnone\">\n<div id=\"attachment_143\" class=\"wp-caption alignnone\">\n<p id=\"caption-attachment-143\" class=\"wp-caption-text\"><a href=\"http:\/\/portfolio-pronto.com\/\">Portf\u00f3lio<\/a>\u00a0em Word, respondido, completo e j\u00e1 nas normas<\/p>\n<\/div>\n<\/div>\n<\/div>\n<\/div>\n<\/div>\n","protected":false},"excerpt":{"rendered":"<div class=\"product-short-description\" style=\"box-sizing: border-box;\">\n<div class=\"product-short-description\">\n<p><strong>Pague pelo PIX ou cart\u00e3o e fa\u00e7a o download agora mesmo.<\/strong><\/p>\n<\/div>\n<div class=\"sticky-add-to-cart-wrapper\">\n<div class=\"sticky-add-to-cart\">\n<p class=\"quantity buttons_added form-flat\"><img decoding=\"async\" class=\"lazyloaded smush-image-5 smush-image-3 smush-image-4 smush-detected-img smush-image-bigger-3\" src=\"https:\/\/d26lpennugtm8s.cloudfront.net\/assets\/common\/img\/logos\/payment\/visa@2x.png\" width=\"46\" height=\"29\" data-src=\"https:\/\/d26lpennugtm8s.cloudfront.net\/assets\/common\/img\/logos\/payment\/visa@2x.png\" \/><img decoding=\"async\" class=\"lazyloaded smush-image-6 smush-image-4 smush-image-5 smush-detected-img smush-image-bigger-4\" src=\"https:\/\/d26lpennugtm8s.cloudfront.net\/assets\/common\/img\/logos\/payment\/boleto@2x.png\" width=\"43\" height=\"27\" data-src=\"https:\/\/d26lpennugtm8s.cloudfront.net\/assets\/common\/img\/logos\/payment\/boleto@2x.png\" \/><img loading=\"lazy\" decoding=\"async\" class=\"lazyloaded smush-image-7 smush-image-5 smush-image-6 smush-detected-img smush-image-bigger-5\" src=\"https:\/\/d26lpennugtm8s.cloudfront.net\/assets\/common\/img\/logos\/payment\/mastercard@2x.png\" width=\"43\" height=\"27\" data-src=\"https:\/\/d26lpennugtm8s.cloudfront.net\/assets\/common\/img\/logos\/payment\/mastercard@2x.png\" \/><img loading=\"lazy\" decoding=\"async\" class=\"lazyloaded smush-image-8 smush-image-6 smush-image-7 smush-detected-img smush-image-bigger-6\" src=\"https:\/\/d26lpennugtm8s.cloudfront.net\/assets\/common\/img\/logos\/payment\/amex@2x.png\" width=\"43\" height=\"27\" data-src=\"https:\/\/d26lpennugtm8s.cloudfront.net\/assets\/common\/img\/logos\/payment\/amex@2x.png\" \/><img loading=\"lazy\" decoding=\"async\" class=\"lazyloaded smush-image-9 smush-image-7 smush-image-8 smush-detected-img smush-image-bigger-7\" src=\"https:\/\/d26lpennugtm8s.cloudfront.net\/assets\/common\/img\/logos\/payment\/diners@2x.png\" width=\"46\" height=\"29\" data-src=\"https:\/\/d26lpennugtm8s.cloudfront.net\/assets\/common\/img\/logos\/payment\/diners@2x.png\" \/><img loading=\"lazy\" decoding=\"async\" class=\"lazyloaded smush-image-10 smush-image-8 smush-image-9 alignnone smush-detected-img smush-image-bigger-8\" src=\"https:\/\/d26lpennugtm8s.cloudfront.net\/assets\/common\/img\/logos\/payment\/br\/elo@2x.png\" alt=\"portf\u00f3lio unopar anhanguera\" width=\"45\" height=\"28\" data-src=\"https:\/\/d26lpennugtm8s.cloudfront.net\/assets\/common\/img\/logos\/payment\/br\/elo@2x.png\" \/><img loading=\"lazy\" decoding=\"async\" class=\"lazyloaded smush-image-11 smush-image-9 smush-image-10 alignnone smush-detected-img smush-image-bigger-9\" src=\"https:\/\/d26lpennugtm8s.cloudfront.net\/assets\/common\/img\/logos\/payment\/br\/hipercard@2x.png\" alt=\"portf\u00f3lio unopar anhanguera\" width=\"44\" height=\"28\" data-src=\"https:\/\/d26lpennugtm8s.cloudfront.net\/assets\/common\/img\/logos\/payment\/br\/hipercard@2x.png\" \/><img loading=\"lazy\" decoding=\"async\" class=\"lazyloaded smush-image-12 smush-image-10 smush-image-11 alignnone smush-detected-img smush-image-bigger-10\" src=\"https:\/\/d26lpennugtm8s.cloudfront.net\/assets\/common\/img\/logos\/payment\/mercadopago@2x.png\" alt=\"portf\u00f3lio unopar anhanguera\" width=\"45\" height=\"28\" data-src=\"https:\/\/d26lpennugtm8s.cloudfront.net\/assets\/common\/img\/logos\/payment\/mercadopago@2x.png\" \/><img loading=\"lazy\" decoding=\"async\" class=\"alignnone lazyloaded smush-detected-img smush-image-bigger-11\" src=\"https:\/\/futurium.com.br\/wp-content\/uploads\/2021\/06\/logo-pix-icone-512.png\" alt=\"portfolio pronto\" width=\"30\" height=\"30\" data-src=\"https:\/\/futurium.com.br\/wp-content\/uploads\/2021\/06\/logo-pix-icone-512.png\" \/><\/p>\n<\/div>\n<\/div>\n<\/div>\n","protected":false},"featured_media":34753,"template":"","meta":{"_seopress_robots_primary_cat":"none","_seopress_titles_title":"%%post_title%% %%sitetitle%%","_seopress_titles_desc":"%%post_content%%","_seopress_robots_index":""},"product_cat":[67,15],"product_tag":[],"class_list":{"0":"post-34750","1":"product","2":"type-product","3":"status-publish","4":"has-post-thumbnail","6":"product_cat-radiologia","7":"product_cat-uncategorized","9":"first","10":"instock","11":"downloadable","12":"virtual","13":"purchasable","14":"product-type-simple","15":"col-xs-6 col-sm-4","16":"col-mf-5","17":"un-5-cols"},"jetpack_sharing_enabled":true,"_links":{"self":[{"href":"https:\/\/portifolioos-prontos.com\/index.php\/wp-json\/wp\/v2\/product\/34750","targetHints":{"allow":["GET"]}}],"collection":[{"href":"https:\/\/portifolioos-prontos.com\/index.php\/wp-json\/wp\/v2\/product"}],"about":[{"href":"https:\/\/portifolioos-prontos.com\/index.php\/wp-json\/wp\/v2\/types\/product"}],"version-history":[{"count":0,"href":"https:\/\/portifolioos-prontos.com\/index.php\/wp-json\/wp\/v2\/product\/34750\/revisions"}],"wp:featuredmedia":[{"embeddable":true,"href":"https:\/\/portifolioos-prontos.com\/index.php\/wp-json\/wp\/v2\/media\/34753"}],"wp:attachment":[{"href":"https:\/\/portifolioos-prontos.com\/index.php\/wp-json\/wp\/v2\/media?parent=34750"}],"wp:term":[{"taxonomy":"product_cat","embeddable":true,"href":"https:\/\/portifolioos-prontos.com\/index.php\/wp-json\/wp\/v2\/product_cat?post=34750"},{"taxonomy":"product_tag","embeddable":true,"href":"https:\/\/portifolioos-prontos.com\/index.php\/wp-json\/wp\/v2\/product_tag?post=34750"}],"curies":[{"name":"wp","href":"https:\/\/api.w.org\/{rel}","templated":true}]}}