{"id":34755,"date":"2025-01-29T10:29:07","date_gmt":"2025-01-29T13:29:07","guid":{"rendered":"https:\/\/portifolioos-prontos.com\/?post_type=product&#038;p=34755"},"modified":"2025-09-02T22:31:19","modified_gmt":"2025-09-03T01:31:19","slug":"projeto-integrado-ii-inovacao-coaching-e-desenvolvimento-humano","status":"publish","type":"product","link":"https:\/\/portifolioos-prontos.com\/index.php\/product\/projeto-integrado-ii-inovacao-coaching-e-desenvolvimento-humano\/","title":{"rendered":"Projeto integrado II Inova\u00e7\u00e3o \u2013 Coaching e Desenvolvimento Humano"},"content":{"rendered":"<h5 style=\"box-sizing: border-box; margin-bottom: 1.3em; color: #777777; font-family: Lato, sans-serif; font-size: medium;\">Projeto integrado II Inova\u00e7\u00e3o Coaching e Desenvolvimento Humano<\/h5>\n<hr style=\"box-sizing: border-box; border-top-width: 1px; border-top-style: solid; margin: 15px 0px; opacity: 0.1; color: #777777; font-family: Lato, sans-serif; font-size: medium; background-color: #ffffff;\" \/>\n<p style=\"box-sizing: border-box; margin-bottom: 1.3em; color: #777777; font-family: Lato, sans-serif; font-size: medium;\">Leitura proposta<br style=\"box-sizing: border-box;\" \/>Para atingir os objetivos deste projeto integrado, voc\u00ea\u202fdever\u00e1 seguir as instru\u00e7\u00f5es<br style=\"box-sizing: border-box;\" \/>voltadas \u00e0 elabora\u00e7\u00e3o do trabalho disponibilizadas ao longo do semestre, sob a orienta\u00e7\u00e3o<br style=\"box-sizing: border-box;\" \/>do Tutor a Dist\u00e2ncia.<br style=\"box-sizing: border-box;\" \/>SITUA\u00c7\u00c3O PROPOSTA<br style=\"box-sizing: border-box;\" \/>Para facilitar o seu aprendizado voc\u00ea desempenhar\u00e1 o papel de um assessor de<br style=\"box-sizing: border-box;\" \/>desenvolvimento profissional da empresa de pregos e parafusos Fixabem. A Fixabem est\u00e1<br style=\"box-sizing: border-box;\" \/>instalada em uma grande regi\u00e3o metropolitana do estado do Mato Grosso e est\u00e1 passando<br style=\"box-sizing: border-box;\" \/>por dificuldades para encontrar bons profissionais para ocuparem os cargos dispon\u00edveis.<br style=\"box-sizing: border-box;\" \/>Falta m\u00e3o de obra com habilidade para se comunicar, lidar com conflitos e exercer a<br style=\"box-sizing: border-box;\" \/>lideran\u00e7a, como tamb\u00e9m faltam profissionais que dominem plenamente as compet\u00eancias<br style=\"box-sizing: border-box;\" \/>t\u00e9cnicas necess\u00e1rias para o desempenho das atividades operacionais e t\u00e1ticas da empresa.<br style=\"box-sizing: border-box;\" \/>O dono da Fixabem, Sr. Padovan, acredita que os colaboradores j\u00e1 devem ser contratados<br style=\"box-sizing: border-box;\" \/>com a devida forma\u00e7\u00e3o disponibilizada pelo governo ou pela iniciativa privada e \u00e9 totalmente<br style=\"box-sizing: border-box;\" \/>contra investir em desenvolvimento e forma\u00e7\u00e3o profissional para os seus funcion\u00e1rios. A sua<br style=\"box-sizing: border-box;\" \/>principal fun\u00e7\u00e3o ser\u00e1 convencer o Sr. Padovan que ele e a sua empresa podem ser<br style=\"box-sizing: border-box;\" \/>beneficiados se priorizarem a educa\u00e7\u00e3o dos seus colaboradores.<br style=\"box-sizing: border-box;\" \/>Voc\u00ea ser\u00e1 capaz de criar argumentos convincentes para iniciar um processo de<br style=\"box-sizing: border-box;\" \/>desenvolvimento de pessoas na Fixabem? Ser\u00e1 mesmo a educa\u00e7\u00e3o a solu\u00e7\u00e3o para<br style=\"box-sizing: border-box;\" \/>encontrar e manter bons profissionais? Apesar de parecer absurda, insensata e<br style=\"box-sizing: border-box;\" \/>contraproducente, a maneira de pensar sobre a educa\u00e7\u00e3o dos trabalhadores demonstrada<br style=\"box-sizing: border-box;\" \/>pelo Sr. Padovan \u00e9 comumente compartilhada por uma parcela de empres\u00e1rios,<br style=\"box-sizing: border-box;\" \/>independentemente do porte da empresa. Mais dif\u00edcil do que lidar com a necessidade de<br style=\"box-sizing: border-box;\" \/>suprir a car\u00eancia educacional dos colaboradores visando melhorar a produtividade e<br style=\"box-sizing: border-box;\" \/>lucratividade da empresa \u00e9 lidar com a resist\u00eancia de um empres\u00e1rio. Contudo, a educa\u00e7\u00e3o<br style=\"box-sizing: border-box;\" \/>est\u00e1 a\u00ed como alternativa para ser usada estrategicamente para convencer, por meio de<br style=\"box-sizing: border-box;\" \/>argumentos l\u00f3gicos e concretos, um empres\u00e1rio a investir na educa\u00e7\u00e3o dos seus<br style=\"box-sizing: border-box;\" \/>colaboradores. Portanto, al\u00e9m do desafio principal de criar um relat\u00f3rio sobre a import\u00e2ncia<br style=\"box-sizing: border-box;\" \/>da educa\u00e7\u00e3o para as empresas, considerando a educa\u00e7\u00e3o formal, a profissionalizante, o<br style=\"box-sizing: border-box;\" \/>desenvolvimento profissional e a possibilidade da aplica\u00e7\u00e3o de treinamentos empresariais<br style=\"box-sizing: border-box;\" \/>para melhorar o n\u00edvel educacional dos trabalhadores da Fixabem, voc\u00ea tamb\u00e9m ter\u00e1 que<br style=\"box-sizing: border-box;\" \/>criar uma estrat\u00e9gia para lidar com a resist\u00eancia do Sr. Padovan.<br style=\"box-sizing: border-box;\" \/>P\u00fablico<br style=\"box-sizing: border-box;\" \/>Projeto Integrado II<br style=\"box-sizing: border-box;\" \/>Inova\u00e7\u00e3o<br style=\"box-sizing: border-box;\" \/>ATIVIDADES<br style=\"box-sizing: border-box;\" \/>PASSO 01<br style=\"box-sizing: border-box;\" \/>Um bom come\u00e7o para iniciar o relat\u00f3rio \u00e9 fazer uma introdu\u00e7\u00e3o que mostre ao empres\u00e1rio<br style=\"box-sizing: border-box;\" \/>que a contrata\u00e7\u00e3o de pessoas formadas no ensino formal n\u00e3o garante bom desempenho, e<br style=\"box-sizing: border-box;\" \/>que o diploma n\u00e3o garante que elas tenham se apropriado das capacidades necess\u00e1rias<br style=\"box-sizing: border-box;\" \/>para dar conta do seu trabalho. Para tanto, o melhor caminho \u00e9 pesquisar e levantar dados<br style=\"box-sizing: border-box;\" \/>sobre a qualidade da educa\u00e7\u00e3o no pa\u00eds, procurando relacionar esses dados com a<br style=\"box-sizing: border-box;\" \/>produtividade no trabalho. Reforce para o Sr. Padovan que a nossa taxa de analfabetismo \u00e9<br style=\"box-sizing: border-box;\" \/>mais alta do que a recomendada pela Organiza\u00e7\u00e3o das<br style=\"box-sizing: border-box;\" \/>Na\u00e7\u00f5es Unidas. Segundo a Pesquisa Nacional de Amostra de Domic\u00edlio (PNAD),<br style=\"box-sizing: border-box;\" \/>aproximadamente 13,2 milh\u00f5es de cidad\u00e3os brasileiros n\u00e3o sabem nem ler e nem escrever,<br style=\"box-sizing: border-box;\" \/>ou seja, o equivalente a 8,3% do nosso povo \u00e9 totalmente analfabeto. Esse argumento<br style=\"box-sizing: border-box;\" \/>ajudar\u00e1 a convenc\u00ea-lo sobre a necessidade de prover educa\u00e7\u00e3o complementar para o<br style=\"box-sizing: border-box;\" \/>pessoal do n\u00edvel operacional. Se essa taxa de analfabetismo \u00e9 ruim, a situa\u00e7\u00e3o piora ao se<br style=\"box-sizing: border-box;\" \/>estimar que 27% da popula\u00e7\u00e3o que sabe ler e escrever n\u00e3o consegue sequer compreender<br style=\"box-sizing: border-box;\" \/>um texto simples, o que indica precariedade tamb\u00e9m no ensino m\u00e9dio onde 8% dos alunos<br style=\"box-sizing: border-box;\" \/>s\u00e3o considerados analfabetos funcionais.<br style=\"box-sizing: border-box;\" \/>Quais outros argumentos voc\u00ea pode utilizar para convencer o Sr. Padovan?<br style=\"box-sizing: border-box;\" \/>PASSO 02<br style=\"box-sizing: border-box;\" \/>De acordo com Chiavenato (2009), o desenvolvimento profissional consiste em um processo<br style=\"box-sizing: border-box;\" \/>educacional que tem por objetivo ampliar, desenvolver e aperfei\u00e7oar o trabalhador visando<br style=\"box-sizing: border-box;\" \/>o seu crescimento profissional em uma dada carreira na empresa ou ainda para que melhore<br style=\"box-sizing: border-box;\" \/>o desempenho no exerc\u00edcio de suas fun\u00e7\u00f5es, demonstrando assim efici\u00eancia e produtividade<br style=\"box-sizing: border-box;\" \/>ao desempenhar as atividades do seu cargo. A perspectiva da consecu\u00e7\u00e3o dos objetivos do<br style=\"box-sizing: border-box;\" \/>desenvolvimento profissional \u00e9 em longo prazo, com a clara inten\u00e7\u00e3o de preparar o<br style=\"box-sizing: border-box;\" \/>colaborador para assumir fun\u00e7\u00f5es mais complexas ou ainda assumir mais responsabilidades<br style=\"box-sizing: border-box;\" \/>para dar conta de uma maior quantidade e variedade de atividades. Visto por outra<br style=\"box-sizing: border-box;\" \/>perspectiva, o desenvolvimento profissional tamb\u00e9m est\u00e1 relacionado com a capacidade de<br style=\"box-sizing: border-box;\" \/>o trabalhador compreender plenamente as atividades ligadas ao seu trabalho e de perceber<br style=\"box-sizing: border-box;\" \/>ser\u00e3o as compet\u00eancias necess\u00e1rias que elevar\u00e3o a possibilidade dele evoluir na carreira e<br style=\"box-sizing: border-box;\" \/>assumir cargos com maiores responsabilidades. O trabalhador preocupado com o seu<br style=\"box-sizing: border-box;\" \/>P\u00fablico<br style=\"box-sizing: border-box;\" \/>Projeto Integrado II<br style=\"box-sizing: border-box;\" \/>Inova\u00e7\u00e3o<br style=\"box-sizing: border-box;\" \/>desenvolvimento profissional procurar\u00e1 op\u00e7\u00f5es de forma\u00e7\u00e3o na sua \u00e1rea de atua\u00e7\u00e3o para<br style=\"box-sizing: border-box;\" \/>planejar a sua trajet\u00f3ria de desenvolvimento. Para ser efetivo, um plano de desenvolvimento<br style=\"box-sizing: border-box;\" \/>profissional deve considerar as peculiaridades e as tend\u00eancias da \u00e1rea de atua\u00e7\u00e3o para<br style=\"box-sizing: border-box;\" \/>evitar uma forma\u00e7\u00e3o em uma \u00e1rea ou setor que passe por um processo de extin\u00e7\u00e3o, como<br style=\"box-sizing: border-box;\" \/>aconteceu com as m\u00e1quinas de escrever.<br style=\"box-sizing: border-box;\" \/>Estudante, pensando nisso, voc\u00ea dever\u00e1 come\u00e7ar a estruturar um programa<br style=\"box-sizing: border-box;\" \/>de desenvolvimento profissional pessoal, refletindo sobre os aspectos que precisam<br style=\"box-sizing: border-box;\" \/>ser contemplados em sua carreira. Como primeiro passo,\u00a0<a style=\"box-sizing: border-box; background-color: rgba(255, 255, 255, 0); touch-action: manipulation; color: var(--fs-experimental-link-color);\" href=\"https:\/\/portfoliointerdisciplinar.com.br\/\">voc\u00ea<\/a>\u00a0dever\u00e1 descrever e<br style=\"box-sizing: border-box;\" \/>explicar quais s\u00e3o as compet\u00eancias essenciais necess\u00e1rias na sua \u00e1rea de atua\u00e7\u00e3o e<br style=\"box-sizing: border-box;\" \/>detalhar como elas podem ser identificadas e desenvolvidas ao longo da sua jornada.<br style=\"box-sizing: border-box;\" \/>REFER\u00caNCIAS<br style=\"box-sizing: border-box;\" \/>CHIAVENATO, Idalberto. Desempenho humano nas empresas: como desenhar o trabalho<br style=\"box-sizing: border-box;\" \/>e conduzir o desempenho. 8\u00aa ed. Barueri, SP: Atlas, 2022. Dispon\u00edvel em<br style=\"box-sizing: border-box;\" \/><a style=\"box-sizing: border-box; background-color: rgba(255, 255, 255, 0); touch-action: manipulation; color: var(--fs-experimental-link-color);\" href=\"https:\/\/integrada.minhabiblioteca.com.br\/reader\/books\/9786559771219\/\" rel=\"nofollow\">https:\/\/integrada.minhabiblioteca.com.br\/reader\/books\/9786559771219\/<\/a><br style=\"box-sizing: border-box;\" \/>MALHEIROS, Bruno Taranto; ROCHA, Ana Raquel Coelho. Avalia\u00e7\u00e3o e gest\u00e3o de<br style=\"box-sizing: border-box;\" \/>desempenho. Rio de Janeiro: LTC, 2014. Dispon\u00edvel em:<br style=\"box-sizing: border-box;\" \/><a style=\"box-sizing: border-box; background-color: rgba(255, 255, 255, 0); touch-action: manipulation; color: var(--fs-experimental-link-color);\" href=\"https:\/\/integrada.minhabiblioteca.com.br\/#\/books\/978-85-216-2679-4\/\" rel=\"nofollow\">https:\/\/integrada.minhabiblioteca.com.br\/#\/books\/978-85-216-2679-4\/<\/a><br style=\"box-sizing: border-box;\" \/>TAVEIRA, Paulo; SOARES, Juliane Camargo. Viva sem desculpas: intelig\u00eancia<br style=\"box-sizing: border-box;\" \/>emocional e agilidade trabalhando a seu favor. S\u00e3o Paulo: Expressa, 2021. Dispon\u00edvel em<br style=\"box-sizing: border-box;\" \/><a style=\"box-sizing: border-box; background-color: rgba(255, 255, 255, 0); touch-action: manipulation; color: var(--fs-experimental-link-color);\" href=\"https:\/\/integrada.minhabiblioteca.com.br\/reader\/books\/\" rel=\"nofollow\">https:\/\/integrada.minhabiblioteca.com.br\/reader\/books\/<\/a><a style=\"box-sizing: border-box; background-color: rgba(255, 255, 255, 0); touch-action: manipulation; color: var(--fs-experimental-link-color);\" href=\"https:\/\/portfoliooead.com.br\/\">9786558110354<\/a>\/<\/p>\n<div class=\"elementor-toggle-item\" style=\"box-sizing: border-box;\">\n<div class=\"elementor-toggle-item\">\n<p id=\"elementor-tab-title-1941\" class=\"elementor-tab-title elementor-active\" tabindex=\"0\" role=\"tab\" data-tab=\"1\" aria-controls=\"elementor-tab-content-1941\" aria-expanded=\"true\" aria-selected=\"true\"><strong>Como funciona?<\/strong><\/p>\n<p>Elaboramos os portf\u00f3lios, j\u00e1 deixamos prontos, nas normas da ABNT e conforme os requisitos da universidade. F\u00e1cil assim! O MELHOR \u00c9 QUE VOC\u00ca COMPRA E J\u00c1 BAIXA NA HORA O SEU ARQUIVO EM WORD! Sabemos que conciliar trabalho, fam\u00edlia, vida profissional e estudos \u00e9 dif\u00edcil hoje em dia, por isso, estamos aqui para ajudar voc\u00ea. Conte com nossa qualidade, experi\u00eancia e profissionalismo adquirindo seu portf\u00f3lio conosco. GARANTIMOS SEU CONCEITO!<\/p>\n<p><strong>Como se realizam os envios?<\/strong><\/p>\n<\/div>\n<p id=\"elementor-tab-content-1942\" class=\"elementor-tab-content elementor-clearfix elementor-active\" role=\"tabpanel\" data-tab=\"2\" aria-labelledby=\"elementor-tab-title-1942\">O seu trabalho \u00e9 disponibilizado pronto, respondido e nas normas j\u00e1 na mesma hora aqui em nosso site na sua \u00e1rea de downloads e tamb\u00e9m no seu e-mail.<\/p>\n<p><strong>Em quanto tempo recebo o portf\u00f3lio?<\/strong><\/p>\n<p>Os envios s\u00e3o imediatos. Ap\u00f3s sua compra, o trabalho j\u00e1 \u00e9 disponibilizado instantaneamente aqui em nosso site e no seu e-mail.<\/p>\n<p><strong>E se o portf\u00f3lio que comprei precisar de corre\u00e7\u00e3o?<\/strong><\/p>\n<p>Caso haja alguma solicita\u00e7\u00e3o de corre\u00e7\u00e3o\/altera\u00e7\u00e3o por parte do tutor, basta entrar em contato conosco pelo\u00a0WhatsApp\u00a0que provid\u00eanciaremos sem custo algum.<\/p>\n<p><strong>Qual o formato do arquivo?<\/strong><\/p>\n<p>Os arquivos s\u00e3o enviados em formato Word e s\u00e3o edit\u00e1veis.<\/p>\n<p><strong>Caso eu tiver alguma d\u00favida, terei suporte no p\u00f3s venda?<\/strong><\/p>\n<p>Sim, com certeza. Basta clicar no \u00edcone do WhatsApp no cantinho da tela. Ser\u00e1 um prazer atend\u00ea-lo(a).<\/p>\n<div id=\"elementor-tab-content-1948\" class=\"elementor-tab-content elementor-clearfix elementor-active\" role=\"tabpanel\" data-tab=\"8\" aria-labelledby=\"elementor-tab-title-1948\">\n<p><strong>Quais os seus canais de contato?<\/strong><\/p>\n<\/div>\n<div id=\"elementor-tab-content-1949\" class=\"elementor-tab-content elementor-clearfix elementor-active\" role=\"tabpanel\" data-tab=\"9\" aria-labelledby=\"elementor-tab-title-1949\">\n<p>Whatsapp: 53 984751621 \u2013 Clicar no canto da tela ou ESCANEIE O QRCODE ABAIXO<\/p>\n<h4><img decoding=\"async\" class=\"alignnone wp-image-13699 jetpack-lazy-image jetpack-lazy-image--handled\" src=\"https:\/\/i0.wp.com\/portifolioos-prontos.com\/wp-content\/uploads\/2023\/02\/whatsapp-business-projeto-de-extensao-300x300.jpeg?resize=144%2C144\" sizes=\"(max-width: 144px) 100vw, 144px\" srcset=\"https:\/\/i0.wp.com\/portifolioos-prontos.com\/wp-content\/uploads\/2023\/02\/whatsapp-business-projeto-de-extensao.jpeg?resize=300%2C301&amp;ssl=1 300w, https:\/\/i0.wp.com\/portifolioos-prontos.com\/wp-content\/uploads\/2023\/02\/whatsapp-business-projeto-de-extensao.jpeg?resize=150%2C150&amp;ssl=1 150w, https:\/\/i0.wp.com\/portifolioos-prontos.com\/wp-content\/uploads\/2023\/02\/whatsapp-business-projeto-de-extensao.jpeg?resize=370%2C372&amp;ssl=1 370w, https:\/\/i0.wp.com\/portifolioos-prontos.com\/wp-content\/uploads\/2023\/02\/whatsapp-business-projeto-de-extensao.jpeg?resize=100%2C100&amp;ssl=1 100w, https:\/\/i0.wp.com\/portifolioos-prontos.com\/wp-content\/uploads\/2023\/02\/whatsapp-business-projeto-de-extensao.jpeg?w=470&amp;ssl=1 470w\" alt=\"projeto de extens\u00e3o unopar\" width=\"144\" height=\"144\" data-lazy-loaded=\"1\" \/><\/h4>\n<\/div>\n<div class=\"elementor-toggle-item\">\n<div id=\"elementor-tab-content-1949\" class=\"elementor-tab-content elementor-clearfix elementor-active\" role=\"tabpanel\" data-tab=\"9\" aria-labelledby=\"elementor-tab-title-1949\">\n<p>E-mail:portifoliosp@gmail.com<\/p>\n<div id=\"attachment_143\" class=\"wp-caption alignnone\">\n<div id=\"attachment_143\" class=\"wp-caption alignnone\">\n<p id=\"caption-attachment-143\" class=\"wp-caption-text\"><a href=\"http:\/\/portfolio-pronto.com\/\">Portf\u00f3lio<\/a>\u00a0em Word, respondido, completo e j\u00e1 nas normas<\/p>\n<\/div>\n<\/div>\n<\/div>\n<\/div>\n<\/div>\n","protected":false},"excerpt":{"rendered":"<div class=\"product-short-description\" style=\"box-sizing: border-box;\">\n<div class=\"product-short-description\">\n<p><strong>Pague pelo PIX ou cart\u00e3o e fa\u00e7a o download agora mesmo.<\/strong><\/p>\n<\/div>\n<div class=\"sticky-add-to-cart-wrapper\">\n<div class=\"sticky-add-to-cart\">\n<p class=\"quantity buttons_added form-flat\"><img decoding=\"async\" class=\"lazyloaded smush-image-5 smush-image-3 smush-image-4 smush-detected-img smush-image-bigger-3\" src=\"https:\/\/d26lpennugtm8s.cloudfront.net\/assets\/common\/img\/logos\/payment\/visa@2x.png\" width=\"46\" height=\"29\" data-src=\"https:\/\/d26lpennugtm8s.cloudfront.net\/assets\/common\/img\/logos\/payment\/visa@2x.png\" \/><img decoding=\"async\" class=\"lazyloaded smush-image-6 smush-image-4 smush-image-5 smush-detected-img smush-image-bigger-4\" src=\"https:\/\/d26lpennugtm8s.cloudfront.net\/assets\/common\/img\/logos\/payment\/boleto@2x.png\" width=\"43\" height=\"27\" data-src=\"https:\/\/d26lpennugtm8s.cloudfront.net\/assets\/common\/img\/logos\/payment\/boleto@2x.png\" \/><img loading=\"lazy\" decoding=\"async\" class=\"lazyloaded smush-image-7 smush-image-5 smush-image-6 smush-detected-img smush-image-bigger-5\" src=\"https:\/\/d26lpennugtm8s.cloudfront.net\/assets\/common\/img\/logos\/payment\/mastercard@2x.png\" width=\"43\" height=\"27\" data-src=\"https:\/\/d26lpennugtm8s.cloudfront.net\/assets\/common\/img\/logos\/payment\/mastercard@2x.png\" \/><img loading=\"lazy\" decoding=\"async\" class=\"lazyloaded smush-image-8 smush-image-6 smush-image-7 smush-detected-img smush-image-bigger-6\" src=\"https:\/\/d26lpennugtm8s.cloudfront.net\/assets\/common\/img\/logos\/payment\/amex@2x.png\" width=\"43\" height=\"27\" data-src=\"https:\/\/d26lpennugtm8s.cloudfront.net\/assets\/common\/img\/logos\/payment\/amex@2x.png\" \/><img loading=\"lazy\" decoding=\"async\" class=\"lazyloaded smush-image-9 smush-image-7 smush-image-8 smush-detected-img smush-image-bigger-7\" src=\"https:\/\/d26lpennugtm8s.cloudfront.net\/assets\/common\/img\/logos\/payment\/diners@2x.png\" width=\"46\" height=\"29\" data-src=\"https:\/\/d26lpennugtm8s.cloudfront.net\/assets\/common\/img\/logos\/payment\/diners@2x.png\" \/><img loading=\"lazy\" decoding=\"async\" class=\"lazyloaded smush-image-10 smush-image-8 smush-image-9 alignnone smush-detected-img smush-image-bigger-8\" src=\"https:\/\/d26lpennugtm8s.cloudfront.net\/assets\/common\/img\/logos\/payment\/br\/elo@2x.png\" alt=\"portf\u00f3lio unopar anhanguera\" width=\"45\" height=\"28\" data-src=\"https:\/\/d26lpennugtm8s.cloudfront.net\/assets\/common\/img\/logos\/payment\/br\/elo@2x.png\" \/><img loading=\"lazy\" decoding=\"async\" class=\"lazyloaded smush-image-11 smush-image-9 smush-image-10 alignnone smush-detected-img smush-image-bigger-9\" src=\"https:\/\/d26lpennugtm8s.cloudfront.net\/assets\/common\/img\/logos\/payment\/br\/hipercard@2x.png\" alt=\"portf\u00f3lio unopar anhanguera\" width=\"44\" height=\"28\" data-src=\"https:\/\/d26lpennugtm8s.cloudfront.net\/assets\/common\/img\/logos\/payment\/br\/hipercard@2x.png\" \/><img loading=\"lazy\" decoding=\"async\" class=\"lazyloaded smush-image-12 smush-image-10 smush-image-11 alignnone smush-detected-img smush-image-bigger-10\" src=\"https:\/\/d26lpennugtm8s.cloudfront.net\/assets\/common\/img\/logos\/payment\/mercadopago@2x.png\" alt=\"portf\u00f3lio unopar anhanguera\" width=\"45\" height=\"28\" data-src=\"https:\/\/d26lpennugtm8s.cloudfront.net\/assets\/common\/img\/logos\/payment\/mercadopago@2x.png\" \/><img loading=\"lazy\" decoding=\"async\" class=\"alignnone lazyloaded smush-detected-img smush-image-bigger-11\" src=\"https:\/\/futurium.com.br\/wp-content\/uploads\/2021\/06\/logo-pix-icone-512.png\" alt=\"portfolio pronto\" width=\"30\" height=\"30\" data-src=\"https:\/\/futurium.com.br\/wp-content\/uploads\/2021\/06\/logo-pix-icone-512.png\" \/><\/p>\n<\/div>\n<\/div>\n<\/div>\n","protected":false},"featured_media":34758,"template":"","meta":{"_seopress_robots_primary_cat":"none","_seopress_titles_title":"%%post_title%% %%sitetitle%%","_seopress_titles_desc":"%%post_content%%","_seopress_robots_index":""},"product_cat":[112,764,151,150,15],"product_tag":[],"class_list":{"0":"post-34755","1":"product","2":"type-product","3":"status-publish","4":"has-post-thumbnail","6":"product_cat-coaching-e-desenvolvimento-humano","7":"product_cat-projeto-integrado-inovacao-gestao","8":"product_cat-seguranca-do-trabalho","9":"product_cat-sistemas-de-informacao","10":"product_cat-uncategorized","12":"first","13":"instock","14":"shipping-taxable","15":"purchasable","16":"product-type-simple","17":"col-xs-6 col-sm-4","18":"col-mf-5","19":"un-5-cols"},"jetpack_sharing_enabled":true,"_links":{"self":[{"href":"https:\/\/portifolioos-prontos.com\/index.php\/wp-json\/wp\/v2\/product\/34755","targetHints":{"allow":["GET"]}}],"collection":[{"href":"https:\/\/portifolioos-prontos.com\/index.php\/wp-json\/wp\/v2\/product"}],"about":[{"href":"https:\/\/portifolioos-prontos.com\/index.php\/wp-json\/wp\/v2\/types\/product"}],"version-history":[{"count":0,"href":"https:\/\/portifolioos-prontos.com\/index.php\/wp-json\/wp\/v2\/product\/34755\/revisions"}],"wp:featuredmedia":[{"embeddable":true,"href":"https:\/\/portifolioos-prontos.com\/index.php\/wp-json\/wp\/v2\/media\/34758"}],"wp:attachment":[{"href":"https:\/\/portifolioos-prontos.com\/index.php\/wp-json\/wp\/v2\/media?parent=34755"}],"wp:term":[{"taxonomy":"product_cat","embeddable":true,"href":"https:\/\/portifolioos-prontos.com\/index.php\/wp-json\/wp\/v2\/product_cat?post=34755"},{"taxonomy":"product_tag","embeddable":true,"href":"https:\/\/portifolioos-prontos.com\/index.php\/wp-json\/wp\/v2\/product_tag?post=34755"}],"curies":[{"name":"wp","href":"https:\/\/api.w.org\/{rel}","templated":true}]}}