{"id":34869,"date":"2025-02-03T16:57:07","date_gmt":"2025-02-03T19:57:07","guid":{"rendered":"https:\/\/portifolioos-prontos.com\/?post_type=product&#038;p=34869"},"modified":"2025-08-03T18:12:25","modified_gmt":"2025-08-03T21:12:25","slug":"aula-pratica-programacao-para-redes","status":"publish","type":"product","link":"https:\/\/portifolioos-prontos.com\/index.php\/product\/aula-pratica-programacao-para-redes\/","title":{"rendered":"Aula Pr\u00e1tica Programa\u00e7\u00e3o para Redes"},"content":{"rendered":"<h5>Portf\u00f3lio Aula Pr\u00e1tica Programa\u00e7\u00e3o para Redes<\/h5>\n<p class=\"MsoNormal\" style=\"text-align: justify; line-height: normal;\">ROTEIRO DE AULA PR\u00c1TICA<\/p>\n<p class=\"MsoNormal\" style=\"text-align: justify; line-height: normal;\">NOME DA DISCIPLINA: Programa\u00e7\u00e3o para Redes<\/p>\n<p class=\"MsoNormal\" style=\"text-align: justify; line-height: normal;\">OBJETIVOS<\/p>\n<p class=\"MsoNormal\" style=\"text-align: justify; line-height: normal;\">Defini\u00e7\u00e3o dos objetivos da aula pr\u00e1tica:<\/p>\n<p class=\"MsoNormal\" style=\"text-align: justify; line-height: normal;\">&#8211; O objetivo desta atividade pr\u00e1tica \u00e9 desenvolver uma aplica\u00e7\u00e3o simples que utilize sockets<\/p>\n<p class=\"MsoNormal\" style=\"text-align: justify; line-height: normal;\">para comunica\u00e7\u00e3o entre um servidor e um cliente. Os alunos ir\u00e3o aprender os conceitos<\/p>\n<p class=\"MsoNormal\" style=\"text-align: justify; line-height: normal;\">fundamentais de comunica\u00e7\u00e3o em rede, o funcionamento dos sockets e como implementar<\/p>\n<p class=\"MsoNormal\" style=\"text-align: justify; line-height: normal;\">a comunica\u00e7\u00e3o entre dois pontos usando a linguagem de programa\u00e7\u00e3o Python.<\/p>\n<p class=\"MsoNormal\" style=\"text-align: justify; line-height: normal;\">INFRAESTRUTURA<\/p>\n<p class=\"MsoNormal\" style=\"text-align: justify; line-height: normal;\">Instala\u00e7\u00f5es:<\/p>\n<p class=\"MsoNormal\" style=\"text-align: justify; line-height: normal;\">Python.<\/p>\n<p class=\"MsoNormal\" style=\"text-align: justify; line-height: normal;\">Materiais de consumo:<\/p>\n<p class=\"MsoNormal\" style=\"text-align: justify; line-height: normal;\">Descri\u00e7\u00e3o<\/p>\n<p class=\"MsoNormal\" style=\"text-align: justify; line-height: normal;\">Quantidade de materiais<\/p>\n<p class=\"MsoNormal\" style=\"text-align: justify; line-height: normal;\">por<\/p>\n<p class=\"MsoNormal\" style=\"text-align: justify; line-height: normal;\">procedimento\/atividade<\/p>\n<p class=\"MsoNormal\" style=\"text-align: justify; line-height: normal;\">Computador 1 por aluno<\/p>\n<p class=\"MsoNormal\" style=\"text-align: justify; line-height: normal;\">Software:<\/p>\n<p class=\"MsoNormal\" style=\"text-align: justify; line-height: normal;\">Sim ( X ) N\u00e3o ( )<\/p>\n<p class=\"MsoNormal\" style=\"text-align: justify; line-height: normal;\">Em caso afirmativo, qual? Python.<\/p>\n<p class=\"MsoNormal\" style=\"text-align: justify; line-height: normal;\">Pago ( ) N\u00e3o Pago ( X )<\/p>\n<p class=\"MsoNormal\" style=\"text-align: justify; line-height: normal;\">Tipo de Licen\u00e7a: Freeware.<\/p>\n<p class=\"MsoNormal\" style=\"text-align: justify; line-height: normal;\">Descri\u00e7\u00e3o do software:<\/p>\n<p class=\"MsoNormal\" style=\"text-align: justify; line-height: normal;\">Python \u00e9 uma linguagem de programa\u00e7\u00e3o de alto n\u00edvel, interpretada de script, imperativa,<\/p>\n<p class=\"MsoNormal\" style=\"text-align: justify; line-height: normal;\">orientada a objetos, funcional, de tipagem din\u00e2mica e forte. Foi lan\u00e7ada por Guido van Rossum<\/p>\n<p class=\"MsoNormal\" style=\"text-align: justify; line-height: normal;\">em 1991.<\/p>\n<p class=\"MsoNormal\" style=\"text-align: justify; line-height: normal;\">Equipamento de Prote\u00e7\u00e3o Individual (EPI):<\/p>\n<p class=\"MsoNormal\" style=\"text-align: justify; line-height: normal;\">&#8211; NSA<\/p>\n<p class=\"MsoNormal\" style=\"text-align: justify; line-height: normal;\">PROCEDIMENTOS PR\u00c1TICOS<\/p>\n<p class=\"MsoNormal\" style=\"text-align: justify; line-height: normal;\">Desenvolvimento de uma aplica\u00e7\u00e3o cliente-servidor que utilize sockets para envio e recebimento de mensagens.<\/p>\n<p class=\"MsoNormal\" style=\"text-align: justify; line-height: normal;\">Atividade proposta:<\/p>\n<p class=\"MsoNormal\" style=\"text-align: justify; line-height: normal;\">A atividade consiste em desenvolver uma aplica\u00e7\u00e3o de chat simples que permite a comunica\u00e7\u00e3o entre um servidor e<\/p>\n<p class=\"MsoNormal\" style=\"text-align: justify; line-height: normal;\">um cliente. O servidor ser\u00e1 respons\u00e1vel por receber e enviar mensagens, enquanto o cliente ser\u00e1 respons\u00e1vel por<\/p>\n<p class=\"MsoNormal\" style=\"text-align: justify; line-height: normal;\">enviar mensagens ao servidor e exibir as mensagens recebidas.<\/p>\n<p class=\"MsoNormal\" style=\"text-align: justify; line-height: normal;\">Implementa\u00e7\u00e3o de um servidor que:<\/p>\n<p class=\"MsoNormal\" style=\"text-align: justify; line-height: normal;\">3<\/p>\n<p class=\"MsoNormal\" style=\"text-align: justify; line-height: normal;\">&#8211; Escute uma porta espec\u00edfica.<\/p>\n<p class=\"MsoNormal\" style=\"text-align: justify; line-height: normal;\">&#8211; Aceite conex\u00f5es de clientes.<\/p>\n<p class=\"MsoNormal\" style=\"text-align: justify; line-height: normal;\">&#8211; Receba mensagens dos clientes e as exiba no console<\/p>\n<p class=\"MsoNormal\" style=\"text-align: justify; line-height: normal;\">&#8211; Envie mensagens aos clientes conectados<\/p>\n<p class=\"MsoNormal\" style=\"text-align: justify; line-height: normal;\">Implementa\u00e7\u00e3o de um cliente que:<\/p>\n<p class=\"MsoNormal\" style=\"text-align: justify; line-height: normal;\">&#8211; Conecte-se ao servidor por porta espec\u00edfica<\/p>\n<p class=\"MsoNormal\" style=\"text-align: justify; line-height: normal;\">&#8211; Envie mensagens ao servidor<\/p>\n<p class=\"MsoNormal\" style=\"text-align: justify; line-height: normal;\">&#8211; Receba e exiba mensagens do servidor no console<\/p>\n<p class=\"MsoNormal\" style=\"text-align: justify; line-height: normal;\">Procedimentos para a realiza\u00e7\u00e3o da atividade:<\/p>\n<p class=\"MsoNormal\" style=\"text-align: justify; line-height: normal;\">1. Configura\u00e7\u00e3o do ambiente<\/p>\n<p class=\"MsoNormal\" style=\"text-align: justify; line-height: normal;\">&#8211; Instala\u00e7\u00e3o do Python (https:\/\/python.org.br\/instalacao-windows\/)<\/p>\n<p class=\"MsoNormal\" style=\"text-align: justify; line-height: normal;\">&#8211; Verifica\u00e7\u00e3o das bibliotecas necess\u00e1rias para o desenvolvimento (biblioteca padr\u00e3o socket do Python).<\/p>\n<p class=\"MsoNormal\" style=\"text-align: justify; line-height: normal;\">2. Desenvolvimento do servidor<\/p>\n<p class=\"MsoNormal\" style=\"text-align: justify; line-height: normal;\">&#8211; Cria\u00e7\u00e3o de um socket de servidor.<\/p>\n<p class=\"MsoNormal\" style=\"text-align: justify; line-height: normal;\">&#8211; Vincula\u00e7\u00e3o do socket a um endere\u00e7o IP e porta.<\/p>\n<p class=\"MsoNormal\" style=\"text-align: justify; line-height: normal;\">&#8211; Configura\u00e7\u00e3o do socket para ouvir conex\u00f5es.<\/p>\n<p class=\"MsoNormal\" style=\"text-align: justify; line-height: normal;\">&#8211; Aceita\u00e7\u00e3o de conex\u00f5es de clientes.<\/p>\n<p class=\"MsoNormal\" style=\"text-align: justify; line-height: normal;\">&#8211; Recep\u00e7\u00e3o e envio de mensagens.<\/p>\n<p class=\"MsoNormal\" style=\"text-align: justify; line-height: normal;\">3. Desenvolvimento do Cliente:<\/p>\n<p class=\"MsoNormal\" style=\"text-align: justify; line-height: normal;\">&#8211; Cria\u00e7\u00e3o de um socket de cliente.<\/p>\n<p class=\"MsoNormal\" style=\"text-align: justify; line-height: normal;\">&#8211; Conex\u00e3o ao servidor atrav\u00e9s do endere\u00e7o IP e porta.<\/p>\n<p class=\"MsoNormal\" style=\"text-align: justify; line-height: normal;\">&#8211; Envio de mensagens ao servidor.<\/p>\n<p class=\"MsoNormal\" style=\"text-align: justify; line-height: normal;\">&#8211; Recep\u00e7\u00e3o de mensagens do servidor e exibi\u00e7\u00e3o no console.<\/p>\n<p class=\"MsoNormal\" style=\"text-align: justify; line-height: normal;\">4. Testes e Valida\u00e7\u00e3o:<\/p>\n<p class=\"MsoNormal\" style=\"text-align: justify; line-height: normal;\">&#8211; Execu\u00e7\u00e3o do servidor.<\/p>\n<p class=\"MsoNormal\" style=\"text-align: justify; line-height: normal;\">&#8211; Conex\u00e3o de m\u00faltiplos clientes ao servidor.<\/p>\n<p class=\"MsoNormal\" style=\"text-align: justify; line-height: normal;\">&#8211; Envio e recep\u00e7\u00e3o de mensagens entre clientes e servidor.<\/p>\n<p class=\"MsoNormal\" style=\"text-align: justify; line-height: normal;\">&#8211; Verifica\u00e7\u00e3o da integridade e consist\u00eancia da comunica\u00e7\u00e3o.<\/p>\n<p class=\"MsoNormal\" style=\"text-align: justify; line-height: normal;\">Checklist:<\/p>\n<p class=\"MsoNormal\" style=\"text-align: justify; line-height: normal;\">&#8211; Instalar o Python e seu compilador.<\/p>\n<p class=\"MsoNormal\" style=\"text-align: justify; line-height: normal;\">&#8211; Criar um programa servidor que escuta uma porta espec\u00edfica para receber conex\u00f5es e distribui mensagens aos<\/p>\n<p class=\"MsoNormal\" style=\"text-align: justify; line-height: normal;\">clientes conectados<\/p>\n<p class=\"MsoNormal\" style=\"text-align: justify; line-height: normal;\">&#8211; Criar um programa cliente que se conecta ao servidor atrav\u00e9s de uma porta espec\u00edfica.<\/p>\n<p class=\"MsoNormal\" style=\"text-align: justify; line-height: normal;\">RESULTADOS<\/p>\n<p class=\"MsoNormal\" style=\"text-align: justify; line-height: normal;\">4<\/p>\n<p class=\"MsoNormal\" style=\"text-align: justify; line-height: normal;\">Resultados da aula pr\u00e1tica:<\/p>\n<p class=\"MsoNormal\" style=\"text-align: justify; line-height: normal;\">Elaborar um relat\u00f3rio que dever\u00e1 conter introdu\u00e7\u00e3o, m\u00e9todos, resultados e conclus\u00e3o sobre o assunto desenvolvido<\/p>\n<p class=\"MsoNormal\" style=\"text-align: justify; line-height: normal;\">em aula pr\u00e1tica, afim de registrar os passos seguidos para cumprimento da tarefa bem como entender a(s)<\/p>\n<p class=\"MsoNormal\" style=\"text-align: justify; line-height: normal;\">dificuldade(s) encontrada(s) ao longo do processo e a solu\u00e7\u00e3o aplicada sobre ela(s).<\/p>\n<div class=\"elementor-toggle-item\" style=\"box-sizing: border-box;\">\n<div class=\"elementor-toggle-item\">\n<p id=\"elementor-tab-title-1941\" class=\"elementor-tab-title elementor-active\" tabindex=\"0\" role=\"tab\" data-tab=\"1\" aria-controls=\"elementor-tab-content-1941\" aria-expanded=\"true\" aria-selected=\"true\"><strong>Como funciona?<\/strong><\/p>\n<p>Elaboramos os portf\u00f3lios, j\u00e1 deixamos prontos, nas normas da ABNT e conforme os requisitos da universidade. F\u00e1cil assim! O MELHOR \u00c9 QUE VOC\u00ca COMPRA E J\u00c1 BAIXA NA HORA O SEU ARQUIVO EM WORD! Sabemos que conciliar trabalho, fam\u00edlia, vida profissional e estudos \u00e9 dif\u00edcil hoje em dia, por isso, estamos aqui para ajudar voc\u00ea. Conte com nossa qualidade, experi\u00eancia e profissionalismo adquirindo seu portf\u00f3lio conosco. GARANTIMOS SEU CONCEITO!<\/p>\n<p><strong>Como se realizam os envios?<\/strong><\/p>\n<\/div>\n<p id=\"elementor-tab-content-1942\" class=\"elementor-tab-content elementor-clearfix elementor-active\" role=\"tabpanel\" data-tab=\"2\" aria-labelledby=\"elementor-tab-title-1942\">O seu trabalho \u00e9 disponibilizado pronto, respondido e nas normas j\u00e1 na mesma hora aqui em nosso site na sua \u00e1rea de downloads e tamb\u00e9m no seu e-mail.<\/p>\n<p><strong>Em quanto tempo recebo o portf\u00f3lio?<\/strong><\/p>\n<p>Os envios s\u00e3o imediatos. Ap\u00f3s sua compra, o trabalho j\u00e1 \u00e9 disponibilizado instantaneamente aqui em nosso site e no seu e-mail.<\/p>\n<p><strong>E se o portf\u00f3lio que comprei precisar de corre\u00e7\u00e3o?<\/strong><\/p>\n<p>Caso haja alguma solicita\u00e7\u00e3o de corre\u00e7\u00e3o\/altera\u00e7\u00e3o por parte do tutor, basta entrar em contato conosco pelo\u00a0WhatsApp\u00a0que provid\u00eanciaremos sem custo algum.<\/p>\n<p><strong>Qual o formato do arquivo?<\/strong><\/p>\n<p>Os arquivos s\u00e3o enviados em formato Word e s\u00e3o edit\u00e1veis.<\/p>\n<p><strong>Caso eu tiver alguma d\u00favida, terei suporte no p\u00f3s venda?<\/strong><\/p>\n<p>Sim, com certeza. Basta clicar no \u00edcone do WhatsApp no cantinho da tela. Ser\u00e1 um prazer atend\u00ea-lo(a).<\/p>\n<div id=\"elementor-tab-content-1948\" class=\"elementor-tab-content elementor-clearfix elementor-active\" role=\"tabpanel\" data-tab=\"8\" aria-labelledby=\"elementor-tab-title-1948\">\n<p><strong>Quais os seus canais de contato?<\/strong><\/p>\n<\/div>\n<div id=\"elementor-tab-content-1949\" class=\"elementor-tab-content elementor-clearfix elementor-active\" role=\"tabpanel\" data-tab=\"9\" aria-labelledby=\"elementor-tab-title-1949\">\n<p>Whatsapp: 53 984751621 \u2013 Clicar no canto da tela ou ESCANEIE O QRCODE ABAIXO<\/p>\n<h4><img decoding=\"async\" class=\"alignnone wp-image-13699 jetpack-lazy-image jetpack-lazy-image--handled\" src=\"https:\/\/i0.wp.com\/portifolioos-prontos.com\/wp-content\/uploads\/2023\/02\/whatsapp-business-projeto-de-extensao-300x300.jpeg?resize=144%2C144\" sizes=\"(max-width: 144px) 100vw, 144px\" srcset=\"https:\/\/i0.wp.com\/portifolioos-prontos.com\/wp-content\/uploads\/2023\/02\/whatsapp-business-projeto-de-extensao.jpeg?resize=300%2C301&amp;ssl=1 300w, https:\/\/i0.wp.com\/portifolioos-prontos.com\/wp-content\/uploads\/2023\/02\/whatsapp-business-projeto-de-extensao.jpeg?resize=150%2C150&amp;ssl=1 150w, https:\/\/i0.wp.com\/portifolioos-prontos.com\/wp-content\/uploads\/2023\/02\/whatsapp-business-projeto-de-extensao.jpeg?resize=370%2C372&amp;ssl=1 370w, https:\/\/i0.wp.com\/portifolioos-prontos.com\/wp-content\/uploads\/2023\/02\/whatsapp-business-projeto-de-extensao.jpeg?resize=100%2C100&amp;ssl=1 100w, https:\/\/i0.wp.com\/portifolioos-prontos.com\/wp-content\/uploads\/2023\/02\/whatsapp-business-projeto-de-extensao.jpeg?w=470&amp;ssl=1 470w\" alt=\"projeto de extens\u00e3o unopar\" width=\"144\" height=\"144\" data-lazy-loaded=\"1\" \/><\/h4>\n<\/div>\n<div class=\"elementor-toggle-item\">\n<div id=\"elementor-tab-content-1949\" class=\"elementor-tab-content elementor-clearfix elementor-active\" role=\"tabpanel\" data-tab=\"9\" aria-labelledby=\"elementor-tab-title-1949\">\n<p>E-mail:portifoliosp@gmail.com<\/p>\n<div id=\"attachment_143\" class=\"wp-caption alignnone\">\n<div id=\"attachment_143\" class=\"wp-caption alignnone\">\n<p id=\"caption-attachment-143\" class=\"wp-caption-text\"><a href=\"http:\/\/portfolio-pronto.com\/\">Portf\u00f3lio<\/a>\u00a0em Word, respondido, completo e j\u00e1 nas normas<\/p>\n<\/div>\n<\/div>\n<\/div>\n<\/div>\n<\/div>\n","protected":false},"excerpt":{"rendered":"<div class=\"product-short-description\" style=\"box-sizing: border-box;\">\n<div class=\"product-short-description\">\n<p><strong>Pague pelo PIX ou cart\u00e3o e fa\u00e7a o download agora mesmo.<\/strong><\/p>\n<\/div>\n<div class=\"sticky-add-to-cart-wrapper\">\n<div class=\"sticky-add-to-cart\">\n<p class=\"quantity buttons_added form-flat\"><img decoding=\"async\" class=\"lazyloaded smush-image-5 smush-image-3 smush-image-4 smush-detected-img smush-image-bigger-3\" src=\"https:\/\/d26lpennugtm8s.cloudfront.net\/assets\/common\/img\/logos\/payment\/visa@2x.png\" width=\"46\" height=\"29\" data-src=\"https:\/\/d26lpennugtm8s.cloudfront.net\/assets\/common\/img\/logos\/payment\/visa@2x.png\" \/><img decoding=\"async\" class=\"lazyloaded smush-image-6 smush-image-4 smush-image-5 smush-detected-img smush-image-bigger-4\" src=\"https:\/\/d26lpennugtm8s.cloudfront.net\/assets\/common\/img\/logos\/payment\/boleto@2x.png\" width=\"43\" height=\"27\" data-src=\"https:\/\/d26lpennugtm8s.cloudfront.net\/assets\/common\/img\/logos\/payment\/boleto@2x.png\" \/><img loading=\"lazy\" decoding=\"async\" class=\"lazyloaded smush-image-7 smush-image-5 smush-image-6 smush-detected-img smush-image-bigger-5\" src=\"https:\/\/d26lpennugtm8s.cloudfront.net\/assets\/common\/img\/logos\/payment\/mastercard@2x.png\" width=\"43\" height=\"27\" data-src=\"https:\/\/d26lpennugtm8s.cloudfront.net\/assets\/common\/img\/logos\/payment\/mastercard@2x.png\" \/><img loading=\"lazy\" decoding=\"async\" class=\"lazyloaded smush-image-8 smush-image-6 smush-image-7 smush-detected-img smush-image-bigger-6\" src=\"https:\/\/d26lpennugtm8s.cloudfront.net\/assets\/common\/img\/logos\/payment\/amex@2x.png\" width=\"43\" height=\"27\" data-src=\"https:\/\/d26lpennugtm8s.cloudfront.net\/assets\/common\/img\/logos\/payment\/amex@2x.png\" \/><img loading=\"lazy\" decoding=\"async\" class=\"lazyloaded smush-image-9 smush-image-7 smush-image-8 smush-detected-img smush-image-bigger-7\" src=\"https:\/\/d26lpennugtm8s.cloudfront.net\/assets\/common\/img\/logos\/payment\/diners@2x.png\" width=\"46\" height=\"29\" data-src=\"https:\/\/d26lpennugtm8s.cloudfront.net\/assets\/common\/img\/logos\/payment\/diners@2x.png\" \/><img loading=\"lazy\" decoding=\"async\" class=\"lazyloaded smush-image-10 smush-image-8 smush-image-9 alignnone smush-detected-img smush-image-bigger-8\" src=\"https:\/\/d26lpennugtm8s.cloudfront.net\/assets\/common\/img\/logos\/payment\/br\/elo@2x.png\" alt=\"portf\u00f3lio unopar anhanguera\" width=\"45\" height=\"28\" data-src=\"https:\/\/d26lpennugtm8s.cloudfront.net\/assets\/common\/img\/logos\/payment\/br\/elo@2x.png\" \/><img loading=\"lazy\" decoding=\"async\" class=\"lazyloaded smush-image-11 smush-image-9 smush-image-10 alignnone smush-detected-img smush-image-bigger-9\" src=\"https:\/\/d26lpennugtm8s.cloudfront.net\/assets\/common\/img\/logos\/payment\/br\/hipercard@2x.png\" alt=\"portf\u00f3lio unopar anhanguera\" width=\"44\" height=\"28\" data-src=\"https:\/\/d26lpennugtm8s.cloudfront.net\/assets\/common\/img\/logos\/payment\/br\/hipercard@2x.png\" \/><img loading=\"lazy\" decoding=\"async\" class=\"lazyloaded smush-image-12 smush-image-10 smush-image-11 alignnone smush-detected-img smush-image-bigger-10\" src=\"https:\/\/d26lpennugtm8s.cloudfront.net\/assets\/common\/img\/logos\/payment\/mercadopago@2x.png\" alt=\"portf\u00f3lio unopar anhanguera\" width=\"45\" height=\"28\" data-src=\"https:\/\/d26lpennugtm8s.cloudfront.net\/assets\/common\/img\/logos\/payment\/mercadopago@2x.png\" \/><img loading=\"lazy\" decoding=\"async\" class=\"alignnone lazyloaded smush-detected-img smush-image-bigger-11\" src=\"https:\/\/futurium.com.br\/wp-content\/uploads\/2021\/06\/logo-pix-icone-512.png\" alt=\"portfolio pronto\" width=\"30\" height=\"30\" data-src=\"https:\/\/futurium.com.br\/wp-content\/uploads\/2021\/06\/logo-pix-icone-512.png\" \/><\/p>\n<\/div>\n<\/div>\n<\/div>\n","protected":false},"featured_media":34872,"template":"","meta":{"_seopress_robots_primary_cat":"none","_seopress_titles_title":"%%post_title%% %%sitetitle%%","_seopress_titles_desc":"%%post_content%%","_seopress_robots_index":""},"product_cat":[15],"product_tag":[],"class_list":{"0":"post-34869","1":"product","2":"type-product","3":"status-publish","4":"has-post-thumbnail","6":"product_cat-uncategorized","8":"first","9":"instock","10":"downloadable","11":"virtual","12":"purchasable","13":"product-type-simple","14":"col-xs-6 col-sm-4","15":"col-mf-5","16":"un-5-cols"},"jetpack_sharing_enabled":true,"_links":{"self":[{"href":"https:\/\/portifolioos-prontos.com\/index.php\/wp-json\/wp\/v2\/product\/34869","targetHints":{"allow":["GET"]}}],"collection":[{"href":"https:\/\/portifolioos-prontos.com\/index.php\/wp-json\/wp\/v2\/product"}],"about":[{"href":"https:\/\/portifolioos-prontos.com\/index.php\/wp-json\/wp\/v2\/types\/product"}],"version-history":[{"count":0,"href":"https:\/\/portifolioos-prontos.com\/index.php\/wp-json\/wp\/v2\/product\/34869\/revisions"}],"wp:featuredmedia":[{"embeddable":true,"href":"https:\/\/portifolioos-prontos.com\/index.php\/wp-json\/wp\/v2\/media\/34872"}],"wp:attachment":[{"href":"https:\/\/portifolioos-prontos.com\/index.php\/wp-json\/wp\/v2\/media?parent=34869"}],"wp:term":[{"taxonomy":"product_cat","embeddable":true,"href":"https:\/\/portifolioos-prontos.com\/index.php\/wp-json\/wp\/v2\/product_cat?post=34869"},{"taxonomy":"product_tag","embeddable":true,"href":"https:\/\/portifolioos-prontos.com\/index.php\/wp-json\/wp\/v2\/product_tag?post=34869"}],"curies":[{"name":"wp","href":"https:\/\/api.w.org\/{rel}","templated":true}]}}