{"id":34879,"date":"2025-02-03T22:37:18","date_gmt":"2025-02-04T01:37:18","guid":{"rendered":"https:\/\/portifolioos-prontos.com\/?post_type=product&#038;p=34879"},"modified":"2025-09-22T10:32:02","modified_gmt":"2025-09-22T13:32:02","slug":"portfolio-praticas-pedagogicas-identidade-docente-2","status":"publish","type":"product","link":"https:\/\/portifolioos-prontos.com\/index.php\/product\/portfolio-praticas-pedagogicas-identidade-docente-2\/","title":{"rendered":"Portf\u00f3lio Pr\u00e1ticas Pedag\u00f3gicas: Identidade Docente"},"content":{"rendered":"<h5>Portf\u00f3lio Pr\u00e1ticas Pedag\u00f3gicas: Identidade Docente<\/h5>\n<p class=\"MsoNormal\" style=\"text-align: justify; line-height: normal;\">Ol\u00e1, estudante!<\/p>\n<p class=\"MsoNormal\" style=\"text-align: justify; line-height: normal;\">Neste momento, voc\u00ea realizar\u00e1 uma atividade pr\u00e1tica relacionada a uma reflex\u00e3o da atua\u00e7\u00e3o do<\/p>\n<p class=\"MsoNormal\" style=\"text-align: justify; line-height: normal;\">professor.<\/p>\n<p class=\"MsoNormal\" style=\"text-align: justify; line-height: normal;\">Objetivo<\/p>\n<p class=\"MsoNormal\" style=\"text-align: justify; line-height: normal;\">Desenvolver a compreens\u00e3o e reflex\u00e3o sobre a constru\u00e7\u00e3o da identidade docente, reconhecendo<\/p>\n<p class=\"MsoNormal\" style=\"text-align: justify; line-height: normal;\">a import\u00e2ncia de suas experi\u00eancias pessoais e profissionais na forma\u00e7\u00e3o de sua pr\u00e1tica<\/p>\n<p class=\"MsoNormal\" style=\"text-align: justify; line-height: normal;\">pedag\u00f3gica.<\/p>\n<p class=\"MsoNormal\" style=\"text-align: justify; line-height: normal;\">Situa\u00e7\u00e3o-problema<\/p>\n<p class=\"MsoNormal\" style=\"text-align: justify; line-height: normal;\">Imagine que voc\u00ea \u00e9 um professor dedicado, imerso na din\u00e2mica desafiadora da educa\u00e7\u00e3o b\u00e1sica<\/p>\n<p class=\"MsoNormal\" style=\"text-align: justify; line-height: normal;\">contempor\u00e2nea. Diante de uma diversidade crescente de alunos, oriundos de diferentes<\/p>\n<p class=\"MsoNormal\" style=\"text-align: justify; line-height: normal;\">contextos culturais e socioecon\u00f4micos, voc\u00ea se v\u00ea diante de um complexo desafio: a concilia\u00e7\u00e3o<\/p>\n<p class=\"MsoNormal\" style=\"text-align: justify; line-height: normal;\">entre a preserva\u00e7\u00e3o dos valores tradicionais e a necessidade de adapta\u00e7\u00e3o \u00e0s demandas<\/p>\n<p class=\"MsoNormal\" style=\"text-align: justify; line-height: normal;\">contempor\u00e2neas. A busca por uma identidade docente aut\u00eantica, que respeite a diversidade<\/p>\n<p class=\"MsoNormal\" style=\"text-align: justify; line-height: normal;\">cultural dos alunos, integre tecnologias emergentes e promova pr\u00e1ticas pedag\u00f3gicas inovadoras,<\/p>\n<p class=\"MsoNormal\" style=\"text-align: justify; line-height: normal;\">torna-se um dilema para muitos educadores. Como construir uma identidade que preserve a<\/p>\n<p class=\"MsoNormal\" style=\"text-align: justify; line-height: normal;\">ess\u00eancia do papel do educador, ao mesmo tempo que abra\u00e7a a evolu\u00e7\u00e3o constante do cen\u00e1rio<\/p>\n<p class=\"MsoNormal\" style=\"text-align: justify; line-height: normal;\">educacional? A reflex\u00e3o sobre este desafio torna-se crucial para promover uma pr\u00e1tica docente<\/p>\n<p class=\"MsoNormal\" style=\"text-align: justify; line-height: normal;\">que seja tanto enraizada em valores fundamentais quanto capaz de inspirar e capacitar os<\/p>\n<p class=\"MsoNormal\" style=\"text-align: justify; line-height: normal;\">estudantes para os desafios complexos do mundo contempor\u00e2neo.<\/p>\n<p class=\"MsoNormal\" style=\"text-align: justify; line-height: normal;\">Passo 1<\/p>\n<p class=\"MsoNormal\" style=\"text-align: justify; line-height: normal;\">1. Pesquisa e Reflex\u00e3o Inicial:<\/p>\n<p class=\"MsoNormal\" style=\"text-align: justify; line-height: normal;\">o Realize uma pesquisa sobre os principais desafios enfrentados pelos educadores na<\/p>\n<p class=\"MsoNormal\" style=\"text-align: justify; line-height: normal;\">atualidade, focando em diversidade cultural, integra\u00e7\u00e3o de tecnologias e pr\u00e1ticas<\/p>\n<p class=\"MsoNormal\" style=\"text-align: justify; line-height: normal;\">pedag\u00f3gicas inovadoras.<\/p>\n<p class=\"MsoNormal\" style=\"text-align: justify; line-height: normal;\">o Reflita sobre como esses desafios impactam a constru\u00e7\u00e3o da identidade docente.<\/p>\n<p class=\"MsoNormal\" style=\"text-align: justify; line-height: normal;\">2. Entrevista com Educadores:<\/p>\n<p class=\"MsoNormal\" style=\"text-align: justify; line-height: normal;\">o Entreviste pelo menos dois professores da educa\u00e7\u00e3o b\u00e1sica que atuem em contextos<\/p>\n<p class=\"MsoNormal\" style=\"text-align: justify; line-height: normal;\">culturais e socioecon\u00f4micos diversos.<\/p>\n<p class=\"MsoNormal\" style=\"text-align: justify; line-height: normal;\">o Pergunte sobre suas experi\u00eancias, desafios e estrat\u00e9gias para conciliar valores<\/p>\n<p class=\"MsoNormal\" style=\"text-align: justify; line-height: normal;\">tradicionais com as demandas contempor\u00e2neas.<\/p>\n<p class=\"MsoNormal\" style=\"text-align: justify; line-height: normal;\">3. An\u00e1lise Cr\u00edtica:<\/p>\n<p class=\"MsoNormal\" style=\"text-align: justify; line-height: normal;\">o Analise as entrevistas e identifique temas comuns e divergentes.<\/p>\n<p class=\"MsoNormal\" style=\"text-align: justify; line-height: normal;\">o Relacione essas an\u00e1lises com a pesquisa inicial e com suas pr\u00f3prias reflex\u00f5es sobre<\/p>\n<p class=\"MsoNormal\" style=\"text-align: justify; line-height: normal;\">a identidade docente.<\/p>\n<p class=\"MsoNormal\" style=\"text-align: justify; line-height: normal;\">4. Planejamento de Aula:<\/p>\n<p class=\"MsoNormal\" style=\"text-align: justify; line-height: normal;\">o Desenvolva um plano de aula que integre pr\u00e1ticas pedag\u00f3gicas inovadoras e<\/p>\n<p class=\"MsoNormal\" style=\"text-align: justify; line-height: normal;\">ATV<\/p>\n<p class=\"MsoNormal\" style=\"text-align: justify; line-height: normal;\">P\u00fablico<\/p>\n<p class=\"MsoNormal\" style=\"text-align: justify; line-height: normal;\">tecnologias emergentes, respeitando a diversidade cultural dos alunos.<\/p>\n<p class=\"MsoNormal\" style=\"text-align: justify; line-height: normal;\">o O plano deve incluir objetivos, conte\u00fados, metodologias, recursos tecnol\u00f3gicos e<\/p>\n<p class=\"MsoNormal\" style=\"text-align: justify; line-height: normal;\">formas de avalia\u00e7\u00e3o.<\/p>\n<p class=\"MsoNormal\" style=\"text-align: justify; line-height: normal;\">Passo 2:<\/p>\n<p class=\"MsoNormal\" style=\"text-align: justify; line-height: normal;\">Elabora\u00e7\u00e3o do trabalho para postagem no AVA, contendo:<\/p>\n<p class=\"MsoNormal\" style=\"text-align: justify; line-height: normal;\">1) Capa da Institui\u00e7\u00e3o, conforme orienta\u00e7\u00e3o dispon\u00edvel na biblioteca virtual.<\/p>\n<p class=\"MsoNormal\" style=\"text-align: justify; line-height: normal;\">1) Introdu\u00e7\u00e3o: Contextualiza\u00e7\u00e3o do desafio e objetivos da atividade.<\/p>\n<p class=\"MsoNormal\" style=\"text-align: justify; line-height: normal;\">2) Pesquisa e Reflex\u00e3o Inicial: Resumo das pesquisas e reflex\u00f5es iniciais.<\/p>\n<p class=\"MsoNormal\" style=\"text-align: justify; line-height: normal;\">3) Entrevistas: S\u00edntese das entrevistas com os educadores.<\/p>\n<p class=\"MsoNormal\" style=\"text-align: justify; line-height: normal;\">4) An\u00e1lise Cr\u00edtica: Discuss\u00e3o dos temas identificados nas entrevistas e sua rela\u00e7\u00e3o com a<\/p>\n<p class=\"MsoNormal\" style=\"text-align: justify; line-height: normal;\">pesquisa inicial.<\/p>\n<p class=\"MsoNormal\" style=\"text-align: justify; line-height: normal;\">5) Plano de Aula: Detalhamento do plano de aula desenvolvido.<\/p>\n<p class=\"MsoNormal\" style=\"text-align: justify; line-height: normal;\">6) Conclus\u00e3o: Considera\u00e7\u00f5es finais sobre a constru\u00e7\u00e3o de uma identidade docente aut\u00eantica.<\/p>\n<p class=\"MsoNormal\" style=\"text-align: justify; line-height: normal;\">NORMAS PARA ENTREGA DA ATIVIDADE PR\u00c1TICA<\/p>\n<p class=\"MsoNormal\" style=\"text-align: justify; line-height: normal;\">Voc\u00ea dever\u00e1 postar seu trabalho final no AVA, na pasta espec\u00edfica relacionada \u00e0 atividade pr\u00e1tica,<\/p>\n<p class=\"MsoNormal\" style=\"text-align: justify; line-height: normal;\">obedecendo o prazo limite de postagem, conforme disposto no AVA.<\/p>\n<p class=\"MsoNormal\" style=\"text-align: justify; line-height: normal;\">\u2022 O trabalho deve ser enviado em formato Word ou PDF, em um ARQUIVO \u00daNICO de at\u00e9 10<\/p>\n<p class=\"MsoNormal\" style=\"text-align: justify; line-height: normal;\">MB.<\/p>\n<p class=\"MsoNormal\" style=\"text-align: justify; line-height: normal;\">\u2022 O sistema permite anexar apenas um arquivo. Caso haja mais de uma postagem, ser\u00e1<\/p>\n<p class=\"MsoNormal\" style=\"text-align: justify; line-height: normal;\">considerada a \u00faltima vers\u00e3o.<\/p>\n<p class=\"MsoNormal\" style=\"text-align: justify; line-height: normal;\">IMPORTANTE:<\/p>\n<p class=\"MsoNormal\" style=\"text-align: justify; line-height: normal;\">\u2022 A entrega da atividade, de acordo com a proposta solicitada, \u00e9 um crit\u00e9rio de aprova\u00e7\u00e3o na<\/p>\n<p class=\"MsoNormal\" style=\"text-align: justify; line-height: normal;\">disciplina.<\/p>\n<p class=\"MsoNormal\" style=\"text-align: justify; line-height: normal;\">\u2022 N\u00e3o h\u00e1 prorroga\u00e7\u00e3o para a postagem da atividade.<\/p>\n<p class=\"MsoNormal\" style=\"text-align: justify; line-height: normal;\"><span style=\"mso-spacerun: yes;\">\u00a0<\/span>Aproveite essa oportunidade para aprofundar ainda mais seus conhecimentos.<\/p>\n<p class=\"MsoNormal\" style=\"text-align: justify; line-height: normal;\">Bons estudos!<\/p>\n<div class=\"elementor-toggle-item\" style=\"box-sizing: border-box;\">\n<div class=\"elementor-toggle-item\">\n<p id=\"elementor-tab-title-1941\" class=\"elementor-tab-title elementor-active\" tabindex=\"0\" role=\"tab\" data-tab=\"1\" aria-controls=\"elementor-tab-content-1941\" aria-expanded=\"true\" aria-selected=\"true\"><strong>Como funciona?<\/strong><\/p>\n<p>Elaboramos os portf\u00f3lios, j\u00e1 deixamos prontos, nas normas da ABNT e conforme os requisitos da universidade. F\u00e1cil assim! O MELHOR \u00c9 QUE VOC\u00ca COMPRA E J\u00c1 BAIXA NA HORA O SEU ARQUIVO EM WORD! Sabemos que conciliar trabalho, fam\u00edlia, vida profissional e estudos \u00e9 dif\u00edcil hoje em dia, por isso, estamos aqui para ajudar voc\u00ea. Conte com nossa qualidade, experi\u00eancia e profissionalismo adquirindo seu portf\u00f3lio conosco. GARANTIMOS SEU CONCEITO!<\/p>\n<p><strong>Como se realizam os envios?<\/strong><\/p>\n<\/div>\n<p id=\"elementor-tab-content-1942\" class=\"elementor-tab-content elementor-clearfix elementor-active\" role=\"tabpanel\" data-tab=\"2\" aria-labelledby=\"elementor-tab-title-1942\">O seu trabalho \u00e9 disponibilizado pronto, respondido e nas normas j\u00e1 na mesma hora aqui em nosso site na sua \u00e1rea de downloads e tamb\u00e9m no seu e-mail.<\/p>\n<p><strong>Em quanto tempo recebo o portf\u00f3lio?<\/strong><\/p>\n<p>Os envios s\u00e3o imediatos. Ap\u00f3s sua compra, o trabalho j\u00e1 \u00e9 disponibilizado instantaneamente aqui em nosso site e no seu e-mail.<\/p>\n<p><strong>E se o portf\u00f3lio que comprei precisar de corre\u00e7\u00e3o?<\/strong><\/p>\n<p>Caso haja alguma solicita\u00e7\u00e3o de corre\u00e7\u00e3o\/altera\u00e7\u00e3o por parte do tutor, basta entrar em contato conosco pelo\u00a0WhatsApp\u00a0que provid\u00eanciaremos sem custo algum.<\/p>\n<p><strong>Qual o formato do arquivo?<\/strong><\/p>\n<p>Os arquivos s\u00e3o enviados em formato Word e s\u00e3o edit\u00e1veis.<\/p>\n<p><strong>Caso eu tiver alguma d\u00favida, terei suporte no p\u00f3s venda?<\/strong><\/p>\n<p>Sim, com certeza. Basta clicar no \u00edcone do WhatsApp no cantinho da tela. Ser\u00e1 um prazer atend\u00ea-lo(a).<\/p>\n<div id=\"elementor-tab-content-1948\" class=\"elementor-tab-content elementor-clearfix elementor-active\" role=\"tabpanel\" data-tab=\"8\" aria-labelledby=\"elementor-tab-title-1948\">\n<p><strong>Quais os seus canais de contato?<\/strong><\/p>\n<\/div>\n<div id=\"elementor-tab-content-1949\" class=\"elementor-tab-content elementor-clearfix elementor-active\" role=\"tabpanel\" data-tab=\"9\" aria-labelledby=\"elementor-tab-title-1949\">\n<p>Whatsapp: 53 984751621 \u2013 Clicar no canto da tela ou ESCANEIE O QRCODE ABAIXO<\/p>\n<h4><img decoding=\"async\" class=\"alignnone wp-image-13699 jetpack-lazy-image jetpack-lazy-image--handled\" src=\"https:\/\/i0.wp.com\/portifolioos-prontos.com\/wp-content\/uploads\/2023\/02\/whatsapp-business-projeto-de-extensao-300x300.jpeg?resize=144%2C144\" sizes=\"(max-width: 144px) 100vw, 144px\" srcset=\"https:\/\/i0.wp.com\/portifolioos-prontos.com\/wp-content\/uploads\/2023\/02\/whatsapp-business-projeto-de-extensao.jpeg?resize=300%2C301&amp;ssl=1 300w, https:\/\/i0.wp.com\/portifolioos-prontos.com\/wp-content\/uploads\/2023\/02\/whatsapp-business-projeto-de-extensao.jpeg?resize=150%2C150&amp;ssl=1 150w, https:\/\/i0.wp.com\/portifolioos-prontos.com\/wp-content\/uploads\/2023\/02\/whatsapp-business-projeto-de-extensao.jpeg?resize=370%2C372&amp;ssl=1 370w, https:\/\/i0.wp.com\/portifolioos-prontos.com\/wp-content\/uploads\/2023\/02\/whatsapp-business-projeto-de-extensao.jpeg?resize=100%2C100&amp;ssl=1 100w, https:\/\/i0.wp.com\/portifolioos-prontos.com\/wp-content\/uploads\/2023\/02\/whatsapp-business-projeto-de-extensao.jpeg?w=470&amp;ssl=1 470w\" alt=\"projeto de extens\u00e3o unopar\" width=\"144\" height=\"144\" data-lazy-loaded=\"1\" \/><\/h4>\n<\/div>\n<div class=\"elementor-toggle-item\">\n<div id=\"elementor-tab-content-1949\" class=\"elementor-tab-content elementor-clearfix elementor-active\" role=\"tabpanel\" data-tab=\"9\" aria-labelledby=\"elementor-tab-title-1949\">\n<p>E-mail:portifoliosp@gmail.com<\/p>\n<div id=\"attachment_143\" class=\"wp-caption alignnone\">\n<div id=\"attachment_143\" class=\"wp-caption alignnone\">\n<p id=\"caption-attachment-143\" class=\"wp-caption-text\"><a href=\"http:\/\/portfolio-pronto.com\/\">Portf\u00f3lio<\/a>\u00a0em Word, respondido, completo e j\u00e1 nas normas<\/p>\n<\/div>\n<\/div>\n<\/div>\n<\/div>\n<\/div>\n","protected":false},"excerpt":{"rendered":"<div class=\"product-short-description\" style=\"box-sizing: border-box;\">\n<div class=\"product-short-description\">\n<p><strong>Pague pelo PIX ou cart\u00e3o e fa\u00e7a o download agora mesmo.<\/strong><\/p>\n<\/div>\n<div class=\"sticky-add-to-cart-wrapper\">\n<div class=\"sticky-add-to-cart\">\n<p class=\"quantity buttons_added form-flat\"><img decoding=\"async\" class=\"lazyloaded smush-image-5 smush-image-3 smush-image-4 smush-detected-img smush-image-bigger-3\" src=\"https:\/\/d26lpennugtm8s.cloudfront.net\/assets\/common\/img\/logos\/payment\/visa@2x.png\" width=\"46\" height=\"29\" data-src=\"https:\/\/d26lpennugtm8s.cloudfront.net\/assets\/common\/img\/logos\/payment\/visa@2x.png\" \/><img decoding=\"async\" class=\"lazyloaded smush-image-6 smush-image-4 smush-image-5 smush-detected-img smush-image-bigger-4\" src=\"https:\/\/d26lpennugtm8s.cloudfront.net\/assets\/common\/img\/logos\/payment\/boleto@2x.png\" width=\"43\" height=\"27\" data-src=\"https:\/\/d26lpennugtm8s.cloudfront.net\/assets\/common\/img\/logos\/payment\/boleto@2x.png\" \/><img loading=\"lazy\" decoding=\"async\" class=\"lazyloaded smush-image-7 smush-image-5 smush-image-6 smush-detected-img smush-image-bigger-5\" src=\"https:\/\/d26lpennugtm8s.cloudfront.net\/assets\/common\/img\/logos\/payment\/mastercard@2x.png\" width=\"43\" height=\"27\" data-src=\"https:\/\/d26lpennugtm8s.cloudfront.net\/assets\/common\/img\/logos\/payment\/mastercard@2x.png\" \/><img loading=\"lazy\" decoding=\"async\" class=\"lazyloaded smush-image-8 smush-image-6 smush-image-7 smush-detected-img smush-image-bigger-6\" src=\"https:\/\/d26lpennugtm8s.cloudfront.net\/assets\/common\/img\/logos\/payment\/amex@2x.png\" width=\"43\" height=\"27\" data-src=\"https:\/\/d26lpennugtm8s.cloudfront.net\/assets\/common\/img\/logos\/payment\/amex@2x.png\" \/><img loading=\"lazy\" decoding=\"async\" class=\"lazyloaded smush-image-9 smush-image-7 smush-image-8 smush-detected-img smush-image-bigger-7\" src=\"https:\/\/d26lpennugtm8s.cloudfront.net\/assets\/common\/img\/logos\/payment\/diners@2x.png\" width=\"46\" height=\"29\" data-src=\"https:\/\/d26lpennugtm8s.cloudfront.net\/assets\/common\/img\/logos\/payment\/diners@2x.png\" \/><img loading=\"lazy\" decoding=\"async\" class=\"lazyloaded smush-image-10 smush-image-8 smush-image-9 alignnone smush-detected-img smush-image-bigger-8\" src=\"https:\/\/d26lpennugtm8s.cloudfront.net\/assets\/common\/img\/logos\/payment\/br\/elo@2x.png\" alt=\"portf\u00f3lio unopar anhanguera\" width=\"45\" height=\"28\" data-src=\"https:\/\/d26lpennugtm8s.cloudfront.net\/assets\/common\/img\/logos\/payment\/br\/elo@2x.png\" \/><img loading=\"lazy\" decoding=\"async\" class=\"lazyloaded smush-image-11 smush-image-9 smush-image-10 alignnone smush-detected-img smush-image-bigger-9\" src=\"https:\/\/d26lpennugtm8s.cloudfront.net\/assets\/common\/img\/logos\/payment\/br\/hipercard@2x.png\" alt=\"portf\u00f3lio unopar anhanguera\" width=\"44\" height=\"28\" data-src=\"https:\/\/d26lpennugtm8s.cloudfront.net\/assets\/common\/img\/logos\/payment\/br\/hipercard@2x.png\" \/><img loading=\"lazy\" decoding=\"async\" class=\"lazyloaded smush-image-12 smush-image-10 smush-image-11 alignnone smush-detected-img smush-image-bigger-10\" src=\"https:\/\/d26lpennugtm8s.cloudfront.net\/assets\/common\/img\/logos\/payment\/mercadopago@2x.png\" alt=\"portf\u00f3lio unopar anhanguera\" width=\"45\" height=\"28\" data-src=\"https:\/\/d26lpennugtm8s.cloudfront.net\/assets\/common\/img\/logos\/payment\/mercadopago@2x.png\" \/><img loading=\"lazy\" decoding=\"async\" class=\"alignnone lazyloaded smush-detected-img smush-image-bigger-11\" src=\"https:\/\/futurium.com.br\/wp-content\/uploads\/2021\/06\/logo-pix-icone-512.png\" alt=\"portfolio pronto\" width=\"30\" height=\"30\" data-src=\"https:\/\/futurium.com.br\/wp-content\/uploads\/2021\/06\/logo-pix-icone-512.png\" \/><\/p>\n<\/div>\n<\/div>\n<\/div>\n","protected":false},"featured_media":34882,"template":"","meta":{"_seopress_robots_primary_cat":"none","_seopress_titles_title":"%%post_title%% %%sitetitle%%","_seopress_titles_desc":"%%post_content%%","_seopress_robots_index":""},"product_cat":[52],"product_tag":[],"class_list":{"0":"post-34879","1":"product","2":"type-product","3":"status-publish","4":"has-post-thumbnail","6":"product_cat-pedagogia","8":"first","9":"instock","10":"shipping-taxable","11":"purchasable","12":"product-type-variable","13":"col-xs-6 col-sm-4","14":"col-mf-5","15":"un-5-cols"},"jetpack_sharing_enabled":true,"_links":{"self":[{"href":"https:\/\/portifolioos-prontos.com\/index.php\/wp-json\/wp\/v2\/product\/34879","targetHints":{"allow":["GET"]}}],"collection":[{"href":"https:\/\/portifolioos-prontos.com\/index.php\/wp-json\/wp\/v2\/product"}],"about":[{"href":"https:\/\/portifolioos-prontos.com\/index.php\/wp-json\/wp\/v2\/types\/product"}],"version-history":[{"count":1,"href":"https:\/\/portifolioos-prontos.com\/index.php\/wp-json\/wp\/v2\/product\/34879\/revisions"}],"predecessor-version":[{"id":45370,"href":"https:\/\/portifolioos-prontos.com\/index.php\/wp-json\/wp\/v2\/product\/34879\/revisions\/45370"}],"wp:featuredmedia":[{"embeddable":true,"href":"https:\/\/portifolioos-prontos.com\/index.php\/wp-json\/wp\/v2\/media\/34882"}],"wp:attachment":[{"href":"https:\/\/portifolioos-prontos.com\/index.php\/wp-json\/wp\/v2\/media?parent=34879"}],"wp:term":[{"taxonomy":"product_cat","embeddable":true,"href":"https:\/\/portifolioos-prontos.com\/index.php\/wp-json\/wp\/v2\/product_cat?post=34879"},{"taxonomy":"product_tag","embeddable":true,"href":"https:\/\/portifolioos-prontos.com\/index.php\/wp-json\/wp\/v2\/product_tag?post=34879"}],"curies":[{"name":"wp","href":"https:\/\/api.w.org\/{rel}","templated":true}]}}