{"id":35199,"date":"2025-02-18T20:19:06","date_gmt":"2025-02-18T23:19:06","guid":{"rendered":"https:\/\/portifolioos-prontos.com\/?post_type=product&#038;p=35199"},"modified":"2025-08-03T18:22:20","modified_gmt":"2025-08-03T21:22:20","slug":"projeto-integrado-inovacao-curso-superior-de-tecnologia-em-gastronomia","status":"publish","type":"product","link":"https:\/\/portifolioos-prontos.com\/index.php\/product\/projeto-integrado-inovacao-curso-superior-de-tecnologia-em-gastronomia\/","title":{"rendered":"Projeto Integrado Inova\u00e7\u00e3o &#8211; Curso Superior de Tecnologia em Gastronomia"},"content":{"rendered":"<h4>Projeto Integrado Inova\u00e7\u00e3o &#8211; Curso Superior de Tecnologia em Gastronomia<\/h4>\n<p class=\"MsoNormal\">SITUA\u00c7\u00c3O GERADORA DE APRENDIZAGEM (SGA)<\/p>\n<p class=\"MsoNormal\">Pensando nas mais diversas tendencias do mercado gastron\u00f4mico um grande filantropo<\/p>\n<p class=\"MsoNormal\">resolveu que iria trazer destaque ao fusion food. Tendencia esta que consiste em uma abordagem<\/p>\n<p class=\"MsoNormal\">PROJETO INTEGRADO<\/p>\n<p class=\"MsoNormal\">INOVA\u00c7\u00c3O<\/p>\n<p class=\"MsoNormal\">Curso Superior de Tecnologia em Gastronomia<\/p>\n<p class=\"MsoNormal\">P\u00fablico<\/p>\n<p class=\"MsoNormal\">culin\u00e1ria que combina elementos de diferentes culturas gastron\u00f4micas para criar experi\u00eancias \u00fanicas<\/p>\n<p class=\"MsoNormal\">ao comensal.<\/p>\n<p class=\"MsoNormal\">Essa tendencia envolve a mistura de ingredientes, t\u00e9cnicas e sabores de diversos pa\u00edses, ou<\/p>\n<p class=\"MsoNormal\">regi\u00f5es de um \u00fanico pa\u00eds, resultando em cria\u00e7\u00f5es criativas, intrigantes e exc\u00eantricas. A globaliza\u00e7\u00e3o<\/p>\n<p class=\"MsoNormal\">de ingredientes e a troca de experiencias entre culturas, impulsionando o crescimento do fusion food,<\/p>\n<p class=\"MsoNormal\">tornando-o uma escolha popular entre muitos restaurantes ao redor do mundo. E a fim de explorar<\/p>\n<p class=\"MsoNormal\">o potencial desta nova tendencia no mercado gastron\u00f4mico e movimentar o capital da cidade a<\/p>\n<p class=\"MsoNormal\">prefeitura da sua cidade natal desenvolveu um \u201cFestival Gastron\u00f4mico de Inova\u00e7\u00e3o Regional e<\/p>\n<p class=\"MsoNormal\">Internacional e voc\u00ea foi convidado para integrar a banca de colaboradores.<\/p>\n<p class=\"MsoNormal\">Um evento que busca destacar a diversidade e riqueza da culin\u00e1ria brasileira e internacional,<\/p>\n<p class=\"MsoNormal\">ao mesmo tempo que integra conceitos de nutri\u00e7\u00e3o e dietoterapia, al\u00e9m de t\u00e9cnicas avan\u00e7adas de<\/p>\n<p class=\"MsoNormal\">cozinha fria e excel\u00eancia em servi\u00e7o. Este festival \u00e9 uma oportunidade \u00fanica para mostrar a<\/p>\n<p class=\"MsoNormal\">criatividade e inova\u00e7\u00e3o, utilizando ingredientes e tradi\u00e7\u00f5es culin\u00e1rias das regi\u00f5es do Brasil (Norte,<\/p>\n<p class=\"MsoNormal\">Nordeste, Sudeste, Centro-Oeste e Sul) e combinando com influ\u00eancias das cozinhas das Am\u00e9ricas,<\/p>\n<p class=\"MsoNormal\">Europeia e Mediterr\u00e2nea.<\/p>\n<p class=\"MsoNormal\">O objetivo deste projeto \u00e9 criar pratos inovadores que respeitem e enalte\u00e7am as tradi\u00e7\u00f5es<\/p>\n<p class=\"MsoNormal\">culin\u00e1rias regionais brasileiras, ao mesmo tempo em que integram elementos das cozinhas<\/p>\n<p class=\"MsoNormal\">internacionais. Os pratos devem incorporar os princ\u00edpios nutricionais e trazer conceitos inovadores.<\/p>\n<p class=\"MsoNormal\">Al\u00e9m disso, ser\u00e1 essencial apresentar os pratos de forma profissional, respeitando as normas de<\/p>\n<p class=\"MsoNormal\">etiqueta e cerimonial, garantindo um servi\u00e7o de excel\u00eancia.<\/p>\n<p class=\"MsoNormal\">DESAFIOS<\/p>\n<p class=\"MsoNormal\">1. Gastronomia Brasileira e Internacional<\/p>\n<p class=\"MsoNormal\">\u2022 Voc\u00ea deve escolher uma regi\u00e3o do Brasil (Norte, Nordeste, Sudeste, Centro-Oeste ou<\/p>\n<p class=\"MsoNormal\">Sul) e uma cozinha internacional (Am\u00e9ricas, Europeia ou Mediterr\u00e2nea) para<\/p>\n<p class=\"MsoNormal\">desenvolver um menu de tr\u00eas pratos (entrada, prato principal e sobremesa).<\/p>\n<p class=\"MsoNormal\">PROJETO INTEGRADO<\/p>\n<p class=\"MsoNormal\">INOVA\u00c7\u00c3O<\/p>\n<p class=\"MsoNormal\">Curso Superior de Tecnologia em Gastronomia<\/p>\n<p class=\"MsoNormal\">P\u00fablico<\/p>\n<p class=\"MsoNormal\">\u2022 O menu deve destacar ingredientes t\u00edpicos e t\u00e9cnicas tradicionais da regi\u00e3o brasileira<\/p>\n<p class=\"MsoNormal\">escolhida, combinando-os com influ\u00eancias da cozinha internacional selecionada (fusion<\/p>\n<p class=\"MsoNormal\">food).<\/p>\n<p class=\"MsoNormal\">\u2022 \u00c9 necess\u00e1rio inovar na apresenta\u00e7\u00e3o e na combina\u00e7\u00e3o de sabores, criando pratos que<\/p>\n<p class=\"MsoNormal\">sejam releituras modernas e fus\u00e3o das receitas cl\u00e1ssicas regionais e internacionais.<\/p>\n<p class=\"MsoNormal\">2. Gastronomia Nutricional<\/p>\n<p class=\"MsoNormal\">\u2022 Voc\u00ea deve desenvolver uma sobremesa considerando os princ\u00edpios nutricionais,<\/p>\n<p class=\"MsoNormal\">garantindo assim um menu com uma alimenta\u00e7\u00e3o equilibrada.<\/p>\n<p class=\"MsoNormal\">\u2022 A sobremesa deve atender a uma dieta com restri\u00e7\u00e3o de gorduras.<\/p>\n<p class=\"MsoNormal\">\u2022 Incorporar fundamentos da dietoterapia para garantir que a sobremesa n\u00e3o apenas seja<\/p>\n<p class=\"MsoNormal\">saborosa, mas tamb\u00e9m promova a sa\u00fade e o bem-estar dos comensais.<\/p>\n<p class=\"MsoNormal\">3. Garde Manger &#8211; Cozinha Fria<\/p>\n<p class=\"MsoNormal\">\u2022 Voc\u00ea deve apresentar como entrada um prato frio, como uma salada ou um aperitivo,<\/p>\n<p class=\"MsoNormal\">utilizando t\u00e9cnicas de cozinha fria.<\/p>\n<p class=\"MsoNormal\">\u2022 Incluir pelo menos uma conserva ou item de charcutaria artesanal.<\/p>\n<p class=\"MsoNormal\">\u2022 Utilizar molhos frios inovadores que complementem e realcem os sabores dos<\/p>\n<p class=\"MsoNormal\">ingredientes regionais e internacionais.<\/p>\n<p class=\"MsoNormal\">4. Servi\u00e7o, Etiqueta e Cerimonial<\/p>\n<p class=\"MsoNormal\">\u2022 Voc\u00ea deve preparar e apresentar um plano detalhado de servi\u00e7o para a apresenta\u00e7\u00e3o<\/p>\n<p class=\"MsoNormal\">dos pratos, garantindo que todos os aspectos de etiqueta e cerimonial sejam<\/p>\n<p class=\"MsoNormal\">respeitados.<\/p>\n<p class=\"MsoNormal\">\u2022 Desenvolver uma breve apresenta\u00e7\u00e3o sobre a origem dos pratos, os ingredientes<\/p>\n<p class=\"MsoNormal\">utilizados e a inspira\u00e7\u00e3o por tr\u00e1s das inova\u00e7\u00f5es introduzidas.<\/p>\n<p class=\"MsoNormal\">PROJETO INTEGRADO<\/p>\n<p class=\"MsoNormal\">INOVA\u00c7\u00c3O<\/p>\n<p class=\"MsoNormal\">Curso Superior de Tecnologia em Gastronomia<\/p>\n<p class=\"MsoNormal\">P\u00fablico<\/p>\n<p class=\"MsoNormal\">Importante: n\u00e3o \u00e9 necess\u00e1rio o desenvolvimento do menu de forma pr\u00e1tica. Para avalia\u00e7\u00e3o<\/p>\n<p class=\"MsoNormal\">da atividade voc\u00ea deve apresentar a descri\u00e7\u00e3o do menu e atender as solicita\u00e7\u00f5es dos desafios<\/p>\n<p class=\"MsoNormal\">apresentados.<\/p>\n<p class=\"MsoNormal\">Este projeto \u00e9 uma oportunidade para aplicar de forma integrada os conhecimentos<\/p>\n<p class=\"MsoNormal\">adquiridos nas disciplinas de Gastronomia Brasileira, Cozinha Internacional, Gastronomia Nutricional,<\/p>\n<p class=\"MsoNormal\">Garde Manger &#8211; Cozinha Fria e Servi\u00e7o, Etiqueta e Cerimonial.<\/p>\n<p class=\"MsoNormal\">Voc\u00ea foi desafiado a pensar de forma inovadora, respeitando tradi\u00e7\u00f5es enquanto inovam e<\/p>\n<p class=\"MsoNormal\">criando experi\u00eancias gastron\u00f4micas que sejam ao mesmo tempo deliciosas, saud\u00e1veis e bem<\/p>\n<p class=\"MsoNormal\">apresentadas.<\/p>\n<div class=\"elementor-toggle-item\" style=\"box-sizing: border-box;\">\n<div class=\"elementor-toggle-item\">\n<p id=\"elementor-tab-title-1941\" class=\"elementor-tab-title elementor-active\" tabindex=\"0\" role=\"tab\" data-tab=\"1\" aria-controls=\"elementor-tab-content-1941\" aria-expanded=\"true\" aria-selected=\"true\"><strong>Como funciona?<\/strong><\/p>\n<p>Elaboramos os portf\u00f3lios, j\u00e1 deixamos prontos, nas normas da ABNT e conforme os requisitos da universidade. F\u00e1cil assim! O MELHOR \u00c9 QUE VOC\u00ca COMPRA E J\u00c1 BAIXA NA HORA O SEU ARQUIVO EM WORD! Sabemos que conciliar trabalho, fam\u00edlia, vida profissional e estudos \u00e9 dif\u00edcil hoje em dia, por isso, estamos aqui para ajudar voc\u00ea. Conte com nossa qualidade, experi\u00eancia e profissionalismo adquirindo seu portf\u00f3lio conosco. GARANTIMOS SEU CONCEITO!<\/p>\n<p><strong>Como se realizam os envios?<\/strong><\/p>\n<\/div>\n<p id=\"elementor-tab-content-1942\" class=\"elementor-tab-content elementor-clearfix elementor-active\" role=\"tabpanel\" data-tab=\"2\" aria-labelledby=\"elementor-tab-title-1942\">O seu trabalho \u00e9 disponibilizado pronto, respondido e nas normas j\u00e1 na mesma hora aqui em nosso site na sua \u00e1rea de downloads e tamb\u00e9m no seu e-mail.<\/p>\n<p><strong>Em quanto tempo recebo o portf\u00f3lio?<\/strong><\/p>\n<p>Os envios s\u00e3o imediatos. Ap\u00f3s sua compra, o trabalho j\u00e1 \u00e9 disponibilizado instantaneamente aqui em nosso site e no seu e-mail.<\/p>\n<p><strong>E se o portf\u00f3lio que comprei precisar de corre\u00e7\u00e3o?<\/strong><\/p>\n<p>Caso haja alguma solicita\u00e7\u00e3o de corre\u00e7\u00e3o\/altera\u00e7\u00e3o por parte do tutor, basta entrar em contato conosco pelo\u00a0WhatsApp\u00a0que provid\u00eanciaremos sem custo algum.<\/p>\n<p><strong>Qual o formato do arquivo?<\/strong><\/p>\n<p>Os arquivos s\u00e3o enviados em formato Word e s\u00e3o edit\u00e1veis.<\/p>\n<p><strong>Caso eu tiver alguma d\u00favida, terei suporte no p\u00f3s venda?<\/strong><\/p>\n<p>Sim, com certeza. Basta clicar no \u00edcone do WhatsApp no cantinho da tela. Ser\u00e1 um prazer atend\u00ea-lo(a).<\/p>\n<div id=\"elementor-tab-content-1948\" class=\"elementor-tab-content elementor-clearfix elementor-active\" role=\"tabpanel\" data-tab=\"8\" aria-labelledby=\"elementor-tab-title-1948\">\n<p><strong>Quais os seus canais de contato?<\/strong><\/p>\n<\/div>\n<div id=\"elementor-tab-content-1949\" class=\"elementor-tab-content elementor-clearfix elementor-active\" role=\"tabpanel\" data-tab=\"9\" aria-labelledby=\"elementor-tab-title-1949\">\n<p>Whatsapp: 53 984751621 \u2013 Clicar no canto da tela ou ESCANEIE O QRCODE ABAIXO<\/p>\n<h4><img decoding=\"async\" class=\"alignnone wp-image-13699 jetpack-lazy-image jetpack-lazy-image--handled\" src=\"https:\/\/i0.wp.com\/portifolioos-prontos.com\/wp-content\/uploads\/2023\/02\/whatsapp-business-projeto-de-extensao-300x300.jpeg?resize=144%2C144\" sizes=\"(max-width: 144px) 100vw, 144px\" srcset=\"https:\/\/i0.wp.com\/portifolioos-prontos.com\/wp-content\/uploads\/2023\/02\/whatsapp-business-projeto-de-extensao.jpeg?resize=300%2C301&amp;ssl=1 300w, https:\/\/i0.wp.com\/portifolioos-prontos.com\/wp-content\/uploads\/2023\/02\/whatsapp-business-projeto-de-extensao.jpeg?resize=150%2C150&amp;ssl=1 150w, https:\/\/i0.wp.com\/portifolioos-prontos.com\/wp-content\/uploads\/2023\/02\/whatsapp-business-projeto-de-extensao.jpeg?resize=370%2C372&amp;ssl=1 370w, https:\/\/i0.wp.com\/portifolioos-prontos.com\/wp-content\/uploads\/2023\/02\/whatsapp-business-projeto-de-extensao.jpeg?resize=100%2C100&amp;ssl=1 100w, https:\/\/i0.wp.com\/portifolioos-prontos.com\/wp-content\/uploads\/2023\/02\/whatsapp-business-projeto-de-extensao.jpeg?w=470&amp;ssl=1 470w\" alt=\"projeto de extens\u00e3o unopar\" width=\"144\" height=\"144\" data-lazy-loaded=\"1\" \/><\/h4>\n<\/div>\n<div class=\"elementor-toggle-item\">\n<div id=\"elementor-tab-content-1949\" class=\"elementor-tab-content elementor-clearfix elementor-active\" role=\"tabpanel\" data-tab=\"9\" aria-labelledby=\"elementor-tab-title-1949\">\n<p>E-mail:portifoliosp@gmail.com<\/p>\n<div id=\"attachment_143\" class=\"wp-caption alignnone\">\n<div id=\"attachment_143\" class=\"wp-caption alignnone\">\n<p id=\"caption-attachment-143\" class=\"wp-caption-text\"><a href=\"http:\/\/portfolio-pronto.com\/\">Portf\u00f3lio<\/a>\u00a0em Word, respondido, completo e j\u00e1 nas normas<\/p>\n<\/div>\n<\/div>\n<\/div>\n<\/div>\n<\/div>\n","protected":false},"excerpt":{"rendered":"<div class=\"product-short-description\" style=\"box-sizing: border-box;\">\n<div class=\"product-short-description\">\n<p><strong>Pague pelo PIX ou cart\u00e3o e fa\u00e7a o download agora mesmo.<\/strong><\/p>\n<\/div>\n<div class=\"sticky-add-to-cart-wrapper\">\n<div class=\"sticky-add-to-cart\">\n<p class=\"quantity buttons_added form-flat\"><img decoding=\"async\" class=\"lazyloaded smush-image-5 smush-image-3 smush-image-4 smush-detected-img smush-image-bigger-3\" src=\"https:\/\/d26lpennugtm8s.cloudfront.net\/assets\/common\/img\/logos\/payment\/visa@2x.png\" width=\"46\" height=\"29\" data-src=\"https:\/\/d26lpennugtm8s.cloudfront.net\/assets\/common\/img\/logos\/payment\/visa@2x.png\" \/><img decoding=\"async\" class=\"lazyloaded smush-image-6 smush-image-4 smush-image-5 smush-detected-img smush-image-bigger-4\" src=\"https:\/\/d26lpennugtm8s.cloudfront.net\/assets\/common\/img\/logos\/payment\/boleto@2x.png\" width=\"43\" height=\"27\" data-src=\"https:\/\/d26lpennugtm8s.cloudfront.net\/assets\/common\/img\/logos\/payment\/boleto@2x.png\" \/><img loading=\"lazy\" decoding=\"async\" class=\"lazyloaded smush-image-7 smush-image-5 smush-image-6 smush-detected-img smush-image-bigger-5\" src=\"https:\/\/d26lpennugtm8s.cloudfront.net\/assets\/common\/img\/logos\/payment\/mastercard@2x.png\" width=\"43\" height=\"27\" data-src=\"https:\/\/d26lpennugtm8s.cloudfront.net\/assets\/common\/img\/logos\/payment\/mastercard@2x.png\" \/><img loading=\"lazy\" decoding=\"async\" class=\"lazyloaded smush-image-8 smush-image-6 smush-image-7 smush-detected-img smush-image-bigger-6\" src=\"https:\/\/d26lpennugtm8s.cloudfront.net\/assets\/common\/img\/logos\/payment\/amex@2x.png\" width=\"43\" height=\"27\" data-src=\"https:\/\/d26lpennugtm8s.cloudfront.net\/assets\/common\/img\/logos\/payment\/amex@2x.png\" \/><img loading=\"lazy\" decoding=\"async\" class=\"lazyloaded smush-image-9 smush-image-7 smush-image-8 smush-detected-img smush-image-bigger-7\" src=\"https:\/\/d26lpennugtm8s.cloudfront.net\/assets\/common\/img\/logos\/payment\/diners@2x.png\" width=\"46\" height=\"29\" data-src=\"https:\/\/d26lpennugtm8s.cloudfront.net\/assets\/common\/img\/logos\/payment\/diners@2x.png\" \/><img loading=\"lazy\" decoding=\"async\" class=\"lazyloaded smush-image-10 smush-image-8 smush-image-9 alignnone smush-detected-img smush-image-bigger-8\" src=\"https:\/\/d26lpennugtm8s.cloudfront.net\/assets\/common\/img\/logos\/payment\/br\/elo@2x.png\" alt=\"portf\u00f3lio unopar anhanguera\" width=\"45\" height=\"28\" data-src=\"https:\/\/d26lpennugtm8s.cloudfront.net\/assets\/common\/img\/logos\/payment\/br\/elo@2x.png\" \/><img loading=\"lazy\" decoding=\"async\" class=\"lazyloaded smush-image-11 smush-image-9 smush-image-10 alignnone smush-detected-img smush-image-bigger-9\" src=\"https:\/\/d26lpennugtm8s.cloudfront.net\/assets\/common\/img\/logos\/payment\/br\/hipercard@2x.png\" alt=\"portf\u00f3lio unopar anhanguera\" width=\"44\" height=\"28\" data-src=\"https:\/\/d26lpennugtm8s.cloudfront.net\/assets\/common\/img\/logos\/payment\/br\/hipercard@2x.png\" \/><img loading=\"lazy\" decoding=\"async\" class=\"lazyloaded smush-image-12 smush-image-10 smush-image-11 alignnone smush-detected-img smush-image-bigger-10\" src=\"https:\/\/d26lpennugtm8s.cloudfront.net\/assets\/common\/img\/logos\/payment\/mercadopago@2x.png\" alt=\"portf\u00f3lio unopar anhanguera\" width=\"45\" height=\"28\" data-src=\"https:\/\/d26lpennugtm8s.cloudfront.net\/assets\/common\/img\/logos\/payment\/mercadopago@2x.png\" \/><img loading=\"lazy\" decoding=\"async\" class=\"alignnone lazyloaded smush-detected-img smush-image-bigger-11\" src=\"https:\/\/futurium.com.br\/wp-content\/uploads\/2021\/06\/logo-pix-icone-512.png\" alt=\"portfolio pronto\" width=\"30\" height=\"30\" data-src=\"https:\/\/futurium.com.br\/wp-content\/uploads\/2021\/06\/logo-pix-icone-512.png\" \/><\/p>\n<\/div>\n<\/div>\n<\/div>\n","protected":false},"featured_media":35202,"template":"","meta":{"_seopress_robots_primary_cat":"none","_seopress_titles_title":"%%post_title%% %%sitetitle%%","_seopress_titles_desc":"%%post_content%%","_seopress_robots_index":""},"product_cat":[65,764],"product_tag":[],"class_list":{"0":"post-35199","1":"product","2":"type-product","3":"status-publish","4":"has-post-thumbnail","6":"product_cat-gastronomia","7":"product_cat-projeto-integrado-inovacao-gestao","9":"first","10":"instock","11":"downloadable","12":"virtual","13":"purchasable","14":"product-type-simple","15":"col-xs-6 col-sm-4","16":"col-mf-5","17":"un-5-cols"},"jetpack_sharing_enabled":true,"_links":{"self":[{"href":"https:\/\/portifolioos-prontos.com\/index.php\/wp-json\/wp\/v2\/product\/35199","targetHints":{"allow":["GET"]}}],"collection":[{"href":"https:\/\/portifolioos-prontos.com\/index.php\/wp-json\/wp\/v2\/product"}],"about":[{"href":"https:\/\/portifolioos-prontos.com\/index.php\/wp-json\/wp\/v2\/types\/product"}],"version-history":[{"count":0,"href":"https:\/\/portifolioos-prontos.com\/index.php\/wp-json\/wp\/v2\/product\/35199\/revisions"}],"wp:featuredmedia":[{"embeddable":true,"href":"https:\/\/portifolioos-prontos.com\/index.php\/wp-json\/wp\/v2\/media\/35202"}],"wp:attachment":[{"href":"https:\/\/portifolioos-prontos.com\/index.php\/wp-json\/wp\/v2\/media?parent=35199"}],"wp:term":[{"taxonomy":"product_cat","embeddable":true,"href":"https:\/\/portifolioos-prontos.com\/index.php\/wp-json\/wp\/v2\/product_cat?post=35199"},{"taxonomy":"product_tag","embeddable":true,"href":"https:\/\/portifolioos-prontos.com\/index.php\/wp-json\/wp\/v2\/product_tag?post=35199"}],"curies":[{"name":"wp","href":"https:\/\/api.w.org\/{rel}","templated":true}]}}