{"id":35288,"date":"2025-02-25T14:32:10","date_gmt":"2025-02-25T17:32:10","guid":{"rendered":"https:\/\/portifolioos-prontos.com\/?post_type=product&#038;p=35288"},"modified":"2025-08-11T22:00:23","modified_gmt":"2025-08-12T01:00:23","slug":"estagio-ii-educacao-especial-anos-finais-do-ensino-fundamental-2","status":"publish","type":"product","link":"https:\/\/portifolioos-prontos.com\/index.php\/product\/estagio-ii-educacao-especial-anos-finais-do-ensino-fundamental-2\/","title":{"rendered":"Est\u00e1gio II Educa\u00e7\u00e3o Especial Anos finais do ensino fundamental"},"content":{"rendered":"<h5>Portf\u00f3lio Est\u00e1gio II Educa\u00e7\u00e3o Especial Anos finais do ensino fundamental<\/h5>\n<p style=\"box-sizing: border-box; margin-bottom: 1.3em; color: #777777; font-family: Lato, sans-serif; font-size: medium;\">Est\u00e1gio II Educa\u00e7\u00e3o Especial Anos finais do ensino fundamental (sala regular com alunos laudados)<\/p>\n<p style=\"box-sizing: border-box; margin-bottom: 1.3em; color: #777777; font-family: Lato, sans-serif; font-size: medium;\">150 horas<\/p>\n<p style=\"box-sizing: border-box; margin-bottom: 1.3em; color: #777777; font-family: Lato, sans-serif; font-size: medium;\">Curso: Educa\u00e7\u00e3o especial<\/p>\n<hr style=\"box-sizing: border-box; margin: 15px 0px; border-top: 1px solid currentcolor; opacity: 0.1; color: #777777; font-family: Lato, sans-serif; font-size: medium; background-color: #ffffff;\" \/>\n<div style=\"box-sizing: border-box; color: #777777; font-family: Lato, sans-serif; font-size: medium;\">CAMPO\u00a0DE EST\u00c1GIO: EDUCA\u00c7\u00c3O INFANTIL, ANOS INICIAIS DO ENSINO FUNDAMENTAL<\/div>\n<div style=\"box-sizing: border-box; color: #777777; font-family: Lato, sans-serif; font-size: medium;\">E ANOS FINAIS DO ENSINO FUNDAMENTAL<\/div>\n<div style=\"box-sizing: border-box; color: #777777; font-family: Lato, sans-serif; font-size: medium;\">No quadro a seguir, h\u00e1 a descri\u00e7\u00e3o do Plano de Trabalho a ser realizado pelo estudante,<\/div>\n<div style=\"box-sizing: border-box; color: #777777; font-family: Lato, sans-serif; font-size: medium;\">conforme carga hor\u00e1ria total do respectivo est\u00e1gio especificado no quadro das p\u00e1ginas 3-4.<\/div>\n<div style=\"box-sizing: border-box; color: #777777; font-family: Lato, sans-serif; font-size: medium;\"><\/div>\n<div style=\"box-sizing: border-box; color: #777777; font-family: Lato, sans-serif; font-size: medium;\">Plano de Trabalho\u00a0Est\u00e1gio<\/div>\n<div style=\"box-sizing: border-box; color: #777777; font-family: Lato, sans-serif; font-size: medium;\"><\/div>\n<div style=\"box-sizing: border-box; color: #777777; font-family: Lato, sans-serif; font-size: medium;\">100 h<\/div>\n<div style=\"box-sizing: border-box; color: #777777; font-family: Lato, sans-serif; font-size: medium;\">150 h<\/div>\n<div style=\"box-sizing: border-box; color: #777777; font-family: Lato, sans-serif; font-size: medium;\">175\u00a0h<\/div>\n<div style=\"box-sizing: border-box; color: #777777; font-family: Lato, sans-serif; font-size: medium;\">215 h<\/div>\n<div style=\"box-sizing: border-box; color: #777777; font-family: Lato, sans-serif; font-size: medium;\">150 h<\/div>\n<div style=\"box-sizing: border-box; color: #777777; font-family: Lato, sans-serif; font-size: medium;\">\u2013<\/div>\n<div style=\"box-sizing: border-box; color: #777777; font-family: Lato, sans-serif; font-size: medium;\">Pedagogia<\/div>\n<div style=\"box-sizing: border-box; color: #777777; font-family: Lato, sans-serif; font-size: medium;\">*Atividade 1: Visita \u00e0 escola com a carta de apresenta\u00e7\u00e3o. 4h 4h 4h 4h 4h<\/div>\n<div style=\"box-sizing: border-box; color: #777777; font-family: Lato, sans-serif; font-size: medium;\">Atividade 2: Leitura obrigat\u00f3ria e produ\u00e7\u00e3o de texto. 13h 14h 16h 30h 10h<\/div>\n<div style=\"box-sizing: border-box; color: #777777; font-family: Lato, sans-serif; font-size: medium;\">*Atividade 3: An\u00e1lise do Projeto Pol\u00edtico Pedag\u00f3gico (PPP) da<\/div>\n<div style=\"box-sizing: border-box; color: #777777; font-family: Lato, sans-serif; font-size: medium;\">escola e produ\u00e7\u00e3o de relato baseado na an\u00e1lise. 8h 8h 8h 8h 8h<\/div>\n<div style=\"box-sizing: border-box; color: #777777; font-family: Lato, sans-serif; font-size: medium;\">*Atividade 4: An\u00e1lise de materiais did\u00e1ticos da escola e produ\u00e7\u00e3o<\/div>\n<div style=\"box-sizing: border-box; color: #777777; font-family: Lato, sans-serif; font-size: medium;\">de relato. 10h 8h 8h 8h 6h<\/div>\n<div style=\"box-sizing: border-box; color: #777777; font-family: Lato, sans-serif; font-size: medium;\">*Atividade 5: Entrevista com o professor regente e produ\u00e7\u00e3o de<\/div>\n<div style=\"box-sizing: border-box; color: #777777; font-family: Lato, sans-serif; font-size: medium;\">relato baseado na entrevista, conforme respectivo est\u00e1gio. 4h 4h 4h 4h 4h<\/div>\n<div style=\"box-sizing: border-box; color: #777777; font-family: Lato, sans-serif; font-size: medium;\">*Atividade 6: Levantamento de materiais de apoio espec\u00edficos<\/div>\n<div style=\"box-sizing: border-box; color: #777777; font-family: Lato, sans-serif; font-size: medium;\">para a abordagem dos temas contempor\u00e2neos transversais da<\/div>\n<div style=\"box-sizing: border-box; color: #777777; font-family: Lato, sans-serif; font-size: medium;\">BNCC (meio ambiente, economia, sa\u00fade, cidadania e civismo,<\/div>\n<div style=\"box-sizing: border-box; color: #777777; font-family: Lato, sans-serif; font-size: medium;\">multiculturalismo e ci\u00eancia e tecnologia) e elabora\u00e7\u00e3o de relato.<\/div>\n<div style=\"box-sizing: border-box; color: #777777; font-family: Lato, sans-serif; font-size: medium;\"><\/div>\n<div style=\"box-sizing: border-box; color: #777777; font-family: Lato, sans-serif; font-size: medium;\">\u2013 10h 10h 10h 6h<\/div>\n<div style=\"box-sizing: border-box; color: #777777; font-family: Lato, sans-serif; font-size: medium;\"><\/div>\n<div style=\"box-sizing: border-box; color: #777777; font-family: Lato, sans-serif; font-size: medium;\">*Atividade 7: An\u00e1lise do processo de implementa\u00e7\u00e3o da BNCC,<\/div>\n<div style=\"box-sizing: border-box; color: #777777; font-family: Lato, sans-serif; font-size: medium;\">conforme campo de est\u00e1gio e elabora\u00e7\u00e3o do relato. \u2013 10h 10h 10h 6h<\/div>\n<div style=\"box-sizing: border-box; color: #777777; font-family: Lato, sans-serif; font-size: medium;\">*Atividade 8: An\u00e1lise dos instrumentos avaliativos utilizados pelo<\/div>\n<div style=\"box-sizing: border-box; color: #777777; font-family: Lato, sans-serif; font-size: medium;\">professor da disciplina conforme respectivo est\u00e1gio, e elabora\u00e7\u00e3o<\/div>\n<div style=\"box-sizing: border-box; color: #777777; font-family: Lato, sans-serif; font-size: medium;\">de texto referente \u00e0 an\u00e1lise.<\/div>\n<div style=\"box-sizing: border-box; color: #777777; font-family: Lato, sans-serif; font-size: medium;\"><\/div>\n<div style=\"box-sizing: border-box; color: #777777; font-family: Lato, sans-serif; font-size: medium;\">15h 10h 10h 10h 6h<\/div>\n<div style=\"box-sizing: border-box; color: #777777; font-family: Lato, sans-serif; font-size: medium;\"><\/div>\n<div style=\"box-sizing: border-box; color: #777777; font-family: Lato, sans-serif; font-size: medium;\">*Atividade 9: An\u00e1lise da atua\u00e7\u00e3o da equipe pedag\u00f3gica no<\/div>\n<div style=\"box-sizing: border-box; color: #777777; font-family: Lato, sans-serif; font-size: medium;\">acompanhamento do desenvolvimento da disciplina, conforme<\/div>\n<div style=\"box-sizing: border-box; color: #777777; font-family: Lato, sans-serif; font-size: medium;\">respectivo est\u00e1gio, e elabora\u00e7\u00e3o de texto referente \u00e0 an\u00e1lise.<\/div>\n<div style=\"box-sizing: border-box; color: #777777; font-family: Lato, sans-serif; font-size: medium;\"><\/div>\n<div style=\"box-sizing: border-box; color: #777777; font-family: Lato, sans-serif; font-size: medium;\">14h 14h 14h 14h 6h<\/div>\n<div style=\"box-sizing: border-box; color: #777777; font-family: Lato, sans-serif; font-size: medium;\"><\/div>\n<div style=\"box-sizing: border-box; color: #777777; font-family: Lato, sans-serif; font-size: medium;\">*Atividade 10: Observa\u00e7\u00e3o e participa\u00e7\u00e3o em aulas, conforme<\/div>\n<div style=\"box-sizing: border-box; color: #777777; font-family: Lato, sans-serif; font-size: medium;\">respectivo est\u00e1gio.<\/div>\n<div style=\"box-sizing: border-box; color: #777777; font-family: Lato, sans-serif; font-size: medium;\">Est\u00e1gio de 100 horas: 5 horas;<\/div>\n<div style=\"box-sizing: border-box; color: #777777; font-family: Lato, sans-serif; font-size: medium;\">Est\u00e1gio de 150 horas: 12 horas;<\/div>\n<div style=\"box-sizing: border-box; color: #777777; font-family: Lato, sans-serif; font-size: medium;\">Est\u00e1gio de 175 horas: 16 horas;<\/div>\n<div style=\"box-sizing: border-box; color: #777777; font-family: Lato, sans-serif; font-size: medium;\">Est\u00e1gio de 215 horas: 16 horas;<\/div>\n<div style=\"box-sizing: border-box; color: #777777; font-family: Lato, sans-serif; font-size: medium;\">Est\u00e1gio de 150 horas \u2013 Pedagogia: 20 horas.<\/div>\n<div style=\"box-sizing: border-box; color: #777777; font-family: Lato, sans-serif; font-size: medium;\"><\/div>\n<div style=\"box-sizing: border-box; color: #777777; font-family: Lato, sans-serif; font-size: medium;\">5h 12h 16h 16h 20h<\/div>\n<div style=\"box-sizing: border-box; color: #777777; font-family: Lato, sans-serif; font-size: medium;\"><\/div>\n<div style=\"box-sizing: border-box; color: #777777; font-family: Lato, sans-serif; font-size: medium;\">Atividade 11: Elabora\u00e7\u00e3o do relato da observa\u00e7\u00e3o. 2h 8h 12h 12h 8h<\/div>\n<div style=\"box-sizing: border-box; color: #777777; font-family: Lato, sans-serif; font-size: medium;\">Atividade 12: Elabora\u00e7\u00e3o de um plano para cada aula para uma<\/div>\n<div style=\"box-sizing: border-box; color: #777777; font-family: Lato, sans-serif; font-size: medium;\">mesma s\u00e9rie\/turma, conforme campo de est\u00e1gio<\/div>\n<div style=\"box-sizing: border-box; color: #777777; font-family: Lato, sans-serif; font-size: medium;\">Est\u00e1gio de 100 horas: 1 aula \u2013 1 plano<\/div>\n<div style=\"box-sizing: border-box; color: #777777; font-family: Lato, sans-serif; font-size: medium;\">Est\u00e1gio de 150 horas: 3 aulas \u2013 3 planos;<\/div>\n<div style=\"box-sizing: border-box; color: #777777; font-family: Lato, sans-serif; font-size: medium;\">Est\u00e1gio de 175 horas: 4 aulas \u2013 4 planos;<\/div>\n<div style=\"box-sizing: border-box; color: #777777; font-family: Lato, sans-serif; font-size: medium;\">Est\u00e1gio de 215 horas: 6 aulas \u2013 6 planos;<\/div>\n<div style=\"box-sizing: border-box; color: #777777; font-family: Lato, sans-serif; font-size: medium;\">Est\u00e1gio de 150 horas \u2013 Pedagogia: 24 aulas \u2013 6 planos<\/div>\n<div style=\"box-sizing: border-box; color: #777777; font-family: Lato, sans-serif; font-size: medium;\"><\/div>\n<div style=\"box-sizing: border-box; color: #777777; font-family: Lato, sans-serif; font-size: medium;\">8h 15h 16h 24h 16h<\/div>\n<div style=\"box-sizing: border-box; color: #777777; font-family: Lato, sans-serif; font-size: medium;\"><\/div>\n<div style=\"box-sizing: border-box; color: #777777; font-family: Lato, sans-serif; font-size: medium;\">*Atividade 13: Apresenta\u00e7\u00e3o dos planos de aula para o professor<\/div>\n<div style=\"box-sizing: border-box; color: #777777; font-family: Lato, sans-serif; font-size: medium;\">regente e elabora\u00e7\u00e3o do relato. 2h 8h 12h 8h 6h<\/div>\n<div style=\"box-sizing: border-box; color: #777777; font-family: Lato, sans-serif; font-size: medium;\"><\/div>\n<div style=\"box-sizing: border-box; color: #777777; font-family: Lato, sans-serif; font-size: medium;\">*Atividades que devem ser realizadas obrigatoriamente em campo.<\/div>\n<div style=\"box-sizing: border-box; color: #777777; font-family: Lato, sans-serif; font-size: medium;\">*Atividade 14: Reg\u00eancia (em uma das turmas em que realizou as<\/div>\n<div style=\"box-sizing: border-box; color: #777777; font-family: Lato, sans-serif; font-size: medium;\">observa\u00e7\u00f5es e participa\u00e7\u00f5es), conforme respectivo est\u00e1gio. 1h 3h 4h 6h 24h<\/div>\n<div style=\"box-sizing: border-box; color: #777777; font-family: Lato, sans-serif; font-size: medium;\">Atividade 15: Relato da reg\u00eancia. 4h 12h 16h 21h 10h<\/div>\n<div style=\"box-sizing: border-box; color: #777777; font-family: Lato, sans-serif; font-size: medium;\">Atividade 16: Produ\u00e7\u00e3o do Relat\u00f3rio de Est\u00e1gio. 8h 8h 13h 28h 8h<\/div>\n<div style=\"box-sizing: border-box; color: #777777; font-family: Lato, sans-serif; font-size: medium;\">*Atividade 17: Valida\u00e7\u00e3o do Relat\u00f3rio do Est\u00e1gio. 2h 2h 2h 2h 2h<\/div>\n<div style=\"box-sizing: border-box; color: #777777; font-family: Lato, sans-serif; font-size: medium;\"><\/div>\n<div style=\"box-sizing: border-box; color: #777777; font-family: Lato, sans-serif; font-size: medium;\">\n<div style=\"box-sizing: border-box;\">PLANO DE TRABALHO DE EST\u00c1GIO CURSOS DE LICENCIATURA<\/div>\n<div style=\"box-sizing: border-box;\">\n<div class=\"elementor-toggle-item\">\n<p id=\"elementor-tab-title-1941\" class=\"elementor-tab-title elementor-active\" tabindex=\"0\" role=\"tab\" data-tab=\"1\" aria-controls=\"elementor-tab-content-1941\" aria-expanded=\"true\" aria-selected=\"true\"><strong>Como funciona?<\/strong><\/p>\n<p>Elaboramos os portf\u00f3lios, j\u00e1 deixamos prontos, nas normas da ABNT e conforme os requisitos da universidade. F\u00e1cil assim! O MELHOR \u00c9 QUE VOC\u00ca COMPRA E J\u00c1 BAIXA NA HORA O SEU ARQUIVO EM WORD! Sabemos que conciliar trabalho, fam\u00edlia, vida profissional e estudos \u00e9 dif\u00edcil hoje em dia, por isso, estamos aqui para ajudar voc\u00ea. Conte com nossa qualidade, experi\u00eancia e profissionalismo adquirindo seu portf\u00f3lio conosco. GARANTIMOS SEU CONCEITO!<\/p>\n<p><strong>Como se realizam os envios?<\/strong><\/p>\n<\/div>\n<p id=\"elementor-tab-content-1942\" class=\"elementor-tab-content elementor-clearfix elementor-active\" role=\"tabpanel\" data-tab=\"2\" aria-labelledby=\"elementor-tab-title-1942\">O seu trabalho \u00e9 disponibilizado pronto, respondido e nas normas j\u00e1 na mesma hora aqui em nosso site na sua \u00e1rea de downloads e tamb\u00e9m no seu e-mail.<\/p>\n<p><strong>Em quanto tempo recebo o portf\u00f3lio?<\/strong><\/p>\n<p>Os envios s\u00e3o imediatos. Ap\u00f3s sua compra, o trabalho j\u00e1 \u00e9 disponibilizado instantaneamente aqui em nosso site e no seu e-mail.<\/p>\n<p><strong>E se o portf\u00f3lio que comprei precisar de corre\u00e7\u00e3o?<\/strong><\/p>\n<p>Caso haja alguma solicita\u00e7\u00e3o de corre\u00e7\u00e3o\/altera\u00e7\u00e3o por parte do tutor, basta entrar em contato conosco pelo\u00a0WhatsApp\u00a0que provid\u00eanciaremos sem custo algum.<\/p>\n<p><strong>Qual o formato do arquivo?<\/strong><\/p>\n<p>Os arquivos s\u00e3o enviados em formato Word e s\u00e3o edit\u00e1veis.<\/p>\n<p><strong>Caso eu tiver alguma d\u00favida, terei suporte no p\u00f3s venda?<\/strong><\/p>\n<p>Sim, com certeza. Basta clicar no \u00edcone do WhatsApp no cantinho da tela. Ser\u00e1 um prazer atend\u00ea-lo(a).<\/p>\n<div id=\"elementor-tab-content-1948\" class=\"elementor-tab-content elementor-clearfix elementor-active\" role=\"tabpanel\" data-tab=\"8\" aria-labelledby=\"elementor-tab-title-1948\">\n<p><strong>Quais os seus canais de contato?<\/strong><\/p>\n<\/div>\n<div id=\"elementor-tab-content-1949\" class=\"elementor-tab-content elementor-clearfix elementor-active\" role=\"tabpanel\" data-tab=\"9\" aria-labelledby=\"elementor-tab-title-1949\">\n<p>Whatsapp: 53 984751621 \u2013 Clicar no canto da tela ou ESCANEIE O QRCODE ABAIXO<\/p>\n<h4><img decoding=\"async\" class=\"alignnone wp-image-13699 jetpack-lazy-image jetpack-lazy-image--handled\" src=\"https:\/\/i0.wp.com\/portifolioos-prontos.com\/wp-content\/uploads\/2023\/02\/whatsapp-business-projeto-de-extensao-300x300.jpeg?resize=144%2C144\" sizes=\"(max-width: 144px) 100vw, 144px\" srcset=\"https:\/\/i0.wp.com\/portifolioos-prontos.com\/wp-content\/uploads\/2023\/02\/whatsapp-business-projeto-de-extensao.jpeg?resize=300%2C301&amp;ssl=1 300w, https:\/\/i0.wp.com\/portifolioos-prontos.com\/wp-content\/uploads\/2023\/02\/whatsapp-business-projeto-de-extensao.jpeg?resize=150%2C150&amp;ssl=1 150w, https:\/\/i0.wp.com\/portifolioos-prontos.com\/wp-content\/uploads\/2023\/02\/whatsapp-business-projeto-de-extensao.jpeg?resize=370%2C372&amp;ssl=1 370w, https:\/\/i0.wp.com\/portifolioos-prontos.com\/wp-content\/uploads\/2023\/02\/whatsapp-business-projeto-de-extensao.jpeg?resize=100%2C100&amp;ssl=1 100w, https:\/\/i0.wp.com\/portifolioos-prontos.com\/wp-content\/uploads\/2023\/02\/whatsapp-business-projeto-de-extensao.jpeg?w=470&amp;ssl=1 470w\" alt=\"projeto de extens\u00e3o unopar\" width=\"144\" height=\"144\" data-lazy-loaded=\"1\" \/><\/h4>\n<\/div>\n<div class=\"elementor-toggle-item\">\n<div id=\"elementor-tab-content-1949\" class=\"elementor-tab-content elementor-clearfix elementor-active\" role=\"tabpanel\" data-tab=\"9\" aria-labelledby=\"elementor-tab-title-1949\">\n<p>E-mail:portifoliosp@gmail.com<\/p>\n<div id=\"attachment_143\" class=\"wp-caption alignnone\">\n<div id=\"attachment_143\" class=\"wp-caption alignnone\">\n<p id=\"caption-attachment-143\" class=\"wp-caption-text\"><a href=\"http:\/\/portfolio-pronto.com\/\">Portf\u00f3lio<\/a>\u00a0em Word, respondido, completo e j\u00e1 nas normas<\/p>\n<\/div>\n<\/div>\n<\/div>\n<\/div>\n<\/div>\n<\/div>\n","protected":false},"excerpt":{"rendered":"<div class=\"product-short-description\" style=\"box-sizing: border-box;\">\n<div class=\"product-short-description\">\n<p><strong>Pague pelo PIX ou cart\u00e3o e fa\u00e7a o download agora mesmo.<\/strong><\/p>\n<\/div>\n<div class=\"sticky-add-to-cart-wrapper\">\n<div class=\"sticky-add-to-cart\">\n<p class=\"quantity buttons_added form-flat\"><img decoding=\"async\" class=\"lazyloaded smush-image-5 smush-image-3 smush-image-4 smush-detected-img smush-image-bigger-3\" src=\"https:\/\/d26lpennugtm8s.cloudfront.net\/assets\/common\/img\/logos\/payment\/visa@2x.png\" width=\"46\" height=\"29\" data-src=\"https:\/\/d26lpennugtm8s.cloudfront.net\/assets\/common\/img\/logos\/payment\/visa@2x.png\" \/><img decoding=\"async\" class=\"lazyloaded smush-image-6 smush-image-4 smush-image-5 smush-detected-img smush-image-bigger-4\" src=\"https:\/\/d26lpennugtm8s.cloudfront.net\/assets\/common\/img\/logos\/payment\/boleto@2x.png\" width=\"43\" height=\"27\" data-src=\"https:\/\/d26lpennugtm8s.cloudfront.net\/assets\/common\/img\/logos\/payment\/boleto@2x.png\" \/><img loading=\"lazy\" decoding=\"async\" class=\"lazyloaded smush-image-7 smush-image-5 smush-image-6 smush-detected-img smush-image-bigger-5\" src=\"https:\/\/d26lpennugtm8s.cloudfront.net\/assets\/common\/img\/logos\/payment\/mastercard@2x.png\" width=\"43\" height=\"27\" data-src=\"https:\/\/d26lpennugtm8s.cloudfront.net\/assets\/common\/img\/logos\/payment\/mastercard@2x.png\" \/><img loading=\"lazy\" decoding=\"async\" class=\"lazyloaded smush-image-8 smush-image-6 smush-image-7 smush-detected-img smush-image-bigger-6\" src=\"https:\/\/d26lpennugtm8s.cloudfront.net\/assets\/common\/img\/logos\/payment\/amex@2x.png\" width=\"43\" height=\"27\" data-src=\"https:\/\/d26lpennugtm8s.cloudfront.net\/assets\/common\/img\/logos\/payment\/amex@2x.png\" \/><img loading=\"lazy\" decoding=\"async\" class=\"lazyloaded smush-image-9 smush-image-7 smush-image-8 smush-detected-img smush-image-bigger-7\" src=\"https:\/\/d26lpennugtm8s.cloudfront.net\/assets\/common\/img\/logos\/payment\/diners@2x.png\" width=\"46\" height=\"29\" data-src=\"https:\/\/d26lpennugtm8s.cloudfront.net\/assets\/common\/img\/logos\/payment\/diners@2x.png\" \/><img loading=\"lazy\" decoding=\"async\" class=\"lazyloaded smush-image-10 smush-image-8 smush-image-9 alignnone smush-detected-img smush-image-bigger-8\" src=\"https:\/\/d26lpennugtm8s.cloudfront.net\/assets\/common\/img\/logos\/payment\/br\/elo@2x.png\" alt=\"portf\u00f3lio unopar anhanguera\" width=\"45\" height=\"28\" data-src=\"https:\/\/d26lpennugtm8s.cloudfront.net\/assets\/common\/img\/logos\/payment\/br\/elo@2x.png\" \/><img loading=\"lazy\" decoding=\"async\" class=\"lazyloaded smush-image-11 smush-image-9 smush-image-10 alignnone smush-detected-img smush-image-bigger-9\" src=\"https:\/\/d26lpennugtm8s.cloudfront.net\/assets\/common\/img\/logos\/payment\/br\/hipercard@2x.png\" alt=\"portf\u00f3lio unopar anhanguera\" width=\"44\" height=\"28\" data-src=\"https:\/\/d26lpennugtm8s.cloudfront.net\/assets\/common\/img\/logos\/payment\/br\/hipercard@2x.png\" \/><img loading=\"lazy\" decoding=\"async\" class=\"lazyloaded smush-image-12 smush-image-10 smush-image-11 alignnone smush-detected-img smush-image-bigger-10\" src=\"https:\/\/d26lpennugtm8s.cloudfront.net\/assets\/common\/img\/logos\/payment\/mercadopago@2x.png\" alt=\"portf\u00f3lio unopar anhanguera\" width=\"45\" height=\"28\" data-src=\"https:\/\/d26lpennugtm8s.cloudfront.net\/assets\/common\/img\/logos\/payment\/mercadopago@2x.png\" \/><img loading=\"lazy\" decoding=\"async\" class=\"alignnone lazyloaded smush-detected-img smush-image-bigger-11\" src=\"https:\/\/futurium.com.br\/wp-content\/uploads\/2021\/06\/logo-pix-icone-512.png\" alt=\"portfolio pronto\" width=\"30\" height=\"30\" data-src=\"https:\/\/futurium.com.br\/wp-content\/uploads\/2021\/06\/logo-pix-icone-512.png\" \/><\/p>\n<\/div>\n<\/div>\n<\/div>\n","protected":false},"featured_media":34622,"template":"","meta":{"_seopress_robots_primary_cat":"none","_seopress_titles_title":"%%post_title%% %%sitetitle%%","_seopress_titles_desc":"%%post_content%%","_seopress_robots_index":""},"product_cat":[303],"product_tag":[747,746],"class_list":{"0":"post-35288","1":"product","2":"type-product","3":"status-publish","4":"has-post-thumbnail","6":"product_cat-educacao-especial","7":"product_tag-portfolio-de-estagio-anhanguera","8":"product_tag-portfolio-de-estagio-unopar","10":"first","11":"instock","12":"downloadable","13":"virtual","14":"purchasable","15":"product-type-simple","16":"col-xs-6 col-sm-4","17":"col-mf-5","18":"un-5-cols"},"jetpack_sharing_enabled":true,"_links":{"self":[{"href":"https:\/\/portifolioos-prontos.com\/index.php\/wp-json\/wp\/v2\/product\/35288","targetHints":{"allow":["GET"]}}],"collection":[{"href":"https:\/\/portifolioos-prontos.com\/index.php\/wp-json\/wp\/v2\/product"}],"about":[{"href":"https:\/\/portifolioos-prontos.com\/index.php\/wp-json\/wp\/v2\/types\/product"}],"version-history":[{"count":0,"href":"https:\/\/portifolioos-prontos.com\/index.php\/wp-json\/wp\/v2\/product\/35288\/revisions"}],"wp:featuredmedia":[{"embeddable":true,"href":"https:\/\/portifolioos-prontos.com\/index.php\/wp-json\/wp\/v2\/media\/34622"}],"wp:attachment":[{"href":"https:\/\/portifolioos-prontos.com\/index.php\/wp-json\/wp\/v2\/media?parent=35288"}],"wp:term":[{"taxonomy":"product_cat","embeddable":true,"href":"https:\/\/portifolioos-prontos.com\/index.php\/wp-json\/wp\/v2\/product_cat?post=35288"},{"taxonomy":"product_tag","embeddable":true,"href":"https:\/\/portifolioos-prontos.com\/index.php\/wp-json\/wp\/v2\/product_tag?post=35288"}],"curies":[{"name":"wp","href":"https:\/\/api.w.org\/{rel}","templated":true}]}}