{"id":36241,"date":"2025-04-02T15:29:38","date_gmt":"2025-04-02T18:29:38","guid":{"rendered":"https:\/\/portifolioos-prontos.com\/?post_type=product&#038;p=36241"},"modified":"2025-11-27T18:56:27","modified_gmt":"2025-11-27T21:56:27","slug":"atividade-pratica-cerimonial-protocolo-e-seguranca-em-eventos","status":"publish","type":"product","link":"https:\/\/portifolioos-prontos.com\/index.php\/product\/atividade-pratica-cerimonial-protocolo-e-seguranca-em-eventos\/","title":{"rendered":"Atividade Pr\u00e1tica Cerimonial, Protocolo e Seguran\u00e7a em Eventos"},"content":{"rendered":"<h5>Portf\u00f3lio Atividade Pr\u00e1tica Cerimonial, Protocolo e Seguran\u00e7a em Eventos<\/h5>\n<p>OBJETIVOS<br \/>\nA proposta desta atividade pr\u00e1tica est\u00e1 amparada nos seguintes objetivos:<br \/>\n1) Elaborar um planejamento de atua\u00e7\u00e3o de equipe de seguran\u00e7a privada durante a<br \/>\nrealiza\u00e7\u00e3o de um evento;<br \/>\n2) Prever as etapas, tipo de evento, estrutura, e atua\u00e7\u00e3o de uma equipe de seguran\u00e7a<br \/>\nem um evento privado, observando as caracter\u00edsticas definidas do evento.<br \/>\nRECURSOS<br \/>\nComputador com acesso \u00e0 internet e ao ambiente virtual.<br \/>\nPROCEDIMENTOS PR\u00c1TICOS<br \/>\nAtividade proposta 1 \u2013 Planejamento para Atendimento de Equipes de Seguran\u00e7a<br \/>\nPrivada em Eventos<br \/>\nElaborar o projeto intitulado \u201cPlanejamento para Atendimento de Equipes de Seguran\u00e7a<br \/>\nPrivada em Eventos\u201d<br \/>\nProcedimentos para a realiza\u00e7\u00e3o da atividade<br \/>\n\u2022 Acessar o material did\u00e1tico da disciplina;<br \/>\n\u2022 Compreender os conceitos, import\u00e2ncia e aplicabilidade do atendimento de<br \/>\nseguran\u00e7a em eventos;<br \/>\n\u2022 Caso ache vi\u00e1vel, voc\u00ea pode entrar em contato com a Secretaria de Esporte, Lazer e<br \/>\nCultura da sua cidade, assim como Buffets, Cerimonialistas, e\/ou ag\u00eancias<br \/>\norganizadoras de eventos para que o auxiliem na compreens\u00e3o do processo, , e<br \/>\nempresas de seguran\u00e7a privada que possuam experi\u00eancia neste tipo de atendimento;<br \/>\n\u2022 Preencher com clareza todas as informa\u00e7\u00f5es solicitadas no roteiro.<br \/>\nChecklist:<br \/>\nROTEIRO<br \/>\nMODELO DE ROTEIRO PARA PLANEJAMENTO DE ATENDIMENTO DE<br \/>\nEQUIPES SEGURAN\u00c7A PRIVA EM EVENTOS<br \/>\n1. T\u00edtulo (nome do documento com descri\u00e7\u00e3o do evento que ser\u00e1 atendido):<br \/>\n2. Entidade \/ empresa organizadora (fict\u00edcio)<br \/>\n3. Cidade \u2013 sede:<br \/>\n4. Local do evento: (*justifique a escolha do local)<br \/>\n4.1. Nome<br \/>\n4.2. Endere\u00e7o<br \/>\n4.3. Cidade<br \/>\n4.4. Justificativa de escolha local<br \/>\n5. Tema do evento (descrever qual o tema central do evento):<br \/>\n6. Objetivos (quais s\u00e3o as premissas do evento)<br \/>\n6.1. Geral<br \/>\n6.2. Espec\u00edficos<br \/>\n&#8211;<br \/>\n&#8211;<br \/>\n&#8211;<br \/>\n7. Justificativa (porque o planejamento de atendimento de seguran\u00e7a em<br \/>\neventos \u00e9 importante)<br \/>\n8. P\u00fablico-alvo: (perfil e n\u00famero previsto de participantes do evento)<br \/>\n9. Descri\u00e7\u00e3o do evento (detalhada, contendo as informa\u00e7\u00f5es sobre se ser\u00e1 um<br \/>\nshow, festival, festa de formatura, casamento, corrida de rua\/maratona,<br \/>\ncorrida de motos\/carros, feira, exposi\u00e7\u00e3o, etc):<br \/>\n10. Per\u00edodo de realiza\u00e7\u00e3o do evento e hor\u00e1rios:<br \/>\n11. Programa\u00e7\u00e3o preliminar do evento (detalhar etapas pr\u00e9vias e de realiza\u00e7\u00e3o):<br \/>\n11.1.<br \/>\n11.2.<br \/>\n12. Instala\u00e7\u00f5es: (descri\u00e7\u00e3o e localiza\u00e7\u00e3o dos espa\u00e7os f\u00edsicos que ser\u00e3o utilizados<br \/>\ndurante o evento) (*justifique a sua import\u00e2ncia)<br \/>\n13. Servi\u00e7os envolvidos: (Transporte, hospedagem, alimenta\u00e7\u00e3o, sonoriza\u00e7\u00e3o,<br \/>\ndecora\u00e7\u00e3o, e se a seguran\u00e7a ter\u00e1 atua\u00e7\u00e3o, como por exemplo no caso de um<br \/>\nfestival com bandas famosas, evento com artistas, equipes esportivas, etc)<br \/>\n14. Cronograma de realiza\u00e7\u00e3o do evento (observar o per\u00edodo de realiza\u00e7\u00e3o do<br \/>\nevento j\u00e1 preenchido, e detalhar cada etapa dentro desse per\u00edodo, incluindo<br \/>\nfases de prepara\u00e7\u00e3o como por exemplo vistoria, montagem, decora\u00e7\u00e3o,<br \/>\nprepara\u00e7\u00e3o, desmontagem):<br \/>\n15. N\u00famero de pessoas que precisar\u00e1 atuar na seguran\u00e7a do evento (considerar<br \/>\nm\u00e9tricas definidas de acordo com o tipo de evento, normas de seguran\u00e7a<br \/>\np\u00fablica, espa\u00e7o\/infraestrutura, n\u00famero de participantes):<br \/>\n16. Atua\u00e7\u00e3o da equipe de seguran\u00e7a (descrever como a equipe de seguran\u00e7a<br \/>\natuar\u00e1, a\u00e7\u00f5es\/medidas preventivas, a\u00e7\u00f5es\/medidas de interven\u00e7\u00e3o,<br \/>\na\u00e7\u00f5es\/medidas de evacua\u00e7\u00e3o, a\u00e7\u00f5es\/medidas de conten\u00e7\u00e3o de<br \/>\nindiv\u00edduos\/grupos\/multid\u00f5es):<br \/>\nRESULTADO<br \/>\nEntrega de um arquivo PDF que contemple todas as etapas da atividade pr\u00e1tica respondendo<br \/>\na todas as informa\u00e7\u00f5es solicitadas no roteiro para a realiza\u00e7\u00e3o do evento observando o<br \/>\natendimento da equipe de seguran\u00e7a.<\/p>\n<div class=\"elementor-toggle-item\">\n<h4 id=\"elementor-tab-title-1941\" class=\"elementor-tab-title elementor-active\" tabindex=\"0\" role=\"tab\" data-tab=\"1\" aria-controls=\"elementor-tab-content-1941\" aria-expanded=\"true\" aria-selected=\"true\">Como funciona?<\/h4>\n<div id=\"elementor-tab-content-1941\" class=\"elementor-tab-content elementor-clearfix elementor-active\" role=\"tabpanel\" data-tab=\"1\" aria-labelledby=\"elementor-tab-title-1941\">\n<p>Elaboramos os portf\u00f3lios, j\u00e1 deixamos prontos, nas normas da ABNT e conforme os requisitos da universidade. F\u00e1cil assim! O MELHOR \u00c9 QUE VOC\u00ca COMPRA E J\u00c1 BAIXA NA HORA O SEU ARQUIVO EM WORD! Sabemos que conciliar trabalho, fam\u00edlia, vida profissional e estudos \u00e9 dif\u00edcil hoje em dia, por isso, estamos aqui para ajudar voc\u00ea. Conte com nossa qualidade, experi\u00eancia e profissionalismo adquirindo seu portf\u00f3lio conosco. GARANTIMOS SEU CONCEITO!<\/p>\n<h4>Como se realizam os envios?<\/h4>\n<\/div>\n<\/div>\n<div class=\"elementor-toggle-item\">\n<div id=\"elementor-tab-content-1942\" class=\"elementor-tab-content elementor-clearfix elementor-active\" role=\"tabpanel\" data-tab=\"2\" aria-labelledby=\"elementor-tab-title-1942\">O seu trabalho \u00e9 disponibilizado pronto, respondido e nas normas j\u00e1 na mesma hora aqui em nosso site na sua \u00e1rea de downloads e tamb\u00e9m no seu e-mail.<\/div>\n<\/div>\n<div class=\"elementor-toggle-item\">\n<div id=\"elementor-tab-content-1943\" class=\"elementor-tab-content elementor-clearfix elementor-active\" role=\"tabpanel\" data-tab=\"3\" aria-labelledby=\"elementor-tab-title-1943\">\n<h4>Em quanto tempo recebo o portf\u00f3lio?<\/h4>\n<\/div>\n<\/div>\n<div class=\"elementor-toggle-item\">\n<div id=\"elementor-tab-content-1944\" class=\"elementor-tab-content elementor-clearfix elementor-active\" role=\"tabpanel\" data-tab=\"4\" aria-labelledby=\"elementor-tab-title-1944\">\n<p>Os envios s\u00e3o imediatos. Ap\u00f3s sua compra, o trabalho j\u00e1 \u00e9 disponibilizado instantaneamente aqui em nosso site e no seu e-mail.<\/p>\n<h4>E se o portf\u00f3lio que comprei precisar de corre\u00e7\u00e3o?<\/h4>\n<\/div>\n<\/div>\n<div class=\"elementor-toggle-item\">\n<div id=\"elementor-tab-content-1945\" class=\"elementor-tab-content elementor-clearfix elementor-active\" role=\"tabpanel\" data-tab=\"5\" aria-labelledby=\"elementor-tab-title-1945\">\n<p>Caso haja alguma solicita\u00e7\u00e3o de corre\u00e7\u00e3o\/altera\u00e7\u00e3o por parte do tutor, basta entrar em contato conosco pelo\u00a0WhatsApp\u00a0que provid\u00eanciaremos sem custo algum.<\/p>\n<h4>Qual o formato do arquivo?<\/h4>\n<\/div>\n<\/div>\n<div class=\"elementor-toggle-item\">\n<div id=\"elementor-tab-content-1946\" class=\"elementor-tab-content elementor-clearfix elementor-active\" role=\"tabpanel\" data-tab=\"6\" aria-labelledby=\"elementor-tab-title-1946\">\n<p>Os arquivos s\u00e3o enviados em formato Word e s\u00e3o edit\u00e1veis.<\/p>\n<h4>Caso eu tiver alguma d\u00favida, terei suporte no p\u00f3s venda?<\/h4>\n<\/div>\n<\/div>\n<div class=\"elementor-toggle-item\">\n<div id=\"elementor-tab-content-1948\" class=\"elementor-tab-content elementor-clearfix elementor-active\" role=\"tabpanel\" data-tab=\"8\" aria-labelledby=\"elementor-tab-title-1948\">\n<p>Sim, com certeza. Basta clicar no \u00edcone do WhatsApp no cantinho da tela. Ser\u00e1 um prazer atend\u00ea-lo(a).<\/p>\n<div class=\"elementor-toggle-item\">\n<div id=\"elementor-tab-content-1948\" class=\"elementor-tab-content elementor-clearfix elementor-active\" role=\"tabpanel\" data-tab=\"8\" aria-labelledby=\"elementor-tab-title-1948\">\n<h4>Quais os seus canais de contato?<\/h4>\n<\/div>\n<\/div>\n<div class=\"elementor-toggle-item\">\n<div id=\"elementor-tab-content-1949\" class=\"elementor-tab-content elementor-clearfix elementor-active\" role=\"tabpanel\" data-tab=\"9\" aria-labelledby=\"elementor-tab-title-1949\">\n<p>Whatsapp: 53 984751621 \u2013 Clicar no canto da tela ou ESCANEIE O QRCODE ABAIXO<\/p>\n<h4><img decoding=\"async\" class=\"alignnone wp-image-13699 jetpack-lazy-image jetpack-lazy-image--handled\" src=\"https:\/\/i0.wp.com\/portifolioos-prontos.com\/wp-content\/uploads\/2023\/02\/whatsapp-business-projeto-de-extensao-300x300.jpeg?resize=144%2C144\" sizes=\"(max-width: 144px) 100vw, 144px\" srcset=\"https:\/\/i0.wp.com\/portifolioos-prontos.com\/wp-content\/uploads\/2023\/02\/whatsapp-business-projeto-de-extensao.jpeg?resize=300%2C301&amp;ssl=1 300w, https:\/\/i0.wp.com\/portifolioos-prontos.com\/wp-content\/uploads\/2023\/02\/whatsapp-business-projeto-de-extensao.jpeg?resize=150%2C150&amp;ssl=1 150w, https:\/\/i0.wp.com\/portifolioos-prontos.com\/wp-content\/uploads\/2023\/02\/whatsapp-business-projeto-de-extensao.jpeg?resize=370%2C372&amp;ssl=1 370w, https:\/\/i0.wp.com\/portifolioos-prontos.com\/wp-content\/uploads\/2023\/02\/whatsapp-business-projeto-de-extensao.jpeg?resize=100%2C100&amp;ssl=1 100w, https:\/\/i0.wp.com\/portifolioos-prontos.com\/wp-content\/uploads\/2023\/02\/whatsapp-business-projeto-de-extensao.jpeg?w=470&amp;ssl=1 470w\" alt=\"projeto de extens\u00e3o unopar\" width=\"144\" height=\"144\" data-lazy-loaded=\"1\" \/><\/h4>\n<\/div>\n<\/div>\n<\/div>\n<\/div>\n<div class=\"elementor-toggle-item\">\n<div id=\"elementor-tab-content-1949\" class=\"elementor-tab-content elementor-clearfix elementor-active\" role=\"tabpanel\" data-tab=\"9\" aria-labelledby=\"elementor-tab-title-1949\">\n<p>E-mail:portifoliosp@gmail.com<\/p>\n<div id=\"attachment_143\" class=\"wp-caption alignnone\">\n<div id=\"attachment_143\" class=\"wp-caption alignnone\" style=\"width: 106px;\">\n<p><a href=\"https:\/\/portifolioos-prontos.com\/\"><img decoding=\"async\" class=\"wp-image-143 jetpack-lazy-image jetpack-lazy-image--handled smush-image-10 smush-image-13 smush-image-1 smush-detected-img smush-image-11\" title=\"portfolio pronto unopar\" src=\"https:\/\/i0.wp.com\/portifolioos-prontos.com\/wp-content\/uploads\/2022\/04\/conceitomaximo.png?resize=161%2C46\" alt=\"PORTFOLIO PRONTO UNOPAR ANHANGUERA\" width=\"106\" height=\"30\" aria-describedby=\"caption-attachment-143\" data-lazy-loaded=\"1\" \/><\/a><\/p>\n<p id=\"caption-attachment-143\" class=\"wp-caption-text\">Portf\u00f3lio em Word, respondido, completo e j\u00e1 nas normas<\/p>\n<\/div>\n<\/div>\n<\/div>\n<\/div>\n","protected":false},"excerpt":{"rendered":"<div class=\"product-short-description\">\n<h5><strong>Pague pelo PIX ou cart\u00e3o e fa\u00e7a o download agora mesmo.<\/strong><\/h5>\n<\/div>\n<div class=\"sticky-add-to-cart-wrapper\">\n<div class=\"sticky-add-to-cart\">\n<div class=\"quantity buttons_added form-flat\"><img decoding=\"async\" class=\"alignnone wp-image-761 lazyloaded smush-detected-img smush-image-2\" src=\"https:\/\/portifolioos-prontos.com\/wp-content\/uploads\/2022\/04\/PIX-300x107.webp\" alt=\"\" width=\"78\" height=\"28\" data-src=\"https:\/\/portifolioos-prontos.com\/wp-content\/uploads\/2022\/04\/PIX-300x107.webp\" \/>\u00a0\u00a0<img loading=\"lazy\" decoding=\"async\" class=\"lazyloaded smush-detected-img smush-image-3\" src=\"https:\/\/d26lpennugtm8s.cloudfront.net\/assets\/common\/img\/logos\/payment\/visa@2x.png\" width=\"46\" height=\"29\" data-src=\"https:\/\/d26lpennugtm8s.cloudfront.net\/assets\/common\/img\/logos\/payment\/visa@2x.png\" \/><img loading=\"lazy\" decoding=\"async\" class=\"lazyloaded smush-detected-img smush-image-4\" src=\"https:\/\/d26lpennugtm8s.cloudfront.net\/assets\/common\/img\/logos\/payment\/boleto@2x.png\" width=\"43\" height=\"27\" data-src=\"https:\/\/d26lpennugtm8s.cloudfront.net\/assets\/common\/img\/logos\/payment\/boleto@2x.png\" \/><img loading=\"lazy\" decoding=\"async\" class=\"lazyloaded smush-detected-img smush-image-5\" src=\"https:\/\/d26lpennugtm8s.cloudfront.net\/assets\/common\/img\/logos\/payment\/mastercard@2x.png\" width=\"43\" height=\"27\" data-src=\"https:\/\/d26lpennugtm8s.cloudfront.net\/assets\/common\/img\/logos\/payment\/mastercard@2x.png\" \/><img loading=\"lazy\" decoding=\"async\" class=\"lazyloaded smush-detected-img smush-image-6\" src=\"https:\/\/d26lpennugtm8s.cloudfront.net\/assets\/common\/img\/logos\/payment\/amex@2x.png\" width=\"43\" height=\"27\" data-src=\"https:\/\/d26lpennugtm8s.cloudfront.net\/assets\/common\/img\/logos\/payment\/amex@2x.png\" \/><img loading=\"lazy\" decoding=\"async\" class=\"lazyloaded smush-detected-img smush-image-7\" src=\"https:\/\/d26lpennugtm8s.cloudfront.net\/assets\/common\/img\/logos\/payment\/diners@2x.png\" width=\"46\" height=\"29\" data-src=\"https:\/\/d26lpennugtm8s.cloudfront.net\/assets\/common\/img\/logos\/payment\/diners@2x.png\" \/><img loading=\"lazy\" decoding=\"async\" class=\"lazyloaded smush-detected-img smush-image-8\" src=\"https:\/\/d26lpennugtm8s.cloudfront.net\/assets\/common\/img\/logos\/payment\/br\/elo@2x.png\" width=\"45\" height=\"28\" data-src=\"https:\/\/d26lpennugtm8s.cloudfront.net\/assets\/common\/img\/logos\/payment\/br\/elo@2x.png\" \/><img loading=\"lazy\" decoding=\"async\" class=\"lazyloaded smush-detected-img smush-image-9\" src=\"https:\/\/d26lpennugtm8s.cloudfront.net\/assets\/common\/img\/logos\/payment\/br\/hipercard@2x.png\" width=\"44\" height=\"28\" data-src=\"https:\/\/d26lpennugtm8s.cloudfront.net\/assets\/common\/img\/logos\/payment\/br\/hipercard@2x.png\" \/><img loading=\"lazy\" decoding=\"async\" class=\"lazyloaded smush-detected-img smush-image-10\" src=\"https:\/\/d26lpennugtm8s.cloudfront.net\/assets\/common\/img\/logos\/payment\/mercadopago@2x.png\" width=\"45\" height=\"28\" data-src=\"https:\/\/d26lpennugtm8s.cloudfront.net\/assets\/common\/img\/logos\/payment\/mercadopago@2x.png\" \/><\/div>\n<\/div>\n<\/div>\n","protected":false},"featured_media":36244,"template":"","meta":{"_seopress_robots_primary_cat":"none","_seopress_titles_title":"%%post_title%% %%sitetitle%%","_seopress_titles_desc":"%%post_content%%","_seopress_robots_index":""},"product_cat":[264],"product_tag":[],"class_list":{"0":"post-36241","1":"product","2":"type-product","3":"status-publish","4":"has-post-thumbnail","6":"product_cat-gestao-de-eventos","8":"first","9":"instock","10":"shipping-taxable","11":"product-type-simple","12":"col-xs-6 col-sm-4","13":"col-mf-5","14":"un-5-cols"},"jetpack_sharing_enabled":true,"_links":{"self":[{"href":"https:\/\/portifolioos-prontos.com\/index.php\/wp-json\/wp\/v2\/product\/36241","targetHints":{"allow":["GET"]}}],"collection":[{"href":"https:\/\/portifolioos-prontos.com\/index.php\/wp-json\/wp\/v2\/product"}],"about":[{"href":"https:\/\/portifolioos-prontos.com\/index.php\/wp-json\/wp\/v2\/types\/product"}],"version-history":[{"count":1,"href":"https:\/\/portifolioos-prontos.com\/index.php\/wp-json\/wp\/v2\/product\/36241\/revisions"}],"predecessor-version":[{"id":48666,"href":"https:\/\/portifolioos-prontos.com\/index.php\/wp-json\/wp\/v2\/product\/36241\/revisions\/48666"}],"wp:featuredmedia":[{"embeddable":true,"href":"https:\/\/portifolioos-prontos.com\/index.php\/wp-json\/wp\/v2\/media\/36244"}],"wp:attachment":[{"href":"https:\/\/portifolioos-prontos.com\/index.php\/wp-json\/wp\/v2\/media?parent=36241"}],"wp:term":[{"taxonomy":"product_cat","embeddable":true,"href":"https:\/\/portifolioos-prontos.com\/index.php\/wp-json\/wp\/v2\/product_cat?post=36241"},{"taxonomy":"product_tag","embeddable":true,"href":"https:\/\/portifolioos-prontos.com\/index.php\/wp-json\/wp\/v2\/product_tag?post=36241"}],"curies":[{"name":"wp","href":"https:\/\/api.w.org\/{rel}","templated":true}]}}