{"id":36679,"date":"2025-04-15T09:16:02","date_gmt":"2025-04-15T12:16:02","guid":{"rendered":"https:\/\/portifolioos-prontos.com\/?post_type=product&#038;p=36679"},"modified":"2025-08-03T18:32:41","modified_gmt":"2025-08-03T21:32:41","slug":"aula-pratica-desenvolvimento-de-aplicacoes-ios","status":"publish","type":"product","link":"https:\/\/portifolioos-prontos.com\/index.php\/product\/aula-pratica-desenvolvimento-de-aplicacoes-ios\/","title":{"rendered":"Aula pr\u00e1tica Desenvolvimento de aplica\u00e7\u00f5es IOS"},"content":{"rendered":"<h5>Aula pr\u00e1tica Desenvolvimento de aplica\u00e7\u00f5es IOS<\/h5>\n<hr \/>\n<div>ROTEIRO DE AULA PR\u00c1TICA<\/div>\n<div><\/div>\n<div>NOME DA DISCIPLINA: DESENVOLVIMENTO DE APLICA\u00c7\u00d5ES IOS<\/div>\n<div>Unidade: U2 _ ARQUITETURA COMPUTACIONAL DA SWIFT<\/div>\n<div>Aula: A4_ APLICA\u00c7\u00c3O OO IOS<\/div>\n<div><\/div>\n<div>Tempo previsto de execu\u00e7\u00e3o de aula pr\u00e1tica: 2h<\/div>\n<div>OBJETIVOS<\/div>\n<div>Defini\u00e7\u00e3o dos objetivos da aula pr\u00e1tica:<\/div>\n<div>Saber aplicar os conceitos da Orienta\u00e7\u00e3o a Objetos com a Linguagem Swift.<\/div>\n<div><\/div>\n<div>INFRAESTRUTURA<\/div>\n<div>Instala\u00e7\u00f5es \u2013 Materiais de consumo \u2013 Equipamentos:<\/div>\n<div>NOME DO LABORAT\u00d3RIO<\/div>\n<div>\u2022 Laborat\u00f3rio de Inform\u00e1tica<\/div>\n<div>Equipamentos:<\/div>\n<div>\u2022 Computador.<\/div>\n<div>~ 1 unid. 1 aluno<\/div>\n<div><\/div>\n<div>SOLU\u00c7\u00c3O DIGITAL<\/div>\n<div>\u2022 Repl.it<\/div>\n<div>Ambiente de desenvolvimento online que suporta v\u00e1rias linguagens, incluindo Swift. Voc\u00ea pode<\/div>\n<div>escrever e executar c\u00f3digo Swift diretamente no navegador.<\/div>\n<div><\/div>\n<div><a href=\"https:\/\/replit.com\/languages\/swift\" rel=\"nofollow\">https:\/\/replit.com\/languages\/swift<\/a><\/div>\n<div><\/div>\n<div>PROCEDIMENTOS PR\u00c1TICOS<\/div>\n<div>Procedimento\/Atividade no 1<\/div>\n<div><\/div>\n<div>Atividade proposta:<\/div>\n<div>Desenvolva um sistema simples de gerenciamento de uma biblioteca digital. Nesta biblioteca,<\/div>\n<div>temos livros, autores e usu\u00e1rios que podem pegar emprestado ou devolver livros.<\/div>\n<div><\/div>\n<div>3<\/div>\n<div>Requisitos<\/div>\n<div>\u2022 Classe Livro:<\/div>\n<div>Propriedades:<\/div>\n<div>titulo (String)<\/div>\n<div>autor (Autor)<\/div>\n<div>anoPublicacao (Int)<\/div>\n<div>disponivel (Bool)<\/div>\n<div>M\u00e9todos:<\/div>\n<div>emprestar() \u2013 Define a propriedade disponivel como false.<\/div>\n<div>devolver() \u2013 Define a propriedade disponivel como true.<\/div>\n<div><\/div>\n<div>\u2022 Classe Autor:<\/div>\n<div>Propriedades:<\/div>\n<div>nome (String)<\/div>\n<div>nacionalidade (String)<\/div>\n<div>anoNascimento (Int)<\/div>\n<div>\u2022 Classe Usuario:<\/div>\n<div>Propriedades:<\/div>\n<div>nome (String)<\/div>\n<div>email (String)<\/div>\n<div>livrosEmprestados ([Livro])<\/div>\n<div>M\u00e9todos:<\/div>\n<div>pegarEmprestado(livro: Livro) \u2013 Adiciona o livro \u00e0 lista livrosEmprestados do usu\u00e1rio, se<\/div>\n<div>o livro estiver dispon\u00edvel, e chama o m\u00e9todo emprestar() do livro.<\/div>\n<div>devolverLivro(livro: Livro) \u2013 Remove o livro da lista livrosEmprestados do usu\u00e1rio e<\/div>\n<div>chama o m\u00e9todo devolver() do livro.<\/div>\n<div><\/div>\n<div>Atividades:<\/div>\n<div>\u2022 Implemente as classes Livro, Autor e Usuario conforme descrito acima.<\/div>\n<div>\u2022 Crie uma inst\u00e2ncia de pelo menos dois autores.<\/div>\n<div>\u2022 Crie uma inst\u00e2ncia de pelo menos tr\u00eas livros, associando-os aos autores criados.<\/div>\n<div>\u2022 Crie uma inst\u00e2ncia de pelo menos dois usu\u00e1rios.<\/div>\n<div>\u2022 Realize opera\u00e7\u00f5es de empr\u00e9stimo e devolu\u00e7\u00e3o de livros para verificar o funcionamento<\/div>\n<div>correto do sistema<\/div>\n<div><\/div>\n<div>4<\/div>\n<div>Checklist:<\/div>\n<div>\u2022 Utilizou corretamente a linguagem Swift;<\/div>\n<div>\u2022 Aplicou os conceitos do Paradigma Orientado a Objetos.<\/div>\n<div><\/div>\n<div>RESULTADOS<\/div>\n<div>Resultados de Aprendizagem:<\/div>\n<div>Saber aplicar os conceitos da Orienta\u00e7\u00e3o a Objetos com a linguagem Swift.<\/div>\n<div><\/div>\n<div>ESTUDANTE, VOC\u00ca DEVER\u00c1 ENTREGAR<\/div>\n<div>Descri\u00e7\u00e3o orientativa sobre a entregada da comprova\u00e7\u00e3o da aula pr\u00e1tica:<\/div>\n<div>O c\u00f3digo Desenvolvido<\/div>\n<div><\/div>\n<div>Unidade: U4 _ DESENVOLVENDO PROJETOS COM SWIFT<\/div>\n<div>Aula: A3_ PROCESSAR E POTENCIALIZAR DADOS<\/div>\n<div><\/div>\n<div>Tempo previsto de execu\u00e7\u00e3o de aula pr\u00e1tica: 2h<\/div>\n<div>OBJETIVOS<\/div>\n<div>Defini\u00e7\u00e3o dos objetivos da aula pr\u00e1tica:<\/div>\n<div>Saber aplicar a manipula\u00e7\u00e3o de dados com a linguagem Swift.<\/div>\n<div><\/div>\n<div>INFRAESTRUTURA<\/div>\n<div>Instala\u00e7\u00f5es \u2013 Materiais de consumo \u2013 Equipamentos:<\/div>\n<div>NOME DO LABORAT\u00d3RIO<\/div>\n<div>\u2022 Laborat\u00f3rio de Inform\u00e1tica<\/div>\n<div>Equipamentos:<\/div>\n<div>\u2022 Computador.<\/div>\n<div>~ 1 unid. 1 aluno<\/div>\n<div><\/div>\n<div>SOLU\u00c7\u00c3O DIGITAL<\/div>\n<div><\/div>\n<div>\u2022 Repl.it<\/div>\n<div>Ambiente de desenvolvimento online que suporta v\u00e1rias linguagens, incluindo Swift. Voc\u00ea pode<\/div>\n<div>escrever e executar c\u00f3digo Swift diretamente no navegador.<\/div>\n<div><\/div>\n<div>5<\/div>\n<div><a href=\"https:\/\/replit.com\/languages\/swift\" rel=\"nofollow\">https:\/\/replit.com\/languages\/swift<\/a><\/div>\n<div><\/div>\n<div>PROCEDIMENTOS PR\u00c1TICOS<\/div>\n<div>Procedimento\/Atividade no 1<\/div>\n<div>Atividade proposta:<\/div>\n<div><\/div>\n<div>Desenvolva um pequeno sistema de gerenciamento de invent\u00e1rio para uma loja de eletr\u00f4nicos.<\/div>\n<div>O objetivo \u00e9 criar uma aplica\u00e7\u00e3o que gerencie uma lista de produtos, permitindo adicionar novos<\/div>\n<div>produtos, calcular o valor total do invent\u00e1rio, e listar os produtos que est\u00e3o abaixo de uma<\/div>\n<div>determinada quantidade em estoque.<\/div>\n<div><\/div>\n<div>Requisitos<\/div>\n<div>Cria\u00e7\u00e3o da Estrutura de Dados:<\/div>\n<div>Crie uma estrutura Produto com as seguintes propriedades:<\/div>\n<div>nome (String)<\/div>\n<div>quantidade (Int)<\/div>\n<div>preco (Double)<\/div>\n<div>Manipula\u00e7\u00e3o de Dados:<\/div>\n<div>Implemente uma classe GerenciadorDeInventario que gerencie a lista de produtos. Essa classe<\/div>\n<div>deve ter m\u00e9todos para:<\/div>\n<div>adicionarProduto(produto: Produto) \u2013 Adiciona um novo produto \u00e0 lista.<\/div>\n<div>calcularValorTotal() -&gt; Double \u2013 Calcula e retorna o valor total do invent\u00e1rio.<\/div>\n<div>listarProdutosAbaixoDe(quantidade: Int) -&gt; [Produto] \u2013 Retorna uma lista de produtos<\/div>\n<div>com quantidade abaixo do valor especificado.<\/div>\n<div>Exibi\u00e7\u00e3o de Dados:<\/div>\n<div>Adicione um m\u00e9todo exibirInformacoesProduto(produto: Produto) na classe<\/div>\n<div>GerenciadorDeInventario que exibe o nome do produto, a quantidade em estoque e o<\/div>\n<div>pre\u00e7o.<\/div>\n<div><\/div>\n<div>Atividades:<\/div>\n<div>\u2022 Crie um novo projeto no Replit com a linguagem Swift.<\/div>\n<div><\/div>\n<div>6<\/div>\n<div>\u2022 Implemente a estrutura Produto e a classe GerenciadorDeInventario.<\/div>\n<div>\u2022 Crie uma inst\u00e2ncia de GerenciadorDeInventario e adicione pelo menos tr\u00eas produtos<\/div>\n<div>com diferentes quantidades e pre\u00e7os.<\/div>\n<div>\u2022 Utilize os m\u00e9todos da classe GerenciadorDeInventario para calcular o valor total do<\/div>\n<div>invent\u00e1rio, listar os produtos com quantidade abaixo de um determinado valor e exibir as<\/div>\n<div>informa\u00e7\u00f5es de cada produto.<\/div>\n<div><\/div>\n<div>Checklist:<\/div>\n<div>\u2022 Utilizou corretamente a linguagem Swift;<\/div>\n<div>\u2022 Aplicou os conceitos de manipula\u00e7\u00e3o de dados.<\/div>\n<div><\/div>\n<div>RESULTADOS<\/div>\n<div>Resultados de Aprendizagem:<\/div>\n<div>Saber implementar manipula\u00e7\u00e3o de dados com a Linguagem Swift.<\/div>\n<div><\/div>\n<div>ESTUDANTE, VOC\u00ca DEVER\u00c1 ENTREGAR<\/div>\n<div>Descri\u00e7\u00e3o orientativa sobre a entregada da\u00a0comprova\u00e7\u00e3o\u00a0da aula pr\u00e1tica:<\/div>\n<div>C\u00f3digo com o problema resolvido.<\/div>\n<div>Aula pr\u00e1tica Desenvolvimento de aplica\u00e7\u00f5es IOS<\/div>\n<div>\n<div class=\"elementor-toggle-item\">\n<div class=\"elementor-toggle-item\">\n<p id=\"elementor-tab-title-1941\" class=\"elementor-tab-title elementor-active\" tabindex=\"0\" role=\"tab\" data-tab=\"1\" aria-controls=\"elementor-tab-content-1941\" aria-expanded=\"true\" aria-selected=\"true\"><strong>Como funciona?<\/strong><\/p>\n<p>Elaboramos os portf\u00f3lios, j\u00e1 deixamos prontos, nas normas da ABNT e conforme os requisitos da universidade. F\u00e1cil assim! O MELHOR \u00c9 QUE VOC\u00ca COMPRA E J\u00c1 BAIXA NA HORA O SEU ARQUIVO EM WORD! Sabemos que conciliar trabalho, fam\u00edlia, vida profissional e estudos \u00e9 dif\u00edcil hoje em dia, por isso, estamos aqui para ajudar voc\u00ea. Conte com nossa qualidade, experi\u00eancia e profissionalismo adquirindo seu portf\u00f3lio conosco. GARANTIMOS SEU CONCEITO!<\/p>\n<p><strong>Como se realizam os envios?<\/strong><\/p>\n<\/div>\n<p id=\"elementor-tab-content-1942\" class=\"elementor-tab-content elementor-clearfix elementor-active\" role=\"tabpanel\" data-tab=\"2\" aria-labelledby=\"elementor-tab-title-1942\">O seu trabalho \u00e9 disponibilizado pronto, respondido e nas normas j\u00e1 na mesma hora aqui em nosso site na sua \u00e1rea de downloads e tamb\u00e9m no seu e-mail.<\/p>\n<p><strong>Em quanto tempo recebo o portf\u00f3lio?<\/strong><\/p>\n<p>Os envios s\u00e3o imediatos. Ap\u00f3s sua compra, o trabalho j\u00e1 \u00e9 disponibilizado instantaneamente aqui em nosso site e no seu e-mail.<\/p>\n<p><strong>E se o portf\u00f3lio que comprei precisar de corre\u00e7\u00e3o?<\/strong><\/p>\n<p>Caso haja alguma solicita\u00e7\u00e3o de corre\u00e7\u00e3o\/altera\u00e7\u00e3o por parte do tutor, basta entrar em contato conosco pelo\u00a0WhatsApp\u00a0que provid\u00eanciaremos sem custo algum.<\/p>\n<p><strong>Qual o formato do arquivo?<\/strong><\/p>\n<p>Os arquivos s\u00e3o enviados em formato Word e s\u00e3o edit\u00e1veis.<\/p>\n<p><strong>Caso eu tiver alguma d\u00favida, terei suporte no p\u00f3s venda?<\/strong><\/p>\n<p>Sim, com certeza. Basta clicar no \u00edcone do WhatsApp no cantinho da tela. Ser\u00e1 um prazer atend\u00ea-lo(a).<\/p>\n<div id=\"elementor-tab-content-1948\" class=\"elementor-tab-content elementor-clearfix elementor-active\" role=\"tabpanel\" data-tab=\"8\" aria-labelledby=\"elementor-tab-title-1948\">\n<p><strong>Quais os seus canais de contato?<\/strong><\/p>\n<\/div>\n<div id=\"elementor-tab-content-1949\" class=\"elementor-tab-content elementor-clearfix elementor-active\" role=\"tabpanel\" data-tab=\"9\" aria-labelledby=\"elementor-tab-title-1949\">\n<p>Whatsapp: 53 984751621 \u2013 Clicar no canto da tela ou ESCANEIE O QRCODE ABAIXO<\/p>\n<h4><img decoding=\"async\" class=\"alignnone wp-image-13699 jetpack-lazy-image jetpack-lazy-image--handled\" src=\"https:\/\/i0.wp.com\/portifolioos-prontos.com\/wp-content\/uploads\/2023\/02\/whatsapp-business-projeto-de-extensao-300x300.jpeg?resize=144%2C144\" sizes=\"(max-width: 144px) 100vw, 144px\" srcset=\"https:\/\/i0.wp.com\/portifolioos-prontos.com\/wp-content\/uploads\/2023\/02\/whatsapp-business-projeto-de-extensao.jpeg?resize=300%2C301&amp;ssl=1 300w, https:\/\/i0.wp.com\/portifolioos-prontos.com\/wp-content\/uploads\/2023\/02\/whatsapp-business-projeto-de-extensao.jpeg?resize=150%2C150&amp;ssl=1 150w, https:\/\/i0.wp.com\/portifolioos-prontos.com\/wp-content\/uploads\/2023\/02\/whatsapp-business-projeto-de-extensao.jpeg?resize=370%2C372&amp;ssl=1 370w, https:\/\/i0.wp.com\/portifolioos-prontos.com\/wp-content\/uploads\/2023\/02\/whatsapp-business-projeto-de-extensao.jpeg?resize=100%2C100&amp;ssl=1 100w, https:\/\/i0.wp.com\/portifolioos-prontos.com\/wp-content\/uploads\/2023\/02\/whatsapp-business-projeto-de-extensao.jpeg?w=470&amp;ssl=1 470w\" alt=\"projeto de extens\u00e3o unopar\" width=\"144\" height=\"144\" data-lazy-loaded=\"1\" \/><\/h4>\n<\/div>\n<div class=\"elementor-toggle-item\">\n<div id=\"elementor-tab-content-1949\" class=\"elementor-tab-content elementor-clearfix elementor-active\" role=\"tabpanel\" data-tab=\"9\" aria-labelledby=\"elementor-tab-title-1949\">\n<p>E-mail:portifoliosp@gmail.com<\/p>\n<div id=\"attachment_143\" class=\"wp-caption alignnone\">\n<div id=\"attachment_143\" class=\"wp-caption alignnone\">\n<p id=\"caption-attachment-143\" class=\"wp-caption-text\"><a href=\"http:\/\/portfolio-pronto.com\/\">Portf\u00f3lio<\/a>\u00a0em Word, respondido, completo e j\u00e1 nas normas<\/p>\n<\/div>\n<\/div>\n<\/div>\n<\/div>\n<\/div>\n<\/div>\n","protected":false},"excerpt":{"rendered":"<div class=\"product-short-description\">\n<div class=\"product-short-description\">\n<p><strong>Pague pelo PIX ou cart\u00e3o e fa\u00e7a o download agora mesmo.<\/strong><\/p>\n<\/div>\n<div class=\"sticky-add-to-cart-wrapper\">\n<div class=\"sticky-add-to-cart\">\n<p class=\"quantity buttons_added form-flat\"><img decoding=\"async\" class=\"lazyloaded smush-image-5 smush-image-3 smush-image-4 smush-detected-img smush-image-bigger-3\" src=\"https:\/\/d26lpennugtm8s.cloudfront.net\/assets\/common\/img\/logos\/payment\/visa@2x.png\" width=\"46\" height=\"29\" data-src=\"https:\/\/d26lpennugtm8s.cloudfront.net\/assets\/common\/img\/logos\/payment\/visa@2x.png\" \/><img decoding=\"async\" class=\"lazyloaded smush-image-6 smush-image-4 smush-image-5 smush-detected-img smush-image-bigger-4\" src=\"https:\/\/d26lpennugtm8s.cloudfront.net\/assets\/common\/img\/logos\/payment\/boleto@2x.png\" width=\"43\" height=\"27\" data-src=\"https:\/\/d26lpennugtm8s.cloudfront.net\/assets\/common\/img\/logos\/payment\/boleto@2x.png\" \/><img loading=\"lazy\" decoding=\"async\" class=\"lazyloaded smush-image-7 smush-image-5 smush-image-6 smush-detected-img smush-image-bigger-5\" src=\"https:\/\/d26lpennugtm8s.cloudfront.net\/assets\/common\/img\/logos\/payment\/mastercard@2x.png\" width=\"43\" height=\"27\" data-src=\"https:\/\/d26lpennugtm8s.cloudfront.net\/assets\/common\/img\/logos\/payment\/mastercard@2x.png\" \/><img loading=\"lazy\" decoding=\"async\" class=\"lazyloaded smush-image-8 smush-image-6 smush-image-7 smush-detected-img smush-image-bigger-6\" src=\"https:\/\/d26lpennugtm8s.cloudfront.net\/assets\/common\/img\/logos\/payment\/amex@2x.png\" width=\"43\" height=\"27\" data-src=\"https:\/\/d26lpennugtm8s.cloudfront.net\/assets\/common\/img\/logos\/payment\/amex@2x.png\" \/><img loading=\"lazy\" decoding=\"async\" class=\"lazyloaded smush-image-9 smush-image-7 smush-image-8 smush-detected-img smush-image-bigger-7\" src=\"https:\/\/d26lpennugtm8s.cloudfront.net\/assets\/common\/img\/logos\/payment\/diners@2x.png\" width=\"46\" height=\"29\" data-src=\"https:\/\/d26lpennugtm8s.cloudfront.net\/assets\/common\/img\/logos\/payment\/diners@2x.png\" \/><img loading=\"lazy\" decoding=\"async\" class=\"lazyloaded smush-image-10 smush-image-8 smush-image-9 alignnone smush-detected-img smush-image-bigger-8\" src=\"https:\/\/d26lpennugtm8s.cloudfront.net\/assets\/common\/img\/logos\/payment\/br\/elo@2x.png\" alt=\"portf\u00f3lio unopar anhanguera\" width=\"45\" height=\"28\" data-src=\"https:\/\/d26lpennugtm8s.cloudfront.net\/assets\/common\/img\/logos\/payment\/br\/elo@2x.png\" \/><img loading=\"lazy\" decoding=\"async\" class=\"lazyloaded smush-image-11 smush-image-9 smush-image-10 alignnone smush-detected-img smush-image-bigger-9\" src=\"https:\/\/d26lpennugtm8s.cloudfront.net\/assets\/common\/img\/logos\/payment\/br\/hipercard@2x.png\" alt=\"portf\u00f3lio unopar anhanguera\" width=\"44\" height=\"28\" data-src=\"https:\/\/d26lpennugtm8s.cloudfront.net\/assets\/common\/img\/logos\/payment\/br\/hipercard@2x.png\" \/><img loading=\"lazy\" decoding=\"async\" class=\"lazyloaded smush-image-12 smush-image-10 smush-image-11 alignnone smush-detected-img smush-image-bigger-10\" src=\"https:\/\/d26lpennugtm8s.cloudfront.net\/assets\/common\/img\/logos\/payment\/mercadopago@2x.png\" alt=\"portf\u00f3lio unopar anhanguera\" width=\"45\" height=\"28\" data-src=\"https:\/\/d26lpennugtm8s.cloudfront.net\/assets\/common\/img\/logos\/payment\/mercadopago@2x.png\" \/><img loading=\"lazy\" decoding=\"async\" class=\"alignnone lazyloaded smush-detected-img smush-image-bigger-11\" src=\"https:\/\/futurium.com.br\/wp-content\/uploads\/2021\/06\/logo-pix-icone-512.png\" alt=\"portfolio pronto\" width=\"30\" height=\"30\" data-src=\"https:\/\/futurium.com.br\/wp-content\/uploads\/2021\/06\/logo-pix-icone-512.png\" \/><\/p>\n<\/div>\n<\/div>\n<\/div>\n","protected":false},"featured_media":36683,"template":"","meta":{"_seopress_robots_primary_cat":"none","_seopress_titles_title":"%%post_title%% %%sitetitle%%","_seopress_titles_desc":"%%post_content%%","_seopress_robots_index":""},"product_cat":[15],"product_tag":[],"class_list":{"0":"post-36679","1":"product","2":"type-product","3":"status-publish","4":"has-post-thumbnail","6":"product_cat-uncategorized","8":"first","9":"instock","10":"downloadable","11":"virtual","12":"purchasable","13":"product-type-simple","14":"col-xs-6 col-sm-4","15":"col-mf-5","16":"un-5-cols"},"jetpack_sharing_enabled":true,"_links":{"self":[{"href":"https:\/\/portifolioos-prontos.com\/index.php\/wp-json\/wp\/v2\/product\/36679","targetHints":{"allow":["GET"]}}],"collection":[{"href":"https:\/\/portifolioos-prontos.com\/index.php\/wp-json\/wp\/v2\/product"}],"about":[{"href":"https:\/\/portifolioos-prontos.com\/index.php\/wp-json\/wp\/v2\/types\/product"}],"version-history":[{"count":0,"href":"https:\/\/portifolioos-prontos.com\/index.php\/wp-json\/wp\/v2\/product\/36679\/revisions"}],"wp:featuredmedia":[{"embeddable":true,"href":"https:\/\/portifolioos-prontos.com\/index.php\/wp-json\/wp\/v2\/media\/36683"}],"wp:attachment":[{"href":"https:\/\/portifolioos-prontos.com\/index.php\/wp-json\/wp\/v2\/media?parent=36679"}],"wp:term":[{"taxonomy":"product_cat","embeddable":true,"href":"https:\/\/portifolioos-prontos.com\/index.php\/wp-json\/wp\/v2\/product_cat?post=36679"},{"taxonomy":"product_tag","embeddable":true,"href":"https:\/\/portifolioos-prontos.com\/index.php\/wp-json\/wp\/v2\/product_tag?post=36679"}],"curies":[{"name":"wp","href":"https:\/\/api.w.org\/{rel}","templated":true}]}}