{"id":40746,"date":"2025-07-26T14:00:05","date_gmt":"2025-07-26T17:00:05","guid":{"rendered":"https:\/\/portifolioos-prontos.com\/?post_type=product&#038;p=40746"},"modified":"2025-11-01T17:48:51","modified_gmt":"2025-11-01T20:48:51","slug":"aula-pratica-infraestrutura-como-codigo","status":"publish","type":"product","link":"https:\/\/portifolioos-prontos.com\/index.php\/product\/aula-pratica-infraestrutura-como-codigo\/","title":{"rendered":"Aula Pr\u00e1tica Infraestrutura como c\u00f3digo"},"content":{"rendered":"<h3>Portf\u00f3lio Aula Pr\u00e1tica Infraestrutura como c\u00f3digo<\/h3>\n<p class=\"Estilo1\">NOME DA DISCIPLINA: INFRAESTRUTURA COMO CODIGO<\/p>\n<p class=\"Estilo1\">Unidade: U3 _ GERENCIAMENTO DE INFRAESTRUTURAS COMO C\u00d3DIGO<\/p>\n<p class=\"Estilo1\">Aula: A3_ GERENCIAMENTO REPOSIT\u00d3RIOS COM GITHUB E <a href=\"http:\/\/portfolio-pronto.com\">GITLAB<\/a><\/p>\n<p class=\"Estilo1\">Tempo previsto de execu\u00e7\u00e3o de aula pr\u00e1tica: 5h<\/p>\n<p class=\"Estilo1\">OBJETIVOS<\/p>\n<p class=\"Estilo1\">Defini\u00e7\u00e3o dos objetivos da aula pr\u00e1tica:<\/p>\n<p class=\"Estilo1\">Aprender como instalar e configurar o Git, criar pasta para adicionar arquivos, salvar (realizar o<\/p>\n<p class=\"Estilo1\">commit), verificar o status, verificar log e restaurar as altera\u00e7\u00f5es de arquivos no Git.<\/p>\n<p class=\"Estilo1\">INFRAESTRUTURA<\/p>\n<p class=\"Estilo1\">Instala\u00e7\u00f5es \u2013 Materiais de consumo \u2013 Equipamentos:<\/p>\n<p class=\"Estilo1\">NOME DO LABORAT\u00d3RIO<\/p>\n<p class=\"Estilo1\">Materiais de consumo:<\/p>\n<p class=\"Estilo1\">Laborat\u00f3rio de Inform\u00e1tica<\/p>\n<p class=\"Estilo1\">NOME DO LABORAT\u00d3RIO<\/p>\n<p class=\"Estilo1\">Equipamentos:<\/p>\n<p class=\"Estilo1\">Computador.<\/p>\n<p class=\"Estilo1\">~ 1 unid. 1 aluno<\/p>\n<p class=\"Estilo1\">SOLU\u00c7\u00c3O DIGITAL (OBRIGAT\u00d3RIO SE HOUVER &#8211; APARECER PARA TODOS)<\/p>\n<p class=\"Estilo1\">Infraestrutura m\u00ednima necess\u00e1ria para execu\u00e7\u00e3o.<\/p>\n<p class=\"Estilo1\">Git<\/p>\n<p class=\"Estilo1\">GUIT significa Graphical User Interface Testing, ou Teste de Interface Gr\u00e1fica do Usu\u00e1rio. \u00c9 uma<\/p>\n<p class=\"Estilo1\">t\u00e9cnica de teste de software que verifica se a interface gr\u00e1fica de um aplicativo ou sistema<\/p>\n<p class=\"Estilo1\">funciona corretamente conforme o esperado pelo usu\u00e1rio. O GUIT envolve verificar elementos<\/p>\n<p class=\"Estilo1\">como bot\u00f5es, menus, campos de entrada e a intera\u00e7\u00e3o geral do usu\u00e1rio com a interface para<\/p>\n<p class=\"Estilo1\">garantir que seja intuitiva, responsiva e livre de erros visuais ou funcionais.<\/p>\n<p class=\"Estilo1\">O Git \u00e9 um projeto de c\u00f3digo aberto desenvolvido em 2005 por Linus Torvalds, o criador do kernel<\/p>\n<p class=\"Estilo1\">do Linux.<\/p>\n<p class=\"Estilo1\">\u2022 Para utilizar o git, voc\u00ea precisar\u00e1, criar uma conta no gitlab<\/p>\n<p class=\"Estilo1\">3<\/p>\n<p class=\"Estilo1\">\u2022 LINK: site oficial https:\/\/gitlab.com\/users\/sign_in para cadastro.<\/p>\n<p class=\"Estilo1\">\u00a0site oficial https:\/\/git-scm.com\/downloads para download;<\/p>\n<p class=\"Estilo1\">\u00a0site oficial: https:\/\/gitlab.com\/users\/ para criar uma conta, anote o seu usu\u00e1rio e e-mail, ir\u00e1<\/p>\n<p class=\"Estilo1\">necessitar dessas informa\u00e7\u00f5es para configurar o Git.<\/p>\n<p class=\"Estilo1\">EQUIPAMENTO DE PROTE\u00c7\u00c3O INDIVIDUAL (EPI) (CAMPO OBRIGAT\u00d3RIO \u2013 APARECER<\/p>\n<p class=\"Estilo1\">PARA TODOS)<\/p>\n<p class=\"Estilo1\">N\/A<\/p>\n<p class=\"Estilo1\">PROCEDIMENTOS PR\u00c1TICOS (OBRIGAT\u00d3RIO \u2013 TODOS)<\/p>\n<p class=\"Estilo1\">Procedimento\/Atividade n\u00ba 1<\/p>\n<p class=\"Estilo1\">Atividade proposta:<\/p>\n<p class=\"Estilo1\">Imagine que voc\u00ea foi contratado por uma empresa e diariamente necessita realizar commit dos<\/p>\n<p class=\"Estilo1\">arquivos que voc\u00ea trabalhou em um determinado projeto.<\/p>\n<p class=\"Estilo1\">Nesse novo trabalho voc\u00ea tamb\u00e9m precisa saber como criar um projeto no git, isso devido a<\/p>\n<p class=\"Estilo1\">novas demandas que voc\u00ea possa estar inserido.<\/p>\n<p class=\"Estilo1\">Aprender como instalar e configurar o Git, criar pasta para adicionar arquivos, salvar (realizar o<\/p>\n<p class=\"Estilo1\">commit), verificar o status, verificar log e restaurar as altera\u00e7\u00f5es de arquivos no Git. Portanto,<\/p>\n<p class=\"Estilo1\">tenha acesso \u00e0 internet.<\/p>\n<p class=\"Estilo1\">Objetivo do Exerc\u00edcio:<\/p>\n<p class=\"Estilo1\">1. Instalar e configurar o git.<\/p>\n<p class=\"Estilo1\">2. Criar uma pasta para inserir os arquivos<\/p>\n<p class=\"Estilo1\">3. Inserir alguns arquivos, pode ser formato txt, doc, xls e outros (necess\u00e1rio realizar<\/p>\n<p class=\"Estilo1\">altera\u00e7\u00e3o no conte\u00fado do arquivo, preferencialmente tr\u00eas arquivos;<\/p>\n<p class=\"Estilo1\">4. Realizar altera\u00e7\u00f5es no conte\u00fado desses arquivos<\/p>\n<p class=\"Estilo1\">5. Incluir os arquivos alterados no reposit\u00f3rio do Git;<\/p>\n<p class=\"Estilo1\">6. Verificar o log dos arquivos alterados.<\/p>\n<p class=\"Estilo1\">Checklist:<\/p>\n<p class=\"Estilo1\">4<\/p>\n<p class=\"Estilo1\">1. Instalar e configurar o git.<\/p>\n<p class=\"Estilo1\">2. Criar uma pasta no computado do aluno;<\/p>\n<p class=\"Estilo1\">3. Inserir alguns arquivos, pode ser formato txt, doc, xls e outros (necess\u00e1rio realizar<\/p>\n<p class=\"Estilo1\">altera\u00e7\u00e3o no conte\u00fado do arquivo, preferencialmente tr\u00eas;<\/p>\n<p class=\"Estilo1\">4. Executar o comando para inicializar a pasta (reposit\u00f3rio);<\/p>\n<p class=\"Estilo1\">5. Verificar o status dos arquivos que est\u00e3o na pasta reposit\u00f3rio;<\/p>\n<p class=\"Estilo1\">6. Incluir os arquivos no controle de vers\u00e3o, o Git;<\/p>\n<p class=\"Estilo1\">7. Realizar uma altera\u00e7\u00e3o em um dos arquivos;<\/p>\n<p class=\"Estilo1\">8. Mostrar (printar) o status dos arquivos na pasta, lembrando que temos 1 arquivo com<\/p>\n<p class=\"Estilo1\">altera\u00e7\u00e3o e n\u00e3o alterado;<\/p>\n<p class=\"Estilo1\">9. Realizar ao menos mais duas altera\u00e7\u00f5es e mostrar o status dos arquivos na pasta (Print<\/p>\n<p class=\"Estilo1\">da tela;<\/p>\n<p class=\"Estilo1\">10. Incluir os arquivos alterados no reposit\u00f3rio do Git;<\/p>\n<p class=\"Estilo1\">11. &#8211; Verificar e mostrar (Print da tela) o log dos arquivos alterados<\/p>\n<p class=\"Estilo1\">RESULTADOS (obrigat\u00f3rio \u2013 aparecer para todos)<\/p>\n<p class=\"Estilo1\">Resultados de Aprendizagem:<\/p>\n<p class=\"Estilo1\">Espera-se que o estudante seja capaz de realizar commit dos arquivos de um determinado projeto<\/p>\n<p class=\"Estilo1\">ESTUDANTE, VOC\u00ca DEVER\u00c1 ENTREGAR (n\u00e3o obrigat\u00f3rio \u2013 aparecer para todos)<\/p>\n<p class=\"Estilo1\">Descri\u00e7\u00e3o orientativa sobre a entregada da comprova\u00e7\u00e3o da aula pr\u00e1tica:<\/p>\n<p class=\"Estilo1\">Para comprovar a realiza\u00e7\u00e3o da atividade, \u00e9 necess\u00e1rio a entrega do c\u00f3digo desenvolvido e prints<\/p>\n<p class=\"Estilo1\">dos resultados esperados, ou seja anexar os prints das telas dos itens 1 at\u00e9 o item 11.<\/p>\n<p class=\"Estilo1\">REFER\u00caNCIAS BIBLIOGR\u00c1FICAS (n\u00e3o obrigat\u00f3rio \u2013 aparecer para todos)<\/p>\n<p class=\"Estilo1\">Descri\u00e7\u00e3o (em abnt) das refer\u00eancias utilizadas<\/p>\n<p class=\"Estilo1\">MASCHIETTO, Lu\u00eds G.; VIEIRA, Anderson L N.; TORRES, Fernando E.; et al. Arquitetura e<\/p>\n<p class=\"Estilo1\">Infraestrutura de IoT. [Porto Alegre]: Grupo A, 2021. E-book. ISBN 9786556901947. [biblioteca<\/p>\n<p class=\"Estilo1\">Virtual].<\/p>\n<p class=\"Estilo1\">RODRIGUES, Thiago N.; SILVA, L\u00eddia P C.; NEUMANN, Fabiano B.; et al. Integra\u00e7\u00e3o de<\/p>\n<p class=\"Estilo1\">Aplica\u00e7\u00f5es. S\u00e3o Paulo: Grupo A, 2020. E-book. ISBN 9786556900216. [Biblioteca Virtual].<\/p>\n<p class=\"Estilo1\">Xavier, da Silva M.Carlos; Reinert, H Juliano; Xavier, da Silva. F.Luiz. Projetos de Infraestrutura<\/p>\n<p class=\"Estilo1\">de TIC \u2013 Basic Methodware. S\u00e3o Paulo: Brasport, 2019. ISBN: 9788574525631. [Biblioteca<\/p>\n<p class=\"Estilo1\">Virtual]<\/p>\n<div class=\"elementor-toggle-item\">\n<div class=\"elementor-toggle-item\">\n<div class=\"elementor-toggle-item\">\n<p id=\"elementor-tab-title-1941\" class=\"elementor-tab-title elementor-active\" tabindex=\"0\" role=\"tab\" data-tab=\"1\" aria-controls=\"elementor-tab-content-1941\" aria-expanded=\"true\" aria-selected=\"true\"><strong>Como funciona?<\/strong><\/p>\n<p>Elaboramos os portf\u00f3lios, j\u00e1 deixamos prontos, nas normas da ABNT e conforme os requisitos da universidade. F\u00e1cil assim! O MELHOR \u00c9 QUE VOC\u00ca COMPRA E J\u00c1 BAIXA NA HORA O SEU ARQUIVO EM WORD! Sabemos que conciliar trabalho, fam\u00edlia, vida profissional e estudos \u00e9 dif\u00edcil hoje em dia, por isso, estamos aqui para ajudar voc\u00ea. Conte com nossa qualidade, experi\u00eancia e profissionalismo adquirindo seu portf\u00f3lio conosco. GARANTIMOS SEU CONCEITO!<\/p>\n<p><strong>Como se realizam os envios?<\/strong><\/p>\n<\/div>\n<p id=\"elementor-tab-content-1942\" class=\"elementor-tab-content elementor-clearfix elementor-active\" role=\"tabpanel\" data-tab=\"2\" aria-labelledby=\"elementor-tab-title-1942\">O seu trabalho \u00e9 disponibilizado pronto, respondido e nas normas j\u00e1 na mesma hora aqui em nosso site na sua \u00e1rea de downloads e tamb\u00e9m no seu e-mail.<\/p>\n<p><strong>Em quanto tempo recebo o portf\u00f3lio?<\/strong><\/p>\n<p>Os envios s\u00e3o imediatos. Ap\u00f3s sua compra, o trabalho j\u00e1 \u00e9 disponibilizado instantaneamente aqui em nosso site e no seu e-mail.<\/p>\n<p><strong>E se o portf\u00f3lio que comprei precisar de corre\u00e7\u00e3o?<\/strong><\/p>\n<p>Caso haja alguma solicita\u00e7\u00e3o de corre\u00e7\u00e3o\/altera\u00e7\u00e3o por parte do tutor, basta entrar em contato conosco pelo\u00a0WhatsApp\u00a0que provid\u00eanciaremos sem custo algum.<\/p>\n<p><strong>Qual o formato do arquivo?<\/strong><\/p>\n<p>Os arquivos s\u00e3o enviados em formato Word e s\u00e3o edit\u00e1veis.<\/p>\n<p><strong>Caso eu tiver alguma d\u00favida, terei suporte no p\u00f3s venda?<\/strong><\/p>\n<p>Sim, com certeza. Basta clicar no \u00edcone do WhatsApp no cantinho da tela. Ser\u00e1 um prazer atend\u00ea-lo(a).<\/p>\n<div id=\"elementor-tab-content-1948\" class=\"elementor-tab-content elementor-clearfix elementor-active\" role=\"tabpanel\" data-tab=\"8\" aria-labelledby=\"elementor-tab-title-1948\">\n<p><strong>Quais os seus canais de contato?<\/strong><\/p>\n<\/div>\n<div id=\"elementor-tab-content-1949\" class=\"elementor-tab-content elementor-clearfix elementor-active\" role=\"tabpanel\" data-tab=\"9\" aria-labelledby=\"elementor-tab-title-1949\">\n<p>Whatsapp: 53 984751621 \u2013 Clicar no canto da tela ou ESCANEIE O QRCODE ABAIXO<\/p>\n<h4><img decoding=\"async\" class=\"alignnone wp-image-13699 jetpack-lazy-image jetpack-lazy-image--handled\" src=\"https:\/\/i0.wp.com\/portifolioos-prontos.com\/wp-content\/uploads\/2023\/02\/whatsapp-business-projeto-de-extensao-300x300.jpeg?resize=144%2C144\" sizes=\"(max-width: 144px) 100vw, 144px\" srcset=\"https:\/\/i0.wp.com\/portifolioos-prontos.com\/wp-content\/uploads\/2023\/02\/whatsapp-business-projeto-de-extensao.jpeg?resize=300%2C301&amp;ssl=1 300w, https:\/\/i0.wp.com\/portifolioos-prontos.com\/wp-content\/uploads\/2023\/02\/whatsapp-business-projeto-de-extensao.jpeg?resize=150%2C150&amp;ssl=1 150w, https:\/\/i0.wp.com\/portifolioos-prontos.com\/wp-content\/uploads\/2023\/02\/whatsapp-business-projeto-de-extensao.jpeg?resize=370%2C372&amp;ssl=1 370w, https:\/\/i0.wp.com\/portifolioos-prontos.com\/wp-content\/uploads\/2023\/02\/whatsapp-business-projeto-de-extensao.jpeg?resize=100%2C100&amp;ssl=1 100w, https:\/\/i0.wp.com\/portifolioos-prontos.com\/wp-content\/uploads\/2023\/02\/whatsapp-business-projeto-de-extensao.jpeg?w=470&amp;ssl=1 470w\" alt=\"projeto de extens\u00e3o unopar\" width=\"144\" height=\"144\" data-lazy-loaded=\"1\" \/><\/h4>\n<\/div>\n<div class=\"elementor-toggle-item\">\n<div id=\"elementor-tab-content-1949\" class=\"elementor-tab-content elementor-clearfix elementor-active\" role=\"tabpanel\" data-tab=\"9\" aria-labelledby=\"elementor-tab-title-1949\">\n<p>E-mail:portifoliosp@gmail.com<\/p>\n<div id=\"attachment_143\" class=\"wp-caption alignnone\">\n<div id=\"attachment_143\" class=\"wp-caption alignnone\">\n<p id=\"caption-attachment-143\" class=\"wp-caption-text\"><a href=\"http:\/\/portfolio-pronto.com\/\">Portf\u00f3lio<\/a>\u00a0em Word, respondido, completo e j\u00e1 nas normas<\/p>\n<\/div>\n<\/div>\n<\/div>\n<\/div>\n<\/div>\n<\/div>\n","protected":false},"excerpt":{"rendered":"<div class=\"product-short-description\">\n<div class=\"product-short-description\">\n<p><strong>Pague pelo PIX ou cart\u00e3o e fa\u00e7a o download agora mesmo.<\/strong><\/p>\n<\/div>\n<div class=\"sticky-add-to-cart-wrapper\">\n<div class=\"sticky-add-to-cart\">\n<p class=\"quantity buttons_added form-flat\"><img decoding=\"async\" class=\"lazyloaded smush-image-5 smush-image-3 smush-image-4 smush-detected-img smush-image-bigger-3\" src=\"https:\/\/d26lpennugtm8s.cloudfront.net\/assets\/common\/img\/logos\/payment\/visa@2x.png\" width=\"46\" height=\"29\" data-src=\"https:\/\/d26lpennugtm8s.cloudfront.net\/assets\/common\/img\/logos\/payment\/visa@2x.png\" \/><img decoding=\"async\" class=\"lazyloaded smush-image-6 smush-image-4 smush-image-5 smush-detected-img smush-image-bigger-4\" src=\"https:\/\/d26lpennugtm8s.cloudfront.net\/assets\/common\/img\/logos\/payment\/boleto@2x.png\" width=\"43\" height=\"27\" data-src=\"https:\/\/d26lpennugtm8s.cloudfront.net\/assets\/common\/img\/logos\/payment\/boleto@2x.png\" \/><img loading=\"lazy\" decoding=\"async\" class=\"lazyloaded smush-image-7 smush-image-5 smush-image-6 smush-detected-img smush-image-bigger-5\" src=\"https:\/\/d26lpennugtm8s.cloudfront.net\/assets\/common\/img\/logos\/payment\/mastercard@2x.png\" width=\"43\" height=\"27\" data-src=\"https:\/\/d26lpennugtm8s.cloudfront.net\/assets\/common\/img\/logos\/payment\/mastercard@2x.png\" \/><img loading=\"lazy\" decoding=\"async\" class=\"lazyloaded smush-image-8 smush-image-6 smush-image-7 smush-detected-img smush-image-bigger-6\" src=\"https:\/\/d26lpennugtm8s.cloudfront.net\/assets\/common\/img\/logos\/payment\/amex@2x.png\" width=\"43\" height=\"27\" data-src=\"https:\/\/d26lpennugtm8s.cloudfront.net\/assets\/common\/img\/logos\/payment\/amex@2x.png\" \/><img loading=\"lazy\" decoding=\"async\" class=\"lazyloaded smush-image-9 smush-image-7 smush-image-8 smush-detected-img smush-image-bigger-7\" src=\"https:\/\/d26lpennugtm8s.cloudfront.net\/assets\/common\/img\/logos\/payment\/diners@2x.png\" width=\"46\" height=\"29\" data-src=\"https:\/\/d26lpennugtm8s.cloudfront.net\/assets\/common\/img\/logos\/payment\/diners@2x.png\" \/><img loading=\"lazy\" decoding=\"async\" class=\"lazyloaded smush-image-10 smush-image-8 smush-image-9 alignnone smush-detected-img smush-image-bigger-8\" src=\"https:\/\/d26lpennugtm8s.cloudfront.net\/assets\/common\/img\/logos\/payment\/br\/elo@2x.png\" alt=\"portf\u00f3lio unopar anhanguera\" width=\"45\" height=\"28\" data-src=\"https:\/\/d26lpennugtm8s.cloudfront.net\/assets\/common\/img\/logos\/payment\/br\/elo@2x.png\" \/><img loading=\"lazy\" decoding=\"async\" class=\"lazyloaded smush-image-11 smush-image-9 smush-image-10 alignnone smush-detected-img smush-image-bigger-9\" src=\"https:\/\/d26lpennugtm8s.cloudfront.net\/assets\/common\/img\/logos\/payment\/br\/hipercard@2x.png\" alt=\"portf\u00f3lio unopar anhanguera\" width=\"44\" height=\"28\" data-src=\"https:\/\/d26lpennugtm8s.cloudfront.net\/assets\/common\/img\/logos\/payment\/br\/hipercard@2x.png\" \/><img loading=\"lazy\" decoding=\"async\" class=\"lazyloaded smush-image-12 smush-image-10 smush-image-11 alignnone smush-detected-img smush-image-bigger-10\" src=\"https:\/\/d26lpennugtm8s.cloudfront.net\/assets\/common\/img\/logos\/payment\/mercadopago@2x.png\" alt=\"portf\u00f3lio unopar anhanguera\" width=\"45\" height=\"28\" data-src=\"https:\/\/d26lpennugtm8s.cloudfront.net\/assets\/common\/img\/logos\/payment\/mercadopago@2x.png\" \/><img loading=\"lazy\" decoding=\"async\" class=\"alignnone ls-is-cached lazyloaded smush-detected-img smush-image-bigger-11\" src=\"https:\/\/futurium.com.br\/wp-content\/uploads\/2021\/06\/logo-pix-icone-512.png\" alt=\"portfolio pronto\" width=\"30\" height=\"30\" data-src=\"https:\/\/futurium.com.br\/wp-content\/uploads\/2021\/06\/logo-pix-icone-512.png\" \/><\/p>\n<\/div>\n<\/div>\n<\/div>\n","protected":false},"featured_media":40749,"template":"","meta":{"_seopress_robots_primary_cat":"","_seopress_titles_title":"%%post_title%% %%sitetitle%%","_seopress_titles_desc":"%%post_content%%","_seopress_robots_index":""},"product_cat":[15],"product_tag":[],"class_list":{"0":"post-40746","1":"product","2":"type-product","3":"status-publish","4":"has-post-thumbnail","6":"product_cat-uncategorized","8":"first","9":"instock","10":"downloadable","11":"virtual","12":"product-type-simple","13":"col-xs-6 col-sm-4","14":"col-mf-5","15":"un-5-cols"},"jetpack_sharing_enabled":true,"_links":{"self":[{"href":"https:\/\/portifolioos-prontos.com\/index.php\/wp-json\/wp\/v2\/product\/40746","targetHints":{"allow":["GET"]}}],"collection":[{"href":"https:\/\/portifolioos-prontos.com\/index.php\/wp-json\/wp\/v2\/product"}],"about":[{"href":"https:\/\/portifolioos-prontos.com\/index.php\/wp-json\/wp\/v2\/types\/product"}],"version-history":[{"count":2,"href":"https:\/\/portifolioos-prontos.com\/index.php\/wp-json\/wp\/v2\/product\/40746\/revisions"}],"predecessor-version":[{"id":47835,"href":"https:\/\/portifolioos-prontos.com\/index.php\/wp-json\/wp\/v2\/product\/40746\/revisions\/47835"}],"wp:featuredmedia":[{"embeddable":true,"href":"https:\/\/portifolioos-prontos.com\/index.php\/wp-json\/wp\/v2\/media\/40749"}],"wp:attachment":[{"href":"https:\/\/portifolioos-prontos.com\/index.php\/wp-json\/wp\/v2\/media?parent=40746"}],"wp:term":[{"taxonomy":"product_cat","embeddable":true,"href":"https:\/\/portifolioos-prontos.com\/index.php\/wp-json\/wp\/v2\/product_cat?post=40746"},{"taxonomy":"product_tag","embeddable":true,"href":"https:\/\/portifolioos-prontos.com\/index.php\/wp-json\/wp\/v2\/product_tag?post=40746"}],"curies":[{"name":"wp","href":"https:\/\/api.w.org\/{rel}","templated":true}]}}