{"id":43160,"date":"2025-08-18T10:10:33","date_gmt":"2025-08-18T13:10:33","guid":{"rendered":"https:\/\/portifolioos-prontos.com\/?post_type=product&#038;p=43160"},"modified":"2025-08-30T14:17:46","modified_gmt":"2025-08-30T17:17:46","slug":"projeto-de-extensao-iv-engenharia-mecanica","status":"publish","type":"product","link":"https:\/\/portifolioos-prontos.com\/index.php\/product\/projeto-de-extensao-iv-engenharia-mecanica\/","title":{"rendered":"Projeto de Extens\u00e3o IV &#8211; Engenharia Mec\u00e2nica"},"content":{"rendered":"<h4>Projeto de Extens\u00e3o IV &#8211; Engenharia Mec\u00e2nica<\/h4>\n<p><strong data-start=\"93\" data-end=\"112\">DADOS DO ALUNO:<\/strong><\/p>\n<ul data-start=\"115\" data-end=\"401\">\n<li data-start=\"115\" data-end=\"145\"><strong data-start=\"117\" data-end=\"127\">Aluno:<\/strong>\u00a0[Nome completo]<\/li>\n<li data-start=\"146\" data-end=\"181\"><strong data-start=\"148\" data-end=\"155\">RA:<\/strong>\u00a0[N\u00famero do RA do aluno]<\/li>\n<li data-start=\"182\" data-end=\"206\"><strong data-start=\"184\" data-end=\"203\">POLO \/ UNIDADE:<\/strong><\/li>\n<li data-start=\"207\" data-end=\"255\"><strong data-start=\"209\" data-end=\"219\">CURSO:<\/strong>\u00a0Engenharia Mec\u00e2nica \u2013 Bacharelado<\/li>\n<li data-start=\"256\" data-end=\"331\"><strong data-start=\"258\" data-end=\"284\">COMPONENTE CURRICULAR:<\/strong>\u00a0Projeto de Extens\u00e3o IV \u2013 Engenharia Mec\u00e2nica<\/li>\n<li data-start=\"332\" data-end=\"401\"><strong data-start=\"334\" data-end=\"359\">PROGRAMA DE EXTENS\u00c3O:<\/strong>\u00a0Programa de Inova\u00e7\u00e3o e Empreendedorismo<\/li>\n<\/ul>\n<hr data-start=\"403\" data-end=\"406\" \/>\n<p data-start=\"408\" data-end=\"434\">FINALIDADE E MOTIVA\u00c7\u00c3O<\/p>\n<p>A finalidade da extens\u00e3o no Programa de Inova\u00e7\u00e3o e Empreendedorismo est\u00e1 na articula\u00e7\u00e3o de m\u00faltiplas compet\u00eancias desenvolvidas durante o curso, criando solu\u00e7\u00f5es de produtos e servi\u00e7os que atendam \u00e0s necessidades do outro, de forma emp\u00e1tica, eficaz e sustent\u00e1vel, trazendo a tecnologia e o conhecimento da engenharia mec\u00e2nica para a sociedade, beneficiando a comunidade local com o conhecimento adquirido, por meio da capacita\u00e7\u00e3o em temas espec\u00edficos e transfer\u00eancia do conhecimento.<\/p>\n<p>Os locais que poder\u00e3o contemplar este projeto extensionista podem ser: parcerias com a prefeitura; associa\u00e7\u00f5es de bairros; parcerias com empresas p\u00fablicas e privadas, com foco em \u00e1reas de compet\u00eancia do engenheiro mec\u00e2nico, como, por exemplo, gest\u00e3o de projetos, gest\u00e3o da produ\u00e7\u00e3o, economia e gest\u00e3o da manuten\u00e7\u00e3o.<\/p>\n<hr data-start=\"1241\" data-end=\"1244\" \/>\n<p data-start=\"1246\" data-end=\"1262\">COMPET\u00caNCIAS<\/p>\n<p>I. Avaliar a viabilidade econ\u00f4mica de projetos;<br data-start=\"1310\" data-end=\"1313\" \/>II. Gerenciar projetos de produtos, processos e servi\u00e7os;<br data-start=\"1370\" data-end=\"1373\" \/>III. Supervisionar, operar e promover a manuten\u00e7\u00e3o de sistemas;<br data-start=\"1436\" data-end=\"1439\" \/>IV. Gerenciar e atuar em equipes multidisciplinares.<\/p>\n<hr data-start=\"1495\" data-end=\"1498\" \/>\n<p data-start=\"1500\" data-end=\"1521\">PERFIL DO EGRESSO<\/p>\n<p>O perfil do egresso idealizado pela IES para o curso de Engenharia Mec\u00e2nica possibilita a forma\u00e7\u00e3o do engenheiro mec\u00e2nico cr\u00edtico, reflexivo, criativo, com vis\u00e3o hol\u00edstica, humanista e \u00e9tica, capaz de aplicar tecnologias inerentes \u00e0 sua \u00e1rea de atua\u00e7\u00e3o.<\/p>\n<p>Pelas atividades extensionistas vinculadas ao Programa de Inova\u00e7\u00e3o e Empreendedorismo, esse egresso poder\u00e1 desenvolver habilidades e capacidade para atuar de modo respons\u00e1vel e comprometido, interagindo com novas situa\u00e7\u00f5es e demandas da sociedade, com isen\u00e7\u00e3o e responsabilidade social, comprometido com legisla\u00e7\u00e3o e atos normativos do exerc\u00edcio profissional, primando pela busca do conhecimento e da aprendizagem aut\u00f4noma, investigativa, empreendedora e cooperativa com o emprego de perspectivas multidisciplinares.<\/p>\n<p>Ainda, desenvolver\u00e1 a capacidade de planejamento e condu\u00e7\u00e3o de experimentos; exercer\u00e1 atividades de concep\u00e7\u00e3o, supervis\u00e3o e coordena\u00e7\u00e3o; analisar\u00e1, interpretar\u00e1 e agir\u00e1 em situa\u00e7\u00f5es pertinentes \u00e0 engenharia mec\u00e2nica, a partir de atitudes cr\u00edticas, reflexivas e \u00e9ticas, pois adquirir\u00e1 habilidades suficientes para, eticamente, atuar em gest\u00e3o de projetos, gest\u00e3o da manuten\u00e7\u00e3o, gest\u00e3o de processos e economia.<\/p>\n<hr data-start=\"2711\" data-end=\"2714\" \/>\n<p data-start=\"2716\" data-end=\"2762\">SOFT SKILLS (COMPET\u00caNCIAS SOCIOEMOCIONAIS)<\/p>\n<ul data-start=\"2763\" data-end=\"2843\">\n<li data-start=\"2763\" data-end=\"2784\">Tomada de decis\u00e3o<\/li>\n<li data-start=\"2785\" data-end=\"2821\">An\u00e1lise e resolu\u00e7\u00e3o de problemas<\/li>\n<li data-start=\"2822\" data-end=\"2843\">Aprendizado ativo<\/li>\n<\/ul>\n<hr data-start=\"2845\" data-end=\"2848\" \/>\n<p data-start=\"2850\" data-end=\"2879\">OBJETIVOS DE APRENDIZAGEM<\/p>\n<p>Os objetivos da extens\u00e3o no curso de Engenharia Mec\u00e2nica vinculados ao Programa de Inova\u00e7\u00e3o e Empreendedorismo est\u00e3o relacionados com a dissemina\u00e7\u00e3o do saber t\u00e9cnico das \u00e1reas da engenharia mec\u00e2nica para a comunidade local, prestando servi\u00e7os que possam solucionar problem\u00e1ticas identificadas na comunidade, trazendo conhecimento e efici\u00eancia, atendendo a sociedade nas necessidades e transferindo conhecimento acad\u00eamico para a comunidade, preparando o egresso para uma atua\u00e7\u00e3o global, focado no mercado de trabalho, consci\u00eancia social, \u00e9tica e desenvolvimento de compet\u00eancias de aplica\u00e7\u00e3o de projetos e solu\u00e7\u00f5es t\u00e9cnicas na sua \u00e1rea de forma\u00e7\u00e3o.<\/p>\n<p>O aluno ter\u00e1 oportunidade de prestar apoio para a sociedade em temas como economia<a href=\"http:\/\/portifolioos-prontos.com\">,<\/a> gest\u00e3o da produ\u00e7\u00e3o, gest\u00e3o de projetos e gest\u00e3o da manuten\u00e7\u00e3o.<\/p>\n<hr data-start=\"3680\" data-end=\"3683\" \/>\n<p data-start=\"3685\" data-end=\"3698\">CONTE\u00daDOS<\/p>\n<p>I. Economia<br data-start=\"3710\" data-end=\"3713\" \/>II. Gest\u00e3o de produ\u00e7\u00e3o e de projetos<br data-start=\"3749\" data-end=\"3752\" \/>III. Manuten\u00e7\u00e3o<\/p>\n<hr data-start=\"3771\" data-end=\"3774\" \/>\n<p data-start=\"3776\" data-end=\"3805\">INDICA\u00c7\u00d5ES BIBLIOGR\u00c1FICAS<\/p>\n<ul data-start=\"3806\" data-end=\"4206\">\n<li data-start=\"3806\" data-end=\"3943\">MAXIMINIANO, Ant\u00f4nio Cesar Amaru.\u00a0<strong data-start=\"3842\" data-end=\"3911\">Administra\u00e7\u00e3o de projetos: como transformar ideias em resultados.<\/strong>\u00a05.ed. S\u00e3o Paulo: Atlas, 2014.<\/li>\n<li data-start=\"3944\" data-end=\"4039\">BLANK, Leland; TARQUIN, Anthony.\u00a0<strong data-start=\"3979\" data-end=\"4004\">Engenharia econ\u00f4mica.<\/strong>\u00a06. ed. Porto Alegre: AMGH, 2011.<\/li>\n<li data-start=\"4040\" data-end=\"4206\">SOEIRO, Marcus Vin\u00edcius de Abreu; OLIVIO, Amauri; LUCATO, Andr\u00e9 Vicente Ricco.\u00a0<strong data-start=\"4121\" data-end=\"4146\">Gest\u00e3o da manuten\u00e7\u00e3o.<\/strong>\u00a0Londrina: Editora e Distribuidora Educacional S.A., 2017.<\/li>\n<\/ul>\n<hr data-start=\"4208\" data-end=\"4211\" \/>\n<p data-start=\"4213\" data-end=\"4232\">RELAT\u00d3RIO FINAL<\/p>\n<p><strong data-start=\"4234\" data-end=\"4281\">DESCRI\u00c7\u00c3O DA A\u00c7\u00c3O COM RESULTADOS ALCAN\u00c7ADOS<\/strong><\/p>\n<ul data-start=\"4284\" data-end=\"4860\">\n<li data-start=\"4284\" data-end=\"4589\">Metas dos Objetivos de Desenvolvimento Sustent\u00e1vel (ODS) aderentes a este projeto<a href=\"http:\/\/portfolio-pronto.com\">:<\/a>\n<ul data-start=\"4373\" data-end=\"4589\">\n<li data-start=\"4373\" data-end=\"4589\">CAMPO OBRIGAT\u00d3RIO \u2013 busque no seu Template PDCA quais Metas voc\u00ea selecionou como aderentes ao seu projeto, conforme cada Objetivo de Desenvolvimento Sustent\u00e1vel (ODS) da ONU que voc\u00ea explorou no seu planejamento.<\/li>\n<\/ul>\n<\/li>\n<li data-start=\"4590\" data-end=\"4645\">Liste as Metas selecionadas (pelo menos uma op\u00e7\u00e3o):<\/li>\n<li data-start=\"4646\" data-end=\"4697\">Local de realiza\u00e7\u00e3o da atividade extensionista:<\/li>\n<li data-start=\"4698\" data-end=\"4717\">Durante a a\u00e7\u00e3o:<\/li>\n<li data-start=\"4718\" data-end=\"4793\">Caso necess\u00e1rio, houve mudan\u00e7a de estrat\u00e9gia para alcan\u00e7ar o resultado:<\/li>\n<li data-start=\"4794\" data-end=\"4816\">Resultado da a\u00e7\u00e3o:<\/li>\n<li data-start=\"4817\" data-end=\"4831\">Conclus\u00e3o:<\/li>\n<li data-start=\"4832\" data-end=\"4860\">Depoimentos (se houver):<\/li>\n<\/ul>\n<hr data-start=\"4862\" data-end=\"4865\" \/>\n<p><strong data-start=\"4867\" data-end=\"4953\">RELATE SUA PERCEP\u00c7\u00c3O DAS A\u00c7\u00d5ES EXTENSIONISTAS REALIZADAS NO PROGRAMA DESENVOLVIDO:<\/strong><br data-start=\"4953\" data-end=\"4956\" \/>CAMPO OBRIGAT\u00d3RIO \u2013 relate em no m\u00ednimo 15 (quinze) linhas sua experi\u00eancia com as a\u00e7\u00f5es extensionistas. O texto deve ser de sua autoria e in\u00e9dito, evite pl\u00e1gio.<\/p>\n<p><strong data-start=\"5120\" data-end=\"5145\">Quest\u00f5es norteadoras:<\/strong><\/p>\n<ol data-start=\"5148\" data-end=\"5420\">\n<li data-start=\"5148\" data-end=\"5257\">Voc\u00ea notou que suas habilidades profissionais foram aprimoradas, com a atua\u00e7\u00e3o nas a\u00e7\u00f5es extensionistas?<\/li>\n<li data-start=\"5258\" data-end=\"5324\">Voc\u00ea identificou melhoria\/resolu\u00e7\u00e3o do problema identificado?<\/li>\n<li data-start=\"5325\" data-end=\"5420\">Voc\u00ea conseguiu articular os conhecimentos adquiridos no curso com as a\u00e7\u00f5es extensionistas?<\/li>\n<\/ol>\n<p>Ao escrever seu texto, evite deix\u00e1-lo em forma de respostas \u00e0s quest\u00f5es norteadoras; relate sua experi\u00eancia em forma de texto dissertativo com justificativas.<\/p>\n<hr data-start=\"5584\" data-end=\"5587\" \/>\n<p><strong data-start=\"5589\" data-end=\"5631\">DEPOIMENTO DA INSTITUI\u00c7\u00c3O PARTICIPANTE<\/strong><br data-start=\"5631\" data-end=\"5634\" \/>CAMPO OBRIGAT\u00d3RIO \u2013 insira depoimento(s) do(s) gestor(es) da institui\u00e7\u00e3o\/\u00f3rg\u00e3o\/associa\u00e7\u00e3o participante que contribuam como feedback da a\u00e7\u00e3o realizada por voc\u00ea.<\/p>\n<hr data-start=\"5797\" data-end=\"5800\" \/>\n<p data-start=\"5802\" data-end=\"5834\">REFER\u00caNCIAS BIBLIOGR\u00c1FICAS<\/p>\n<p>CAMPO OBRIGAT\u00d3RIO \u2013 siga as normas ABNT; utilize como refer\u00eancias bibliogr\u00e1ficas as indica\u00e7\u00f5es do campo \u201cIndica\u00e7\u00f5es Bibliogr\u00e1ficas\u201d e demais refer\u00eancias utilizadas no desenvolvimento do projeto.<\/p>\n<hr data-start=\"6033\" data-end=\"6036\" \/>\n<p data-start=\"6038\" data-end=\"6068\">AUTOAVALIA\u00c7\u00c3O DA ATIVIDADE<\/p>\n<p>Realize a sua avalia\u00e7\u00e3o em rela\u00e7\u00e3o \u00e0 atividade desenvolvida, considerando uma escala de 0 a 10 para cada pergunta, assinalando com um X:<\/p>\n<ol data-start=\"6209\" data-end=\"7406\">\n<li data-start=\"6209\" data-end=\"6401\">A atividade permitiu o desenvolvimento do projeto de extens\u00e3o articulando as compet\u00eancias e conte\u00fados propostos junto ao Curso?<br data-start=\"6339\" data-end=\"6342\" \/>0 1 2 3 4 5 6 7 8 9 10<br data-start=\"6364\" data-end=\"6367\" \/>() () () () () () () () () () ()<\/li>\n<li data-start=\"6403\" data-end=\"6534\">A atividade possui carga hor\u00e1ria suficiente para a sua realiza\u00e7\u00e3o?<br data-start=\"6472\" data-end=\"6475\" \/>0 1 2 3 4 5 6 7 8 9 10<br data-start=\"6497\" data-end=\"6500\" \/>() () () () () () () () () () ()<\/li>\n<li data-start=\"6536\" data-end=\"6687\">A atividade \u00e9 relevante para a sua forma\u00e7\u00e3o e articula\u00e7\u00e3o de compet\u00eancias e conte\u00fados?<br data-start=\"6625\" data-end=\"6628\" \/>0 1 2 3 4 5 6 7 8 9 10<br data-start=\"6650\" data-end=\"6653\" \/>() () () () () () () () () () ()<\/li>\n<li data-start=\"6689\" data-end=\"6952\">A atividade contribui para o cumprimento dos objetivos definidos pela Institui\u00e7\u00e3o de Ensino (IES) e Curso, observando o Plano de Desenvolvimento Institucional e Projeto Pedag\u00f3gico de Curso vigentes?<br data-start=\"6890\" data-end=\"6893\" \/>0 1 2 3 4 5 6 7 8 9 10<br data-start=\"6915\" data-end=\"6918\" \/>() () () () () () () () () () ()<\/li>\n<li data-start=\"6954\" data-end=\"7167\">A atividade contribui para a melhoria da sociedade por meio dos resultados demonstrados no relat\u00f3rio ou pelos relatos apresentados pelos envolvidos?<br data-start=\"7105\" data-end=\"7108\" \/>0 1 2 3 4 5 6 7 8 9 10<br data-start=\"7130\" data-end=\"7133\" \/>() () () () () () () () () () ()<\/li>\n<li data-start=\"7169\" data-end=\"7322\">A atividade permite o desenvolvimento de a\u00e7\u00f5es junto \u00e0 Inicia\u00e7\u00e3o Cient\u00edfica e ao Ensino?<br data-start=\"7260\" data-end=\"7263\" \/>0 1 2 3 4 5 6 7 8 9 10<br data-start=\"7285\" data-end=\"7288\" \/>() () () () () () () () () () ()<\/li>\n<li data-start=\"7324\" data-end=\"7406\">Caso queira contribuir com maior detalhamento, traga seu depoimento\/sugest\u00e3o.\n<div class=\"elementor-toggle-item\">\n<p id=\"elementor-tab-title-1941\" class=\"elementor-tab-title elementor-active\" tabindex=\"0\" role=\"tab\" data-tab=\"1\" aria-controls=\"elementor-tab-content-1941\" aria-expanded=\"true\" aria-selected=\"true\"><strong>Como funciona?<\/strong><\/p>\n<p>Elaboramos os portf\u00f3lios, j\u00e1 deixamos prontos, nas normas da ABNT e conforme os requisitos da universidade. F\u00e1cil assim! O MELHOR \u00c9 QUE VOC\u00ca COMPRA E J\u00c1 BAIXA NA HORA O SEU ARQUIVO EM WORD! Sabemos que conciliar trabalho, fam\u00edlia, vida profissional e estudos \u00e9 dif\u00edcil hoje em dia, por isso, estamos aqui para ajudar voc\u00ea. Conte com nossa qualidade, experi\u00eancia e profissionalismo adquirindo seu portf\u00f3lio conosco. GARANTIMOS SEU CONCEITO!<\/p>\n<p><strong>Como se realizam os envios?<\/strong><\/p>\n<\/div>\n<p id=\"elementor-tab-content-1942\" class=\"elementor-tab-content elementor-clearfix elementor-active\" role=\"tabpanel\" data-tab=\"2\" aria-labelledby=\"elementor-tab-title-1942\">O seu trabalho \u00e9 disponibilizado pronto, respondido e nas normas j\u00e1 na mesma hora aqui em nosso site na sua \u00e1rea de downloads e tamb\u00e9m no seu e-mail.<\/p>\n<p><strong>Em quanto tempo recebo o portf\u00f3lio?<\/strong><\/p>\n<p>Os envios s\u00e3o imediatos. Ap\u00f3s sua compra, o trabalho j\u00e1 \u00e9 disponibilizado instantaneamente aqui em nosso site e no seu e-mail.<\/p>\n<p><strong>E se o portf\u00f3lio que comprei precisar de corre\u00e7\u00e3o?<\/strong><\/p>\n<p>Caso haja alguma solicita\u00e7\u00e3o de corre\u00e7\u00e3o\/altera\u00e7\u00e3o por parte do tutor, basta entrar em contato conosco pelo\u00a0WhatsApp\u00a0que provid\u00eanciaremos sem custo algum.<\/p>\n<p><strong>Qual o formato do arquivo?<\/strong><\/p>\n<p>Os arquivos s\u00e3o enviados em formato Word e s\u00e3o edit\u00e1veis.<\/p>\n<p><strong>Caso eu tiver alguma d\u00favida, terei suporte no p\u00f3s venda?<\/strong><\/p>\n<p>Sim, com certeza. Basta clicar no \u00edcone do WhatsApp no cantinho da tela. Ser\u00e1 um prazer atend\u00ea-lo(a).<\/p>\n<div id=\"elementor-tab-content-1948\" class=\"elementor-tab-content elementor-clearfix elementor-active\" role=\"tabpanel\" data-tab=\"8\" aria-labelledby=\"elementor-tab-title-1948\">\n<p><strong>Quais os seus canais de contato?<\/strong><\/p>\n<\/div>\n<div id=\"elementor-tab-content-1949\" class=\"elementor-tab-content elementor-clearfix elementor-active\" role=\"tabpanel\" data-tab=\"9\" aria-labelledby=\"elementor-tab-title-1949\">\n<p>Whatsapp: 53 984751621 \u2013 Clicar no canto da tela ou ESCANEIE O QRCODE ABAIXO<\/p>\n<h4><img decoding=\"async\" class=\"alignnone wp-image-13699 jetpack-lazy-image jetpack-lazy-image--handled\" src=\"https:\/\/i0.wp.com\/portifolioos-prontos.com\/wp-content\/uploads\/2023\/02\/whatsapp-business-projeto-de-extensao-300x300.jpeg?resize=144%2C144\" sizes=\"(max-width: 144px) 100vw, 144px\" srcset=\"https:\/\/i0.wp.com\/portifolioos-prontos.com\/wp-content\/uploads\/2023\/02\/whatsapp-business-projeto-de-extensao.jpeg?resize=300%2C301&amp;ssl=1 300w, https:\/\/i0.wp.com\/portifolioos-prontos.com\/wp-content\/uploads\/2023\/02\/whatsapp-business-projeto-de-extensao.jpeg?resize=150%2C150&amp;ssl=1 150w, https:\/\/i0.wp.com\/portifolioos-prontos.com\/wp-content\/uploads\/2023\/02\/whatsapp-business-projeto-de-extensao.jpeg?resize=370%2C372&amp;ssl=1 370w, https:\/\/i0.wp.com\/portifolioos-prontos.com\/wp-content\/uploads\/2023\/02\/whatsapp-business-projeto-de-extensao.jpeg?resize=100%2C100&amp;ssl=1 100w, https:\/\/i0.wp.com\/portifolioos-prontos.com\/wp-content\/uploads\/2023\/02\/whatsapp-business-projeto-de-extensao.jpeg?w=470&amp;ssl=1 470w\" alt=\"projeto de extens\u00e3o unopar\" width=\"144\" height=\"144\" data-lazy-loaded=\"1\" \/><\/h4>\n<\/div>\n<div class=\"elementor-toggle-item\">\n<div id=\"elementor-tab-content-1949\" class=\"elementor-tab-content elementor-clearfix elementor-active\" role=\"tabpanel\" data-tab=\"9\" aria-labelledby=\"elementor-tab-title-1949\">\n<p>E-mail:portifoliosp@gmail.com<\/p>\n<div id=\"attachment_143\" class=\"wp-caption alignnone\">\n<div id=\"attachment_143\" class=\"wp-caption alignnone\">\n<p id=\"caption-attachment-143\" class=\"wp-caption-text\"><a href=\"http:\/\/portfolio-pronto.com\/\">Portf\u00f3lio<\/a>\u00a0em Word, respondido, completo e j\u00e1 nas normas<\/p>\n<\/div>\n<\/div>\n<\/div>\n<\/div>\n<\/li>\n<\/ol>\n","protected":false},"excerpt":{"rendered":"<div class=\"product-short-description\">\n<div><span style=\"color: #ff0000\"><strong>Receba um Relat\u00f3rio Final de Atividades Extensionistas j\u00e1 preenchido, com um projeto totalmente desenvolvido para entrega.<\/strong><\/span><\/div>\n<div class=\"product-short-description\"><strong>Pague pelo PIX ou cart\u00e3o e fa\u00e7a o download agora mesmo.<\/strong><\/div>\n<div class=\"sticky-add-to-cart-wrapper\">\n<div class=\"sticky-add-to-cart\">\n<p class=\"quantity buttons_added form-flat\"><img decoding=\"async\" class=\"lazyloaded smush-image-5 smush-image-3 smush-image-4 smush-detected-img smush-image-bigger-3\" src=\"https:\/\/d26lpennugtm8s.cloudfront.net\/assets\/common\/img\/logos\/payment\/visa@2x.png\" width=\"46\" height=\"29\" data-src=\"https:\/\/d26lpennugtm8s.cloudfront.net\/assets\/common\/img\/logos\/payment\/visa@2x.png\" \/><img decoding=\"async\" class=\"lazyloaded smush-image-6 smush-image-4 smush-image-5 smush-detected-img smush-image-bigger-4\" src=\"https:\/\/d26lpennugtm8s.cloudfront.net\/assets\/common\/img\/logos\/payment\/boleto@2x.png\" width=\"43\" height=\"27\" data-src=\"https:\/\/d26lpennugtm8s.cloudfront.net\/assets\/common\/img\/logos\/payment\/boleto@2x.png\" \/><img loading=\"lazy\" decoding=\"async\" class=\"lazyloaded smush-image-7 smush-image-5 smush-image-6 smush-detected-img smush-image-bigger-5\" src=\"https:\/\/d26lpennugtm8s.cloudfront.net\/assets\/common\/img\/logos\/payment\/mastercard@2x.png\" width=\"43\" height=\"27\" data-src=\"https:\/\/d26lpennugtm8s.cloudfront.net\/assets\/common\/img\/logos\/payment\/mastercard@2x.png\" \/><img loading=\"lazy\" decoding=\"async\" class=\"lazyloaded smush-image-8 smush-image-6 smush-image-7 smush-detected-img smush-image-bigger-6\" src=\"https:\/\/d26lpennugtm8s.cloudfront.net\/assets\/common\/img\/logos\/payment\/amex@2x.png\" width=\"43\" height=\"27\" data-src=\"https:\/\/d26lpennugtm8s.cloudfront.net\/assets\/common\/img\/logos\/payment\/amex@2x.png\" \/><img loading=\"lazy\" decoding=\"async\" class=\"lazyloaded smush-image-9 smush-image-7 smush-image-8 smush-detected-img smush-image-bigger-7\" src=\"https:\/\/d26lpennugtm8s.cloudfront.net\/assets\/common\/img\/logos\/payment\/diners@2x.png\" width=\"46\" height=\"29\" data-src=\"https:\/\/d26lpennugtm8s.cloudfront.net\/assets\/common\/img\/logos\/payment\/diners@2x.png\" \/><img loading=\"lazy\" decoding=\"async\" class=\"lazyloaded smush-image-10 smush-image-8 smush-image-9 alignnone smush-detected-img smush-image-bigger-8\" src=\"https:\/\/d26lpennugtm8s.cloudfront.net\/assets\/common\/img\/logos\/payment\/br\/elo@2x.png\" alt=\"portf\u00f3lio unopar anhanguera\" width=\"45\" height=\"28\" data-src=\"https:\/\/d26lpennugtm8s.cloudfront.net\/assets\/common\/img\/logos\/payment\/br\/elo@2x.png\" \/><img loading=\"lazy\" decoding=\"async\" class=\"lazyloaded smush-image-11 smush-image-9 smush-image-10 alignnone smush-detected-img smush-image-bigger-9\" src=\"https:\/\/d26lpennugtm8s.cloudfront.net\/assets\/common\/img\/logos\/payment\/br\/hipercard@2x.png\" alt=\"portf\u00f3lio unopar anhanguera\" width=\"44\" height=\"28\" data-src=\"https:\/\/d26lpennugtm8s.cloudfront.net\/assets\/common\/img\/logos\/payment\/br\/hipercard@2x.png\" \/><img loading=\"lazy\" decoding=\"async\" class=\"lazyloaded smush-image-12 smush-image-10 smush-image-11 alignnone smush-detected-img smush-image-bigger-10\" src=\"https:\/\/d26lpennugtm8s.cloudfront.net\/assets\/common\/img\/logos\/payment\/mercadopago@2x.png\" alt=\"portf\u00f3lio unopar anhanguera\" width=\"45\" height=\"28\" data-src=\"https:\/\/d26lpennugtm8s.cloudfront.net\/assets\/common\/img\/logos\/payment\/mercadopago@2x.png\" \/><img loading=\"lazy\" decoding=\"async\" class=\"alignnone ls-is-cached lazyloaded smush-detected-img smush-image-bigger-11\" src=\"https:\/\/futurium.com.br\/wp-content\/uploads\/2021\/06\/logo-pix-icone-512.png\" alt=\"portfolio pronto\" width=\"30\" height=\"30\" data-src=\"https:\/\/futurium.com.br\/wp-content\/uploads\/2021\/06\/logo-pix-icone-512.png\" \/><\/p>\n<\/div>\n<\/div>\n<\/div>\n","protected":false},"featured_media":43161,"template":"","meta":{"_seopress_robots_primary_cat":"","_seopress_titles_title":"","_seopress_titles_desc":"","_seopress_robots_index":""},"product_cat":[287],"product_tag":[],"class_list":{"0":"post-43160","1":"product","2":"type-product","3":"status-publish","4":"has-post-thumbnail","6":"product_cat-engenharia-mecanica","8":"first","9":"instock","10":"shipping-taxable","11":"purchasable","12":"product-type-simple","13":"col-xs-6 col-sm-4","14":"col-mf-5","15":"un-5-cols"},"jetpack_sharing_enabled":true,"_links":{"self":[{"href":"https:\/\/portifolioos-prontos.com\/index.php\/wp-json\/wp\/v2\/product\/43160","targetHints":{"allow":["GET"]}}],"collection":[{"href":"https:\/\/portifolioos-prontos.com\/index.php\/wp-json\/wp\/v2\/product"}],"about":[{"href":"https:\/\/portifolioos-prontos.com\/index.php\/wp-json\/wp\/v2\/types\/product"}],"version-history":[{"count":1,"href":"https:\/\/portifolioos-prontos.com\/index.php\/wp-json\/wp\/v2\/product\/43160\/revisions"}],"predecessor-version":[{"id":44086,"href":"https:\/\/portifolioos-prontos.com\/index.php\/wp-json\/wp\/v2\/product\/43160\/revisions\/44086"}],"wp:featuredmedia":[{"embeddable":true,"href":"https:\/\/portifolioos-prontos.com\/index.php\/wp-json\/wp\/v2\/media\/43161"}],"wp:attachment":[{"href":"https:\/\/portifolioos-prontos.com\/index.php\/wp-json\/wp\/v2\/media?parent=43160"}],"wp:term":[{"taxonomy":"product_cat","embeddable":true,"href":"https:\/\/portifolioos-prontos.com\/index.php\/wp-json\/wp\/v2\/product_cat?post=43160"},{"taxonomy":"product_tag","embeddable":true,"href":"https:\/\/portifolioos-prontos.com\/index.php\/wp-json\/wp\/v2\/product_tag?post=43160"}],"curies":[{"name":"wp","href":"https:\/\/api.w.org\/{rel}","templated":true}]}}