{"id":43229,"date":"2025-08-18T19:27:42","date_gmt":"2025-08-18T22:27:42","guid":{"rendered":"https:\/\/portifolioos-prontos.com\/?post_type=product&#038;p=43229"},"modified":"2025-10-11T14:11:58","modified_gmt":"2025-10-11T17:11:58","slug":"aula-pratica-morfossintaxe-da-lingua-inglesa","status":"publish","type":"product","link":"https:\/\/portifolioos-prontos.com\/index.php\/product\/aula-pratica-morfossintaxe-da-lingua-inglesa\/","title":{"rendered":"Aula Pr\u00e1tica Morfossintaxe da L\u00edngua Inglesa"},"content":{"rendered":"<h5>Aula Pr\u00e1tica Morfossintaxe da L\u00edngua Inglesa<\/h5>\n<p>ROTEIRO DE AULA PR\u00c1TICA<br \/>\nNOME DA DISCIPLINA: MORFOSSINTAXE DA L\u00cdNGUA INGLESA<br \/>\nUnidade: U2_TENSES<br \/>\nAula: A2_PAST TENSES<br \/>\nOBJETIVOS<br \/>\nDefini\u00e7\u00e3o dos objetivos da aula pr\u00e1tica:<br \/>\n\u2022 Identificar e aplicar corretamente o tempo verbal simple past em narrativas pessoais.<br \/>\n\u2022 Produzir um texto em formato de blog, em ingl\u00eas, sobre um acontecimento pessoal.<br \/>\n\u2022 Utilizar conectores temporais para organizar sequ\u00eancias narrativas.<br \/>\n\u2022 Explorar aspectos morfossint\u00e1ticos relacionados a sujeitos, verbos e ordem das palavras<br \/>\nem ingl\u00eas.<br \/>\nSOLU\u00c7\u00c3O DIGITAL:<br \/>\nSite Blogger, dispon\u00edvel em: https:\/\/www.blogger.com\/about\/?hl=pt-br. Servi\u00e7o gratuito do<br \/>\nGoogle para publica\u00e7\u00e3o de blogs.<br \/>\nPROCEDIMENTOS PR\u00c1TICOS E APLICA\u00c7\u00d5ES<br \/>\nAtividade:<br \/>\nAtividade proposta: Elaborar um post de blog, em ingl\u00eas, utilizando verbos no simple past,<br \/>\npara narrar um evento que aconteceu ontem ou na semana anterior.<br \/>\nProcedimentos para a realiza\u00e7\u00e3o da atividade:<br \/>\n1. Revise o uso do simple past no link: https:\/\/blog.duolingo.com\/pt\/verbos-no-passadosimples-em-ingles\/.<br \/>\n2. Leitura: modelo e an\u00e1lise gramatical<br \/>\nLeia o texto abaixo, que simula um texto de um blog. Em seguida, identifique os verbos no simple<br \/>\npast sublinhando-os ou listando-os no documento que ser\u00e1 enviado pelo AVA.<br \/>\nA big day<br \/>\nP\u00fablico3<br \/>\nBy Tyler 17 hours ago<br \/>\nYesterday was a big day for me. It was the first day of my new job!<br \/>\nFirst, I got up at 6:30. I usually get up at 8:00 or 8:30. I was very excited!<br \/>\nNext, I took a shower and got dressed. Then I looked in the mirror for a long time. Did my suit look<br \/>\nOK? I was excited and nervous.<br \/>\nAfter that, I went to my new office by taxi. I didn\u2019t want to be late! My new boss greeted me with a<br \/>\nbig smile. Good!<br \/>\nIn the afternoon, I had lunch at a restaurant with my new co-workers. We talked and laughed a<br \/>\nlot.<br \/>\nFinally, I went home. I had dinner and went to bed early, at 9:00. I was really tired!<br \/>\n3. Planejamento do seu texto:<br \/>\nAntes de escrever, planeje seu blog post.<br \/>\n\u2022 Qual evento voc\u00ea vai narrar?<br \/>\nPutting events in order<br \/>\n\u2022 First:<br \/>\nFirst, I got up at 6:30.<br \/>\n\u2022 Next:<br \/>\nNext, I took a shower.<br \/>\n\u2022 Then:<br \/>\nThen I looked in the mirror.<br \/>\n\u2022 After that:<br \/>\nAfter that, I went to my new office.<br \/>\n\u2022 Finally:<br \/>\nFinally, I went home.<br \/>\nP\u00fablico4<br \/>\n\u2022 Quais a\u00e7\u00f5es importantes aconteceram?<br \/>\n\u2022 Que conectores temporais voc\u00ea usar\u00e1? Exemplos: First, Next, Then, After that, Finally.<br \/>\n\u2022 Use a tabela de verbos irregulares, quando necess\u00e1rio. Voc\u00ea pode utilizar a<br \/>\ndisponibilizada no link: https:\/\/www.cambridgeenglish.org\/de\/Images\/734560-eguirregular-verbs-portrait-web.pdf.<br \/>\n4. Produ\u00e7\u00e3o do blog<br \/>\nEscreva uma postagem de um blog, utilizando o site Blogger, com aproximadamente 10 linhas,<br \/>\nusando simple past.<br \/>\nT\u00edtulo do blog post: livre escolha.<br \/>\nTema: Um acontecimento importante que aconteceu ontem ou semana passada (pode ser real<br \/>\nou fict\u00edcio).<br \/>\nFormato: Par\u00e1grafos curtos e linguagem pessoal.<br \/>\nInsira imagens que represente os eventos descritos, como em um blog.<br \/>\n5. Entrega<br \/>\nAp\u00f3s a conclus\u00e3o, o material dever\u00e1 ser postado no AVA, para a avalia\u00e7\u00e3o do resultado,<br \/>\ncontendo:<br \/>\na) os verbos que encontram-se no simple past, na atividade 2;<br \/>\nb) a postagem do seu blog: indique o link e tire prints do seu blog.<br \/>\nAvaliando os resultados:<br \/>\nAo final, voc\u00ea ser\u00e1 capaz de<a href=\"http:\/\/PORTIFOLIOOS-PRONTOS.COM\">:<\/a><br \/>\n\u2022 Identificar e utilizar corretamente o simple past.<br \/>\n\u2022 Produzir um texto narrativo com base na morfossintaxe adequada do ingl\u00eas.<br \/>\n\u2022 Aplicar conectores temporais em sequ\u00eancia l\u00f3gica.<br \/>\n\u2022 Demonstrar conhecimento pr\u00e1tico da estrutura verbal e da organiza\u00e7\u00e3o frasal do ingl\u00eas.<br \/>\nChecklist:<br \/>\n\u2022 Leu e analisou o texto-modelo de um blog.<br \/>\nP\u00fablico5<br \/>\n\u2022 Listou e classificou verbos n<a href=\"http:\/\/portfolio-pronto.com\">o<\/a> simple past.<br \/>\n\u2022 Planejou o conte\u00fado do seu texto.<br \/>\n\u2022 Escreveu um blog em ingl\u00eas com uso adequado do simple past.<br \/>\n\u2022 Utilizou conectores temporais.<br \/>\n\u2022 Organizou o texto com clareza e coes\u00e3o.<br \/>\nRESULTADOS<br \/>\nResultado da atividade:<br \/>\nAo final dessa aula pr\u00e1tica, envie pelo AVA um arquivo word, contemplando:<br \/>\na) os verbos que encontram-se no simple past, na atividade 2;<br \/>\nb) a postagem do seu blog: indique o link e tire prints do seu blog.<br \/>\nTenha certeza que o texto est\u00e1 leg\u00edvel para a corre\u00e7\u00e3o!<br \/>\nResultados de Aprendizagem:<br \/>\nAo final da atividade, espera-se que o estudante seja capaz de identificar e aplicar corretamente<br \/>\no tempo verbal simple past em contextos narrativos, reconhecendo a diferen\u00e7a entre verbos<br \/>\nregulares e irregulares. Tamb\u00e9m se espera que ele utilize estruturas morfossint\u00e1ticas adequadas<br \/>\nna constru\u00e7\u00e3o de frases afirmativas, negativas e interrogativas em ingl\u00eas, com aten\u00e7\u00e3o \u00e0 rela\u00e7\u00e3o<br \/>\nentre sujeito, verbo e complementos. A produ\u00e7\u00e3o do blog permitir\u00e1 ao aluno planejar e organizar<br \/>\num texto com coes\u00e3o e coer\u00eancia, empregando conectores temporais para narrar fatos em ordem<br \/>\nl\u00f3gica. Al\u00e9m disso, o aluno dever\u00e1 demonstrar dom\u00ednio dos recursos lingu\u00edsticos essenciais \u00e0<br \/>\nnarrativa em l\u00edngua inglesa e refletir sobre seu pr\u00f3prio processo de aprendizagem por meio da<br \/>\nan\u00e1lise da estrutura gramatical e textual utilizada em sua produ\u00e7\u00e3o escrita.<br \/>\nRefer\u00eancias:<br \/>\nCambrige English. Irregular verbs. Dispon\u00edvel em:<br \/>\nhttps:\/\/www.cambridgeenglish.org\/de\/Images\/734560-egu-irregular-verbs-portrait-web.pdf. Acesso<br \/>\nem: 25 de jun. de 2025.<br \/>\nDUOLINGO BLOG. Como formar verbos no passado simples em ingl\u00eas e quando eles s\u00e3o<br \/>\nusados. Dispon\u00edvel em: https:\/\/blog.duolingo.com\/pt\/verbos-no-passado-simples-em-ingles\/.<br \/>\nAcesso em: 25 de jun. de 2025.<br \/>\nBLOGGER. Dispon\u00edvel em: https:\/\/www.blogger.com\/about\/?hl=pt-br. Acesso em: 25 de jun. de<br \/>\n2025<\/p>\n<div class=\"elementor-toggle-item\">\n<p id=\"elementor-tab-title-1941\" class=\"elementor-tab-title elementor-active\" tabindex=\"0\" role=\"tab\" data-tab=\"1\" aria-controls=\"elementor-tab-content-1941\" aria-expanded=\"true\" aria-selected=\"true\"><strong>Como funciona?<\/strong><\/p>\n<p>Elaboramos os portf\u00f3lios, j\u00e1 deixamos prontos, nas normas da ABNT e conforme os requisitos da universidade. F\u00e1cil assim! O MELHOR \u00c9 QUE VOC\u00ca COMPRA E J\u00c1 BAIXA NA HORA O SEU ARQUIVO EM WORD! Sabemos que conciliar trabalho, fam\u00edlia, vida profissional e estudos \u00e9 dif\u00edcil hoje em dia, por isso, estamos aqui para ajudar voc\u00ea. Conte com nossa qualidade, experi\u00eancia e profissionalismo adquirindo seu portf\u00f3lio conosco. GARANTIMOS SEU CONCEITO!<\/p>\n<p><strong>Como se realizam os envios?<\/strong><\/p>\n<\/div>\n<p id=\"elementor-tab-content-1942\" class=\"elementor-tab-content elementor-clearfix elementor-active\" role=\"tabpanel\" data-tab=\"2\" aria-labelledby=\"elementor-tab-title-1942\">O seu trabalho \u00e9 disponibilizado pronto, respondido e nas normas j\u00e1 na mesma hora aqui em nosso site na sua \u00e1rea de downloads e tamb\u00e9m no seu e-mail.<\/p>\n<p><strong>Em quanto tempo recebo o portf\u00f3lio?<\/strong><\/p>\n<p>Os envios s\u00e3o imediatos. Ap\u00f3s sua compra, o trabalho j\u00e1 \u00e9 disponibilizado instantaneamente aqui em nosso site e no seu e-mail.<\/p>\n<p><strong>E se o portf\u00f3lio que comprei precisar de corre\u00e7\u00e3o?<\/strong><\/p>\n<p>Caso haja alguma solicita\u00e7\u00e3o de corre\u00e7\u00e3o\/altera\u00e7\u00e3o por parte do tutor, basta entrar em contato conosco pelo\u00a0WhatsApp\u00a0que provid\u00eanciaremos sem custo algum.<\/p>\n<p><strong>Qual o formato do arquivo?<\/strong><\/p>\n<p>Os arquivos s\u00e3o enviados em formato Word e s\u00e3o edit\u00e1veis.<\/p>\n<p><strong>Caso eu tiver alguma d\u00favida, terei suporte no p\u00f3s venda?<\/strong><\/p>\n<p>Sim, com certeza. Basta clicar no \u00edcone do WhatsApp no cantinho da tela. Ser\u00e1 um prazer atend\u00ea-lo(a).<\/p>\n<div id=\"elementor-tab-content-1948\" class=\"elementor-tab-content elementor-clearfix elementor-active\" role=\"tabpanel\" data-tab=\"8\" aria-labelledby=\"elementor-tab-title-1948\">\n<p><strong>Quais os seus canais de contato?<\/strong><\/p>\n<\/div>\n<div id=\"elementor-tab-content-1949\" class=\"elementor-tab-content elementor-clearfix elementor-active\" role=\"tabpanel\" data-tab=\"9\" aria-labelledby=\"elementor-tab-title-1949\">\n<p>Whatsapp: 53 984751621 \u2013 Clicar no canto da tela ou ESCANEIE O QRCODE ABAIXO<\/p>\n<h4><img decoding=\"async\" class=\"alignnone wp-image-13699 jetpack-lazy-image jetpack-lazy-image--handled\" src=\"https:\/\/i0.wp.com\/portifolioos-prontos.com\/wp-content\/uploads\/2023\/02\/whatsapp-business-projeto-de-extensao-300x300.jpeg?resize=144%2C144\" sizes=\"(max-width: 144px) 100vw, 144px\" srcset=\"https:\/\/i0.wp.com\/portifolioos-prontos.com\/wp-content\/uploads\/2023\/02\/whatsapp-business-projeto-de-extensao.jpeg?resize=300%2C301&amp;ssl=1 300w, https:\/\/i0.wp.com\/portifolioos-prontos.com\/wp-content\/uploads\/2023\/02\/whatsapp-business-projeto-de-extensao.jpeg?resize=150%2C150&amp;ssl=1 150w, https:\/\/i0.wp.com\/portifolioos-prontos.com\/wp-content\/uploads\/2023\/02\/whatsapp-business-projeto-de-extensao.jpeg?resize=370%2C372&amp;ssl=1 370w, https:\/\/i0.wp.com\/portifolioos-prontos.com\/wp-content\/uploads\/2023\/02\/whatsapp-business-projeto-de-extensao.jpeg?resize=100%2C100&amp;ssl=1 100w, https:\/\/i0.wp.com\/portifolioos-prontos.com\/wp-content\/uploads\/2023\/02\/whatsapp-business-projeto-de-extensao.jpeg?w=470&amp;ssl=1 470w\" alt=\"projeto de extens\u00e3o unopar\" width=\"144\" height=\"144\" data-lazy-loaded=\"1\" \/><\/h4>\n<\/div>\n<div class=\"elementor-toggle-item\">\n<div id=\"elementor-tab-content-1949\" class=\"elementor-tab-content elementor-clearfix elementor-active\" role=\"tabpanel\" data-tab=\"9\" aria-labelledby=\"elementor-tab-title-1949\">\n<p>E-mail:portifoliosp@gmail.com<\/p>\n<div id=\"attachment_143\" class=\"wp-caption alignnone\">\n<div id=\"attachment_143\" class=\"wp-caption alignnone\">\n<p id=\"caption-attachment-143\" class=\"wp-caption-text\"><a href=\"http:\/\/portfolio-pronto.com\/\">Portf\u00f3lio<\/a>\u00a0em Word, respondido, completo e j\u00e1 nas normas<\/p>\n<\/div>\n<\/div>\n<\/div>\n<\/div>\n","protected":false},"excerpt":{"rendered":"<div class=\"product-short-description\">\n<p><strong>Pague pelo PIX ou cart\u00e3o e fa\u00e7a o download agora mesmo.<\/strong><\/p>\n<\/div>\n<div class=\"sticky-add-to-cart-wrapper\">\n<div class=\"sticky-add-to-cart\">\n<p class=\"quantity buttons_added form-flat\"><img decoding=\"async\" class=\"lazyloaded smush-image-5 smush-image-3 smush-image-4 smush-detected-img smush-image-bigger-3\" src=\"https:\/\/d26lpennugtm8s.cloudfront.net\/assets\/common\/img\/logos\/payment\/visa@2x.png\" width=\"46\" height=\"29\" data-src=\"https:\/\/d26lpennugtm8s.cloudfront.net\/assets\/common\/img\/logos\/payment\/visa@2x.png\" \/><img decoding=\"async\" class=\"lazyloaded smush-image-6 smush-image-4 smush-image-5 smush-detected-img smush-image-bigger-4\" src=\"https:\/\/d26lpennugtm8s.cloudfront.net\/assets\/common\/img\/logos\/payment\/boleto@2x.png\" width=\"43\" height=\"27\" data-src=\"https:\/\/d26lpennugtm8s.cloudfront.net\/assets\/common\/img\/logos\/payment\/boleto@2x.png\" \/><img loading=\"lazy\" decoding=\"async\" class=\"lazyloaded smush-image-7 smush-image-5 smush-image-6 smush-detected-img smush-image-bigger-5\" src=\"https:\/\/d26lpennugtm8s.cloudfront.net\/assets\/common\/img\/logos\/payment\/mastercard@2x.png\" width=\"43\" height=\"27\" data-src=\"https:\/\/d26lpennugtm8s.cloudfront.net\/assets\/common\/img\/logos\/payment\/mastercard@2x.png\" \/><img loading=\"lazy\" decoding=\"async\" class=\"lazyloaded smush-image-8 smush-image-6 smush-image-7 smush-detected-img smush-image-bigger-6\" src=\"https:\/\/d26lpennugtm8s.cloudfront.net\/assets\/common\/img\/logos\/payment\/amex@2x.png\" width=\"43\" height=\"27\" data-src=\"https:\/\/d26lpennugtm8s.cloudfront.net\/assets\/common\/img\/logos\/payment\/amex@2x.png\" \/><img loading=\"lazy\" decoding=\"async\" class=\"lazyloaded smush-image-9 smush-image-7 smush-image-8 smush-detected-img smush-image-bigger-7\" src=\"https:\/\/d26lpennugtm8s.cloudfront.net\/assets\/common\/img\/logos\/payment\/diners@2x.png\" width=\"46\" height=\"29\" data-src=\"https:\/\/d26lpennugtm8s.cloudfront.net\/assets\/common\/img\/logos\/payment\/diners@2x.png\" \/><img loading=\"lazy\" decoding=\"async\" class=\"lazyloaded smush-image-10 smush-image-8 smush-image-9 alignnone smush-detected-img smush-image-bigger-8\" src=\"https:\/\/d26lpennugtm8s.cloudfront.net\/assets\/common\/img\/logos\/payment\/br\/elo@2x.png\" alt=\"portf\u00f3lio unopar anhanguera\" width=\"45\" height=\"28\" data-src=\"https:\/\/d26lpennugtm8s.cloudfront.net\/assets\/common\/img\/logos\/payment\/br\/elo@2x.png\" \/><img loading=\"lazy\" decoding=\"async\" class=\"lazyloaded smush-image-11 smush-image-9 smush-image-10 alignnone smush-detected-img smush-image-bigger-9\" src=\"https:\/\/d26lpennugtm8s.cloudfront.net\/assets\/common\/img\/logos\/payment\/br\/hipercard@2x.png\" alt=\"portf\u00f3lio unopar anhanguera\" width=\"44\" height=\"28\" data-src=\"https:\/\/d26lpennugtm8s.cloudfront.net\/assets\/common\/img\/logos\/payment\/br\/hipercard@2x.png\" \/><img loading=\"lazy\" decoding=\"async\" class=\"lazyloaded smush-image-12 smush-image-10 smush-image-11 alignnone smush-detected-img smush-image-bigger-10\" src=\"https:\/\/d26lpennugtm8s.cloudfront.net\/assets\/common\/img\/logos\/payment\/mercadopago@2x.png\" alt=\"portf\u00f3lio unopar anhanguera\" width=\"45\" height=\"28\" data-src=\"https:\/\/d26lpennugtm8s.cloudfront.net\/assets\/common\/img\/logos\/payment\/mercadopago@2x.png\" \/><img loading=\"lazy\" decoding=\"async\" class=\"alignnone ls-is-cached lazyloaded smush-detected-img smush-image-bigger-11\" src=\"https:\/\/futurium.com.br\/wp-content\/uploads\/2021\/06\/logo-pix-icone-512.png\" alt=\"portfolio pronto\" width=\"30\" height=\"30\" data-src=\"https:\/\/futurium.com.br\/wp-content\/uploads\/2021\/06\/logo-pix-icone-512.png\" \/><\/p>\n<\/div>\n<\/div>\n","protected":false},"featured_media":43230,"template":"","meta":{"_seopress_robots_primary_cat":"","_seopress_titles_title":"","_seopress_titles_desc":"","_seopress_robots_index":""},"product_cat":[219,114],"product_tag":[],"class_list":{"0":"post-43229","1":"product","2":"type-product","3":"status-publish","4":"has-post-thumbnail","6":"product_cat-ingles","7":"product_cat-letras","9":"first","10":"instock","11":"downloadable","12":"virtual","13":"purchasable","14":"product-type-simple","15":"col-xs-6 col-sm-4","16":"col-mf-5","17":"un-5-cols"},"jetpack_sharing_enabled":true,"_links":{"self":[{"href":"https:\/\/portifolioos-prontos.com\/index.php\/wp-json\/wp\/v2\/product\/43229","targetHints":{"allow":["GET"]}}],"collection":[{"href":"https:\/\/portifolioos-prontos.com\/index.php\/wp-json\/wp\/v2\/product"}],"about":[{"href":"https:\/\/portifolioos-prontos.com\/index.php\/wp-json\/wp\/v2\/types\/product"}],"version-history":[{"count":1,"href":"https:\/\/portifolioos-prontos.com\/index.php\/wp-json\/wp\/v2\/product\/43229\/revisions"}],"predecessor-version":[{"id":45705,"href":"https:\/\/portifolioos-prontos.com\/index.php\/wp-json\/wp\/v2\/product\/43229\/revisions\/45705"}],"wp:featuredmedia":[{"embeddable":true,"href":"https:\/\/portifolioos-prontos.com\/index.php\/wp-json\/wp\/v2\/media\/43230"}],"wp:attachment":[{"href":"https:\/\/portifolioos-prontos.com\/index.php\/wp-json\/wp\/v2\/media?parent=43229"}],"wp:term":[{"taxonomy":"product_cat","embeddable":true,"href":"https:\/\/portifolioos-prontos.com\/index.php\/wp-json\/wp\/v2\/product_cat?post=43229"},{"taxonomy":"product_tag","embeddable":true,"href":"https:\/\/portifolioos-prontos.com\/index.php\/wp-json\/wp\/v2\/product_tag?post=43229"}],"curies":[{"name":"wp","href":"https:\/\/api.w.org\/{rel}","templated":true}]}}