{"id":43508,"date":"2025-08-21T15:28:56","date_gmt":"2025-08-21T18:28:56","guid":{"rendered":"https:\/\/portifolioos-prontos.com\/?post_type=product&#038;p=43508"},"modified":"2025-10-11T14:03:48","modified_gmt":"2025-10-11T17:03:48","slug":"aula-pratica-metodos-de-analise-quimica-secao-2","status":"publish","type":"product","link":"https:\/\/portifolioos-prontos.com\/index.php\/product\/aula-pratica-metodos-de-analise-quimica-secao-2\/","title":{"rendered":"Aula Pr\u00e1tica M\u00e9todos de an\u00e1lise qu\u00edmica &#8211; Se\u00e7\u00e3o 2"},"content":{"rendered":"<h4>Aula Pr\u00e1tica M\u00e9todos de an\u00e1lise qu\u00edmica<\/h4>\n<p>ROTEIRO DE AULA PR\u00c1TICA<br \/>\nNOME DA DISCIPLINA: M\u00c9TODOS DE AN\u00c1LISE QU\u00cdMICA<br \/>\nUnidade: U1_INTRODUCAO_AOS_METODOS_DE_ANALISES_QUIMICAS<br \/>\nAula: A3_METODOS_DE_CALIBRACAO_ANALITICA<br \/>\nOBJETIVOS<br \/>\nDefini\u00e7\u00e3o dos objetivos da aula pr\u00e1tica:<br \/>\nRealizar a determina\u00e7\u00e3o de ferro em leite em p\u00f3. Para isso, ser\u00e1 utilizada a t\u00e9cnica de<br \/>\nespectrometria de absor\u00e7\u00e3o at\u00f4mica com chama e a constru\u00e7\u00e3o de curva de calibra\u00e7\u00e3o.<br \/>\nSOLU\u00c7\u00c3O DIGITAL:<br \/>\nDETERMINA\u00c7\u00c3O DE FERRO EM LEITE EM P\u00d3 POR ESPECTROMETRIA DE ABSOR\u00c7\u00c3O<br \/>\nAT\u00d4MICA<br \/>\nLaborat\u00f3rio Virtual Algetec &#8211; simulador: \u201cDETERMINA\u00c7\u00c3O DE FERRO EM LEITE EM P\u00d3<br \/>\nPOR ESPECTROMETRIA DE ABSOR\u00c7\u00c3O AT\u00d4MICA\u201d.<br \/>\nO laborat\u00f3rio virtual \u00e9 uma plataforma para simula\u00e7\u00e3o de procedimentos em laborat\u00f3rio e deve<br \/>\nser acessado preferencialmente por computador.<br \/>\nMICROSOFT EXCEL (Software)<br \/>\nMicrosoft Excel &#8211; \u00c9 um software de planilha eletr\u00f4nica amplamente utilizado para an\u00e1lise de<br \/>\ndados, c\u00e1lculos e gerenciamento de informa\u00e7\u00f5es.<br \/>\nPROCEDIMENTOS PR\u00c1TICOS E APLICA\u00c7\u00d5ES<br \/>\nProcedimento\/Atividade n\u00ba 1<br \/>\nInserir o nome do experimento: DETERMINA\u00c7\u00c3O DE FERRO EM LEITE EM P\u00d3 POR<br \/>\nESPECTROMETRIA DE ABSOR\u00c7\u00c3O AT\u00d4MICA<br \/>\nAtividade proposta: Determinar a concentra\u00e7\u00e3o de ferro em uma amostra de leite em p\u00f3,<br \/>\nutilizando espectrometria de absor\u00e7\u00e3o at\u00f4mica com chama (FAAS, do ingl\u00eas flame atomic<br \/>\nabsorption spectrometry). Para tanto, objetiva-se tamb\u00e9m a constru\u00e7\u00e3o de uma curva de<br \/>\ncalibra\u00e7\u00e3o com diferentes concentra\u00e7\u00f5es de ferro.<br \/>\nProcedimentos para a realiza\u00e7\u00e3o da atividade:<br \/>\nALGETEC \u2013 LABORAT\u00d3RIO VIRTUAL<br \/>\nP\u00fablico3<br \/>\n1 \u2013 No Algetec, acesse laborat\u00f3rio por meio do link disponibilizado em seu ambiente virtual e<br \/>\nclique no experimento Determina\u00e7\u00e3o de Ferro em Leite em P\u00f3 por Espectrometria de Absor\u00e7\u00e3o<br \/>\nAt\u00f4mica;<br \/>\n2 \u2013 Avaliar o painel com todas as informa\u00e7\u00f5es da aula pr\u00e1tica;<br \/>\n3 \u2013 Clicar no \u00edcone para ter todas as informa\u00e7\u00f5es da pr\u00e1tica;<br \/>\n4 \u2013 Navegar em todos os \u00edcones dispon\u00edveis;<br \/>\n3 \u2013 Acessar a aula pr\u00e1tica pelo \u00edcone ;<br \/>\n4 \u2013 Clicar em Acesse o laborat\u00f3rio, clicando em cima da imagem:<br \/>\nP\u00fablico4<br \/>\n5 \u2013 Seguir a orienta\u00e7\u00e3o no \u00edcone \u201cRoteiro\u201d indica o passo a passo<br \/>\npara operacionalizar na \u00edntegra o Algetec.<br \/>\nAvaliando os resultados:<br \/>\nPreencher a tabela a seguir com os dados obtidos na aula pr\u00e1tica.<br \/>\nP\u00fablico5<br \/>\nEm seguida, responder as seguintes quest\u00f5es:<br \/>\nConstrua a curva anal\u00edtica para o Fe e obtenha a fun\u00e7\u00e3o da reta. Para isso \u00e9 necess\u00e1rio plotar<br \/>\num gr\u00e1fico absorb\u00e2ncia (eixo y) por concentra\u00e7\u00e3o (eixo x) com os valores obtidos na pr\u00e1tica.<br \/>\nDetermine a concentra\u00e7\u00e3o de Fe nas amostras em mg\/kg. Para isso calcule a concentra\u00e7\u00e3o em<br \/>\nmg\/L utilizando a fun\u00e7\u00e3o da reta e posteriormente utilize a seguinte f\u00f3rmula:<br \/>\nQuais as vantagens da t\u00e9cnica FAAS para a determina\u00e7\u00e3o de Fe em leite?<br \/>\nChecklist:<br \/>\n\u2022 Reflex\u00e3o sobre o perfil dos procedimentos experimentais que devem ser realizados por<br \/>\nmeio da plataforma.<br \/>\n\u2022 Pesquisa sobre a fundamenta\u00e7\u00e3o te\u00f3rica dos experimentos que ser\u00e3o realizados.<br \/>\n\u2022 An\u00e1lise e interpreta\u00e7\u00e3o dos resultados obtidos.<br \/>\n\u2022 Realiza\u00e7\u00e3o e apresenta\u00e7\u00e3o dos c\u00e1lculos experimentais, quando aplic\u00e1vel.<br \/>\nRESULTADOS<br \/>\nResultados do experimento:<br \/>\nP\u00fablico6<br \/>\nAo final das aulas pr\u00e1ticas, voc\u00ea dever\u00e1 enviar um \u00fanico arquivo em word contendo as<br \/>\ninforma\u00e7\u00f5es obtidas em todos os experimentos realizados nessa disciplina, os c\u00e1lculos<br \/>\nrealizados, em conjunto com um texto conclusivo a respeito das informa\u00e7\u00f5es obtidas. O arquivo<br \/>\nn\u00e3o pode exceder o tamanho de 2Mb.<br \/>\n\u2022 Refer\u00eancias bibliogr\u00e1ficas ABNT (quando houver).<br \/>\nResultados de Aprendizagem:<br \/>\nAo final deste experimento, voc\u00ea dever\u00e1 ser capaz de: compreender os fundamentos da<br \/>\nespectrometria de absor\u00e7\u00e3o at\u00f4mica por chama; compreender a import\u00e2ncia de um preparo<br \/>\npr\u00e9vio da amostra; calcular os volumes necess\u00e1rios e preparar uma curva anal\u00edtica de Fe a partir<br \/>\nda solu\u00e7\u00e3o de 100 mg\/L-1<br \/>\n; reconhecer o espectr\u00f4metro de absor\u00e7\u00e3o, montar o m\u00e9todo de an\u00e1lise<br \/>\npara o ferro e realizar as leituras de absorb\u00e2ncia; plotar um gr\u00e1fico de absorb\u00e2ncia por<br \/>\nconcentra\u00e7\u00e3o; e calcular a concentra\u00e7\u00e3o de Fe nas amostras de leite em p\u00f3.<br \/>\nP\u00fablico7<br \/>\nROTEIRO DE AULA PR\u00c1TICA<br \/>\nNOME DA DISCIPLINA: M\u00c9TODOS DE AN\u00c1LISE QU\u00cdMICA<br \/>\nUnidade: U4_METODOLOGIAS_PARA_ANALISES_QUIMICAS<br \/>\nAula: A1_METODOS_CLASSICOS_DE_ANALISE<br \/>\nOBJETIVOS<br \/>\nDefini\u00e7\u00e3o dos objetivos da aula pr\u00e1tica:<br \/>\nDeterminar a acidez total em suco de laranja. Para tanto, voc\u00ea realizar\u00e1 um procedimento<br \/>\nconhecimento como titula\u00e7\u00e3o.<br \/>\nSOLU\u00c7\u00c3O DIGITAL:<br \/>\nACIDEZ TOTAL DO SUCO DE LARANJA<br \/>\nLaborat\u00f3rio Virtual Algetec &#8211; simulador: \u201cAcidez Total do Suco de Laranja\u201d.<br \/>\nO laborat\u00f3rio virtual \u00e9 uma plataforma para simula\u00e7\u00e3o de procedimentos em laborat\u00f3rio e deve<br \/>\nser acessado preferencialmente por computador.<br \/>\nMICROSOFT EXCEL (Software)<br \/>\nMicrosoft Excel &#8211; \u00c9 um software de planilha eletr\u00f4nica amplamente utilizado para an\u00e1lise de<br \/>\ndados, c\u00e1lculos e gerenciamento de informa\u00e7\u00f5es.<br \/>\nPROCEDIMENTOS PR\u00c1TICOS E APLICA\u00c7\u00d5ES<br \/>\nProcedimento\/Atividade n\u00ba 1<br \/>\nInserir o nome do experimento: ACIDEZ TOTAL DO SUCO DE LARANJA<br \/>\nAtividade proposta: Utilizar diversas vidrarias, uma balan\u00e7a anal\u00edtica e reagentes qu\u00edmicos para<br \/>\ntitular o suco de laranja, determinando sua acidez total.<br \/>\nProcedimentos para a realiza\u00e7\u00e3o da atividade:<br \/>\nALGETEC \u2013 LABORAT\u00d3RIO VIRTUAL<br \/>\n1 \u2013 No Algetec, acesse laborat\u00f3rio de Qu\u00edmica e clique no experimento Acidez Total do Suco de<br \/>\nLaranja;<br \/>\n2 \u2013 Avaliar o painel com todas as informa\u00e7\u00f5es da aula pr\u00e1tica;<br \/>\nP\u00fablico8<br \/>\n3 \u2013 Clicar no \u00edcone para ter todas as informa\u00e7\u00f5es da<br \/>\npr\u00e1tica;<br \/>\n4 \u2013 Navegar em todos os \u00edcones dispon\u00edveis;<br \/>\n3 \u2013 Acessar a aula pr\u00e1tica pelo \u00edcone ;<br \/>\n4 \u2013 Clicar em Acesse o laborat\u00f3rio, clicando em cima da imagem:<br \/>\nP\u00fablico9<br \/>\n5 \u2013 Seguir a orienta\u00e7\u00e3o no \u00edcone \u201cRoteiro\u201d indica o<br \/>\npasso a passo para operacionalizar na \u00edntegra o Algetec.<br \/>\nAvaliando os resultados:<br \/>\nOs c\u00e1lculos s\u00e3o realizados na estequiometria da rea\u00e7\u00e3o de neutraliza\u00e7\u00e3o, ou seja, a quantidade<br \/>\nde mat\u00e9ria de \u00e1cido (H+) tem que ser igual \u00e0 quantidade de mat\u00e9ria de base (OH-). Traduzindo,<br \/>\no n\u00famero de mols de \u00e1cido tem que ser igual ao n\u00famero de mols da base. Para esse<br \/>\nequacionamento, normalmente se utiliza a concentra\u00e7\u00e3o molar. A concentra\u00e7\u00e3o molar \u00e9 igual ao<br \/>\nn\u00famero de mols do soluto dividido pelo volume da solu\u00e7\u00e3o:<br \/>\nDonde:<br \/>\n\ud835\udc5b\ud835\udc41\ud835\udc4e\ud835\udc42\ud835\udc3b indica o n\u00famero de mols de hidr\u00f3xido de s\u00f3dio;<br \/>\n\ud835\udc40\ud835\udc41\ud835\udc4e\ud835\udc42\ud835\udc3b indica a concentra\u00e7\u00e3o molar de hidr\u00f3xido de s\u00f3dio;<br \/>\n\ud835\udc49\ud835\udc41\ud835\udc4e\ud835\udc42\ud835\udc3b \u00e9 o volume gasto de hidr\u00f3xido de s\u00f3dio na titula\u00e7\u00e3o;<br \/>\nP\u00fablico10<br \/>\n\ud835\udc49\ud835\udc60\ud835\udc5c\ud835\udc59\ud835\udc62\u00e7\u00e3\ud835\udc5c \u00e9 o volume gasto de hidr\u00f3xido de s\u00f3dio somado com o volume da solu\u00e7\u00e3o de suco de<br \/>\nlaranja dilu\u00edda em \u00e1gua.<br \/>\nChecklist:<br \/>\n\u2022 Reflex\u00e3o sobre o perfil dos procedimentos experimentais que devem ser realizados por<br \/>\nmeio da plataforma.<br \/>\n\u2022 Pesquisa sobre a fundamenta\u00e7\u00e3o te\u00f3rica dos experimentos que ser\u00e3o realizados.<br \/>\n\u2022 An\u00e1lise e interpreta\u00e7\u00e3o dos resultados obtidos.<br \/>\n\u2022 Realiza\u00e7\u00e3o e apresenta\u00e7\u00e3o dos c\u00e1lculos experimentais, quando aplic\u00e1vel.<br \/>\nRESULTADOS<br \/>\nResultados do experimento:<br \/>\nAo final das aulas pr\u00e1ticas, voc\u00ea dever\u00e1 enviar um \u00fanico arquivo em word contendo as<br \/>\ninforma\u00e7\u00f5es obtidas em todos os experimentos realizados nessa disciplina, os c\u00e1lculos<br \/>\nrealizados, em conjunto com um texto conclusivo a respeito das informa\u00e7\u00f5es obtidas. O arquivo<br \/>\nn\u00e3o pode exceder o tamanho de 2Mb.<br \/>\n\u2022 Refer\u00eancias bibliogr\u00e1ficas ABNT (quando houver).<br \/>\nResultados de Aprendizagem:<br \/>\nAo final deste experimento, voc\u00ea dever\u00e1 ser capaz de: determinar a acidez total em suco de<br \/>\nlaranja e realizar um processo de titula\u00e7\u00e3o para determina\u00e7\u00e3o de concentra\u00e7\u00e3o de solu\u00e7\u00f5es.<\/p>\n<div class=\"elementor-toggle-item\">\n<p id=\"elementor-tab-title-1941\" class=\"elementor-tab-title elementor-active\" tabindex=\"0\" role=\"tab\" data-tab=\"1\" aria-controls=\"elementor-tab-content-1941\" aria-expanded=\"true\" aria-selected=\"true\"><strong>Como funciona?<\/strong><\/p>\n<p>Elaboramos os portf\u00f3lios, j\u00e1 deixamos prontos, nas normas da ABNT e conforme os requisitos da universidade. F\u00e1cil assim! O MELHOR \u00c9 QUE VOC\u00ca COMPRA E J\u00c1 BAIXA NA HORA O SEU ARQUIVO EM WORD! Sabemos que conciliar trabalho, fam\u00edlia, vida profissional e estudos \u00e9 dif\u00edcil hoje em dia, por isso, estamos aqui para ajudar voc\u00ea. Conte com nossa qualidade, experi\u00eancia e profissionalismo adquirindo seu portf\u00f3lio conosco. GARANTIMOS SEU CONCEITO!<\/p>\n<p><strong>Como se realizam os envios?<\/strong><\/p>\n<\/div>\n<p id=\"elementor-tab-content-1942\" class=\"elementor-tab-content elementor-clearfix elementor-active\" role=\"tabpanel\" data-tab=\"2\" aria-labelledby=\"elementor-tab-title-1942\">O seu trabalho \u00e9 disponibilizado pronto, respondido e nas normas j\u00e1 na mesma hora aqui em nosso site na sua \u00e1rea de downloads e tamb\u00e9m no seu e-mail.<\/p>\n<p><strong>Em quanto tempo recebo o portf\u00f3lio?<\/strong><\/p>\n<p>Os envios s\u00e3o imediatos. Ap\u00f3s sua compra, o trabalho j\u00e1 \u00e9 disponibilizado instantaneamente aqui em nosso site e no seu e-mail.<\/p>\n<p><strong>E se o portf\u00f3lio que comprei precisar de corre\u00e7\u00e3o?<\/strong><\/p>\n<p>Caso haja alguma solicita\u00e7\u00e3o de corre\u00e7\u00e3o\/altera\u00e7\u00e3o por parte do tutor, basta entrar em contato conosco pelo\u00a0WhatsApp\u00a0que provid\u00eanciaremos sem custo algum.<\/p>\n<p><strong>Qual o formato do arquivo?<\/strong><\/p>\n<p>Os arquivos s\u00e3o enviados em formato Word e s\u00e3o edit\u00e1veis.<\/p>\n<p><strong>Caso eu tiver alguma d\u00favida, terei suporte no p\u00f3s venda?<\/strong><\/p>\n<p>Sim, com certeza. Basta clicar no \u00edcone do WhatsApp no cantinho da tela. Ser\u00e1 um prazer atend\u00ea-lo(a).<\/p>\n<div id=\"elementor-tab-content-1948\" class=\"elementor-tab-content elementor-clearfix elementor-active\" role=\"tabpanel\" data-tab=\"8\" aria-labelledby=\"elementor-tab-title-1948\">\n<p><strong>Quais os seus canais de contato?<\/strong><\/p>\n<\/div>\n<div id=\"elementor-tab-content-1949\" class=\"elementor-tab-content elementor-clearfix elementor-active\" role=\"tabpanel\" data-tab=\"9\" aria-labelledby=\"elementor-tab-title-1949\">\n<p>Whatsapp: 53 984751621 \u2013 Clicar no canto da tela ou ESCANEIE O QRCODE ABAIXO<\/p>\n<h4><img decoding=\"async\" class=\"alignnone wp-image-13699 jetpack-lazy-image jetpack-lazy-image--handled\" src=\"https:\/\/i0.wp.com\/portifolioos-prontos.com\/wp-content\/uploads\/2023\/02\/whatsapp-business-projeto-de-extensao-300x300.jpeg?resize=144%2C144\" sizes=\"(max-width: 144px) 100vw, 144px\" srcset=\"https:\/\/i0.wp.com\/portifolioos-prontos.com\/wp-content\/uploads\/2023\/02\/whatsapp-business-projeto-de-extensao.jpeg?resize=300%2C301&amp;ssl=1 300w, https:\/\/i0.wp.com\/portifolioos-prontos.com\/wp-content\/uploads\/2023\/02\/whatsapp-business-projeto-de-extensao.jpeg?resize=150%2C150&amp;ssl=1 150w, https:\/\/i0.wp.com\/portifolioos-prontos.com\/wp-content\/uploads\/2023\/02\/whatsapp-business-projeto-de-extensao.jpeg?resize=370%2C372&amp;ssl=1 370w, https:\/\/i0.wp.com\/portifolioos-prontos.com\/wp-content\/uploads\/2023\/02\/whatsapp-business-projeto-de-extensao.jpeg?resize=100%2C100&amp;ssl=1 100w, https:\/\/i0.wp.com\/portifolioos-prontos.com\/wp-content\/uploads\/2023\/02\/whatsapp-business-projeto-de-extensao.jpeg?w=470&amp;ssl=1 470w\" alt=\"projeto de extens\u00e3o unopar\" width=\"144\" height=\"144\" data-lazy-loaded=\"1\" \/><\/h4>\n<\/div>\n<div class=\"elementor-toggle-item\">\n<div id=\"elementor-tab-content-1949\" class=\"elementor-tab-content elementor-clearfix elementor-active\" role=\"tabpanel\" data-tab=\"9\" aria-labelledby=\"elementor-tab-title-1949\">\n<p>E-mail:portifoliosp@gmail.com<\/p>\n<div id=\"attachment_143\" class=\"wp-caption alignnone\">\n<div id=\"attachment_143\" class=\"wp-caption alignnone\">\n<p id=\"caption-attachment-143\" class=\"wp-caption-text\"><a href=\"http:\/\/portfolio-pronto.com\/\">Portf\u00f3lio<\/a>\u00a0<a href=\"https:\/\/portifolioos-prontos.com\/\">pronto Unopar Anhanguera<\/a>\u00a0em Word, respondido, completo e j\u00e1 nas normas.<\/p>\n<\/div>\n<\/div>\n<\/div>\n<\/div>\n","protected":false},"excerpt":{"rendered":"<div class=\"product-short-description\">\n<p><strong>Pague pelo PIX ou cart\u00e3o e fa\u00e7a o download agora mesmo.<\/strong><\/p>\n<\/div>\n<div class=\"sticky-add-to-cart-wrapper\">\n<div class=\"sticky-add-to-cart\">\n<p class=\"quantity buttons_added form-flat\"><img decoding=\"async\" class=\"lazyloaded smush-image-5 smush-image-3 smush-image-4 smush-detected-img smush-image-bigger-3\" src=\"https:\/\/d26lpennugtm8s.cloudfront.net\/assets\/common\/img\/logos\/payment\/visa@2x.png\" width=\"46\" height=\"29\" data-src=\"https:\/\/d26lpennugtm8s.cloudfront.net\/assets\/common\/img\/logos\/payment\/visa@2x.png\" \/><img decoding=\"async\" class=\"lazyloaded smush-image-6 smush-image-4 smush-image-5 smush-detected-img smush-image-bigger-4\" src=\"https:\/\/d26lpennugtm8s.cloudfront.net\/assets\/common\/img\/logos\/payment\/boleto@2x.png\" width=\"43\" height=\"27\" data-src=\"https:\/\/d26lpennugtm8s.cloudfront.net\/assets\/common\/img\/logos\/payment\/boleto@2x.png\" \/><img loading=\"lazy\" decoding=\"async\" class=\"lazyloaded smush-image-7 smush-image-5 smush-image-6 smush-detected-img smush-image-bigger-5\" src=\"https:\/\/d26lpennugtm8s.cloudfront.net\/assets\/common\/img\/logos\/payment\/mastercard@2x.png\" width=\"43\" height=\"27\" data-src=\"https:\/\/d26lpennugtm8s.cloudfront.net\/assets\/common\/img\/logos\/payment\/mastercard@2x.png\" \/><img loading=\"lazy\" decoding=\"async\" class=\"lazyloaded smush-image-8 smush-image-6 smush-image-7 smush-detected-img smush-image-bigger-6\" src=\"https:\/\/d26lpennugtm8s.cloudfront.net\/assets\/common\/img\/logos\/payment\/amex@2x.png\" width=\"43\" height=\"27\" data-src=\"https:\/\/d26lpennugtm8s.cloudfront.net\/assets\/common\/img\/logos\/payment\/amex@2x.png\" \/><img loading=\"lazy\" decoding=\"async\" class=\"lazyloaded smush-image-9 smush-image-7 smush-image-8 smush-detected-img smush-image-bigger-7\" src=\"https:\/\/d26lpennugtm8s.cloudfront.net\/assets\/common\/img\/logos\/payment\/diners@2x.png\" width=\"46\" height=\"29\" data-src=\"https:\/\/d26lpennugtm8s.cloudfront.net\/assets\/common\/img\/logos\/payment\/diners@2x.png\" \/><img loading=\"lazy\" decoding=\"async\" class=\"lazyloaded smush-image-10 smush-image-8 smush-image-9 alignnone smush-detected-img smush-image-bigger-8\" src=\"https:\/\/d26lpennugtm8s.cloudfront.net\/assets\/common\/img\/logos\/payment\/br\/elo@2x.png\" alt=\"portf\u00f3lio unopar anhanguera\" width=\"45\" height=\"28\" data-src=\"https:\/\/d26lpennugtm8s.cloudfront.net\/assets\/common\/img\/logos\/payment\/br\/elo@2x.png\" \/><img loading=\"lazy\" decoding=\"async\" class=\"lazyloaded smush-image-11 smush-image-9 smush-image-10 alignnone smush-detected-img smush-image-bigger-9\" src=\"https:\/\/d26lpennugtm8s.cloudfront.net\/assets\/common\/img\/logos\/payment\/br\/hipercard@2x.png\" alt=\"portf\u00f3lio unopar anhanguera\" width=\"44\" height=\"28\" data-src=\"https:\/\/d26lpennugtm8s.cloudfront.net\/assets\/common\/img\/logos\/payment\/br\/hipercard@2x.png\" \/><img loading=\"lazy\" decoding=\"async\" class=\"lazyloaded smush-image-12 smush-image-10 smush-image-11 alignnone smush-detected-img smush-image-bigger-10\" src=\"https:\/\/d26lpennugtm8s.cloudfront.net\/assets\/common\/img\/logos\/payment\/mercadopago@2x.png\" alt=\"portf\u00f3lio unopar anhanguera\" width=\"45\" height=\"28\" data-src=\"https:\/\/d26lpennugtm8s.cloudfront.net\/assets\/common\/img\/logos\/payment\/mercadopago@2x.png\" \/><img loading=\"lazy\" decoding=\"async\" class=\"alignnone ls-is-cached lazyloaded smush-detected-img smush-image-bigger-11\" src=\"https:\/\/futurium.com.br\/wp-content\/uploads\/2021\/06\/logo-pix-icone-512.png\" alt=\"portfolio pronto\" width=\"30\" height=\"30\" data-src=\"https:\/\/futurium.com.br\/wp-content\/uploads\/2021\/06\/logo-pix-icone-512.png\" \/><\/p>\n<\/div>\n<\/div>\n","protected":false},"featured_media":43509,"template":"","meta":{"_seopress_robots_primary_cat":"","_seopress_titles_title":"","_seopress_titles_desc":"","_seopress_robots_index":""},"product_cat":[15],"product_tag":[],"class_list":{"0":"post-43508","1":"product","2":"type-product","3":"status-publish","4":"has-post-thumbnail","6":"product_cat-uncategorized","8":"first","9":"instock","10":"downloadable","11":"virtual","12":"purchasable","13":"product-type-simple","14":"col-xs-6 col-sm-4","15":"col-mf-5","16":"un-5-cols"},"jetpack_sharing_enabled":true,"_links":{"self":[{"href":"https:\/\/portifolioos-prontos.com\/index.php\/wp-json\/wp\/v2\/product\/43508","targetHints":{"allow":["GET"]}}],"collection":[{"href":"https:\/\/portifolioos-prontos.com\/index.php\/wp-json\/wp\/v2\/product"}],"about":[{"href":"https:\/\/portifolioos-prontos.com\/index.php\/wp-json\/wp\/v2\/types\/product"}],"version-history":[{"count":2,"href":"https:\/\/portifolioos-prontos.com\/index.php\/wp-json\/wp\/v2\/product\/43508\/revisions"}],"predecessor-version":[{"id":46126,"href":"https:\/\/portifolioos-prontos.com\/index.php\/wp-json\/wp\/v2\/product\/43508\/revisions\/46126"}],"wp:featuredmedia":[{"embeddable":true,"href":"https:\/\/portifolioos-prontos.com\/index.php\/wp-json\/wp\/v2\/media\/43509"}],"wp:attachment":[{"href":"https:\/\/portifolioos-prontos.com\/index.php\/wp-json\/wp\/v2\/media?parent=43508"}],"wp:term":[{"taxonomy":"product_cat","embeddable":true,"href":"https:\/\/portifolioos-prontos.com\/index.php\/wp-json\/wp\/v2\/product_cat?post=43508"},{"taxonomy":"product_tag","embeddable":true,"href":"https:\/\/portifolioos-prontos.com\/index.php\/wp-json\/wp\/v2\/product_tag?post=43508"}],"curies":[{"name":"wp","href":"https:\/\/api.w.org\/{rel}","templated":true}]}}