{"id":44029,"date":"2025-08-28T12:27:11","date_gmt":"2025-08-28T15:27:11","guid":{"rendered":"https:\/\/portifolioos-prontos.com\/?post_type=product&#038;p=44029"},"modified":"2025-10-22T10:32:49","modified_gmt":"2025-10-22T13:32:49","slug":"aula-pratica-fisica-geral-unidades-1-2-3-e-4","status":"publish","type":"product","link":"https:\/\/portifolioos-prontos.com\/index.php\/product\/aula-pratica-fisica-geral-unidades-1-2-3-e-4\/","title":{"rendered":"Aula Pr\u00e1tica F\u00edsica Geral Unidades 1, 2, 3 e 4"},"content":{"rendered":"<h4>Aula Pr\u00e1tica F\u00edsica<\/h4>\n<p><span style=\"color: #ff0000;\"><strong>Inclui a resolu\u00e7\u00e3o dos 4 roteiros abaixo:<\/strong><\/span><\/p>\n<p><span style=\"color: #ff0000;\"><strong>Unidade: U1_CINEM\u00c1TICA: ESTUDO DO MOVIMENTO DOS CORPOS<\/strong><\/span><br \/>\n<span style=\"color: #ff0000;\"><strong>Aula: A3_MOVIMENTO EM UMA DIMENS\u00c3O<\/strong><\/span><\/p>\n<hr \/>\n<p><span style=\"color: #ff0000;\"><strong>Unidade: U2_DIN\u00c2MICA: ESTUDO DA CAUSA DOS MOVIMENTOS<\/strong><\/span><br \/>\n<span style=\"color: #ff0000;\"><strong>Aula: A3_TRABALHO E ENERGIA DE UM SISTEMA<\/strong><\/span><\/p>\n<hr \/>\n<p><span style=\"color: #ff0000;\"><strong>Unidade: U3_FLUIDOS E TERMODIN\u00c2MICA<\/strong><\/span><br \/>\n<span style=\"color: #ff0000;\"><strong>Aula: A3_CALOR<\/strong><\/span><\/p>\n<hr \/>\n<p><span style=\"color: #ff0000;\"><strong>Unidade: U4_PRINC\u00cdPIOS DA ELETRICIDADE<\/strong><\/span><br \/>\n<span style=\"color: #ff0000;\"><strong>Aula: A4_CIRCUITOS EL\u00c9TRICOS<\/strong><\/span><\/p>\n<p>P\u00fablico<br \/>\nF\u00cdSICA GERAL<br \/>\nRoteiro<br \/>\nAula Pr\u00e1tica<br \/>\nP\u00fablico2<br \/>\nROTEIRO DE AULA PR\u00c1TICA<br \/>\nNOME DA DISCIPLINA: F\u00cdSICA GERAL<br \/>\nUnidade: U1_CINEM\u00c1TICA: ESTUDO DO MOVIMENTO DOS CORPOS<br \/>\nAula: A3_MOVIMENTO EM UMA DIMENS\u00c3O<br \/>\nTempo previsto de execu\u00e7\u00e3o de aula pr\u00e1tica: 5h<br \/>\nOBJETIVOS<br \/>\nDefini\u00e7\u00e3o dos objetivos da aula pr\u00e1tica:<br \/>\nCaracterizar o movimento de um objeto atrav\u00e9s das grandezas que comp\u00f5e a Cinem\u00e1tica:<br \/>\ndeslocamento, velocidade m\u00e9dia e acelera\u00e7\u00e3o m\u00e9dia.<br \/>\nINFRAESTRUTURA<br \/>\nInstala\u00e7\u00f5es \u2013 Materiais de consumo \u2013 Equipamentos:<br \/>\nLABORAT\u00d3RIO DE INFORM\u00c1TICA<br \/>\nEquipamentos:<br \/>\n\u2022 Computador com acesso \u00e0 internet<br \/>\n~ 1 unid. 1 aluno<br \/>\nSOLU\u00c7\u00c3O DIGITAL<br \/>\nInfraestrutura m\u00ednima necess\u00e1ria para execu\u00e7\u00e3o.<br \/>\nLaborat\u00f3rio Virtual Algetec \u2013 simulador: \u201cMovimento Retil\u00edneo Uniformemente Variado \u2013 MRUV\u201d.<br \/>\nO laborat\u00f3rio virtual \u00e9 uma plataforma para simula\u00e7\u00e3o de procedimentos em laborat\u00f3rio e deve<br \/>\nser acessado por computador, n\u00e3o deve ser acessado por celular ou tablet. O primeiro acesso ao<br \/>\nsimulador ser\u00e1 um pouco mais lento, pois alguns plugins s\u00e3o buscados no navegador. A partir do<br \/>\nsegundo acesso, a velocidade de abertura dos experimentos ser\u00e1 mais r\u00e1pida.<br \/>\nO LINK da atividade pr\u00e1tica estar\u00e1 dispon\u00edvel em seu AVA.<br \/>\nEQUIPAMENTO DE PROTE\u00c7\u00c3O INDIVIDUAL (EPI)<br \/>\nPara a utiliza\u00e7\u00e3o do laborat\u00f3rio de inform\u00e1tica n\u00e3o h\u00e1 necessidade de EPI\u2019s.<br \/>\nP\u00fablico3<br \/>\nPROCEDIMENTOS PR\u00c1TICOS<br \/>\nProcedimento\/Atividade n\u00ba 1 (Virtual)<br \/>\nMOVIMENTO RETIL\u00cdNEO UNIFORMEMENTE VARIADO (MRUV)<br \/>\nAtividade proposta: Caracterizar o movimento de um objeto atrav\u00e9s do deslocamento,<br \/>\nvelocidade m\u00e9dia e acelera\u00e7\u00e3o m\u00e9dia, compreendendo e estimando a velocidade m\u00e9dia e a<br \/>\nacelera\u00e7\u00e3o m\u00e9dia de um objeto em movimento.<br \/>\nProcedimentos para a realiza\u00e7\u00e3o da atividade:<br \/>\nEm seu AVA, voc\u00ea ir\u00e1 encontrar o link do experimento MOVIMENTO RETIL\u00cdNEO<br \/>\nUNIFORMEMENTE VARIADO (MRUV), que ser\u00e1 desenvolvido na plataforma VirtuaLab da<br \/>\nAlgetec. A partir do acesso, seguem os procedimentos a serem realizados no laborat\u00f3rio virtual<br \/>\npara o desenvolvimento da atividade.<br \/>\nAo abrir a tela inicial, clique em \u201cModo experimento\u201d.<br \/>\nAssim, teremos:<br \/>\nP\u00fablico4<br \/>\n\u2794 Montando e ajustando o experimento:<br \/>\nArraste o n\u00edvel bolha at\u00e9 o plano inclinado, clicando com o bot\u00e3o esquerdo do mouse e sobre ele<br \/>\ne arrastando-o.<br \/>\n\u2794 Nivelando a base:<br \/>\nNivele a base, clicando com o bot\u00e3o direito do mouse no n\u00edvel bolha e selecionando a op\u00e7\u00e3o<br \/>\n\u201cNivelar base\u201d.<br \/>\nP\u00fablico5<br \/>\nOs \u201cp\u00e9s\u201d da base do plano inclinado ser\u00e3o ajustados, deixando a bolha do n\u00edvel centralizada.<br \/>\n\u2794 Posicionando o \u00edm\u00e3:<br \/>\nArraste o \u00edm\u00e3 at\u00e9 a indica\u00e7\u00e3o em vermelho no plano inclinado, clicando com o bot\u00e3o esquerdo do<br \/>\nmouse. Esse \u00edm\u00e3 ser\u00e1 usado posteriormente para fixar o carrinho.<br \/>\n\u2794 Posicionando fuso elevador:<br \/>\nP\u00fablico6<br \/>\nPosicione o fuso elevador, clicando com o bot\u00e3o esquerdo do mouse sobre o fuso e arrastandoo para uma das posi\u00e7\u00f5es em destaque. A posi\u00e7\u00e3o destacada em verde \u00e9 para pequenas<br \/>\ninclina\u00e7\u00f5es e a posi\u00e7\u00e3o destacada em amarelo \u00e9 para grandes inclina\u00e7\u00f5es.<br \/>\nNeste experimento usaremos a posi\u00e7\u00e3o para grandes inclina\u00e7\u00f5es.<br \/>\n\u2794 Posicionar o sensor:<br \/>\nPosicione o sensor em 300 mm na r\u00e9gua, clicando com bot\u00e3o esquerdo do mouse no sensor. O<br \/>\nsensor ser\u00e1 utilizado para medir o tempo decorrido no movimento do carrinho.<br \/>\nObserve a escala que aparece no canto da tela. O ponto branco que aparece no sensor, como<br \/>\ndestacado em vermelho, \u00e9 o ponto de ativa\u00e7\u00e3o.<br \/>\n\u2794 Ajustando a inclina\u00e7\u00e3o da rampa:<br \/>\nInicie a etapa de regulagem do \u00e2ngulo da rampa, clicando com o bot\u00e3o. Inicie a etapa de<br \/>\nregulagem do \u00e2ngulo da rampa, clicando com o bot\u00e3o direito do mouse no fuso elevador e<br \/>\nselecionando a op\u00e7\u00e3o \u201cGirar fuso\u201d.<br \/>\nP\u00fablico7<br \/>\nCom o fuso na posi\u00e7\u00e3o de grandes inclina\u00e7\u00f5es, ajuste o \u00e2ngulo para 10\u00b0 clicando com o bot\u00e3o<br \/>\nesquerdo do mouse nas setas \u201cSubir\u201d e \u201cDescer\u201d.<br \/>\n\u2794 Ligando o multicron\u00f4metro:<br \/>\nVisualize o cron\u00f4metro, em detalhes, acessando a c\u00e2mera \u201cCron\u00f4metro\u201d, clicando com o bot\u00e3o<br \/>\nesquerdo do mouse sobre o menu lateral esquerdo.<br \/>\nP\u00fablico8<br \/>\nConecte a fonte de alimenta\u00e7\u00e3o do multicron\u00f4metro na tomada, clicando e arrastando com o<br \/>\nbot\u00e3o esquerdo do mouse sobre a fonte.<br \/>\nPara ligar o multicron\u00f4metro, clique com o bot\u00e3o esquerdo do mouse no bot\u00e3o \u201cPower\u201d.<br \/>\nClique com o bot\u00e3o esquerdo do mouse no bot\u00e3o \u201cReset\u201d para voltar \u00e0 sele\u00e7\u00e3o de fun\u00e7\u00f5es.<br \/>\nPara selecionar uma das fun\u00e7\u00f5es que aparecem no visor, clique com o bot\u00e3o esquerdo do mouse<br \/>\nnos bot\u00f5es azuis.<br \/>\nP\u00fablico9<br \/>\nPara ajustar valores, clique com o bot\u00e3o esquerdo do mouse nas setas.<br \/>\n\u2794 Conectando o cabo no multicron\u00f4metro:<br \/>\nConecte o cabo do sensor na porta S0 do multicron\u00f4metro, clicando e arrastando com o bot\u00e3o<br \/>\nesquerdo do mouse, conforme demonstrado abaixo.<br \/>\nP\u00fablico10<br \/>\n\u2794 Operando o multicron\u00f4metro:<br \/>\nSelecionando o idioma.<br \/>\nSelecionando fun\u00e7\u00e3o: Clique no bot\u00e3o destacado em verde at\u00e9 que apare\u00e7a a fun\u00e7\u00e3o \u201cF3 10PASS<br \/>\n1SEN\u201d. Em seguida, clique no bot\u00e3o destacado em vermelho para selecionar a fun\u00e7\u00e3o.<br \/>\nN\u00famero de intervalos: Clique na seta destacada em amarelo para escolher o n\u00famero de intervalos<br \/>\n(dez) e, ent\u00e3o, no bot\u00e3o destacado em verde para confirmar.<br \/>\nP\u00fablico11<br \/>\nVoc\u00ea est\u00e1 pronto para come\u00e7ar o experimento.<br \/>\n\u2794 Posicionando o carrinho:<br \/>\nAcesse a c\u00e2mera \u201cPlano inclinado\u201d.<br \/>\nPara que n\u00e3o des\u00e7a a rampa antes do desejado, arraste o carrinho at\u00e9 o \u00edm\u00e3, clicando com o<br \/>\nbot\u00e3o esquerdo do mouse sobre ele.<br \/>\nP\u00fablico12<br \/>\nO carrinho permanecer\u00e1 em repouso at\u00e9 que o \u00edm\u00e3, que o mant\u00e9m nesta posi\u00e7\u00e3o, seja retirado.<br \/>\n\u2794 Retirando o \u00edm\u00e3:<br \/>\nAcesse a c\u00e2mera \u201cBancada\u201d.<br \/>\nSolte o carrinho, clicando com o bot\u00e3o esquerdo do mouse sobre o \u00edm\u00e3. O carrinho ser\u00e1 solto e<br \/>\ndescer\u00e1 pelo plano inclinado. O sensor medir\u00e1 o intervalo de tempo entre marca\u00e7\u00f5es existentes<br \/>\nsobre o carrinho.<br \/>\nP\u00fablico13<br \/>\n\u2794 Realizando as leituras dos resultados:<br \/>\nClique com o bot\u00e3o esquerdo do mouse no bot\u00e3o destacado em amarelo para verificar os<br \/>\nresultados e no bot\u00e3o destacado em verde para repetir o experimento.<br \/>\nLeia o resultado do experimento.<br \/>\nClique nas setas destacadas em amarelo para ver os pontos de medidas e seus resultados.<br \/>\nP\u00fablico14<br \/>\nDevido \u00e0s marca\u00e7\u00f5es existentes sobre o carrinho, o sensor captar\u00e1 medidas de tempo nas<br \/>\nmarca\u00e7\u00f5es 0 mm, 18 mm, 36 mm, 54 mm, 72 mm, 90 mm, 108 mm, 126 mm, 144 mm, 162 mm<br \/>\ne 180 mm.<br \/>\n\u2794 Anotando e avaliando os resultados:<br \/>\nCrie uma tabela semelhante \u00e0 apresentada abaixo e anote os valores encontrados considerando<br \/>\nas posi\u00e7\u00f5es (S) e o tempo (t) para cada uma delas. O tempo ao quadrado (t2<br \/>\n) dever\u00e1 ser calculado<br \/>\ncom o valor do tempo (t) obtido.<br \/>\nCalcule as velocidades para os pontos medidos t2, t4, t6, t8 e t10 e anote em uma tabela<br \/>\nsemelhante \u00e0 demonstrada a seguir.<br \/>\nIntervalos Vm (m\/s)<br \/>\nS0 a S2<br \/>\nS2 a S4<br \/>\nS4 a S6<br \/>\nS6 a S8<br \/>\nS8 a S10<br \/>\nPara o c\u00e1lculo da velocidade, utilize a equa\u00e7\u00e3o para a velocidade m\u00e9dia em cada um dos<br \/>\nintervalos de posi\u00e7\u00e3o e tempo:<br \/>\n\ud835\udc97 =<br \/>\n\u2206\ud835\udc7a<br \/>\n\u2206\ud835\udc95<br \/>\nCom os dados de velocidade m\u00e9dia da tabela e os intervalos de tempos, construa o gr\u00e1fico de<br \/>\nvelocidade em fun\u00e7\u00e3o do tempo, obtenha a acelera\u00e7\u00e3o e monte a fun\u00e7\u00e3o hor\u00e1ria do movimento.<br \/>\nAssim, com os dados obtidos e calculados, responda:<br \/>\n1. Construa o gr\u00e1fico S x t (Espa\u00e7o x Tempo).<br \/>\n2. Com base em seus conhecimentos, qual o tipo de fun\u00e7\u00e3o representada pelo gr\u00e1fico \u201cEspa\u00e7o x<br \/>\nTempo\u201d? Qual o significado do coeficiente angular do gr\u00e1fico constru\u00eddo?<br \/>\nP\u00fablico15<br \/>\n3. Construa o gr\u00e1fico S x t2 (Espa\u00e7o x Tempo2<br \/>\n).<br \/>\n4. Com base em seus conhecimentos, qual o tipo de fun\u00e7\u00e3o representada pelo gr\u00e1fico \u201cEspa\u00e7o x<br \/>\nTempo2<br \/>\n\u201d? Qual o significado do coeficiente angular do gr\u00e1fico constru\u00eddo?<br \/>\n5. Calcule as velocidades para os pontos medidos t2, t4, t6, t8 e t10 e anote em uma tabela. Para<br \/>\nisso, deve-se utilizar a equa\u00e7\u00e3o \ud835\udc97 =<br \/>\n\u2206\ud835\udc7a<br \/>\n\u2206\ud835\udc95<br \/>\nem que:<br \/>\n\u2022 \u2206S2 = S2 \u2212 S0; \u2206t2 = t2 \u2212 t0<br \/>\n\u2022 \u2206S4 = S4 \u2212 S2; \u2206t4 = t4 \u2212 t2<br \/>\n\u2022 \u2206S6 = S6 \u2212 S4; \u2206t6 = t6 \u2212 t4<br \/>\n\u2022 \u2206S8 = S8 \u2212 S6; \u2206t8 = t8 \u2212 t6<br \/>\n\u2022 \u2206S10 = S10 \u2212 S8; \u2206t10 = t10 \u2212 t10<br \/>\n6. Construa o gr\u00e1fico v x t (velocidade x tempo).<br \/>\n7. Com base em seus conhecimentos, qual o tipo de fun\u00e7\u00e3o representada pelo gr\u00e1fico \u201cvelocidade<br \/>\nx tempo\u201d? Qual o significado do coeficiente angular do gr\u00e1fico constru\u00eddo? (Lembre-se que no<br \/>\nMRUV, a velocidade \u00e9 dada por v = vo + at)<br \/>\n8. Qual a acelera\u00e7\u00e3o m\u00e9dia deste movimento?<br \/>\n9. Ainda utilizando o gr\u00e1fico, encontre a velocidade inicial do carrinho no t0. Para isso, basta<br \/>\nextrapolar o gr\u00e1fico e verificar o valor da velocidade quando a curva \u201ccruza\u201d o eixo y.<br \/>\n10. Diante dos dados obtidos e dos gr\u00e1ficos constru\u00eddos, monte a fun\u00e7\u00e3o hor\u00e1ria do<br \/>\nexperimento.<br \/>\n11. Por que \u00e9 poss\u00edvel afirmar que esse movimento \u00e9 uniformemente variado?<br \/>\n12. Fa\u00e7a o experimento com a inclina\u00e7\u00e3o de 20\u00b0 e compare os resultados.<br \/>\nChecklist:<br \/>\n\u2713 Acessar seu AVA;<br \/>\n\u2713 Clicar no link do experimento MOVIMENTO RETIL\u00cdNEO UNIFORMEMENTE VARIADO &#8211;<br \/>\nMRUV;<br \/>\n\u2713 Montar e ajustar o experimento;<br \/>\n\u2713 Nivelar a base;<br \/>\n\u2713 Posicionar o \u00edm\u00e3;<br \/>\n\u2713 Posicionar o fuso elevador;<br \/>\n\u2713 Posicionar o sensor;<br \/>\n\u2713 Ajustar a inclina\u00e7\u00e3o da rampa;<br \/>\n\u2713 Utilizar o multicron\u00f4metro;<br \/>\n\u2713 Realizar o experimento;<br \/>\n\u2713 Avaliar os Resultados.<br \/>\nP\u00fablico16<br \/>\nRESULTADOS<br \/>\nResultados de Aprendizagem:<br \/>\nComo resultados dessa pr\u00e1tica ser\u00e1 poss\u00edvel caracterizar o movimento retil\u00edneo uniformemente<br \/>\nvariado (MRUV), fornecer a equa\u00e7\u00e3o hor\u00e1ria da posi\u00e7\u00e3o e da velocidade de um m\u00f3vel em MRUV<br \/>\na partir de suas observa\u00e7\u00f5es e medi\u00e7\u00f5es, construir diferentes gr\u00e1ficos envolvendo as principais<br \/>\nvari\u00e1veis f\u00edsicas do MRUV e interpretar os gr\u00e1ficos das vari\u00e1veis do MRUV.<br \/>\nESTUDANTE, VOC\u00ca DEVER\u00c1 ENTREGAR<br \/>\nDescri\u00e7\u00e3o orientativa sobre a entregada da comprova\u00e7\u00e3o da aula pr\u00e1tica:<br \/>\nAo final dessa aula pr\u00e1tica, voc\u00ea dever\u00e1 enviar um arquivo em word contendo as informa\u00e7\u00f5es<br \/>\nobtidas no experimento, os c\u00e1lculos realizados, em conjunto com um texto conclusivo a respeito<br \/>\ndas informa\u00e7\u00f5es obtidas. O arquivo n\u00e3o pode exceder o tamanho de 2Mb.<br \/>\nREFER\u00caNCIAS BIBLIOGR\u00c1FICAS<br \/>\nDescri\u00e7\u00e3o (em abnt) das refer\u00eancias utilizadas<\/p>\n<div class=\"elementor-toggle-item\">\n<p id=\"elementor-tab-title-1941\" class=\"elementor-tab-title elementor-active\" tabindex=\"0\" role=\"tab\" data-tab=\"1\" aria-controls=\"elementor-tab-content-1941\" aria-expanded=\"true\" aria-selected=\"true\"><strong>Como funciona?<\/strong><\/p>\n<p>Elaboramos os portf\u00f3lios, j\u00e1 deixamos prontos, nas normas da ABNT e conforme os requisitos da universidade. F\u00e1cil assim! O MELHOR \u00c9 QUE VOC\u00ca COMPRA E J\u00c1 BAIXA NA HORA O SEU ARQUIVO EM WORD! Sabemos que conciliar trabalho, fam\u00edlia, vida profissional e estudos \u00e9 dif\u00edcil hoje em dia, por isso, estamos aqui para ajudar voc\u00ea. Conte com nossa qualidade, experi\u00eancia e profissionalismo adquirindo seu portf\u00f3lio conosco. GARANTIMOS SEU CONCEITO!<\/p>\n<p><strong>Como se realizam os envios?<\/strong><\/p>\n<\/div>\n<p id=\"elementor-tab-content-1942\" class=\"elementor-tab-content elementor-clearfix elementor-active\" role=\"tabpanel\" data-tab=\"2\" aria-labelledby=\"elementor-tab-title-1942\">O seu trabalho \u00e9 disponibilizado pronto, respondido e nas normas j\u00e1 na mesma hora aqui em nosso site na sua \u00e1rea de downloads e tamb\u00e9m no seu e-mail.<\/p>\n<p><strong>Em quanto tempo recebo o portf\u00f3lio?<\/strong><\/p>\n<p>Os envios s\u00e3o imediatos. Ap\u00f3s sua compra, o trabalho j\u00e1 \u00e9 disponibilizado instantaneamente aqui em nosso site e no seu e-mail.<\/p>\n<p><strong>E se o portf\u00f3lio que comprei precisar de corre\u00e7\u00e3o?<\/strong><\/p>\n<p>Caso haja alguma solicita\u00e7\u00e3o de corre\u00e7\u00e3o\/altera\u00e7\u00e3o por parte do tutor, basta entrar em contato conosco pelo\u00a0WhatsApp\u00a0que provid\u00eanciaremos sem custo algum.<\/p>\n<p><strong>Qual o formato do arquivo?<\/strong><\/p>\n<p>Os arquivos s\u00e3o enviados em formato Word e s\u00e3o edit\u00e1veis.<\/p>\n<p><strong>Caso eu tiver alguma d\u00favida, terei suporte no p\u00f3s venda?<\/strong><\/p>\n<p>Sim, com certeza. Basta clicar no \u00edcone do WhatsApp no cantinho da tela. Ser\u00e1 um prazer atend\u00ea-lo(a).<\/p>\n<div id=\"elementor-tab-content-1948\" class=\"elementor-tab-content elementor-clearfix elementor-active\" role=\"tabpanel\" data-tab=\"8\" aria-labelledby=\"elementor-tab-title-1948\">\n<p><strong>Quais os seus canais de contato?<\/strong><\/p>\n<\/div>\n<div id=\"elementor-tab-content-1949\" class=\"elementor-tab-content elementor-clearfix elementor-active\" role=\"tabpanel\" data-tab=\"9\" aria-labelledby=\"elementor-tab-title-1949\">\n<p>Whatsapp: 53 984751621 \u2013 Clicar no canto da tela ou ESCANEIE O QRCODE ABAIXO<\/p>\n<h4><img decoding=\"async\" class=\"alignnone wp-image-13699 jetpack-lazy-image jetpack-lazy-image--handled\" src=\"https:\/\/i0.wp.com\/portifolioos-prontos.com\/wp-content\/uploads\/2023\/02\/whatsapp-business-projeto-de-extensao-300x300.jpeg?resize=144%2C144\" sizes=\"(max-width: 144px) 100vw, 144px\" srcset=\"https:\/\/i0.wp.com\/portifolioos-prontos.com\/wp-content\/uploads\/2023\/02\/whatsapp-business-projeto-de-extensao.jpeg?resize=300%2C301&amp;ssl=1 300w, https:\/\/i0.wp.com\/portifolioos-prontos.com\/wp-content\/uploads\/2023\/02\/whatsapp-business-projeto-de-extensao.jpeg?resize=150%2C150&amp;ssl=1 150w, https:\/\/i0.wp.com\/portifolioos-prontos.com\/wp-content\/uploads\/2023\/02\/whatsapp-business-projeto-de-extensao.jpeg?resize=370%2C372&amp;ssl=1 370w, https:\/\/i0.wp.com\/portifolioos-prontos.com\/wp-content\/uploads\/2023\/02\/whatsapp-business-projeto-de-extensao.jpeg?resize=100%2C100&amp;ssl=1 100w, https:\/\/i0.wp.com\/portifolioos-prontos.com\/wp-content\/uploads\/2023\/02\/whatsapp-business-projeto-de-extensao.jpeg?w=470&amp;ssl=1 470w\" alt=\"projeto de extens\u00e3o unopar\" width=\"144\" height=\"144\" data-lazy-loaded=\"1\" \/><\/h4>\n<\/div>\n<div class=\"elementor-toggle-item\">\n<div id=\"elementor-tab-content-1949\" class=\"elementor-tab-content elementor-clearfix elementor-active\" role=\"tabpanel\" data-tab=\"9\" aria-labelledby=\"elementor-tab-title-1949\">\n<p>E-mail:portifoliosp@gmail.com<\/p>\n<div id=\"attachment_143\" class=\"wp-caption alignnone\">\n<div id=\"attachment_143\" class=\"wp-caption alignnone\">\n<p id=\"caption-attachment-143\" class=\"wp-caption-text\"><a href=\"http:\/\/portfolio-pronto.com\/\">Portf\u00f3lio<\/a>\u00a0em Word, respondido, completo e j\u00e1 nas normas<\/p>\n<\/div>\n<\/div>\n<\/div>\n<\/div>\n","protected":false},"excerpt":{"rendered":"<div class=\"product-short-description\">\n<p><strong>Pague pelo PIX ou cart\u00e3o e fa\u00e7a o download agora mesmo.<\/strong><\/p>\n<\/div>\n<div class=\"sticky-add-to-cart-wrapper\">\n<div class=\"sticky-add-to-cart\">\n<p class=\"quantity buttons_added form-flat\"><img decoding=\"async\" class=\"lazyloaded smush-image-5 smush-image-3 smush-image-4 smush-detected-img smush-image-bigger-3\" src=\"https:\/\/d26lpennugtm8s.cloudfront.net\/assets\/common\/img\/logos\/payment\/visa@2x.png\" width=\"46\" height=\"29\" data-src=\"https:\/\/d26lpennugtm8s.cloudfront.net\/assets\/common\/img\/logos\/payment\/visa@2x.png\" \/><img decoding=\"async\" class=\"lazyloaded smush-image-6 smush-image-4 smush-image-5 smush-detected-img smush-image-bigger-4\" src=\"https:\/\/d26lpennugtm8s.cloudfront.net\/assets\/common\/img\/logos\/payment\/boleto@2x.png\" width=\"43\" height=\"27\" data-src=\"https:\/\/d26lpennugtm8s.cloudfront.net\/assets\/common\/img\/logos\/payment\/boleto@2x.png\" \/><img loading=\"lazy\" decoding=\"async\" class=\"lazyloaded smush-image-7 smush-image-5 smush-image-6 smush-detected-img smush-image-bigger-5\" src=\"https:\/\/d26lpennugtm8s.cloudfront.net\/assets\/common\/img\/logos\/payment\/mastercard@2x.png\" width=\"43\" height=\"27\" data-src=\"https:\/\/d26lpennugtm8s.cloudfront.net\/assets\/common\/img\/logos\/payment\/mastercard@2x.png\" \/><img loading=\"lazy\" decoding=\"async\" class=\"lazyloaded smush-image-8 smush-image-6 smush-image-7 smush-detected-img smush-image-bigger-6\" src=\"https:\/\/d26lpennugtm8s.cloudfront.net\/assets\/common\/img\/logos\/payment\/amex@2x.png\" width=\"43\" height=\"27\" data-src=\"https:\/\/d26lpennugtm8s.cloudfront.net\/assets\/common\/img\/logos\/payment\/amex@2x.png\" \/><img loading=\"lazy\" decoding=\"async\" class=\"lazyloaded smush-image-9 smush-image-7 smush-image-8 smush-detected-img smush-image-bigger-7\" src=\"https:\/\/d26lpennugtm8s.cloudfront.net\/assets\/common\/img\/logos\/payment\/diners@2x.png\" width=\"46\" height=\"29\" data-src=\"https:\/\/d26lpennugtm8s.cloudfront.net\/assets\/common\/img\/logos\/payment\/diners@2x.png\" \/><img loading=\"lazy\" decoding=\"async\" class=\"lazyloaded smush-image-10 smush-image-8 smush-image-9 alignnone smush-detected-img smush-image-bigger-8\" src=\"https:\/\/d26lpennugtm8s.cloudfront.net\/assets\/common\/img\/logos\/payment\/br\/elo@2x.png\" alt=\"portf\u00f3lio unopar anhanguera\" width=\"45\" height=\"28\" data-src=\"https:\/\/d26lpennugtm8s.cloudfront.net\/assets\/common\/img\/logos\/payment\/br\/elo@2x.png\" \/><img loading=\"lazy\" decoding=\"async\" class=\"lazyloaded smush-image-11 smush-image-9 smush-image-10 alignnone smush-detected-img smush-image-bigger-9\" src=\"https:\/\/d26lpennugtm8s.cloudfront.net\/assets\/common\/img\/logos\/payment\/br\/hipercard@2x.png\" alt=\"portf\u00f3lio unopar anhanguera\" width=\"44\" height=\"28\" data-src=\"https:\/\/d26lpennugtm8s.cloudfront.net\/assets\/common\/img\/logos\/payment\/br\/hipercard@2x.png\" \/><img loading=\"lazy\" decoding=\"async\" class=\"lazyloaded smush-image-12 smush-image-10 smush-image-11 alignnone smush-detected-img smush-image-bigger-10\" src=\"https:\/\/d26lpennugtm8s.cloudfront.net\/assets\/common\/img\/logos\/payment\/mercadopago@2x.png\" alt=\"portf\u00f3lio unopar anhanguera\" width=\"45\" height=\"28\" data-src=\"https:\/\/d26lpennugtm8s.cloudfront.net\/assets\/common\/img\/logos\/payment\/mercadopago@2x.png\" \/><img loading=\"lazy\" decoding=\"async\" class=\"alignnone ls-is-cached lazyloaded smush-detected-img smush-image-bigger-11\" src=\"https:\/\/futurium.com.br\/wp-content\/uploads\/2021\/06\/logo-pix-icone-512.png\" alt=\"portfolio pronto\" width=\"30\" height=\"30\" data-src=\"https:\/\/futurium.com.br\/wp-content\/uploads\/2021\/06\/logo-pix-icone-512.png\" \/><\/p>\n<\/div>\n<\/div>\n","protected":false},"featured_media":44030,"template":"","meta":{"_seopress_robots_primary_cat":"","_seopress_titles_title":"","_seopress_titles_desc":"","_seopress_robots_index":""},"product_cat":[15],"product_tag":[],"class_list":{"0":"post-44029","1":"product","2":"type-product","3":"status-publish","4":"has-post-thumbnail","6":"product_cat-uncategorized","8":"first","9":"instock","10":"downloadable","11":"virtual","12":"purchasable","13":"product-type-simple","14":"col-xs-6 col-sm-4","15":"col-mf-5","16":"un-5-cols"},"jetpack_sharing_enabled":true,"_links":{"self":[{"href":"https:\/\/portifolioos-prontos.com\/index.php\/wp-json\/wp\/v2\/product\/44029","targetHints":{"allow":["GET"]}}],"collection":[{"href":"https:\/\/portifolioos-prontos.com\/index.php\/wp-json\/wp\/v2\/product"}],"about":[{"href":"https:\/\/portifolioos-prontos.com\/index.php\/wp-json\/wp\/v2\/types\/product"}],"version-history":[{"count":1,"href":"https:\/\/portifolioos-prontos.com\/index.php\/wp-json\/wp\/v2\/product\/44029\/revisions"}],"predecessor-version":[{"id":44031,"href":"https:\/\/portifolioos-prontos.com\/index.php\/wp-json\/wp\/v2\/product\/44029\/revisions\/44031"}],"wp:featuredmedia":[{"embeddable":true,"href":"https:\/\/portifolioos-prontos.com\/index.php\/wp-json\/wp\/v2\/media\/44030"}],"wp:attachment":[{"href":"https:\/\/portifolioos-prontos.com\/index.php\/wp-json\/wp\/v2\/media?parent=44029"}],"wp:term":[{"taxonomy":"product_cat","embeddable":true,"href":"https:\/\/portifolioos-prontos.com\/index.php\/wp-json\/wp\/v2\/product_cat?post=44029"},{"taxonomy":"product_tag","embeddable":true,"href":"https:\/\/portifolioos-prontos.com\/index.php\/wp-json\/wp\/v2\/product_tag?post=44029"}],"curies":[{"name":"wp","href":"https:\/\/api.w.org\/{rel}","templated":true}]}}