{"id":44864,"date":"2025-09-05T17:46:34","date_gmt":"2025-09-05T20:46:34","guid":{"rendered":"https:\/\/portifolioos-prontos.com\/?post_type=product&#038;p=44864"},"modified":"2025-10-11T13:51:21","modified_gmt":"2025-10-11T16:51:21","slug":"estagio-supervisionado-de-assistencia-farmaceutica","status":"publish","type":"product","link":"https:\/\/portifolioos-prontos.com\/index.php\/product\/estagio-supervisionado-de-assistencia-farmaceutica\/","title":{"rendered":"Est\u00e1gio supervisionado de Assist\u00eancia Farmac\u00eautica"},"content":{"rendered":"<p>Est\u00e1gio supervisionado de Assist\u00eancia Farmac\u00eautica.<\/p>\n<p>Curso: Farm\u00e1cia<\/p>\n<hr \/>\n<p>Disciplina: Est\u00e1gio Supervisionado de Assist\u00eancia Farm\u00e1cia<br \/>\nManual do Est\u00e1gio<br \/>\nSUM\u00c1RIO<br \/>\n1<a href=\"https:\/\/www.portfoliopronto.com\/\">.<\/a>\u00a0NATUREZA DO EST\u00c1GIO\u2026\u2026\u2026\u2026\u2026\u2026\u2026\u2026\u2026\u2026\u2026\u2026\u2026\u2026\u2026\u2026\u2026\u2026\u2026\u2026\u2026\u2026\u2026\u2026\u2026\u2026\u2026\u2026\u2026\u2026.. 3<br \/>\n1.1. DOS OBJETIVOS \u2026\u2026\u2026\u2026\u2026\u2026\u2026\u2026\u2026\u2026\u2026\u2026\u2026\u2026\u2026\u2026\u2026\u2026\u2026\u2026\u2026\u2026\u2026\u2026\u2026\u2026\u2026\u2026\u2026\u2026\u2026\u2026\u2026 4<br \/>\n1.2. DA ESTRUTURA, DURA\u00c7\u00c3O E DESENVOLVIMENTO DO EST\u00c1GIO\u00a0\u2026\u2026\u2026\u2026\u2026.\u00a06<br \/>\n1.3. ASSIDUIDADE\u2026\u2026\u2026\u2026\u2026\u2026\u2026\u2026\u2026\u2026\u2026\u2026\u2026\u2026\u2026\u2026\u2026\u2026\u2026\u2026\u2026\u2026\u2026\u2026\u2026\u2026\u2026\u2026\u2026\u2026\u2026\u2026\u2026\u2026.. 7<br \/>\n1.4. POSTURA E ATRIBUI\u00c7\u00d5ES DO ESTAGI\u00c1RIO \u2026\u2026\u2026\u2026\u2026\u2026\u2026\u2026\u2026\u2026\u2026\u2026\u2026\u2026\u2026\u2026\u2026. 7<br \/>\n2. ENVOLVIMENTO DOS PARTICIPANTES\u2026\u2026\u2026\u2026\u2026\u2026\u2026\u2026\u2026\u2026\u2026\u2026\u2026\u2026\u2026\u2026\u2026\u2026\u2026\u2026\u2026\u2026.10<br \/>\n3. DOCUMENTA\u00c7\u00c3O DO EST\u00c1GIO \u2026\u2026\u2026\u2026\u2026\u2026\u2026\u2026\u2026\u2026\u2026\u2026\u2026\u2026\u2026\u2026\u2026\u2026\u2026\u2026\u2026\u2026\u2026\u2026\u2026\u2026.12<br \/>\nEst\u00e1gio Supervisionado de<br \/>\nAssist\u00eancia Farmac\u00eautica<br \/>\nFarm\u00e1cia<br \/>\nMANUAL DE EST\u00c1GIO SUPERVISIONADO<br \/>\nASSIST\u00caNCIA FARMAC\u00caUTICA<br \/>\nCARGA HOR\u00c1RIA: 80 HORAS<br \/>\n1. NATUREZA DO EST\u00c1GIO<br \/>\nO Est\u00e1gio Curricular busca a associa\u00e7\u00e3o das dimens\u00f5es te\u00f3ricas e<br \/>\npr\u00e1ticas do curr\u00edculo. Dessa forma, articula interdisciplinarmente os conte\u00fados<br \/>\nvisando a aplica\u00e7\u00e3o dos conhecimentos adquiridos durante o Curso.<br \/>\nGarantindo a possibilidade de abrir uma janela para o futuro e vislumbrar a<br \/>\nrealidade em que ir\u00e1 atuar profissionalmente.<br \/>\nNo Est\u00e1gio Supervisionado em Assist\u00eancia Farmac\u00eautica os alunos<br \/>\ndesenvolver\u00e3o diferentes atividades, dentre elas: conhecer o papel do<br \/>\nfarmac\u00eautico na assist\u00eancia farmac\u00eautica, atividades de organiza\u00e7\u00e3o do ciclo<br \/>\nda Assist\u00eancia Farmac\u00eautica como recebimento, estocagem, conserva\u00e7\u00e3o,<br \/>\nseguran\u00e7a dos medicamentos e controle do estoque, atividades de<br \/>\nacompanhamento do processo de dispensa\u00e7\u00e3o do medicamento na unidade,<br \/>\nacompanhamento do paciente e orienta\u00e7\u00f5es para uso racional de<br \/>\nmedicamentos.<br \/>\nEst\u00e1gio Supervisionado de<br \/>\nAssist\u00eancia Farmac\u00eautica<br \/>\nFarm\u00e1cia<br \/>\n1.1. DOS OBJETIVOS<br \/>\n1.1.1. Os objetivos gerais do est\u00e1gio obrigat\u00f3rio s\u00e3o os seguintes:<br \/>\n\u2022 Proporcionar ao acad\u00eamico a oportunidade de aplicar, ampliar e<br \/>\nadequar os conhecimentos t\u00e9cnico-cient\u00edficos, integrando a teoria<br \/>\ne a pr\u00e1tica por meio de sua inser\u00e7\u00e3o em situa\u00e7\u00f5es reais de trabalho;<br \/>\n\u2022 Promover atividades que permitam o desenvolvimento de<br \/>\ncompet\u00eancias, capacidades e habilidades requeridas para a<br \/>\nforma\u00e7\u00e3o profissional;<br \/>\n\u2022 Possibilitar o conhecimento da realidade socioecon\u00f4mica e cultural<br \/>\nda popula\u00e7\u00e3o, desenvolvendo a capacidade cr\u00edtica e human\u00edstica<br \/>\ndo acad\u00eamico, permitindo a sua identifica\u00e7\u00e3o como elemento de<br \/>\ntransforma\u00e7\u00e3o da sociedade;<br \/>\n\u2022 Garantir a experi\u00eancia nos diferentes n\u00edveis de aten\u00e7\u00e3o a sa\u00fade,<br \/>\natuando em programas de promo\u00e7\u00e3o, manuten\u00e7\u00e3o, preven\u00e7\u00e3o,<br \/>\nprote\u00e7\u00e3o e recupera\u00e7\u00e3o da sa\u00fade, promovendo a forma\u00e7\u00e3o de<br \/>\nprofissional comprometido com o ser humano;<br \/>\n\u2022 Suscitar o desejo permanente de aperfei\u00e7oamento cultural e<br \/>\nprofissional, possibilitando o desenvolvimento da cidadania e dos<br \/>\nprinc\u00edpios \u00e9ticos da autonomia, da responsabilidade, da<br \/>\nsolidariedade e do respeito ao bem comum;<br \/>\n\u2022 Permitir o desenvolvimento da pr\u00e1tica profissional voltada para a<br \/>\natua\u00e7\u00e3o em equipes multiprofissionais, fortalecendo os aspectos<br \/>\ninterdisciplinares e transdisciplinares como forma de obter m\u00e1xima<br \/>\nprodutividade da promo\u00e7\u00e3o e da assist\u00eancia \u00e0 sa\u00fade;<br \/>\n\u2022 Possibilitar a tomada de decis\u00f5es e as solu\u00e7\u00f5es de problemas;<br \/>\n\u2022 Assegurar a forma\u00e7\u00e3o de farmac\u00eauticos generalistas, qualificados<br \/>\nao exerc\u00edcio profissional nas diferentes \u00e1reas de atua\u00e7\u00e3o<br \/>\nvinculadas a alimenta\u00e7\u00e3o e nutri\u00e7\u00e3o.<br \/>\nEst\u00e1gio Supervisionado de<br \/>\nAssist\u00eancia Farmac\u00eautica<br \/>\nFarm\u00e1cia<br \/>\n1.1.2. Os objetivos espec\u00edficos para o Est\u00e1gio Supervisionado em<br \/>\nAssist\u00eancia Farmac\u00eautica, s\u00e3o os seguintes:<br \/>\n\u2022 Compreender as a\u00e7\u00f5es do farmac\u00eautico na Assist\u00eancia<br \/>\nFarmac\u00eautica;<br \/>\n\u2022 Conhecer o campo de atua\u00e7\u00e3o do farmac\u00eautico na Assist\u00eancia<br \/>\nFarmac\u00eautica;<br \/>\n\u2022 Compreender o Ciclo de Assist\u00eancia Farmac\u00eautica;<br \/>\n\u2022 Organizar atividades de recebimento de medicamentos;<br \/>\n\u2022 Organizar atividades de estocagem de medicamentos;<br \/>\n\u2022 Organizar atividades de conserva\u00e7\u00e3o de medicamentos;<br \/>\n\u2022 Organizar atividades de controle de estoque de medicamentos;<br \/>\n\u2022 Realizar avalia\u00e7\u00e3o do armazenamento de medicamentos no local;<br \/>\n\u2022 Organizar processo de dispensa\u00e7\u00e3o de medicamentos;<br \/>\n\u2022 Realizar atividades de promo\u00e7\u00e3o do uso racional de medicamentos.<br \/>\nObserva\u00e7\u00f5es importantes:<br \/>\nI. Nenhum documento relativo ao paciente pode sair do servi\u00e7o de<br \/>\nsa\u00fade.<br \/>\nEst\u00e1gio Supervisionado de<br \/>\nAssist\u00eancia Farmac\u00eautica<br \/>\nFarm\u00e1cia<\/p>\n<p>Est\u00e1gio supervisionado de Assist\u00eancia Farmac\u00eautica<br \/>\n1.2. DA ESTRUTURA, DURA\u00c7\u00c3O E DESENVOLVIMENTO DO<br \/>\nEST\u00c1GIO<br \/>\n1.2.1. Estrutura<br \/>\nAtividades de est\u00e1gio ser\u00e3o desenvolvidas em Unidades B\u00e1sicas de<br \/>\nSa\u00fade, Central de Abastecimento Farmac\u00eautico (CAF) e nos locais onde<br \/>\nocorrem atividades relacionadas a Assist\u00eancia Farmac\u00eautica do<br \/>\nmunic\u00edpio, desde que devidamente autorizadas pelos \u00f3rg\u00e3os<br \/>\ncompetentes e conveniadas com a Institui\u00e7\u00e3o de Ensino e que tenham<br \/>\nFarmac\u00eauticos contratados.<br \/>\n1.2.2. Dura\u00e7\u00e3o<br \/>\nOs alunos ser\u00e3o divididos em grupos para a realiza\u00e7\u00e3o do est\u00e1gio, e<br \/>\nconforme a Lei de Est\u00e1gio n\u00ba 11.788, de 25 de setembro de 2008, as<br \/>\natividades de est\u00e1gio n\u00e3o dever\u00e3o ultrapassar 6 (seis) horas di\u00e1rias e 30<br \/>\n(trinta) horas semanais, at\u00e9 contemplarem a totalidade da carga-hor\u00e1ria<br \/>\ndo Est\u00e1gio Supervisionado em Assist\u00eancia Farmac\u00eautica (80 horas).<br \/>\nA forma\u00e7\u00e3o dos grupos e comunica\u00e7\u00e3o do cronograma de est\u00e1gio aos<br \/>\nintegrantes ser\u00e1 realizada pela Coordena\u00e7\u00e3o Pedag\u00f3gica do Polo de<br \/>\nApoio Presencial.<br \/>\nAinda de acordo com as Diretrizes Curriculares Nacionais do curso de<br \/>\nFarm\u00e1cia, Resolu\u00e7\u00e3o CNE\/CES n\u00ba 6, de 19 de outubro de 2017, cada<br \/>\npreceptor e supervisor de campo poder\u00e3o supervisionar no m\u00e1ximo 10<br \/>\nacad\u00eamicos.<br \/>\n1.2.3 Desenvolvimento do est\u00e1gio<br \/>\nO aluno dever\u00e1 acompanhar as atividades desenvolvida pelo<br \/>\nFarmac\u00eautico do local de est\u00e1gio, denominado Supervisor de Campo,<br \/>\nassim como dever\u00e1 ser acompanhado pelo Preceptor de Est\u00e1gio,<br \/>\nfarmac\u00eautico vinculado ao Polo Parceiro. Todas as atividades devem ser<br \/>\nrealizadas e registradas conforme a orienta\u00e7\u00e3o deste manual. Bem como<br \/>\nEst\u00e1gio Supervisionado de<br \/>\nAssist\u00eancia Farmac\u00eautica<br \/>\nFarm\u00e1cia<br \/>\ndever\u00e1 acompanhar as atividades desenvolvidas com os professores por<br \/>\nmeio de reuni\u00f5es s\u00edncronas para realiza\u00e7\u00e3o dos estudos de caso<br \/>\npresentes no relat\u00f3rio do est\u00e1gio.<br \/>\nO registro das atividades deve estar em conson\u00e2ncia com as datas em<br \/>\nque efetivamente o aluno realizou as atividades de est\u00e1gio, devidamente<br \/>\ncarimbadas e assinadas conforme modelo disposto neste manual e nos<br \/>\nanexos. O registro incorreto, implica na reprova\u00e7\u00e3o do aluno no est\u00e1gio.<br \/>\n\u00c9 importante destacar tamb\u00e9m que de acordo com a Lei de Est\u00e1gio n\u00b0<br \/>\n11.788\/2008, a realiza\u00e7\u00e3o do Est\u00e1gio Curricular n\u00e3o acarreta em v\u00ednculo<br \/>\nempregat\u00edcio de qualquer natureza.<br \/>\n1.3. ASSIDUIDADE<br \/>\nO aluno matriculado na disciplina Est\u00e1gio Supervisionado em Assist\u00eancia<br \/>\nFarmac\u00eautica dever\u00e1 cumprir carga hor\u00e1ria total de 80 horas, que dever\u00e3o<br \/>\nser executadas na sua plenitude no campo de est\u00e1gio de Assist\u00eancia<br \/>\nFarmac\u00eautica. Para esta modalidade de est\u00e1gio n\u00e3o h\u00e1 abonos de faltas,<br \/>\ne em caso de falta por apresenta\u00e7\u00e3o de atestado de \u00f3bito, atestado<br \/>\nm\u00e9dico e casamento, \u00e9 obrigat\u00f3ria a sua reposi\u00e7\u00e3o.<br \/>\n1.4. POSTURA E ATRIBUI\u00c7\u00d5ES DO ESTAGI\u00c1RIO<br \/>\nI. O estagi\u00e1rio, nos estabelecimentos, independentemente do n\u00edvel<br \/>\nde aten\u00e7\u00e3o \u00e0 sa\u00fade, dever\u00e1 estar devidamente identificado por<br \/>\nmeio de crach\u00e1;<br \/>\nII. Cumprir as disposi\u00e7\u00f5es do Termo de Compromisso firmado com a<br \/>\nUnidade Cedente;<br \/>\nIII. Respeitar as normas vigentes na Unidade Cedente;<br \/>\nIV. Manter conduta \u00e9tica no local de Est\u00e1gio, zelando pelo bom nome<br \/>\nda Institui\u00e7\u00e3o\/Empresa que proporciona o est\u00e1gio e do Curso de<br \/>\nFarm\u00e1cia;<br \/>\nV. Manter sigilo profissional em rela\u00e7\u00e3o a dados e informa\u00e7\u00f5es<br \/>\nobtidas na Unidade Cedente.<br \/>\nEst\u00e1gio Supervisionado de<br \/>\nAssist\u00eancia Farmac\u00eautica<br \/>\nFarm\u00e1cia<br \/>\nVI. Cumprir o cronograma de Est\u00e1gio, acatando as diretrizes do<br \/>\nSupervisor Acad\u00eamico;<br \/>\nVII. Comparecer pontualmente nos locais de Est\u00e1gio, com o crach\u00e1 de<br \/>\nidentifica\u00e7\u00e3o, jaleco branco de manga longa e demais vestimentas<br \/>\nexigidas pela Unidade Cedente.<br \/>\nVIII. A permiss\u00e3o do uso de adornos, esmalte, entre outros, ser\u00e1 de<br \/>\nacordo com cada \u00c1rea de Est\u00e1gio e exig\u00eancias da Unidade<br \/>\nCedente;<br \/>\nIX. Zelar pelos materiais e equipamentos pertencentes \u00e0 Unidade<br \/>\nCedente do Est\u00e1gio, bem como pelos da Institui\u00e7\u00e3o Formadora;<br \/>\nX. Ser discreto, ouvindo atentamente e manifestar-se em momentos<br \/>\nprop\u00edcios ou quando solicitados;<br \/>\nXI. Desenvolver todas as atividades programadas, respeitando os<br \/>\nprazos estabelecidos.<br \/>\nXII. Registrar sistematicamente as atividades desenvolvidas no campo<br \/>\nde est\u00e1gio;<br \/>\nXIII. Entregar ao Supervisor Acad\u00eamico e ao Preceptor de Est\u00e1gio,<br \/>\nno prazo estabelecido, os documentos necess\u00e1rios formais (Ficha<br \/>\nde acompanhamento) do Est\u00e1gio;<br \/>\nXIV. Dirigir-se ao Supervisor Acad\u00eamico e Preceptor de Est\u00e1gio<br \/>\nsempre que tiver d\u00favidas relativas ao est\u00e1gio e sua realiza\u00e7\u00e3o.<br \/>\nXV. Encaminhar as d\u00favidas sobre o est\u00e1gio ao Tutor a Dist\u00e2ncia, via<br \/>\nsistema de mensagens do AVA ou Sala do Tutor conforme as<br \/>\norienta\u00e7\u00f5es.<\/p>\n<div class=\"elementor-toggle-item\">\n<p id=\"elementor-tab-title-1941\" class=\"elementor-tab-title elementor-active\" tabindex=\"0\" role=\"tab\" data-tab=\"1\" aria-controls=\"elementor-tab-content-1941\" aria-expanded=\"true\" aria-selected=\"true\"><strong>Como funciona?<\/strong><\/p>\n<p>Elaboramos os portf\u00f3lios, j\u00e1 deixamos prontos, nas normas da ABNT e conforme os requisitos da universidade. F\u00e1cil assim! O MELHOR \u00c9 QUE VOC\u00ca COMPRA E J\u00c1 BAIXA NA HORA O SEU ARQUIVO EM WORD! Sabemos que conciliar trabalho, fam\u00edlia, vida profissional e estudos \u00e9 dif\u00edcil hoje em dia, por isso, estamos aqui para ajudar voc\u00ea. Conte com nossa qualidade, experi\u00eancia e profissionalismo adquirindo seu portf\u00f3lio conosco. GARANTIMOS SEU CONCEITO!<\/p>\n<p><strong>Como se realizam os envios?<\/strong><\/p>\n<\/div>\n<p id=\"elementor-tab-content-1942\" class=\"elementor-tab-content elementor-clearfix elementor-active\" role=\"tabpanel\" data-tab=\"2\" aria-labelledby=\"elementor-tab-title-1942\">O seu trabalho \u00e9 disponibilizado pronto, respondido e nas normas j\u00e1 na mesma hora aqui em nosso site na sua \u00e1rea de downloads e tamb\u00e9m no seu e-mail.<\/p>\n<p><strong>Em quanto tempo recebo o portf\u00f3lio?<\/strong><\/p>\n<p>Os envios s\u00e3o imediatos. Ap\u00f3s sua compra, o trabalho j\u00e1 \u00e9 disponibilizado instantaneamente aqui em nosso site e no seu e-mail.<\/p>\n<p><strong>E se o portf\u00f3lio que comprei precisar de corre\u00e7\u00e3o?<\/strong><\/p>\n<p>Caso haja alguma solicita\u00e7\u00e3o de corre\u00e7\u00e3o\/altera\u00e7\u00e3o por parte do tutor, basta entrar em contato conosco pelo\u00a0WhatsApp\u00a0que provid\u00eanciaremos sem custo algum.<\/p>\n<p><strong>Qual o formato do arquivo?<\/strong><\/p>\n<p>Os arquivos s\u00e3o enviados em formato Word e s\u00e3o edit\u00e1veis.<\/p>\n<p><strong>Caso eu tiver alguma d\u00favida, terei suporte no p\u00f3s venda?<\/strong><\/p>\n<p>Sim, com certeza. Basta clicar no \u00edcone do WhatsApp no cantinho da tela. Ser\u00e1 um prazer atend\u00ea-lo(a).<\/p>\n<div id=\"elementor-tab-content-1948\" class=\"elementor-tab-content elementor-clearfix elementor-active\" role=\"tabpanel\" data-tab=\"8\" aria-labelledby=\"elementor-tab-title-1948\">\n<p><strong>Quais os seus canais de contato?<\/strong><\/p>\n<\/div>\n<div id=\"elementor-tab-content-1949\" class=\"elementor-tab-content elementor-clearfix elementor-active\" role=\"tabpanel\" data-tab=\"9\" aria-labelledby=\"elementor-tab-title-1949\">\n<p>Whatsapp: 53 984751621 \u2013 Clicar no canto da tela ou ESCANEIE O QRCODE ABAIXO<\/p>\n<h4><img decoding=\"async\" class=\"alignnone wp-image-13699 jetpack-lazy-image jetpack-lazy-image--handled\" src=\"https:\/\/i0.wp.com\/portifolioos-prontos.com\/wp-content\/uploads\/2023\/02\/whatsapp-business-projeto-de-extensao-300x300.jpeg?resize=144%2C144\" sizes=\"(max-width: 144px) 100vw, 144px\" srcset=\"https:\/\/i0.wp.com\/portifolioos-prontos.com\/wp-content\/uploads\/2023\/02\/whatsapp-business-projeto-de-extensao.jpeg?resize=300%2C301&amp;ssl=1 300w, https:\/\/i0.wp.com\/portifolioos-prontos.com\/wp-content\/uploads\/2023\/02\/whatsapp-business-projeto-de-extensao.jpeg?resize=150%2C150&amp;ssl=1 150w, https:\/\/i0.wp.com\/portifolioos-prontos.com\/wp-content\/uploads\/2023\/02\/whatsapp-business-projeto-de-extensao.jpeg?resize=370%2C372&amp;ssl=1 370w, https:\/\/i0.wp.com\/portifolioos-prontos.com\/wp-content\/uploads\/2023\/02\/whatsapp-business-projeto-de-extensao.jpeg?resize=100%2C100&amp;ssl=1 100w, https:\/\/i0.wp.com\/portifolioos-prontos.com\/wp-content\/uploads\/2023\/02\/whatsapp-business-projeto-de-extensao.jpeg?w=470&amp;ssl=1 470w\" alt=\"projeto de extens\u00e3o unopar\" width=\"144\" height=\"144\" data-lazy-loaded=\"1\" \/><\/h4>\n<\/div>\n<div class=\"elementor-toggle-item\">\n<div id=\"elementor-tab-content-1949\" class=\"elementor-tab-content elementor-clearfix elementor-active\" role=\"tabpanel\" data-tab=\"9\" aria-labelledby=\"elementor-tab-title-1949\">\n<p>E-mail:portifoliosp@gmail.com<\/p>\n<div id=\"attachment_143\" class=\"wp-caption alignnone\">\n<div id=\"attachment_143\" class=\"wp-caption alignnone\">\n<p id=\"caption-attachment-143\" class=\"wp-caption-text\"><a href=\"http:\/\/portfolio-pronto.com\/\">Portf\u00f3lio<\/a>\u00a0em Word, respondido, completo e j\u00e1 nas normas<\/p>\n<\/div>\n<\/div>\n<\/div>\n<\/div>\n","protected":false},"excerpt":{"rendered":"<div class=\"product-short-description\"><strong>Pague pelo PIX ou cart\u00e3o e fa\u00e7a o download agora mesmo.<\/strong><\/div>\n<div class=\"sticky-add-to-cart-wrapper\">\n<div class=\"sticky-add-to-cart\">\n<p class=\"quantity buttons_added form-flat\"><img decoding=\"async\" class=\"lazyloaded smush-image-5 smush-image-3 smush-image-4 smush-detected-img smush-image-bigger-3\" src=\"https:\/\/d26lpennugtm8s.cloudfront.net\/assets\/common\/img\/logos\/payment\/visa@2x.png\" width=\"46\" height=\"29\" data-src=\"https:\/\/d26lpennugtm8s.cloudfront.net\/assets\/common\/img\/logos\/payment\/visa@2x.png\" \/><img decoding=\"async\" class=\"lazyloaded smush-image-6 smush-image-4 smush-image-5 smush-detected-img smush-image-bigger-4\" src=\"https:\/\/d26lpennugtm8s.cloudfront.net\/assets\/common\/img\/logos\/payment\/boleto@2x.png\" width=\"43\" height=\"27\" data-src=\"https:\/\/d26lpennugtm8s.cloudfront.net\/assets\/common\/img\/logos\/payment\/boleto@2x.png\" \/><img loading=\"lazy\" decoding=\"async\" class=\"lazyloaded smush-image-7 smush-image-5 smush-image-6 smush-detected-img smush-image-bigger-5\" src=\"https:\/\/d26lpennugtm8s.cloudfront.net\/assets\/common\/img\/logos\/payment\/mastercard@2x.png\" width=\"43\" height=\"27\" data-src=\"https:\/\/d26lpennugtm8s.cloudfront.net\/assets\/common\/img\/logos\/payment\/mastercard@2x.png\" \/><img loading=\"lazy\" decoding=\"async\" class=\"lazyloaded smush-image-8 smush-image-6 smush-image-7 smush-detected-img smush-image-bigger-6\" src=\"https:\/\/d26lpennugtm8s.cloudfront.net\/assets\/common\/img\/logos\/payment\/amex@2x.png\" width=\"43\" height=\"27\" data-src=\"https:\/\/d26lpennugtm8s.cloudfront.net\/assets\/common\/img\/logos\/payment\/amex@2x.png\" \/><img loading=\"lazy\" decoding=\"async\" class=\"lazyloaded smush-image-9 smush-image-7 smush-image-8 smush-detected-img smush-image-bigger-7\" src=\"https:\/\/d26lpennugtm8s.cloudfront.net\/assets\/common\/img\/logos\/payment\/diners@2x.png\" width=\"46\" height=\"29\" data-src=\"https:\/\/d26lpennugtm8s.cloudfront.net\/assets\/common\/img\/logos\/payment\/diners@2x.png\" \/><img loading=\"lazy\" decoding=\"async\" class=\"lazyloaded smush-image-10 smush-image-8 smush-image-9 alignnone smush-detected-img smush-image-bigger-8\" src=\"https:\/\/d26lpennugtm8s.cloudfront.net\/assets\/common\/img\/logos\/payment\/br\/elo@2x.png\" alt=\"portf\u00f3lio unopar anhanguera\" width=\"45\" height=\"28\" data-src=\"https:\/\/d26lpennugtm8s.cloudfront.net\/assets\/common\/img\/logos\/payment\/br\/elo@2x.png\" \/><img loading=\"lazy\" decoding=\"async\" class=\"lazyloaded smush-image-11 smush-image-9 smush-image-10 alignnone smush-detected-img smush-image-bigger-9\" src=\"https:\/\/d26lpennugtm8s.cloudfront.net\/assets\/common\/img\/logos\/payment\/br\/hipercard@2x.png\" alt=\"portf\u00f3lio unopar anhanguera\" width=\"44\" height=\"28\" data-src=\"https:\/\/d26lpennugtm8s.cloudfront.net\/assets\/common\/img\/logos\/payment\/br\/hipercard@2x.png\" \/><img loading=\"lazy\" decoding=\"async\" class=\"lazyloaded smush-image-12 smush-image-10 smush-image-11 alignnone smush-detected-img smush-image-bigger-10\" src=\"https:\/\/d26lpennugtm8s.cloudfront.net\/assets\/common\/img\/logos\/payment\/mercadopago@2x.png\" alt=\"portf\u00f3lio unopar anhanguera\" width=\"45\" height=\"28\" data-src=\"https:\/\/d26lpennugtm8s.cloudfront.net\/assets\/common\/img\/logos\/payment\/mercadopago@2x.png\" \/><img loading=\"lazy\" decoding=\"async\" class=\"alignnone ls-is-cached lazyloaded smush-detected-img smush-image-bigger-11\" src=\"https:\/\/futurium.com.br\/wp-content\/uploads\/2021\/06\/logo-pix-icone-512.png\" alt=\"portfolio pronto\" width=\"30\" height=\"30\" data-src=\"https:\/\/futurium.com.br\/wp-content\/uploads\/2021\/06\/logo-pix-icone-512.png\" \/><\/p>\n<\/div>\n<\/div>\n","protected":false},"featured_media":44865,"template":"","meta":{"_seopress_robots_primary_cat":"","_seopress_titles_title":"","_seopress_titles_desc":"","_seopress_robots_index":""},"product_cat":[765],"product_tag":[],"class_list":{"0":"post-44864","1":"product","2":"type-product","3":"status-publish","4":"has-post-thumbnail","6":"product_cat-estagio-unopar-e-anhanguera","8":"first","9":"instock","10":"downloadable","11":"virtual","12":"purchasable","13":"product-type-simple","14":"col-xs-6 col-sm-4","15":"col-mf-5","16":"un-5-cols"},"jetpack_sharing_enabled":true,"_links":{"self":[{"href":"https:\/\/portifolioos-prontos.com\/index.php\/wp-json\/wp\/v2\/product\/44864","targetHints":{"allow":["GET"]}}],"collection":[{"href":"https:\/\/portifolioos-prontos.com\/index.php\/wp-json\/wp\/v2\/product"}],"about":[{"href":"https:\/\/portifolioos-prontos.com\/index.php\/wp-json\/wp\/v2\/types\/product"}],"version-history":[{"count":1,"href":"https:\/\/portifolioos-prontos.com\/index.php\/wp-json\/wp\/v2\/product\/44864\/revisions"}],"predecessor-version":[{"id":44866,"href":"https:\/\/portifolioos-prontos.com\/index.php\/wp-json\/wp\/v2\/product\/44864\/revisions\/44866"}],"wp:featuredmedia":[{"embeddable":true,"href":"https:\/\/portifolioos-prontos.com\/index.php\/wp-json\/wp\/v2\/media\/44865"}],"wp:attachment":[{"href":"https:\/\/portifolioos-prontos.com\/index.php\/wp-json\/wp\/v2\/media?parent=44864"}],"wp:term":[{"taxonomy":"product_cat","embeddable":true,"href":"https:\/\/portifolioos-prontos.com\/index.php\/wp-json\/wp\/v2\/product_cat?post=44864"},{"taxonomy":"product_tag","embeddable":true,"href":"https:\/\/portifolioos-prontos.com\/index.php\/wp-json\/wp\/v2\/product_tag?post=44864"}],"curies":[{"name":"wp","href":"https:\/\/api.w.org\/{rel}","templated":true}]}}