{"id":46228,"date":"2025-10-12T22:31:40","date_gmt":"2025-10-13T01:31:40","guid":{"rendered":"https:\/\/portifolioos-prontos.com\/?post_type=product&#038;p=46228"},"modified":"2025-10-12T22:31:40","modified_gmt":"2025-10-13T01:31:40","slug":"praticas-pedagogicas-em-matematica-anos-finais-do-ensino-fundamental","status":"publish","type":"product","link":"https:\/\/portifolioos-prontos.com\/index.php\/product\/praticas-pedagogicas-em-matematica-anos-finais-do-ensino-fundamental\/","title":{"rendered":"Pr\u00e1ticas Pedag\u00f3gicas em Matem\u00e1tica: Anos finais do ensino fundamental"},"content":{"rendered":"<p><strong>Pr\u00e1ticas Pedag\u00f3gicas em Matem\u00e1tica: Anos finais do ensino fundamental<\/strong><\/p>\n<p>ATIVIDADE PR\u00c1TICA<br \/>\nP\u00fablico<br \/>\nPR\u00c1TICAS PEDAG\u00d3GICAS EM MATEM\u00c1TICA: ANOS FINAIS DO ENSINO FUNDAMENTAL<br \/>\nOl\u00e1, estudante!<br \/>\nNessa atividade pr\u00e1tica, voc\u00ea realizar\u00e1 uma atividade associada a um contexto de atua\u00e7\u00e3o<br \/>\nprofissional e poder\u00e1 articular os conhecimentos de Matem\u00e1tica para o Ensino Fundamental<br \/>\nvisando a organiza\u00e7\u00e3o de um plano de aula direcionado especialmente ao ensino de conceitos da<br \/>\ngeometria e que englobe o uso de estrat\u00e9gias metodol\u00f3gicas diferenciadas.<br \/>\nObjetivo<br \/>\n\u2022 Compreender o plano de aula como uma ferramenta de planejamento e organiza\u00e7\u00e3o das<br \/>\naulas de forma mais eficiente.<br \/>\n\u2022 Refletir sobre pr\u00e1ticas pedag\u00f3gicas e pr\u00e1ticas de ensino.<br \/>\n\u2022 Aprofundar os estudos acerca de diferentes estrat\u00e9gias metodol\u00f3gicas para o ensino de<br \/>\nconceitos matem\u00e1ticos.<br \/>\n\u2022 Desenvolver a criatividade na elabora\u00e7\u00e3o de atividades.<br \/>\nProposta<br \/>\nConsiderando a necessidade de diversificar as estrat\u00e9gias de ensino, para favorecer a<br \/>\naprendizagem dos estudantes, voc\u00ea dever\u00e1 elaborar um plano de aula voltado ao ensino de<br \/>\nconceitos da Geometria e que se utilize de estrat\u00e9gias n\u00e3o tradicionais, visando promover uma<br \/>\naprendizagem efetiva e significativa.<br \/>\nPasso 1: Reflex\u00f5es sobre o ensino de Geometria e a BNCC<br \/>\nInicialmente, voc\u00ea dever\u00e1 fazer um estudo a respeito dos conhecimentos de Geometria abordados<br \/>\nnos anos finais do Ensino Fundamental (de 6\u00ba ao 9\u00ba ano), tomando por refer\u00eancia a Base Nacional<br \/>\nComum Curricular (BNCC). Esse documento pode ser acessado por meio do link:<br \/>\n&lt;http:\/\/basenacionalcomum.mec.gov.br\/images\/BNCC_EI_EF_110518_versaofinal_site.pdf&gt;<br \/>\n(acesso em 10 dez. 2024).<br \/>\nSelecione um ano e um ou mais conte\u00fados de Geometria para os quais o seu plano de aula ser\u00e1<br \/>\nATV<br \/>\nATIVIDADE PR\u00c1TICA<br \/>\nP\u00fablico<br \/>\ndirecionado.<br \/>\nEm seguida, voc\u00ea dever\u00e1 estudar o artigo \u201cO uso de metodologias ativas no ensino de Matem\u00e1tica:<br \/>\no que dizem as pesquisas brasileiras\u201d, de Jo\u00e3o V. da Silva, Everton L. da Silva, Vinicios A. da<br \/>\nSilva e Jo\u00e3o F. da S. Neto, dispon\u00edvel em: &lt;https:\/\/www.revistasbemsp.com.br\/index.php\/REMatSP\/article\/view\/494\/559&gt; (acesso em 10 dez. 2024).<br \/>\nEscolha uma estrat\u00e9gia metodol\u00f3gica principal que conduzir\u00e1 seu plano de aula. Algumas das<br \/>\nop\u00e7\u00f5es dispon\u00edveis s\u00e3o: gamifica\u00e7\u00e3o, aprendizagem baseada em problemas e sala de aula<br \/>\ninvertida. Existem outras op\u00e7\u00f5es, como resolu\u00e7\u00e3o de problemas, modelagem matem\u00e1tica,<br \/>\netnomatem\u00e1tica, que apesar de n\u00e3o entrarem na categoria de metodologias ativas, tamb\u00e9m s\u00e3o<br \/>\ninteressantes para o ensino de conceitos matem\u00e1ticos. Se necess\u00e1rio, voc\u00ea pode articular duas<br \/>\nou mais estrat\u00e9gias para a organiza\u00e7\u00e3o de seu plano.<br \/>\nA proposta \u00e9 que voc\u00ea trabalhe com outras estrat\u00e9gias, ao inv\u00e9s de utilizar apenas aulas<br \/>\nexpositivas e resolu\u00e7\u00e3o de exerc\u00edcios. Se necess\u00e1rio, em alguns momentos voc\u00ea pode incluir<br \/>\nexposi\u00e7\u00e3o de conte\u00fados, mas essa n\u00e3o deve ser a estrat\u00e9gia principal do seu plano de aula.<br \/>\nA partir dessas defini\u00e7\u00f5es de conte\u00fado, ano e estrat\u00e9gia metodol\u00f3gica, reflita sobre como ser\u00e1<br \/>\norganizado seu plano de aula e prossiga para o passo 2, o qual contempla a elabora\u00e7\u00e3o do plano<br \/>\npropriamente dita.<br \/>\nPasso 2: Escrita do plano de aula e organiza\u00e7\u00e3o do trabalho<br \/>\nElabora\u00e7\u00e3o do trabalho escrito para postagem no AVA, contendo o plano de aula a ser elaborado<br \/>\na partir das defini\u00e7\u00f5es do passo 1. Esse trabalho deve conter os seguintes elementos:<br \/>\n1) Capa: Elaborar a capa seguindo as diretrizes dispon\u00edveis na biblioteca virtual.<br \/>\n2) Desenvolvimento: Apresenta\u00e7\u00e3o do plano de aula elaborado, o qual deve contemplar os<br \/>\nelementos a seguir.<br \/>\nPLANO DE AULA<br \/>\nCOMPONENTE CURRICULAR: Indique o nome da disciplina.<br \/>\nUNIDADE TEM\u00c1TICA: Indique a unidade tem\u00e1tica conforme a BNCC.<br \/>\nOBJETO DO CONHECIMENTO: Indique o objeto do conhecimento conforme a BNCC.<br \/>\nHABILIDADE(S):<br \/>\nIndique a(s) habilidade(s) conforme a BNCC,<br \/>\napresentando a numera\u00e7\u00e3o e a descri\u00e7\u00e3o conforme o<br \/>\ndocumento de origem.<br \/>\nTEMA DA AULA: Apresente o t\u00edtulo da aula.<br \/>\nATV<br \/>\nATIVIDADE PR\u00c1TICA<br \/>\nP\u00fablico<br \/>\nTURMA: Identifique a qual ano e n\u00edvel de ensino o plano se<br \/>\ndestina.<br \/>\nDURA\u00c7\u00c3O: Indique o n\u00famero de aulas e o tempo de cada uma<br \/>\ndelas.<br \/>\nOBJETIVO(S): Indique o(s) objetivo(s) que voc\u00ea pretende que os<br \/>\nalunos alcancem a partir dessa aula.<br \/>\nCOMPET\u00caNCIAS: Indique as compet\u00eancias conforme a BNCC.<br \/>\nCONTE\u00daDO PROGRAM\u00c1TICO: Liste os conte\u00fados que ser\u00e3o abordados durante a aula<br \/>\ne associados \u00e0 Geometria.<br \/>\nMETODOLOGIA:<br \/>\nExplique de que forma a aula ser\u00e1 conduzida, quais as<br \/>\nestrat\u00e9gias metodol\u00f3gicas que ser\u00e3o utilizadas<br \/>\n(exemplo: gamifica\u00e7\u00e3o, aprendizagem baseada em<br \/>\nproblemas, sala invertida, etnomatem\u00e1tica etc.),<br \/>\ndescrevendo minunciosamente o desenvolvimento da<br \/>\naula.<br \/>\nRECURSOS DID\u00c1TICOS: Indique os materiais que ser\u00e3o utilizados durante a aula<br \/>\n(exemplo: lousa, calculadoras, computadores etc.).<br \/>\nRESULTADOS DE APRENDIZAGEM: Indique os resultados de aprendizagem esperados para<br \/>\nessa aula.<br \/>\nCRIT\u00c9RIOS DE AVALIA\u00c7\u00c3O: Descreva os m\u00e9todos avaliativos utilizados.<br \/>\nO seu plano de aula deve ser in\u00e9dito, ou seja, deve ser elaborado por voc\u00ea. Caso voc\u00ea utilize alguma<br \/>\natividade dispon\u00edvel em livros did\u00e1ticos, por exemplo, fa\u00e7a as devidas cita\u00e7\u00f5es conforme as normas<br \/>\nda ABNT, indicando as refer\u00eancias bibliogr\u00e1ficas ao final do trabalho (no item 4).<br \/>\n3) Considera\u00e7\u00f5es Finais: Destaque a relev\u00e2ncia desse plano de aula elaborado por voc\u00ea<br \/>\npara a aprendizagem dos conte\u00fados elencados, discuta a respeito das dificuldades que<br \/>\npodem surgir durante a aplica\u00e7\u00e3o desse plano e que medidas tomar diante dessas<br \/>\nsitua\u00e7\u00f5es, discuta sobre a import\u00e2ncia da aprendizagem dos conte\u00fados elencados por<br \/>\nvoc\u00ea para o desenvolvimento e a forma\u00e7\u00e3o dos estudantes, entre outras quest\u00f5es que<br \/>\njulgar pertinentes durante a elabora\u00e7\u00e3o do plano de aula.<br \/>\n4) Refer\u00eancias bibliogr\u00e1ficas: Indicar todas as refer\u00eancias consultadas para a elabora\u00e7\u00e3o<br \/>\ndo trabalho.<br \/>\nATV<br \/>\nATIVIDADE PR\u00c1TICA<br \/>\nP\u00fablico<br \/>\nNORMAS PARA ENTREGA DA ATIVIDADE PR\u00c1TICA<br \/>\n\u2022 Voc\u00ea dever\u00e1 postar seu trabalho final no AVA, na pasta espec\u00edfica relacionada \u00e0 atividade<br \/>\npr\u00e1tica, obedecendo o prazo limite de postagem, conforme disposto no AVA.<br \/>\n\u2022 O trabalho deve ser enviado em formato Word ou PDF, em um ARQUIVO \u00daNICO de at\u00e9 10<br \/>\nMB.<br \/>\n\u2022 O sistema permite anexar apenas um arquivo. Caso haja mais de uma postagem, ser\u00e1<br \/>\nconsiderada a \u00faltima vers\u00e3o.<br \/>\nIMPORTANTE:<br \/>\n\u2022 A entrega da atividade, de acordo com a proposta solicitada, \u00e9 um crit\u00e9rio de aprova\u00e7\u00e3o na<br \/>\ndisciplina.<br \/>\n\u2022 N\u00e3o h\u00e1 prorroga\u00e7\u00e3o para a postagem da atividade.<br \/>\nAproveite essa oportunidade para aprofundar ainda mais seus conhecimentos.<br \/>\nBons estudos!<br \/>\nRefer\u00eancias<br \/>\nBRASIL. Minist\u00e9rio da Educa\u00e7\u00e3o. Base Nacional Comum Curricular. Bras\u00edlia, 2018. Dispon\u00edvel<br \/>\nem: &lt;http:\/\/basenacionalcomum.mec.gov.br\/images\/BNCC_EI_EF_110518_versaofinal_site.pdf&gt;.<br \/>\nAcesso em: 10 dez. 2024.<br \/>\nSILVA , Jo\u00e3o Vitor da; SILVA , Everton Lira da; SILVA , Vinicios Avelino da; NETO, Jo\u00e3o Ferreira<br \/>\nda Silva. O Uso de Metodologias Ativas no Ensino de Matem\u00e1tica: o que dizem as pesquisas<br \/>\nbrasileiras. Revista de Educa\u00e7\u00e3o Matem\u00e1tica, [s. l.], v. 20, n. 01, p. e023113, 2023. Dispon\u00edvel<br \/>\nem: &lt;https:\/\/www.revistasbemsp.com.br\/index.php\/REMat-SP\/article\/view\/494&gt;. Acesso em: 10<br \/>\ndez. 2024.<\/p>\n","protected":false},"excerpt":{"rendered":"<div class=\"product-short-description\">\n<p><strong>Pague pelo PIX ou cart\u00e3o e fa\u00e7a o download agora mesmo.<\/strong><\/p>\n<\/div>\n<div class=\"sticky-add-to-cart-wrapper\">\n<div class=\"sticky-add-to-cart\">\n<p class=\"quantity buttons_added form-flat\"><img decoding=\"async\" class=\"lazyloaded smush-image-5 smush-image-3 smush-image-4 smush-detected-img smush-image-bigger-3\" src=\"https:\/\/d26lpennugtm8s.cloudfront.net\/assets\/common\/img\/logos\/payment\/visa@2x.png\" width=\"46\" height=\"29\" data-src=\"https:\/\/d26lpennugtm8s.cloudfront.net\/assets\/common\/img\/logos\/payment\/visa@2x.png\" \/><img decoding=\"async\" class=\"lazyloaded smush-image-6 smush-image-4 smush-image-5 smush-detected-img smush-image-bigger-4\" src=\"https:\/\/d26lpennugtm8s.cloudfront.net\/assets\/common\/img\/logos\/payment\/boleto@2x.png\" width=\"43\" height=\"27\" data-src=\"https:\/\/d26lpennugtm8s.cloudfront.net\/assets\/common\/img\/logos\/payment\/boleto@2x.png\" \/><img decoding=\"async\" class=\"lazyloaded smush-image-7 smush-image-5 smush-image-6 smush-detected-img smush-image-bigger-5\" src=\"https:\/\/d26lpennugtm8s.cloudfront.net\/assets\/common\/img\/logos\/payment\/mastercard@2x.png\" width=\"43\" height=\"27\" data-src=\"https:\/\/d26lpennugtm8s.cloudfront.net\/assets\/common\/img\/logos\/payment\/mastercard@2x.png\" \/><img loading=\"lazy\" decoding=\"async\" class=\"lazyloaded smush-image-8 smush-image-6 smush-image-7 smush-detected-img smush-image-bigger-6\" src=\"https:\/\/d26lpennugtm8s.cloudfront.net\/assets\/common\/img\/logos\/payment\/amex@2x.png\" width=\"43\" height=\"27\" data-src=\"https:\/\/d26lpennugtm8s.cloudfront.net\/assets\/common\/img\/logos\/payment\/amex@2x.png\" \/><img loading=\"lazy\" decoding=\"async\" class=\"lazyloaded smush-image-9 smush-image-7 smush-image-8 smush-detected-img smush-image-bigger-7\" src=\"https:\/\/d26lpennugtm8s.cloudfront.net\/assets\/common\/img\/logos\/payment\/diners@2x.png\" width=\"46\" height=\"29\" data-src=\"https:\/\/d26lpennugtm8s.cloudfront.net\/assets\/common\/img\/logos\/payment\/diners@2x.png\" \/><img loading=\"lazy\" decoding=\"async\" class=\"lazyloaded smush-image-10 smush-image-8 smush-image-9 alignnone smush-detected-img smush-image-bigger-8\" src=\"https:\/\/d26lpennugtm8s.cloudfront.net\/assets\/common\/img\/logos\/payment\/br\/elo@2x.png\" alt=\"portf\u00f3lio unopar anhanguera\" width=\"45\" height=\"28\" data-src=\"https:\/\/d26lpennugtm8s.cloudfront.net\/assets\/common\/img\/logos\/payment\/br\/elo@2x.png\" \/><img loading=\"lazy\" decoding=\"async\" class=\"lazyloaded smush-image-11 smush-image-9 smush-image-10 alignnone smush-detected-img smush-image-bigger-9\" src=\"https:\/\/d26lpennugtm8s.cloudfront.net\/assets\/common\/img\/logos\/payment\/br\/hipercard@2x.png\" alt=\"portf\u00f3lio unopar anhanguera\" width=\"44\" height=\"28\" data-src=\"https:\/\/d26lpennugtm8s.cloudfront.net\/assets\/common\/img\/logos\/payment\/br\/hipercard@2x.png\" \/><img loading=\"lazy\" decoding=\"async\" class=\"lazyloaded smush-image-12 smush-image-10 smush-image-11 alignnone smush-detected-img smush-image-bigger-10\" src=\"https:\/\/d26lpennugtm8s.cloudfront.net\/assets\/common\/img\/logos\/payment\/mercadopago@2x.png\" alt=\"portf\u00f3lio unopar anhanguera\" width=\"45\" height=\"28\" data-src=\"https:\/\/d26lpennugtm8s.cloudfront.net\/assets\/common\/img\/logos\/payment\/mercadopago@2x.png\" \/><img loading=\"lazy\" decoding=\"async\" class=\"alignnone lazyloaded smush-detected-img smush-image-bigger-11\" src=\"https:\/\/futurium.com.br\/wp-content\/uploads\/2021\/06\/logo-pix-icone-512.png\" alt=\"portfolio pronto\" width=\"30\" height=\"30\" data-src=\"https:\/\/futurium.com.br\/wp-content\/uploads\/2021\/06\/logo-pix-icone-512.png\" \/><\/p>\n<\/div>\n<\/div>\n","protected":false},"featured_media":46230,"template":"","meta":{"_seopress_robots_primary_cat":"","_seopress_titles_title":"","_seopress_titles_desc":"","_seopress_robots_index":""},"product_cat":[62],"product_tag":[],"class_list":{"0":"post-46228","1":"product","2":"type-product","3":"status-publish","4":"has-post-thumbnail","6":"product_cat-matematica","8":"first","9":"instock","10":"shipping-taxable","11":"purchasable","12":"product-type-simple","13":"col-xs-6 col-sm-4","14":"col-mf-5","15":"un-5-cols"},"jetpack_sharing_enabled":true,"_links":{"self":[{"href":"https:\/\/portifolioos-prontos.com\/index.php\/wp-json\/wp\/v2\/product\/46228","targetHints":{"allow":["GET"]}}],"collection":[{"href":"https:\/\/portifolioos-prontos.com\/index.php\/wp-json\/wp\/v2\/product"}],"about":[{"href":"https:\/\/portifolioos-prontos.com\/index.php\/wp-json\/wp\/v2\/types\/product"}],"version-history":[{"count":2,"href":"https:\/\/portifolioos-prontos.com\/index.php\/wp-json\/wp\/v2\/product\/46228\/revisions"}],"predecessor-version":[{"id":46232,"href":"https:\/\/portifolioos-prontos.com\/index.php\/wp-json\/wp\/v2\/product\/46228\/revisions\/46232"}],"wp:featuredmedia":[{"embeddable":true,"href":"https:\/\/portifolioos-prontos.com\/index.php\/wp-json\/wp\/v2\/media\/46230"}],"wp:attachment":[{"href":"https:\/\/portifolioos-prontos.com\/index.php\/wp-json\/wp\/v2\/media?parent=46228"}],"wp:term":[{"taxonomy":"product_cat","embeddable":true,"href":"https:\/\/portifolioos-prontos.com\/index.php\/wp-json\/wp\/v2\/product_cat?post=46228"},{"taxonomy":"product_tag","embeddable":true,"href":"https:\/\/portifolioos-prontos.com\/index.php\/wp-json\/wp\/v2\/product_tag?post=46228"}],"curies":[{"name":"wp","href":"https:\/\/api.w.org\/{rel}","templated":true}]}}