{"id":46743,"date":"2025-10-22T19:59:31","date_gmt":"2025-10-22T22:59:31","guid":{"rendered":"https:\/\/portifolioos-prontos.com\/?post_type=product&#038;p=46743"},"modified":"2025-10-29T10:23:54","modified_gmt":"2025-10-29T13:23:54","slug":"aula-pratica-metrologia-e-controle-geometrico-u3_-calibracao-controle-geometrico-e-qualidade-superficial-aula-a1_calibracao","status":"publish","type":"product","link":"https:\/\/portifolioos-prontos.com\/index.php\/product\/aula-pratica-metrologia-e-controle-geometrico-u3_-calibracao-controle-geometrico-e-qualidade-superficial-aula-a1_calibracao\/","title":{"rendered":"Aula Pr\u00e1tica Metrologia e Controle Geom\u00e9trico &#8211; U3 Aula: A1_Calibra\u00e7\u00e3o"},"content":{"rendered":"<p><strong>ROTEIRO DE AULA PR\u00c1TICA<\/strong><br \/>\n<strong>NOME DA DISCIPLINA: METROLOGIA E CONTROLE GEOM\u00c9TRICO<\/strong><br \/>\n<strong>Unidade: U3_ CALIBRA\u00c7\u00c3O, CONTROLE GEOM\u00c9TRICO E QUALIDADE SUPERFICIAL<\/strong><br \/>\n<strong>Aula: A1_CALIBRA\u00c7\u00c3O<\/strong><br \/>\nOBJETIVOS<br \/>\nDefini\u00e7\u00e3o dos objetivos da aula pr\u00e1tica:<br \/>\nConsolidar a utiliza\u00e7\u00e3o adequada do paqu\u00edmetro em diferentes escalas;<br \/>\nSOLU\u00c7\u00c3O DIGITAL:<br \/>\nALGETEC \u2013 acesso via disciplina dispon\u00edvel no ambiente virtual do aluno<br \/>\nO laborat\u00f3rio virtual \u00e9 uma plataforma para simula\u00e7\u00e3o de procedimentos em laborat\u00f3rio.<br \/>\nEle deve ser acessado por computador e n\u00e3o deve ser acessado por celular ou tablet. o requisito<br \/>\nm\u00ednimo para o seu computador \u00e9 uma mem\u00f3ria ram de 4 gb. O primeiro acesso ser\u00e1 um pouco mais<br \/>\nlento, pois alguns plugins s\u00e3o buscados no navegador. A partir do segundo acesso, a velocidade<br \/>\nde abertura dos experimentos ser\u00e1 mais r\u00e1pida.<br \/>\n1. Caso utilize o Windows 10, d\u00ea prefer\u00eancia ao navegador Google Chrome; 2. Caso utilize o<br \/>\nWindows 7, d\u00ea prefer\u00eancia ao navegador Mozilla Firefox; 3. Feche outros programas que podem<br \/>\nsobrecarregar o computador; 4. Verifique se o navegador est\u00e1 atualizado; 5. Realize teste de<br \/>\nvelocidade da internet.<br \/>\nPROCEDIMENTOS PR\u00c1TICOS E APLICA\u00c7\u00d5ES<br \/>\nProcedimento\/Atividade n\u00ba 1<br \/>\nAprender como utilizar adequadamente o paqu\u00edmetro e como realizar medidas nas escalas do<br \/>\nsistema m\u00e9trico e do sistema ingl\u00eas com diferentes gradua\u00e7\u00f5es;<br \/>\nAtividade proposta:<br \/>\nRealizar medi\u00e7\u00f5es com paqu\u00edmetro. Por se tratar de uma pr\u00e1tica simulada, o aluno precisar\u00e1<br \/>\nacessar a pr\u00e1tica (METROLOGIA DIMENSIONAL: PAQU\u00cdMETRO) na plataforma Algetec. A partir<br \/>\ndo acesso, dispon\u00edvel no ambiente virtutal do aluno, segue procedimento a ser realizado no<br \/>\nlaborat\u00f3rio virtual.<br \/>\nProcedimentos para a realiza\u00e7\u00e3o da atividade:<br \/>\nEtapa 1.1: Seguran\u00e7a do Experimento:<br \/>\nP\u00fablico3<br \/>\no Visualize o arm\u00e1rio de EPIs clicando com o bot\u00e3o esquerdo do mouse na c\u00e2mera com o<br \/>\nnome \u201cArm\u00e1rio de EPIs\u201d localizada dentro do painel de visualiza\u00e7\u00e3o no canto superior<br \/>\nesquerdo da tela. Se preferir, tamb\u00e9m pode ser utilizado o atalho do teclado \u201cAlt+4\u201d;<br \/>\no Abra o arm\u00e1rio de EPI clicando com o bot\u00e3o esquerdo do mouse sobre as portas;<br \/>\no Selecione os EPIs necess\u00e1rios para a realiza\u00e7\u00e3o do ensaio clicando com o bot\u00e3o esquerdo<br \/>\ndo mouse sobre eles. Neste experimento \u00e9 obrigat\u00f3rio o uso de luvas;<br \/>\nP\u00fablico4<br \/>\no Feche as portas do arm\u00e1rio de EPIs clicando com o bot\u00e3o esquerdo do mouse sobre<br \/>\nelas;<br \/>\nPreparando o Experimento:<br \/>\no Visualize o arm\u00e1rio de ferramentas clicando com o bot\u00e3o esquerdo do mouse na<br \/>\nc\u00e2mera com o nome \u201cArm\u00e1rio de ferramentas (meio)\u201d ou atrav\u00e9s do atalho do teclado<br \/>\n\u201cAlt+6\u201d;<br \/>\no Abra o arm\u00e1rio de ferramentas clicando com o bot\u00e3o esquerdo do mouse sobre as<br \/>\nportas;<br \/>\nP\u00fablico5<br \/>\no Coloque a maleta com os blocos padr\u00e3o no sistema m\u00e9trico sobre a mesa clicando<br \/>\ncom o bot\u00e3o esquerdo do mouse sobre ela. Ponha tamb\u00e9m a maleta com os blocos<br \/>\nprotetores no sistema m\u00e9trico sobre a mesa;<br \/>\no Feche as portas do arm\u00e1rio de ferramentas clicando com o bot\u00e3o esquerdo do mouse<br \/>\nsobre ela;<br \/>\nSelecionando os Blocos Padr\u00e3o (M\u00e9tricos):<br \/>\nP\u00fablico6<br \/>\no Visualize as maletas clicando com o bot\u00e3o esquerdo do mouse na c\u00e2mera com o<br \/>\nnome \u201cMaletas\u201d ou atrav\u00e9s do atalho do teclado \u201cAlt+2\u201d;<br \/>\no Clique no \u00edcone de \u201cMedidas\u201d com o bot\u00e3o esquerdo do mouse;<br \/>\no Clique no bot\u00e3o \u201cGerar Medida\u201d para criar uma combina\u00e7\u00e3o de blocos padr\u00e3o. A<br \/>\ncombina\u00e7\u00e3o criada aparecer\u00e1 dentro do menu de medidas;<br \/>\nP\u00fablico7<br \/>\no Abra as maletas clicando com o bot\u00e3o esquerdo do mouse sobre a tampa delas;<br \/>\no Coloque o cursor do mouse sobre os blocos padr\u00e3o para verificar qual a numera\u00e7\u00e3o<br \/>\nde cada um deles;<br \/>\no Coloque o cursor do mouse sobre os blocos padr\u00e3o para verificar qual a numera\u00e7\u00e3o<br \/>\nde cada um deles;<br \/>\nP\u00fablico8<br \/>\no Coloque os blocos indicados na combina\u00e7\u00e3o gerada sobre o pano de camur\u00e7a<br \/>\nclicando com o bot\u00e3o direito do mouse sobre eles e selecionando a op\u00e7\u00e3o \u201cMover<br \/>\npara a mesa\u201d;<br \/>\no Clique no \u00edcone de \u201cMedidas\u201d com o bot\u00e3o esquerdo do mouse para ocultar o menu.<br \/>\nVoc\u00ea pode clicar novamente sobre ele sempre que quiser para ver a combina\u00e7\u00e3o<br \/>\ngerada;<br \/>\no Coloque os dois blocos protetores sobre o pano de camur\u00e7a clicando com o bot\u00e3o<br \/>\ndireito do mouse sobre eles e selecionando a op\u00e7\u00e3o \u201cMover para a mesa\u201d;<br \/>\nP\u00fablico9<br \/>\nEmpilhando os Blocos Padr\u00e3o:<br \/>\no Visualize os blocos que est\u00e3o sobre o pano de camur\u00e7a clicando com o bot\u00e3o<br \/>\nesquerdo do mouse na c\u00e2mera com o nome \u201cMesa (Limpeza)\u201d ou atrav\u00e9s do atalho<br \/>\ndo teclado \u201cAlt+3\u201d;<br \/>\no Borrife solvente sobre o pano de limpeza clicando com o bot\u00e3o direito do mouse<br \/>\nsobre o borrifador branco e selecionando a op\u00e7\u00e3o \u201cAplicar solvente\u201d;<br \/>\nP\u00fablico10<br \/>\no Limpe os blocos padr\u00e3o e os protetores que est\u00e3o sobre a mesa clicando com o<br \/>\nbot\u00e3o direito do mouse sobre eles e selecionando a op\u00e7\u00e3o \u201cUsar a flanela<br \/>\numedecida\u201d;<br \/>\no Inicie o processo de empilhamento clicando com o bot\u00e3o direito do mouse sobre um<br \/>\ndos blocos protetores e selecionando a op\u00e7\u00e3o \u201cEncaixar blocos padr\u00e3o\u201d;<br \/>\no Continue o processo de empilhamento clicando com o bot\u00e3o direito do mouse sobre<br \/>\nos outros blocos padr\u00e3o e selecionando a op\u00e7\u00e3o \u201cEncaixar bloco padr\u00e3o\u201d at\u00e9 que<br \/>\nsobre apenas um bloco protetor sobre o pano;<br \/>\nP\u00fablico11<br \/>\no Finalize o processo de empilhamento clicando com o bot\u00e3o direito do mouse sobre<br \/>\no \u00faltimo bloco protetor e selecionando a op\u00e7\u00e3o \u201cEncaixar blocos padr\u00e3o\u201d.<br \/>\nMedindo com Paqu\u00edmetro no Sistema M\u00e9trico:<br \/>\no Coloque os blocos deitados sobre o pano de camur\u00e7a clicando com o bot\u00e3o direito<br \/>\ndo mouse sobre eles e selecionando a op\u00e7\u00e3o \u201cPosicionar para medi\u00e7\u00e3o\u201d;<br \/>\nP\u00fablico12<br \/>\no Selecione o paqu\u00edmetro com resolu\u00e7\u00e3o 0,02 mm para iniciar o processo de medi\u00e7\u00e3o<br \/>\nclicando com o bot\u00e3o direito mouse sobre ele e selecionando a op\u00e7\u00e3o \u201cRealizar<br \/>\nmedi\u00e7\u00e3o externa\u201d;<br \/>\no Visualize os blocos padr\u00e3o e o paqu\u00edmetro que est\u00e3o sobre o pano de camur\u00e7a<br \/>\nclicando com o bot\u00e3o esquerdo do mouse na c\u00e2mera com o nome \u201cMedi\u00e7\u00e3o\u201d ou<br \/>\natrav\u00e9s do atalho do teclado \u201cAlt+7\u201d;<br \/>\nP\u00fablico13<br \/>\no Abra os bicos do paqu\u00edmetro arrastando \u00e0 direita o bot\u00e3o do controle deslizante do<br \/>\n\u201cAjuste manual\u201d enquanto mant\u00e9m pressionado o bot\u00e3o esquerdo do mouse;<br \/>\nP\u00fablico14<br \/>\no Quando o ajuste estiver correto, o bot\u00e3o \u201cAvan\u00e7ar\u201d ser\u00e1 habilitado. Siga para a<br \/>\npr\u00f3xima etapa clicando com o bot\u00e3o esquerdo do mouse sobre ele;<br \/>\no Aproxime o paqu\u00edmetro dos blocos padr\u00e3o arrastando \u00e0 direita o bot\u00e3o do controle<br \/>\ndeslizante do \u201cAjuste manual\u201d enquanto mant\u00e9m pressionado o bot\u00e3o esquerdo do<br \/>\nmouse;<br \/>\no Quando o ajuste estiver correto, o bot\u00e3o \u201cAvan\u00e7ar\u201d ser\u00e1 habilitado. Siga para a<br \/>\npr\u00f3xima etapa clicando com o bot\u00e3o esquerdo do mouse sobre ele;<br \/>\nP\u00fablico15<br \/>\no Aproxime o bico fixo dos blocos padr\u00e3o arrastando \u00e0 direita o bot\u00e3o do controle<br \/>\ndeslizante do \u201cAjuste manual\u201d enquanto mant\u00e9m pressionado o bot\u00e3o esquerdo do<br \/>\nmouse;<br \/>\no Quando o ajuste estiver correto, o bot\u00e3o \u201cAvan\u00e7ar\u201d ser\u00e1 habilitado. Siga para a<br \/>\npr\u00f3xima etapa clicando com o bot\u00e3o esquerdo do mouse sobre ele;<br \/>\nP\u00fablico16<br \/>\no Aproxime o bico m\u00f3vel dos blocos padr\u00e3o arrastando \u00e0 direita o bot\u00e3o do controle<br \/>\ndeslizante do \u201cAjuste manual\u201d enquanto mant\u00e9m pressionado o bot\u00e3o esquerdo do<br \/>\nmouse;<br \/>\no Quando o ajuste estiver correto, fa\u00e7a a leitura da medida indicada no paqu\u00edmetro e<br \/>\nanote esse valor;<br \/>\nP\u00fablico17<br \/>\no Coloque o paqu\u00edmetro de volta sobre a mesa clicando com o bot\u00e3o direito do mouse<br \/>\nsobre ele e selecionando a op\u00e7\u00e3o \u201cDevolver \u00e0 mesa\u201d;<br \/>\no Visualize os paqu\u00edmetros que est\u00e3o sobre a mesa clicando com o bot\u00e3o esquerdo do<br \/>\nmouse na c\u00e2mera com o nome \u201cMesa (Limpeza)\u201d ou atrav\u00e9s do atalho do teclado<br \/>\n\u201cAlt+3\u201d;<br \/>\nP\u00fablico18<br \/>\no Selecione o paqu\u00edmetro com resolu\u00e7\u00e3o 0,05 mm para iniciar o processo de medi\u00e7\u00e3o<br \/>\nclicando com o bot\u00e3o direito do mouse sobre ele e selecionando a op\u00e7\u00e3o \u201cRealizar<br \/>\nmedi\u00e7\u00e3o externa\u201d;<br \/>\no Visualize os blocos padr\u00e3o e o paqu\u00edmetro que est\u00e3o sobre o pano de camur\u00e7a<br \/>\nclicando com o bot\u00e3o esquerdo do mouse na c\u00e2mera com o nome \u201cMedi\u00e7\u00e3o\u201d ou<br \/>\natrav\u00e9s do atalho do teclado \u201cAlt+7\u201d;<br \/>\nP\u00fablico19<br \/>\no Realize o posicionamento do paqu\u00edmetro automaticamente clicando com o bot\u00e3o<br \/>\nesquerdo do mouse sobre o bot\u00e3o \u201cAjuste autom\u00e1tico\u201d quatro vezes;<br \/>\no Quando o ajuste estiver correto, fa\u00e7a a leitura da medida indicada no paqu\u00edmetro e<br \/>\nanote esse valor;<br \/>\nP\u00fablico20<br \/>\no Clique no \u00edcone de \u201cMedidas\u201d com o bot\u00e3o esquerdo do mouse para exibir novamente<br \/>\no menu;<br \/>\no Escreva a dimens\u00e3o medida na caixa de resposta utilizando o ponto para separar as<br \/>\ncasas decimais. Use o mesmo sistema de medida dos blocos, nesse caso, o sistema<br \/>\nm\u00e9trico;<br \/>\nP\u00fablico21<br \/>\no Verifique se a medi\u00e7\u00e3o est\u00e1 correta clicando com o bot\u00e3o esquerdo do mouse sobre<br \/>\no bot\u00e3o \u201cVerificar\u201d;<br \/>\no Se o valor n\u00e3o estiver correto, repita a medi\u00e7\u00e3o e tente novamente.<br \/>\no Clique no \u00edcone de \u201cMedidas\u201d com o bot\u00e3o esquerdo do mouse para ocultar o menu;<br \/>\nP\u00fablico22<br \/>\no Coloque o paqu\u00edmetro de volta sobre a mesa clicando com o bot\u00e3o direito do mouse<br \/>\nsobre ele e selecionando a op\u00e7\u00e3o \u201cDevolver \u00e0 mesa\u201d;<br \/>\nArmazenando os Blocos Padr\u00e3o:<br \/>\no Coloque os blocos na posi\u00e7\u00e3o vertical sobre o pano de camur\u00e7a clicando com o bot\u00e3o<br \/>\ndireito do mouse sobre eles e selecionando a op\u00e7\u00e3o \u201cSuspender\u201d;<br \/>\nP\u00fablico23<br \/>\no Visualize os blocos que est\u00e3o sobre o pano de camur\u00e7a clicando com o bot\u00e3o<br \/>\nesquerdo do mouse na c\u00e2mera com o nome \u201cMesa (Limpeza)\u201d ou atrav\u00e9s do atalho<br \/>\ndo teclado \u201cAlt+3\u201d;<br \/>\no Desencaixe os blocos padr\u00e3o clicando com o bot\u00e3o direito do mouse sobre eles e<br \/>\nselecionando a op\u00e7\u00e3o \u201cDesencaixar bloco padr\u00e3o\u201d. Fa\u00e7a esse procedimento com os<br \/>\nblocos da esquerda para a direita;<br \/>\no Substitua o pano de limpeza por outro limpo clicando com o bot\u00e3o direito do mouse<br \/>\nsobre ele e selecionando a op\u00e7\u00e3o \u201cTrocar a flanela\u201d;<br \/>\nP\u00fablico24<br \/>\no Borrife \u00f3leo sobre o pano de limpeza clicando com o bot\u00e3o direito do mouse sobre o<br \/>\nborrifador amarelo e selecionando a op\u00e7\u00e3o \u201cAplicar \u00f3leo\u201d;<br \/>\no Unte com \u00f3leo os blocos padr\u00e3o e os protetores que est\u00e3o sobre a mesa clicando<br \/>\ncom o bot\u00e3o direito do mouse sobre eles e selecionando a op\u00e7\u00e3o \u201cUsar a flanela<br \/>\numedecida\u201d;<br \/>\nP\u00fablico25<br \/>\no Substitua o pano de limpeza por outro limpo clicando com o bot\u00e3o direito do mouse<br \/>\nsobre ele e selecionando a op\u00e7\u00e3o \u201cTrocar a flanela\u201d;<br \/>\nP\u00fablico26<br \/>\no Guarde os blocos padr\u00e3o e os protetores que est\u00e3o sobre a mesa em suas<br \/>\nrespectivas maletas clicando com o bot\u00e3o direito do mouse sobre eles e<br \/>\nselecionando a op\u00e7\u00e3o \u201cMover para a maleta\u201d;<br \/>\no Visualize as maletas que est\u00e3o sobre a mesa clicando com o bot\u00e3o esquerdo do<br \/>\nmouse na c\u00e2mera com o nome \u201cMaletas\u201d ou atrav\u00e9s do atalho do teclado \u201cAlt+2\u201d;<br \/>\no Feche as maletas abertas clicando com o bot\u00e3o esquerdo do mouse sobre as<br \/>\ntampas;<br \/>\nP\u00fablico27<br \/>\nEtapa 1.2: Medindo com Paqu\u00edmetro no Sistema Ingl\u00eas:<br \/>\no Visualize o arm\u00e1rio de ferramentas clicando com o bot\u00e3o esquerdo do mouse na<br \/>\nc\u00e2mera com o nome \u201cArm\u00e1rio de ferramentas (meio)\u201d ou atrav\u00e9s do atalho do teclado<br \/>\n\u201cAlt+6\u201d;<br \/>\no Abra o arm\u00e1rio de ferramentas clicando com o bot\u00e3o esquerdo do mouse sobre as<br \/>\nportas;<br \/>\nP\u00fablico28<br \/>\no Substitua as duas maletas que est\u00e3o sobre a mesa com os blocos padr\u00e3o no sistema<br \/>\nm\u00e9trico pelas duas que est\u00e3o no arm\u00e1rio com os blocos padr\u00e3o no sistema ingl\u00eas<br \/>\nclicando com o bot\u00e3o esquerdo do mouse sobre estas;<br \/>\no Repita os procedimentos executados at\u00e9 aqui, por\u00e9m usando as duas escalas em<br \/>\npolegada, que possuem resolu\u00e7\u00e3o de 1\/128\u201d de 0,001\u201d;<br \/>\nAo final do processo, desencaixe os blocos padr\u00e3o, unte-os com \u00f3leo e guarde-os de volta em suas<br \/>\nrespectivas maletas<br \/>\nAvaliando os resultados:<br \/>\n1. Detalhe como \u00e9 realizado o procedimento de leitura no instrumento de media\u00e7\u00e3o trabalhado.<br \/>\nChecklist:<br \/>\no Acessar \u00e0 pr\u00e1tica: METROLOGIA DIMENSIONAL: PAQU\u00cdMETRO;<br \/>\no Garantir a Seguran\u00e7a e Prepara\u00e7\u00e3o do Experimento;<br \/>\no Selecionar os Blocos Padr\u00e3o para o sistema M\u00e9trico (Etapa 01);<br \/>\no Empilhar os Blocos Padr\u00e3o;<br \/>\no Realizar a Medi\u00e7\u00e3o no Sistema M\u00e9trico;<br \/>\nP\u00fablico29<br \/>\no Armazenar os Blocos Padr\u00e3o;<br \/>\no Repetir os procedimentos anteriores para o Sistema Ingl\u00eas (Etapa 02);<br \/>\no Finalizar o experimento;<br \/>\no Elaborar relat\u00f3rio da pr\u00e1tica.<br \/>\nRESULTADOS<br \/>\nResultados do experimento:<br \/>\nAo final dessa aula pr\u00e1tica, voc\u00ea dever\u00e1 enviar um arquivo em word contendo as<br \/>\ninforma\u00e7\u00f5es obtidas no experimento, em conjunto com um texto conclusivo a respeito das<br \/>\ninforma\u00e7\u00f5es obtidas. O arquivo n\u00e3o pode exceder o tamanho de 2Mb.<br \/>\n\uf0b7 N\u00e3o se esque\u00e7a de responder a(s) quest\u00e3o(es) levantada(s) no \u201cAvaliando o<br \/>\nresultado\u201d e documentar processo da execu\u00e7\u00e3o da pr\u00e1tica.<br \/>\n\uf0b7 Refer\u00eancias bibliogr\u00e1ficas ABNT (quando houver).<br \/>\nResultados de Aprendizagem:<br \/>\nComo resultados dessa pr\u00e1tica, espera-se que os alunos saibam como utilizar adequadamente o<br \/>\npaqu\u00edmetro para realiza\u00e7\u00e3o de medidas no sistema m\u00e9trico e ingl\u00eas, bem como os c\u00e1lculos<br \/>\nrelacionados a um estudo metrol\u00f3gico e calibra\u00e7\u00e3o;<\/p>\n<div class=\"elementor-toggle-item\">\n<p id=\"elementor-tab-title-1941\" class=\"elementor-tab-title elementor-active\" tabindex=\"0\" role=\"tab\" data-tab=\"1\" aria-controls=\"elementor-tab-content-1941\" aria-expanded=\"true\" aria-selected=\"true\"><strong>Como funciona?<\/strong><\/p>\n<p>Elaboramos os portf\u00f3lios, j\u00e1 deixamos prontos, nas normas da ABNT e conforme os requisitos da universidade. F\u00e1cil assim! O MELHOR \u00c9 QUE VOC\u00ca COMPRA E J\u00c1 BAIXA NA HORA O SEU ARQUIVO EM WORD! Sabemos que conciliar trabalho, fam\u00edlia, vida profissional e estudos \u00e9 dif\u00edcil hoje em dia, por isso, estamos aqui para ajudar voc\u00ea. Conte com nossa qualidade, experi\u00eancia e profissionalismo adquirindo seu portf\u00f3lio conosco. GARANTIMOS SEU CONCEITO!<\/p>\n<p><strong>Como se realizam os envios?<\/strong><\/p>\n<\/div>\n<p id=\"elementor-tab-content-1942\" class=\"elementor-tab-content elementor-clearfix elementor-active\" role=\"tabpanel\" data-tab=\"2\" aria-labelledby=\"elementor-tab-title-1942\">O seu trabalho \u00e9 disponibilizado pronto, respondido e nas normas j\u00e1 na mesma hora aqui em nosso site na sua \u00e1rea de downloads e tamb\u00e9m no seu e-mail.<\/p>\n<p><strong>Em quanto tempo recebo o portf\u00f3lio?<\/strong><\/p>\n<p>Os envios s\u00e3o imediatos. Ap\u00f3s sua compra, o trabalho j\u00e1 \u00e9 disponibilizado instantaneamente aqui em nosso site e no seu e-mail.<\/p>\n<p><strong>E se o portf\u00f3lio que comprei precisar de corre\u00e7\u00e3o?<\/strong><\/p>\n<p>Caso haja alguma solicita\u00e7\u00e3o de corre\u00e7\u00e3o\/altera\u00e7\u00e3o por parte do tutor, basta entrar em contato conosco pelo\u00a0WhatsApp\u00a0que provid\u00eanciaremos sem custo algum.<\/p>\n<p><strong>Qual o formato do arquivo?<\/strong><\/p>\n<p>Os arquivos s\u00e3o enviados em formato Word e s\u00e3o edit\u00e1veis.<\/p>\n<p><strong>Caso eu tiver alguma d\u00favida, terei suporte no p\u00f3s venda?<\/strong><\/p>\n<p>Sim, com certeza. Basta clicar no \u00edcone do WhatsApp no cantinho da tela. Ser\u00e1 um prazer atend\u00ea-lo(a).<\/p>\n<div id=\"elementor-tab-content-1948\" class=\"elementor-tab-content elementor-clearfix elementor-active\" role=\"tabpanel\" data-tab=\"8\" aria-labelledby=\"elementor-tab-title-1948\">\n<p><strong>Quais os seus canais de contato?<\/strong><\/p>\n<\/div>\n<div id=\"elementor-tab-content-1949\" class=\"elementor-tab-content elementor-clearfix elementor-active\" role=\"tabpanel\" data-tab=\"9\" aria-labelledby=\"elementor-tab-title-1949\">\n<p>Whatsapp: 53 984751621 \u2013 Clicar no canto da tela ou ESCANEIE O QRCODE ABAIXO<\/p>\n<h4><img decoding=\"async\" class=\"alignnone wp-image-13699 jetpack-lazy-image jetpack-lazy-image--handled\" src=\"https:\/\/i0.wp.com\/portifolioos-prontos.com\/wp-content\/uploads\/2023\/02\/whatsapp-business-projeto-de-extensao-300x300.jpeg?resize=144%2C144\" sizes=\"(max-width: 144px) 100vw, 144px\" srcset=\"https:\/\/i0.wp.com\/portifolioos-prontos.com\/wp-content\/uploads\/2023\/02\/whatsapp-business-projeto-de-extensao.jpeg?resize=300%2C301&amp;ssl=1 300w, https:\/\/i0.wp.com\/portifolioos-prontos.com\/wp-content\/uploads\/2023\/02\/whatsapp-business-projeto-de-extensao.jpeg?resize=150%2C150&amp;ssl=1 150w, https:\/\/i0.wp.com\/portifolioos-prontos.com\/wp-content\/uploads\/2023\/02\/whatsapp-business-projeto-de-extensao.jpeg?resize=370%2C372&amp;ssl=1 370w, https:\/\/i0.wp.com\/portifolioos-prontos.com\/wp-content\/uploads\/2023\/02\/whatsapp-business-projeto-de-extensao.jpeg?resize=100%2C100&amp;ssl=1 100w, https:\/\/i0.wp.com\/portifolioos-prontos.com\/wp-content\/uploads\/2023\/02\/whatsapp-business-projeto-de-extensao.jpeg?w=470&amp;ssl=1 470w\" alt=\"projeto de extens\u00e3o unopar\" width=\"144\" height=\"144\" data-lazy-loaded=\"1\" \/><\/h4>\n<\/div>\n<div class=\"elementor-toggle-item\">\n<div id=\"elementor-tab-content-1949\" class=\"elementor-tab-content elementor-clearfix elementor-active\" role=\"tabpanel\" data-tab=\"9\" aria-labelledby=\"elementor-tab-title-1949\">\n<p>E-mail:portifoliosp@gmail.com<\/p>\n<div id=\"attachment_143\" class=\"wp-caption alignnone\">\n<div id=\"attachment_143\" class=\"wp-caption alignnone\">\n<p id=\"caption-attachment-143\" class=\"wp-caption-text\"><a href=\"http:\/\/portfolio-pronto.com\/\">Portf\u00f3lio<\/a>\u00a0em Word, respondido, completo e j\u00e1 nas normas<\/p>\n<\/div>\n<\/div>\n<\/div>\n<\/div>\n","protected":false},"excerpt":{"rendered":"<div class=\"product-short-description\"><strong>Pague pelo PIX ou cart\u00e3o e fa\u00e7a o download agora mesmo.<\/strong><\/div>\n<div class=\"sticky-add-to-cart-wrapper\">\n<div class=\"sticky-add-to-cart\">\n<p class=\"quantity buttons_added form-flat\"><img decoding=\"async\" class=\"lazyloaded smush-image-5 smush-image-3 smush-image-4 smush-detected-img smush-image-bigger-3\" src=\"https:\/\/d26lpennugtm8s.cloudfront.net\/assets\/common\/img\/logos\/payment\/visa@2x.png\" width=\"46\" height=\"29\" data-src=\"https:\/\/d26lpennugtm8s.cloudfront.net\/assets\/common\/img\/logos\/payment\/visa@2x.png\" \/><img decoding=\"async\" class=\"lazyloaded smush-image-6 smush-image-4 smush-image-5 smush-detected-img smush-image-bigger-4\" src=\"https:\/\/d26lpennugtm8s.cloudfront.net\/assets\/common\/img\/logos\/payment\/boleto@2x.png\" width=\"43\" height=\"27\" data-src=\"https:\/\/d26lpennugtm8s.cloudfront.net\/assets\/common\/img\/logos\/payment\/boleto@2x.png\" \/><img loading=\"lazy\" decoding=\"async\" class=\"lazyloaded smush-image-7 smush-image-5 smush-image-6 smush-detected-img smush-image-bigger-5\" src=\"https:\/\/d26lpennugtm8s.cloudfront.net\/assets\/common\/img\/logos\/payment\/mastercard@2x.png\" width=\"43\" height=\"27\" data-src=\"https:\/\/d26lpennugtm8s.cloudfront.net\/assets\/common\/img\/logos\/payment\/mastercard@2x.png\" \/><img loading=\"lazy\" decoding=\"async\" class=\"lazyloaded smush-image-8 smush-image-6 smush-image-7 smush-detected-img smush-image-bigger-6\" src=\"https:\/\/d26lpennugtm8s.cloudfront.net\/assets\/common\/img\/logos\/payment\/amex@2x.png\" width=\"43\" height=\"27\" data-src=\"https:\/\/d26lpennugtm8s.cloudfront.net\/assets\/common\/img\/logos\/payment\/amex@2x.png\" \/><img loading=\"lazy\" decoding=\"async\" class=\"lazyloaded smush-image-9 smush-image-7 smush-image-8 smush-detected-img smush-image-bigger-7\" src=\"https:\/\/d26lpennugtm8s.cloudfront.net\/assets\/common\/img\/logos\/payment\/diners@2x.png\" width=\"46\" height=\"29\" data-src=\"https:\/\/d26lpennugtm8s.cloudfront.net\/assets\/common\/img\/logos\/payment\/diners@2x.png\" \/><img loading=\"lazy\" decoding=\"async\" class=\"lazyloaded smush-image-10 smush-image-8 smush-image-9 alignnone smush-detected-img smush-image-bigger-8\" src=\"https:\/\/d26lpennugtm8s.cloudfront.net\/assets\/common\/img\/logos\/payment\/br\/elo@2x.png\" alt=\"portf\u00f3lio unopar anhanguera\" width=\"45\" height=\"28\" data-src=\"https:\/\/d26lpennugtm8s.cloudfront.net\/assets\/common\/img\/logos\/payment\/br\/elo@2x.png\" \/><img loading=\"lazy\" decoding=\"async\" class=\"lazyloaded smush-image-11 smush-image-9 smush-image-10 alignnone smush-detected-img smush-image-bigger-9\" src=\"https:\/\/d26lpennugtm8s.cloudfront.net\/assets\/common\/img\/logos\/payment\/br\/hipercard@2x.png\" alt=\"portf\u00f3lio unopar anhanguera\" width=\"44\" height=\"28\" data-src=\"https:\/\/d26lpennugtm8s.cloudfront.net\/assets\/common\/img\/logos\/payment\/br\/hipercard@2x.png\" \/><img loading=\"lazy\" decoding=\"async\" class=\"lazyloaded smush-image-12 smush-image-10 smush-image-11 alignnone smush-detected-img smush-image-bigger-10\" src=\"https:\/\/d26lpennugtm8s.cloudfront.net\/assets\/common\/img\/logos\/payment\/mercadopago@2x.png\" alt=\"portf\u00f3lio unopar anhanguera\" width=\"45\" height=\"28\" data-src=\"https:\/\/d26lpennugtm8s.cloudfront.net\/assets\/common\/img\/logos\/payment\/mercadopago@2x.png\" \/><img loading=\"lazy\" decoding=\"async\" class=\"alignnone ls-is-cached lazyloaded smush-detected-img smush-image-bigger-11\" src=\"https:\/\/futurium.com.br\/wp-content\/uploads\/2021\/06\/logo-pix-icone-512.png\" alt=\"portfolio pronto\" width=\"30\" height=\"30\" data-src=\"https:\/\/futurium.com.br\/wp-content\/uploads\/2021\/06\/logo-pix-icone-512.png\" \/><\/p>\n<\/div>\n<\/div>\n","protected":false},"featured_media":46741,"template":"","meta":{"_seopress_robots_primary_cat":"","_seopress_titles_title":"","_seopress_titles_desc":"","_seopress_robots_index":""},"product_cat":[15],"product_tag":[],"class_list":{"0":"post-46743","1":"product","2":"type-product","3":"status-publish","4":"has-post-thumbnail","6":"product_cat-uncategorized","8":"first","9":"instock","10":"downloadable","11":"virtual","12":"purchasable","13":"product-type-simple","14":"col-xs-6 col-sm-4","15":"col-mf-5","16":"un-5-cols"},"jetpack_sharing_enabled":true,"_links":{"self":[{"href":"https:\/\/portifolioos-prontos.com\/index.php\/wp-json\/wp\/v2\/product\/46743","targetHints":{"allow":["GET"]}}],"collection":[{"href":"https:\/\/portifolioos-prontos.com\/index.php\/wp-json\/wp\/v2\/product"}],"about":[{"href":"https:\/\/portifolioos-prontos.com\/index.php\/wp-json\/wp\/v2\/types\/product"}],"version-history":[{"count":2,"href":"https:\/\/portifolioos-prontos.com\/index.php\/wp-json\/wp\/v2\/product\/46743\/revisions"}],"predecessor-version":[{"id":46868,"href":"https:\/\/portifolioos-prontos.com\/index.php\/wp-json\/wp\/v2\/product\/46743\/revisions\/46868"}],"wp:featuredmedia":[{"embeddable":true,"href":"https:\/\/portifolioos-prontos.com\/index.php\/wp-json\/wp\/v2\/media\/46741"}],"wp:attachment":[{"href":"https:\/\/portifolioos-prontos.com\/index.php\/wp-json\/wp\/v2\/media?parent=46743"}],"wp:term":[{"taxonomy":"product_cat","embeddable":true,"href":"https:\/\/portifolioos-prontos.com\/index.php\/wp-json\/wp\/v2\/product_cat?post=46743"},{"taxonomy":"product_tag","embeddable":true,"href":"https:\/\/portifolioos-prontos.com\/index.php\/wp-json\/wp\/v2\/product_tag?post=46743"}],"curies":[{"name":"wp","href":"https:\/\/api.w.org\/{rel}","templated":true}]}}