{"id":47212,"date":"2025-10-28T09:34:45","date_gmt":"2025-10-28T12:34:45","guid":{"rendered":"https:\/\/portifolioos-prontos.com\/?post_type=product&#038;p=47212"},"modified":"2026-03-02T20:06:44","modified_gmt":"2026-03-02T23:06:44","slug":"projeto-de-extensao-ii-devops","status":"publish","type":"product","link":"https:\/\/portifolioos-prontos.com\/index.php\/product\/projeto-de-extensao-ii-devops\/","title":{"rendered":"Projeto de Extens\u00e3o II &#8211; Devops"},"content":{"rendered":"<p><strong>PROJETO DE EXTENS\u00c3O II &#8211; DEVOPS<\/strong><\/p>\n<hr \/>\n<p><strong>CURSO:<\/strong><\/p>\n<p>CST EM DEVOPS<\/p>\n<hr \/>\n<p><strong>COMPONENTE CURRICULAR:<\/strong><\/p>\n<p>PROJETO DE EXTENS\u00c3O II &#8211; DEVOPS<\/p>\n<hr \/>\n<p><strong>PROGRAMA DE EXTENS\u00c3O:<\/strong><\/p>\n<p>PROGRAMA DE CONTEXTO \u00c0 COMUNIDADE.<\/p>\n<hr \/>\n<p><strong>FINALIDADE E MOTIVA\u00c7\u00c3O:<\/strong><\/p>\n<p>As a\u00e7\u00f5es de extens\u00e3o universit\u00e1ria voltado a comunidade do Curso Superior de Tecnologia em DevOps tem por finalidade proporcionar oportunidades de poder aplicar os conhecimentos e habilidades adquiridos ao longo da jornada acad\u00eamica a favor de comunidades. Com isso, as atividades devem estar direcionadas a a\u00e7\u00f5es de orienta\u00e7\u00e3o \u00e0 seguran\u00e7a da informa\u00e7\u00e3o, tanto para ser aplicada nas empresas, quanto para grupo de pessoas. Para realizar a extens\u00e3o podem ser desenvolvidas em: empresas, com\u00e9rcio, associa\u00e7\u00f5es de bairro, escolas, centro comunit\u00e1rio, associa\u00e7\u00e3o comercial e industrial, entre outros locais.<\/p>\n<hr \/>\n<p><strong>COMPET\u00caNCIAS:<\/strong><\/p>\n<p>I &#8211; Avalia, especifica, seleciona e utiliza metodologias e ferramentas adequadas para o desenvolvimento das aplica\u00e7\u00f5es;<\/p>\n<p>II &#8211; Elabora e estabelece diretrizes para a cria\u00e7\u00e3o de interfaces adequadas \u00e0 aplica\u00e7\u00e3o de acordo com caracter\u00edsticas, necessidades e p\u00fablico-alvo;<\/p>\n<p>III &#8211; Vistoria, realiza per\u00edcia, avalia, emite laudo e parecer t\u00e9cnico em sua \u00e1rea de forma\u00e7\u00e3o.<\/p>\n<hr \/>\n<p><strong>PERFIL DO EGRESSO:<\/strong><\/p>\n<p>No curso de Curso Superior de Tecnologia em DevOps, o perfil do egresso visa uma forma\u00e7\u00e3o profissional atualizado, criativo e atento as novas tend\u00eancias e tecnologias. A atua\u00e7\u00e3o frente ao programa de contexto \u00e0 comunidade, demonstra as habilidades de toler\u00e2ncia, intelig\u00eancia emocional e gest\u00e3o, capaz de desenvolver solu\u00e7\u00f5es tecnol\u00f3gicas dentro dos princ\u00edpios \u00e9ticos. Tais atividades proporcionam al\u00e9m da compreens\u00e3o de outros contextos social pelo contato com diferentes realidades e culturas, atuar de forma ativa na promo\u00e7\u00e3o das atividades que podem de fato mudar a realidade de um comunidade.<\/p>\n<hr \/>\n<p><strong>SOFT SKILLS (COMPET\u00caNCIAS SOCIOEMOCIONAIS):<\/strong><\/p>\n<p>Resili\u00eancia e Toler\u00e2ncia<\/p>\n<p>Intelig\u00eancia Emocional<\/p>\n<p>Gest\u00e3o do Tempo<\/p>\n<hr \/>\n<p><strong>OBJETIVOS DE APRENDIZAGEM:<\/strong><\/p>\n<p>As atividades de extens\u00e3o universit\u00e1ria do programa de atendimento \u00e0 comunidade do Curso Superior de Tecnologia em DevOps, tem por objetivo proporcionar a aplica\u00e7\u00e3o das t\u00e9cnicas, metodologias e ferramentas relacionadas a seguran\u00e7a da informa\u00e7\u00e3o voltado a pessoas ou empresas. Com isso, al\u00e9m de auxiliar o p\u00fablico-alvo na utiliza\u00e7\u00e3o segura dos dispositivos, sistemas e servi\u00e7os de internet, visa trazer uma cultura para os usu\u00e1rios da utiliza\u00e7\u00e3o consciente dos recursos computacionais.<\/p>\n<hr \/>\n<p><strong>CONTE\u00daDOS:<\/strong><\/p>\n<p>I &#8211; Algoritmos e Estruturas de Dados;<\/p>\n<p>II &#8211; Intera\u00e7\u00e3o Homem-Computador;<\/p>\n<p>III &#8211; L\u00f3gica e Matem\u00e1tica Discreta;<\/p>\n<p>IV &#8211; Fundamentos e T\u00e9cnicas de Programa\u00e7\u00e3o;<\/p>\n<p>V &#8211; Paradigmas de Linguagens de Programa\u00e7\u00e3o;<\/p>\n<p>VI &#8211; Intelig\u00eancia Artificial;<\/p>\n<p>VII &#8211; Bancos de Dados;<\/p>\n<p>VIII &#8211; Sistemas Operacionais;<\/p>\n<p>IX &#8211; Redes de Computadores;<\/p>\n<p>X &#8211; Seguran\u00e7a da Informa\u00e7\u00e3o.<\/p>\n<hr \/>\n<p><strong>INDICA\u00c7\u00d5ES BIBLIOGR\u00c1FICAS:<\/strong><\/p>\n<p>NAKAMURA, Em\u00edlio Tissato. Seguran\u00e7a da informa\u00e7\u00e3o e de redes. Londrina: Editora e Distribuidora Educacional S.A, 2017.<\/p>\n<p>STALLINGS, William. Criptografia e seguran\u00e7a de redes: princ\u00edpios e pr\u00e1tica. 6.ed. S\u00e3o Paulo: Pearson, 2014.<\/p>\n<p>KOLBE JUNIOR, Armando. Sistemas de seguran\u00e7a da informa\u00e7\u00e3o na era do conhecimento. Curitiba: InterSaberes, 2017.<\/p>\n<hr \/>\n<p><strong>RELAT\u00d3RIO FINAL:<\/strong><\/p>\n<p>Aluno e Aluna, ap\u00f3s realizar suas atividades de extens\u00e3o, \u00e9 necess\u00e1rio que voc\u00ea o formalize, enviando esse Relat\u00f3rio Final para ser avaliado junto ao seu Ambiente Virtual (AVA) e tamb\u00e9m para voc\u00ea poder comprovar sua atua\u00e7\u00e3o.<\/p>\n<p>Para o preenchimento, busque as anota\u00e7\u00f5es junto ao TEMPLATE PCDA para auxiliar na apresenta\u00e7\u00e3o das atividades desenvolvidas.<\/p>\n<p>Todos os campos s\u00e3o de preenchimento obrigat\u00f3rio!<\/p>\n<hr \/>\n<p><strong>DESCRI\u00c7\u00c3O DA A\u00c7\u00c3O COM RESULTADOS ALCAN\u00c7ADOS<\/strong><\/p>\n<hr \/>\n<p><strong>Metas dos Objetivos de Desenvolvimento Sustent\u00e1vel (ODS) aderentes a este projeto:<\/strong><\/p>\n<p>CAMPO OBRIGAT\u00d3RIO \u2013 busque no seu Template PDCA quais Metas voc\u00ea selecionou como aderentes ao seu projeto, conforme cada Objetivo de Desenvolvimento Sustent\u00e1vel (ODS) da Organiza\u00e7\u00e3o das Na\u00e7\u00f5es Unidas (ONU) que voc\u00ea explorou no seu planejamento.<\/p>\n<hr \/>\n<p><strong>Liste as Metas selecionadas (pelo menos uma op\u00e7\u00e3o):<\/strong><\/p>\n<hr \/>\n<p><strong>Local de realiza\u00e7\u00e3o da atividade extensionista:<\/strong><\/p>\n<hr \/>\n<p><strong>Durante a a\u00e7\u00e3o:<\/strong><\/p>\n<hr \/>\n<p><strong>Caso necess\u00e1rio, houve mudan\u00e7a de estrat\u00e9gia para alcan\u00e7ar o resultado:<\/strong><\/p>\n<hr \/>\n<p><strong>Resultado da a\u00e7\u00e3o:<\/strong><\/p>\n<hr \/>\n<p><strong>Conclus\u00e3o:<\/strong><\/p>\n<hr \/>\n<p><strong>Depoimentos (se houver):<\/strong><\/p>\n<hr \/>\n<p><strong>RELATE SUA PERCEP\u00c7\u00c3O DAS A\u00c7\u00d5ES EXTENSIONISTAS REALIZADAS NO PROGRAMA DESENVOLVIDO:<\/strong><\/p>\n<p>CAMPO OBRIGAT\u00d3RIO \u2013 relate em no m\u00ednimo 15 (quinze) linhas sua experi\u00eancia com as a\u00e7\u00f5es extensionistas. O texto deve ser de sua autoria e in\u00e9dito, evite pl\u00e1gio.<\/p>\n<p>Quest\u00f5es norteadoras:<\/p>\n<p>(1) Voc\u00ea notou que suas habilidades profissionais foram aprimoradas, com a atua\u00e7\u00e3o nas a\u00e7\u00f5es extensionistas?<\/p>\n<p>(2) Voc\u00ea identificou melhoria\/resolu\u00e7\u00e3o do problema identificado?<\/p>\n<p>(3) Voc\u00ea conseguiu articular os conhecimentos adquiridos no curso com as a\u00e7\u00f5es extensionistas?<\/p>\n<p>Ao escrever seu texto evite deix\u00e1-lo em forma de respostas as quest\u00f5es norteadoras, relate sua experi\u00eancia em forma de texto dissertativo com justificativas.<\/p>\n<hr \/>\n<p><strong>DEPOIMENTO DA INSTITUI\u00c7\u00c3O PARTICIPANTE<\/strong><\/p>\n<p>CAMPO OBRIGAT\u00d3RIO &#8211; insira depoimento(s) do(s) gestor(es) da institui\u00e7\u00e3o\/\u00f3rg\u00e3o\/associa\u00e7\u00e3o participante que contribuam como um feedback da a\u00e7\u00e3o realizada por voc\u00ea.<\/p>\n<hr \/>\n<p><strong>REFER\u00caNCIAS BIBLIOGR\u00c1FICAS<\/strong><\/p>\n<p>CAMPO OBRIGAT\u00d3RIO \u2013 Siga a normas ABNT, para isso consulte sua Biblioteca Virtual;<\/p>\n<p>Utilize como refer\u00eancias bibliogr\u00e1ficas as indica\u00e7\u00f5es do Campo: Indica\u00e7\u00f5es Bibliogr\u00e1ficas e as demais refer\u00eancias utilizadas no desenvolvimento do seu projeto.<\/p>\n<hr \/>\n<p><strong>AUTOAVALIA\u00c7\u00c3O DA ATIVIDADE:<\/strong><\/p>\n<p>Realize a sua avalia\u00e7\u00e3o em rela\u00e7\u00e3o \u00e0 atividade desenvolvida considerando uma escala de 0 a 10 para cada pergunta, assinalando com um X:<\/p>\n<hr \/>\n<p><strong>A atividade permitiu o desenvolvimento do projeto de extens\u00e3o articulando as compet\u00eancias e conte\u00fados propostos junto ao Curso?<\/strong><\/p>\n<p>0 1 2 3 4 5 6 7 8 9 10<\/p>\n<p>() () () () () () () () () () ()<\/p>\n<hr \/>\n<p><strong>A atividade possui carga hor\u00e1ria suficiente para a sua realiza\u00e7\u00e3o?<\/strong><\/p>\n<p>0 1 2 3 4 5 6 7 8 9 10<\/p>\n<p>() () () () () () () () () () ()<\/p>\n<hr \/>\n<p><strong>A atividade \u00e9 relevante para a sua forma\u00e7\u00e3o e articula\u00e7\u00e3o de compet\u00eancias e conte\u00fados?<\/strong><\/p>\n<p>0 1 2 3 4 5 6 7 8 9 10<\/p>\n<p>() () () () () () () () () () ()<\/p>\n<hr \/>\n<p><strong>A atividade contribui para o cumprimento dos objetivos definidos pela Institui\u00e7\u00e3o de Ensino (IES) e Curso, observando o Plano de Desenvolvimento Institucional e Projeto Pedag\u00f3gico de Curso vigentes?<\/strong><\/p>\n<p>0 1 2 3 4 5 6 7 8 9 10<\/p>\n<p>() () () () () () () () () () ()<\/p>\n<hr \/>\n<p><strong>A atividade contribui para a melhoria da sociedade por meio dos resultados demonstrados no relat\u00f3rio ou pelos relatos apresentados pelos envolvidos?<\/strong><\/p>\n<p>0 1 2 3 4 5 6 7 8 9 10<\/p>\n<p>() () () () () () () () () () ()<\/p>\n<hr \/>\n<p><strong>A atividade permite o desenvolvimento de a\u00e7\u00f5es junto \u00e0 Inicia\u00e7\u00e3o Cient\u00edfica e ao Ensino?<\/strong><\/p>\n<p>0 1 2 3 4 5 6 7 8 9 10<\/p>\n<p>() () () () () () () () () () ()<\/p>\n<hr \/>\n<p><strong>Caso queira contribuir com maior detalhamento, traga seu depoimento\/ sugest\u00e3o.<\/strong><\/p>\n<p>&nbsp;<\/p>\n","protected":false},"excerpt":{"rendered":"<div><span style=\"color: #ff0000;\"><strong>Compre e receba o Relat\u00f3rio Final de Atividades Extensionistas j\u00e1 preenchido, com um projeto totalmente desenvolvido para entrega.<\/strong><\/span><\/div>\n<div class=\"product-short-description\"><strong>Pague pelo PIX ou cart\u00e3o e fa\u00e7a o download agora mesmo.<\/strong><\/div>\n<div class=\"sticky-add-to-cart-wrapper\">\n<div class=\"sticky-add-to-cart\">\n<p class=\"quantity buttons_added form-flat\"><img decoding=\"async\" class=\"lazyloaded smush-image-5 smush-image-3 smush-image-4 smush-detected-img smush-image-bigger-3\" src=\"https:\/\/d26lpennugtm8s.cloudfront.net\/assets\/common\/img\/logos\/payment\/visa@2x.png\" width=\"46\" height=\"29\" data-src=\"https:\/\/d26lpennugtm8s.cloudfront.net\/assets\/common\/img\/logos\/payment\/visa@2x.png\" \/><img decoding=\"async\" class=\"lazyloaded smush-image-6 smush-image-4 smush-image-5 smush-detected-img smush-image-bigger-4\" src=\"https:\/\/d26lpennugtm8s.cloudfront.net\/assets\/common\/img\/logos\/payment\/boleto@2x.png\" width=\"43\" height=\"27\" data-src=\"https:\/\/d26lpennugtm8s.cloudfront.net\/assets\/common\/img\/logos\/payment\/boleto@2x.png\" \/><img decoding=\"async\" class=\"lazyloaded smush-image-7 smush-image-5 smush-image-6 smush-detected-img smush-image-bigger-5\" src=\"https:\/\/d26lpennugtm8s.cloudfront.net\/assets\/common\/img\/logos\/payment\/mastercard@2x.png\" width=\"43\" height=\"27\" data-src=\"https:\/\/d26lpennugtm8s.cloudfront.net\/assets\/common\/img\/logos\/payment\/mastercard@2x.png\" \/><img loading=\"lazy\" decoding=\"async\" class=\"lazyloaded smush-image-8 smush-image-6 smush-image-7 smush-detected-img smush-image-bigger-6\" src=\"https:\/\/d26lpennugtm8s.cloudfront.net\/assets\/common\/img\/logos\/payment\/amex@2x.png\" width=\"43\" height=\"27\" data-src=\"https:\/\/d26lpennugtm8s.cloudfront.net\/assets\/common\/img\/logos\/payment\/amex@2x.png\" \/><img loading=\"lazy\" decoding=\"async\" class=\"lazyloaded smush-image-9 smush-image-7 smush-image-8 smush-detected-img smush-image-bigger-7\" src=\"https:\/\/d26lpennugtm8s.cloudfront.net\/assets\/common\/img\/logos\/payment\/diners@2x.png\" width=\"46\" height=\"29\" data-src=\"https:\/\/d26lpennugtm8s.cloudfront.net\/assets\/common\/img\/logos\/payment\/diners@2x.png\" \/><img loading=\"lazy\" decoding=\"async\" class=\"lazyloaded smush-image-10 smush-image-8 smush-image-9 alignnone smush-detected-img smush-image-bigger-8\" src=\"https:\/\/d26lpennugtm8s.cloudfront.net\/assets\/common\/img\/logos\/payment\/br\/elo@2x.png\" alt=\"portf\u00f3lio unopar anhanguera\" width=\"45\" height=\"28\" data-src=\"https:\/\/d26lpennugtm8s.cloudfront.net\/assets\/common\/img\/logos\/payment\/br\/elo@2x.png\" \/><img loading=\"lazy\" decoding=\"async\" class=\"lazyloaded smush-image-11 smush-image-9 smush-image-10 alignnone smush-detected-img smush-image-bigger-9\" src=\"https:\/\/d26lpennugtm8s.cloudfront.net\/assets\/common\/img\/logos\/payment\/br\/hipercard@2x.png\" alt=\"portf\u00f3lio unopar anhanguera\" width=\"44\" height=\"28\" data-src=\"https:\/\/d26lpennugtm8s.cloudfront.net\/assets\/common\/img\/logos\/payment\/br\/hipercard@2x.png\" \/><img loading=\"lazy\" decoding=\"async\" class=\"lazyloaded smush-image-12 smush-image-10 smush-image-11 alignnone smush-detected-img smush-image-bigger-10\" src=\"https:\/\/d26lpennugtm8s.cloudfront.net\/assets\/common\/img\/logos\/payment\/mercadopago@2x.png\" alt=\"portf\u00f3lio unopar anhanguera\" width=\"45\" height=\"28\" data-src=\"https:\/\/d26lpennugtm8s.cloudfront.net\/assets\/common\/img\/logos\/payment\/mercadopago@2x.png\" \/><img loading=\"lazy\" decoding=\"async\" class=\"alignnone ls-is-cached lazyloaded smush-detected-img smush-image-bigger-11\" src=\"https:\/\/futurium.com.br\/wp-content\/uploads\/2021\/06\/logo-pix-icone-512.png\" alt=\"portfolio pronto\" width=\"30\" height=\"30\" data-src=\"https:\/\/futurium.com.br\/wp-content\/uploads\/2021\/06\/logo-pix-icone-512.png\" \/><\/p>\n<\/div>\n<\/div>\n","protected":false},"featured_media":47213,"template":"","meta":{"_seopress_robots_primary_cat":"none","_seopress_titles_title":"","_seopress_titles_desc":"","_seopress_robots_index":""},"product_cat":[786],"product_tag":[],"class_list":{"0":"post-47212","1":"product","2":"type-product","3":"status-publish","4":"has-post-thumbnail","6":"product_cat-devops","8":"first","9":"instock","10":"shipping-taxable","11":"purchasable","12":"product-type-simple","13":"col-xs-6 col-sm-4","14":"col-mf-5","15":"un-5-cols"},"jetpack_sharing_enabled":true,"_links":{"self":[{"href":"https:\/\/portifolioos-prontos.com\/index.php\/wp-json\/wp\/v2\/product\/47212","targetHints":{"allow":["GET"]}}],"collection":[{"href":"https:\/\/portifolioos-prontos.com\/index.php\/wp-json\/wp\/v2\/product"}],"about":[{"href":"https:\/\/portifolioos-prontos.com\/index.php\/wp-json\/wp\/v2\/types\/product"}],"version-history":[{"count":2,"href":"https:\/\/portifolioos-prontos.com\/index.php\/wp-json\/wp\/v2\/product\/47212\/revisions"}],"predecessor-version":[{"id":49886,"href":"https:\/\/portifolioos-prontos.com\/index.php\/wp-json\/wp\/v2\/product\/47212\/revisions\/49886"}],"wp:featuredmedia":[{"embeddable":true,"href":"https:\/\/portifolioos-prontos.com\/index.php\/wp-json\/wp\/v2\/media\/47213"}],"wp:attachment":[{"href":"https:\/\/portifolioos-prontos.com\/index.php\/wp-json\/wp\/v2\/media?parent=47212"}],"wp:term":[{"taxonomy":"product_cat","embeddable":true,"href":"https:\/\/portifolioos-prontos.com\/index.php\/wp-json\/wp\/v2\/product_cat?post=47212"},{"taxonomy":"product_tag","embeddable":true,"href":"https:\/\/portifolioos-prontos.com\/index.php\/wp-json\/wp\/v2\/product_tag?post=47212"}],"curies":[{"name":"wp","href":"https:\/\/api.w.org\/{rel}","templated":true}]}}