{"id":49127,"date":"2026-02-10T11:12:22","date_gmt":"2026-02-10T14:12:22","guid":{"rendered":"https:\/\/portifolioos-prontos.com\/?post_type=product&#038;p=49127"},"modified":"2026-03-05T09:42:27","modified_gmt":"2026-03-05T12:42:27","slug":"estagio-curricular-obrigatorio-iii-educacao-especial","status":"publish","type":"product","link":"https:\/\/portifolioos-prontos.com\/index.php\/product\/estagio-curricular-obrigatorio-iii-educacao-especial\/","title":{"rendered":"Est\u00e1gio Curricular Obrigat\u00f3rio III &#8211; Educa\u00e7\u00e3o Especial"},"content":{"rendered":"<div class=\"flex flex-col text-sm pb-25\">\n<article class=\"text-token-text-primary w-full focus:outline-none [--shadow-height:45px] has-data-writing-block:pointer-events-none has-data-writing-block:-mt-(--shadow-height) has-data-writing-block:pt-(--shadow-height) [&amp;:has([data-writing-block])&gt;*]:pointer-events-auto scroll-mt-[calc(var(--header-height)+min(200px,max(70px,20svh)))]\" dir=\"auto\" tabindex=\"-1\" data-turn-id=\"request-WEB:92a83368-2e52-4624-a06d-413485a509a3-2\" data-testid=\"conversation-turn-6\" data-scroll-anchor=\"true\" data-turn=\"assistant\">\n<div class=\"text-base my-auto mx-auto pb-10 [--thread-content-margin:--spacing(4)] @w-sm\/main:[--thread-content-margin:--spacing(6)] @w-lg\/main:[--thread-content-margin:--spacing(16)] px-(--thread-content-margin)\">\n<div class=\"[--thread-content-max-width:40rem] @w-lg\/main:[--thread-content-max-width:48rem] mx-auto max-w-(--thread-content-max-width) flex-1 group\/turn-messages focus-visible:outline-hidden relative flex w-full min-w-0 flex-col agent-turn\" tabindex=\"-1\">\n<div class=\"flex max-w-full flex-col grow\">\n<div class=\"min-h-8 text-message relative flex w-full flex-col items-end gap-2 text-start break-words whitespace-normal [.text-message+&amp;]:mt-1\" dir=\"auto\" data-message-author-role=\"assistant\" data-message-id=\"1e43412a-7644-48ae-a8ba-331af443ce0c\" data-message-model-slug=\"gpt-5-2-thinking\">\n<div class=\"flex w-full flex-col gap-1 empty:hidden first:pt-[1px]\">\n<div class=\"markdown prose dark:prose-invert w-full wrap-break-word light markdown-new-styling\">\n<p data-start=\"0\" data-end=\"78\"><strong data-start=\"0\" data-end=\"78\">Est\u00e1gio Curricular Obrigat\u00f3rio III (150h) Educa\u00e7\u00e3o Especial &#8211; Licenciatura<\/strong><\/p>\n<hr data-start=\"80\" data-end=\"83\" \/>\n<p data-start=\"85\" data-end=\"161\"><strong data-start=\"85\" data-end=\"161\">PLANO DE TRABALHO: ANOS FINAIS DO ENSINO FUNDAMENTAL (EDUCA\u00c7\u00c3O ESPECIAL)<\/strong><\/p>\n<hr data-start=\"163\" data-end=\"166\" \/>\n<p data-start=\"168\" data-end=\"503\">No quadro a seguir, h\u00e1 a descri\u00e7\u00e3o do Plano de Trabalho direcionado para alunos da licenciatura em Educa\u00e7\u00e3o Especial a ser realizado pelo estudante, em escolas regulares em salas de recursos multifuncionais OU em escolas de atendimento especializado, com estudantes em faixas et\u00e1rias equivalentes aos anos finais do Ensino Fundamental.<\/p>\n<hr data-start=\"505\" data-end=\"508\" \/>\n<p data-start=\"510\" data-end=\"773\">\u2022 Todas as atividades elencadas acima devem ser registradas na ficha de acompanhamento, seguindo a respectiva carga hor\u00e1ria e o limite estabelecido por lei de 6 horas di\u00e1rias permitidas em escola, para isso tais atividades poder\u00e3o ser divididas em dias distintos.<\/p>\n<hr data-start=\"775\" data-end=\"778\" \/>\n<p data-start=\"780\" data-end=\"840\"><strong data-start=\"780\" data-end=\"840\">Aten\u00e7\u00e3o para o preenchimento da ficha de acompanhamento:<\/strong><\/p>\n<hr data-start=\"842\" data-end=\"845\" \/>\n<p data-start=\"847\" data-end=\"943\">A ficha de acompanhamento deve corresponder \u00e0 quantidade de horas que voc\u00ea cadastrou em sistema.<\/p>\n<hr data-start=\"945\" data-end=\"948\" \/>\n<p data-start=\"950\" data-end=\"1123\">Vamos acompanhar uma situa\u00e7\u00e3o hipot\u00e9tica: Um aluno preencheu que ir\u00e1 realizar o est\u00e1gio de segunda a sexta-feira, das 7h \u00e0s 13h, isso significa que ele ter\u00e1 6 horas por dia.<\/p>\n<hr data-start=\"1125\" data-end=\"1128\" \/>\n<p data-start=\"1130\" data-end=\"1243\">Dessa forma, seguindo o plano de trabalho, como ele deve registrar essa carga hor\u00e1ria na ficha de acompanhamento?<\/p>\n<hr data-start=\"1245\" data-end=\"1248\" \/>\n<p data-start=\"1250\" data-end=\"1276\"><strong data-start=\"1250\" data-end=\"1276\">Plano de Trabalho 150h<\/strong><\/p>\n<hr data-start=\"1278\" data-end=\"1281\" \/>\n<p data-start=\"1283\" data-end=\"1363\">Atividade 1: Intera\u00e7\u00e3o com orientador do est\u00e1gio para informa\u00e7\u00f5es iniciais. 4h<\/p>\n<hr data-start=\"1365\" data-end=\"1368\" \/>\n<p data-start=\"1370\" data-end=\"1432\">Atividade 2: Visita \u00e0 escola com a carta de apresenta\u00e7\u00e3o. 4h<\/p>\n<hr data-start=\"1434\" data-end=\"1437\" \/>\n<p data-start=\"1439\" data-end=\"1498\">Atividade 3: Leitura obrigat\u00f3ria e produ\u00e7\u00e3o de texto. 10h<\/p>\n<hr data-start=\"1500\" data-end=\"1503\" \/>\n<p data-start=\"1505\" data-end=\"1619\">Atividade 4: An\u00e1lise do Projeto Pol\u00edtico Pedag\u00f3gico (PPP) da escola e produ\u00e7\u00e3o de relato baseado na an\u00e1lise. 12h<\/p>\n<hr data-start=\"1621\" data-end=\"1624\" \/>\n<p data-start=\"1626\" data-end=\"1707\">Atividade 5: An\u00e1lise de materiais did\u00e1ticos da escola e produ\u00e7\u00e3o de relato. 12h<\/p>\n<hr data-start=\"1709\" data-end=\"1712\" \/>\n<p data-start=\"1714\" data-end=\"1839\">Atividade 6: Entrevista com o professor regente e produ\u00e7\u00e3o de relato baseado na entrevista, conforme respectivo est\u00e1gio. 4h<\/p>\n<hr data-start=\"1841\" data-end=\"1844\" \/>\n<p data-start=\"1846\" data-end=\"2013\">Atividade 7: An\u00e1lise dos instrumentos avaliativos utilizados pelo professor da disciplina conforme respectivo est\u00e1gio, e elabora\u00e7\u00e3o de texto referente \u00e0 an\u00e1lise. 10h<\/p>\n<hr data-start=\"2015\" data-end=\"2018\" \/>\n<p data-start=\"2020\" data-end=\"2202\">Atividade 8: An\u00e1lise da atua\u00e7\u00e3o da equipe pedag\u00f3gica no acompanhamento do desenvolvimento da disciplina, conforme respectivo est\u00e1gio, e elabora\u00e7\u00e3o de texto referente \u00e0 an\u00e1lise. 12h<\/p>\n<hr data-start=\"2204\" data-end=\"2207\" \/>\n<p data-start=\"2209\" data-end=\"2327\">Atividade 9: Observa\u00e7\u00e3o e participa\u00e7\u00e3o em atendimentos individualizados, conforme o respectivo campo de est\u00e1gio. 12h<\/p>\n<hr data-start=\"2329\" data-end=\"2332\" \/>\n<p data-start=\"2334\" data-end=\"2389\">Atividade 10: Elabora\u00e7\u00e3o do relato da observa\u00e7\u00e3o. 12h<\/p>\n<hr data-start=\"2391\" data-end=\"2394\" \/>\n<p data-start=\"2396\" data-end=\"2564\">Atividade 11: Elabora\u00e7\u00e3o de 3 planos de atendimento individualizado, voltados ao mesmo estudante, conforme campo de est\u00e1gio escolhido (3 atendimentos \u2013 3 planos). 15h<\/p>\n<hr data-start=\"2566\" data-end=\"2569\" \/>\n<p data-start=\"2571\" data-end=\"2670\">Atividade 12: Apresenta\u00e7\u00e3o dos planos de aula para o professor regente e elabora\u00e7\u00e3o do relato. 6h<\/p>\n<hr data-start=\"2672\" data-end=\"2675\" \/>\n<p data-start=\"2677\" data-end=\"2844\">Atividade 13: Com base na observa\u00e7\u00e3o feita na atividade 9, selecionar um (1) estudante para a realiza\u00e7\u00e3o da reg\u00eancia (Atendimento Educacional Especializado &#8211; AEE) 3h<\/p>\n<hr data-start=\"2846\" data-end=\"2849\" \/>\n<p data-start=\"2851\" data-end=\"2890\">Atividade 14: Relato da reg\u00eancia. 12h<\/p>\n<hr data-start=\"2892\" data-end=\"2895\" \/>\n<p data-start=\"2897\" data-end=\"2950\">Atividade 15: Produ\u00e7\u00e3o do Relat\u00f3rio de Est\u00e1gio. 20h<\/p>\n<hr data-start=\"2952\" data-end=\"2955\" \/>\n<p data-start=\"2957\" data-end=\"3008\" data-is-last-node=\"\" data-is-only-node=\"\">Atividade 16: Valida\u00e7\u00e3o do Relat\u00f3rio do Est\u00e1gio. 2h<\/p>\n<\/div>\n<\/div>\n<\/div>\n<\/div>\n<div class=\"z-0 flex min-h-[46px] justify-start\"><\/div>\n<div class=\"mt-3 w-full empty:hidden\">\n<div class=\"text-center\"><\/div>\n<\/div>\n<\/div>\n<\/div>\n<\/article>\n<\/div>\n<div class=\"pointer-events-none h-px w-px absolute bottom-0\" aria-hidden=\"true\" data-edge=\"true\"><\/div>\n<div class=\"elementor-toggle-item\">\n<p id=\"elementor-tab-title-1941\" class=\"elementor-tab-title elementor-active\" tabindex=\"0\" role=\"tab\" data-tab=\"1\" aria-controls=\"elementor-tab-content-1941\" aria-expanded=\"true\" aria-selected=\"true\"><strong>Como funciona?<\/strong><\/p>\n<p>Elaboramos os portf\u00f3lios, j\u00e1 deixamos prontos, nas normas da ABNT e conforme os requisitos da universidade. F\u00e1cil assim! O MELHOR \u00c9 QUE VOC\u00ca COMPRA E J\u00c1 BAIXA NA HORA O SEU ARQUIVO EM WORD! Sabemos que conciliar trabalho, fam\u00edlia, vida profissional e estudos \u00e9 dif\u00edcil hoje em dia, por isso, estamos aqui para ajudar voc\u00ea. Conte com nossa qualidade, experi\u00eancia e profissionalismo adquirindo seu portf\u00f3lio conosco. GARANTIMOS SEU CONCEITO!<\/p>\n<p><strong>Como se realizam os envios?<\/strong><\/p>\n<\/div>\n<p id=\"elementor-tab-content-1942\" class=\"elementor-tab-content elementor-clearfix elementor-active\" role=\"tabpanel\" data-tab=\"2\" aria-labelledby=\"elementor-tab-title-1942\">O seu trabalho \u00e9 disponibilizado pronto, respondido e nas normas j\u00e1 na mesma hora aqui em nosso site na sua \u00e1rea de downloads e tamb\u00e9m no seu e-mail.<\/p>\n<p><strong>Em quanto tempo recebo o portf\u00f3lio?<\/strong><\/p>\n<p>Os envios s\u00e3o imediatos. Ap\u00f3s sua compra, o trabalho j\u00e1 \u00e9 disponibilizado instantaneamente aqui em nosso site e no seu e-mail.<\/p>\n<p><strong>E se o portf\u00f3lio que comprei precisar de corre\u00e7\u00e3o?<\/strong><\/p>\n<p>Caso haja alguma solicita\u00e7\u00e3o de corre\u00e7\u00e3o\/altera\u00e7\u00e3o por parte do tutor, basta entrar em contato conosco pelo\u00a0WhatsApp\u00a0que provid\u00eanciaremos sem custo algum.<\/p>\n<p><strong>Qual o formato do arquivo?<\/strong><\/p>\n<p>Os arquivos s\u00e3o enviados em formato Word e s\u00e3o edit\u00e1veis.<\/p>\n<p><strong>Caso eu tiver alguma d\u00favida, terei suporte no p\u00f3s venda?<\/strong><\/p>\n<p>Sim, com certeza. Basta clicar no \u00edcone do WhatsApp no cantinho da tela. Ser\u00e1 um prazer atend\u00ea-lo(a).<\/p>\n<div id=\"elementor-tab-content-1948\" class=\"elementor-tab-content elementor-clearfix elementor-active\" role=\"tabpanel\" data-tab=\"8\" aria-labelledby=\"elementor-tab-title-1948\">\n<p><strong>Quais os seus canais de contato?<\/strong><\/p>\n<\/div>\n<div id=\"elementor-tab-content-1949\" class=\"elementor-tab-content elementor-clearfix elementor-active\" role=\"tabpanel\" data-tab=\"9\" aria-labelledby=\"elementor-tab-title-1949\">\n<p>Whatsapp: 53 984751621 \u2013 Clicar no canto da tela ou ESCANEIE O QRCODE ABAIXO<\/p>\n<h4><img decoding=\"async\" class=\"alignnone wp-image-13699 jetpack-lazy-image jetpack-lazy-image--handled\" src=\"https:\/\/i0.wp.com\/portifolioos-prontos.com\/wp-content\/uploads\/2023\/02\/whatsapp-business-projeto-de-extensao-300x300.jpeg?resize=144%2C144\" sizes=\"(max-width: 144px) 100vw, 144px\" srcset=\"https:\/\/i0.wp.com\/portifolioos-prontos.com\/wp-content\/uploads\/2023\/02\/whatsapp-business-projeto-de-extensao.jpeg?resize=300%2C301&amp;ssl=1 300w, https:\/\/i0.wp.com\/portifolioos-prontos.com\/wp-content\/uploads\/2023\/02\/whatsapp-business-projeto-de-extensao.jpeg?resize=150%2C150&amp;ssl=1 150w, https:\/\/i0.wp.com\/portifolioos-prontos.com\/wp-content\/uploads\/2023\/02\/whatsapp-business-projeto-de-extensao.jpeg?resize=370%2C372&amp;ssl=1 370w, https:\/\/i0.wp.com\/portifolioos-prontos.com\/wp-content\/uploads\/2023\/02\/whatsapp-business-projeto-de-extensao.jpeg?resize=100%2C100&amp;ssl=1 100w, https:\/\/i0.wp.com\/portifolioos-prontos.com\/wp-content\/uploads\/2023\/02\/whatsapp-business-projeto-de-extensao.jpeg?w=470&amp;ssl=1 470w\" alt=\"projeto de extens\u00e3o unopar\" width=\"144\" height=\"144\" data-lazy-loaded=\"1\" \/><\/h4>\n<\/div>\n<div class=\"elementor-toggle-item\">\n<div id=\"elementor-tab-content-1949\" class=\"elementor-tab-content elementor-clearfix elementor-active\" role=\"tabpanel\" data-tab=\"9\" aria-labelledby=\"elementor-tab-title-1949\">\n<p>E-mail:portifoliosp@gmail.com<\/p>\n<div id=\"attachment_143\" class=\"wp-caption alignnone\">\n<div id=\"attachment_143\" class=\"wp-caption alignnone\">\n<p id=\"caption-attachment-143\" class=\"wp-caption-text\"><a href=\"http:\/\/portfolio-pronto.com\/\">Portf\u00f3lio<\/a>\u00a0em Word, respondido, completo e j\u00e1 nas normas<\/p>\n<\/div>\n<\/div>\n<\/div>\n<\/div>\n","protected":false},"excerpt":{"rendered":"<div class=\"product-short-description\"><strong>Pague pelo PIX ou cart\u00e3o e fa\u00e7a o download agora mesmo.<\/strong><\/div>\n<div class=\"sticky-add-to-cart-wrapper\">\n<div class=\"sticky-add-to-cart\">\n<p class=\"quantity buttons_added form-flat\"><img decoding=\"async\" class=\"lazyloaded smush-image-5 smush-image-3 smush-image-4 smush-detected-img smush-image-bigger-3\" src=\"https:\/\/d26lpennugtm8s.cloudfront.net\/assets\/common\/img\/logos\/payment\/visa@2x.png\" width=\"46\" height=\"29\" data-src=\"https:\/\/d26lpennugtm8s.cloudfront.net\/assets\/common\/img\/logos\/payment\/visa@2x.png\" \/><img decoding=\"async\" class=\"lazyloaded smush-image-6 smush-image-4 smush-image-5 smush-detected-img smush-image-bigger-4\" src=\"https:\/\/d26lpennugtm8s.cloudfront.net\/assets\/common\/img\/logos\/payment\/boleto@2x.png\" width=\"43\" height=\"27\" data-src=\"https:\/\/d26lpennugtm8s.cloudfront.net\/assets\/common\/img\/logos\/payment\/boleto@2x.png\" \/><img loading=\"lazy\" decoding=\"async\" class=\"lazyloaded smush-image-7 smush-image-5 smush-image-6 smush-detected-img smush-image-bigger-5\" src=\"https:\/\/d26lpennugtm8s.cloudfront.net\/assets\/common\/img\/logos\/payment\/mastercard@2x.png\" width=\"43\" height=\"27\" data-src=\"https:\/\/d26lpennugtm8s.cloudfront.net\/assets\/common\/img\/logos\/payment\/mastercard@2x.png\" \/><img loading=\"lazy\" decoding=\"async\" class=\"lazyloaded smush-image-8 smush-image-6 smush-image-7 smush-detected-img smush-image-bigger-6\" src=\"https:\/\/d26lpennugtm8s.cloudfront.net\/assets\/common\/img\/logos\/payment\/amex@2x.png\" width=\"43\" height=\"27\" data-src=\"https:\/\/d26lpennugtm8s.cloudfront.net\/assets\/common\/img\/logos\/payment\/amex@2x.png\" \/><img loading=\"lazy\" decoding=\"async\" class=\"lazyloaded smush-image-9 smush-image-7 smush-image-8 smush-detected-img smush-image-bigger-7\" src=\"https:\/\/d26lpennugtm8s.cloudfront.net\/assets\/common\/img\/logos\/payment\/diners@2x.png\" width=\"46\" height=\"29\" data-src=\"https:\/\/d26lpennugtm8s.cloudfront.net\/assets\/common\/img\/logos\/payment\/diners@2x.png\" \/><img loading=\"lazy\" decoding=\"async\" class=\"lazyloaded smush-image-10 smush-image-8 smush-image-9 alignnone smush-detected-img smush-image-bigger-8\" src=\"https:\/\/d26lpennugtm8s.cloudfront.net\/assets\/common\/img\/logos\/payment\/br\/elo@2x.png\" alt=\"portf\u00f3lio unopar anhanguera\" width=\"45\" height=\"28\" data-src=\"https:\/\/d26lpennugtm8s.cloudfront.net\/assets\/common\/img\/logos\/payment\/br\/elo@2x.png\" \/><img loading=\"lazy\" decoding=\"async\" class=\"lazyloaded smush-image-11 smush-image-9 smush-image-10 alignnone smush-detected-img smush-image-bigger-9\" src=\"https:\/\/d26lpennugtm8s.cloudfront.net\/assets\/common\/img\/logos\/payment\/br\/hipercard@2x.png\" alt=\"portf\u00f3lio unopar anhanguera\" width=\"44\" height=\"28\" data-src=\"https:\/\/d26lpennugtm8s.cloudfront.net\/assets\/common\/img\/logos\/payment\/br\/hipercard@2x.png\" \/><img loading=\"lazy\" decoding=\"async\" class=\"lazyloaded smush-image-12 smush-image-10 smush-image-11 alignnone smush-detected-img smush-image-bigger-10\" src=\"https:\/\/d26lpennugtm8s.cloudfront.net\/assets\/common\/img\/logos\/payment\/mercadopago@2x.png\" alt=\"portf\u00f3lio unopar anhanguera\" width=\"45\" height=\"28\" data-src=\"https:\/\/d26lpennugtm8s.cloudfront.net\/assets\/common\/img\/logos\/payment\/mercadopago@2x.png\" \/><\/p>\n<\/div>\n<\/div>\n","protected":false},"featured_media":49128,"template":"","meta":{"_seopress_robots_primary_cat":"none","_seopress_titles_title":"","_seopress_titles_desc":"","_seopress_robots_index":""},"product_cat":[303],"product_tag":[],"class_list":{"0":"post-49127","1":"product","2":"type-product","3":"status-publish","4":"has-post-thumbnail","6":"product_cat-educacao-especial","8":"first","9":"instock","10":"shipping-taxable","11":"purchasable","12":"product-type-simple","13":"col-xs-6 col-sm-4","14":"col-mf-5","15":"un-5-cols"},"jetpack_sharing_enabled":true,"_links":{"self":[{"href":"https:\/\/portifolioos-prontos.com\/index.php\/wp-json\/wp\/v2\/product\/49127","targetHints":{"allow":["GET"]}}],"collection":[{"href":"https:\/\/portifolioos-prontos.com\/index.php\/wp-json\/wp\/v2\/product"}],"about":[{"href":"https:\/\/portifolioos-prontos.com\/index.php\/wp-json\/wp\/v2\/types\/product"}],"version-history":[{"count":2,"href":"https:\/\/portifolioos-prontos.com\/index.php\/wp-json\/wp\/v2\/product\/49127\/revisions"}],"predecessor-version":[{"id":49857,"href":"https:\/\/portifolioos-prontos.com\/index.php\/wp-json\/wp\/v2\/product\/49127\/revisions\/49857"}],"wp:featuredmedia":[{"embeddable":true,"href":"https:\/\/portifolioos-prontos.com\/index.php\/wp-json\/wp\/v2\/media\/49128"}],"wp:attachment":[{"href":"https:\/\/portifolioos-prontos.com\/index.php\/wp-json\/wp\/v2\/media?parent=49127"}],"wp:term":[{"taxonomy":"product_cat","embeddable":true,"href":"https:\/\/portifolioos-prontos.com\/index.php\/wp-json\/wp\/v2\/product_cat?post=49127"},{"taxonomy":"product_tag","embeddable":true,"href":"https:\/\/portifolioos-prontos.com\/index.php\/wp-json\/wp\/v2\/product_tag?post=49127"}],"curies":[{"name":"wp","href":"https:\/\/api.w.org\/{rel}","templated":true}]}}