{"id":49197,"date":"2026-02-12T10:03:06","date_gmt":"2026-02-12T13:03:06","guid":{"rendered":"https:\/\/portifolioos-prontos.com\/?post_type=product&#038;p=49197"},"modified":"2026-03-19T09:01:48","modified_gmt":"2026-03-19T12:01:48","slug":"projeto-de-extensao-i-apoio-escolar","status":"publish","type":"product","link":"https:\/\/portifolioos-prontos.com\/index.php\/product\/projeto-de-extensao-i-apoio-escolar\/","title":{"rendered":"Projeto de Extens\u00e3o I &#8211; Apoio Escolar"},"content":{"rendered":"<p><strong>PROJETO DE EXTENS\u00c3O I &#8211; APOIO ESCOLAR<\/strong><\/p>\n<hr \/>\n<p><strong>RELAT\u00d3RIO FINAL DE ATIVIDADES EXTENSIONISTAS<\/strong><\/p>\n<hr \/>\n<p><strong>DADOS DO ALUNO<\/strong><\/p>\n<p>Aluno: [Nome completo]<\/p>\n<p>RA: [N\u00famero do RA do aluno]<\/p>\n<p>POLO \/ UNIDADE:<\/p>\n<p>CURSO:<\/p>\n<hr \/>\n<p><strong>DADOS DO PROJETO<\/strong><\/p>\n<p>COMPONENTE CURRICULAR: Projeto de Extens\u00e3o \u2013 Apoio Escolar<\/p>\n<p>PROJETO DE EXTENS\u00c3O: Apoio Escolar em Diferentes Contextos de Aprendizagem<\/p>\n<hr \/>\n<p><strong>DESCRI\u00c7\u00c3O DA A\u00c7\u00c3O<\/strong><\/p>\n<hr \/>\n<p><strong>Atividade realizada<\/strong><\/p>\n<p>Apresente breve descri\u00e7\u00e3o da atividade realizada.<\/p>\n<hr \/>\n<p><strong>Local de realiza\u00e7\u00e3o da atividade extensionista<\/strong><\/p>\n<p>Apresente breve hist\u00f3rico, atividade desenvolvida pela institui\u00e7\u00e3o, perfil de p\u00fablico atendido, import\u00e2ncia e significado para a comunidade local.<\/p>\n<hr \/>\n<p><strong>P\u00fablico-alvo<\/strong><\/p>\n<p>Especifique quantas pessoas da localidade participaram da a\u00e7\u00e3o e\/ou que foram impactadas pela interven\u00e7\u00e3o.<\/p>\n<hr \/>\n<p><strong>Situa\u00e7\u00e3o identificada na comunidade<\/strong><\/p>\n<p>Apresente a situa\u00e7\u00e3o que voc\u00ea identificou em sua comunidade local que motivou sua atua\u00e7\u00e3o pr\u00e1tica. Justifique a escolha da localidade.<\/p>\n<hr \/>\n<p><strong>Cronograma da a\u00e7\u00e3o<\/strong><\/p>\n<p>Apresente o cronograma da a\u00e7\u00e3o, desde a concep\u00e7\u00e3o at\u00e9 a pr\u00e1tica ou a\u00e7\u00e3o final.<\/p>\n<p>FASE | DATA | ATIVIDADE REALIZADA | TEMPO DA ATIVIDADE<\/p>\n<p>Planejamento | <strong>\/<\/strong>\/ a <strong>\/<\/strong>\/__ | Diagn\u00f3stico das necessidades da comunidade | 5h<\/p>\n<p><strong>\/<\/strong>\/ a <strong>\/<\/strong>\/__ | Elabora\u00e7\u00e3o do plano de a\u00e7\u00e3o e cronograma | 10h<\/p>\n<p><strong>\/<\/strong>\/ a <strong>\/<\/strong>\/__ | Prepara\u00e7\u00e3o de materiais did\u00e1ticos e digitais | 10h<\/p>\n<p>Execu\u00e7\u00e3o | <strong>\/<\/strong>\/ a <strong>\/<\/strong>\/__ | Realiza\u00e7\u00e3o das oficinas\/atividades educativas | 10h<\/p>\n<p><strong>\/<\/strong>\/ a <strong>\/<\/strong>\/__ | Aplica\u00e7\u00e3o de metodologias participativas | 15h<\/p>\n<p><strong>\/<\/strong>\/ a <strong>\/<\/strong>\/__ | Uso de tecnologias educacionais e registro das a\u00e7\u00f5es | 25h<\/p>\n<p>Relat\u00f3rio Final | <strong>\/<\/strong>\/ a <strong>\/<\/strong>\/__ | Sistematiza\u00e7\u00e3o dos registros e an\u00e1lise cr\u00edtica | 10h<\/p>\n<p><strong>\/<\/strong>\/ a <strong>\/<\/strong>\/__ | Reda\u00e7\u00e3o e entrega do relat\u00f3rio final | 15h<\/p>\n<p>TOTAL 100 horas<\/p>\n<hr \/>\n<p><strong>Descri\u00e7\u00e3o detalhada da a\u00e7\u00e3o<\/strong><\/p>\n<p>Descreva de forma detalhada a a\u00e7\u00e3o que voc\u00ea realizou.<\/p>\n<hr \/>\n<p><strong>Registro da atividade<\/strong><\/p>\n<p>Insira imagens.<\/p>\n<hr \/>\n<p><strong>AUTOAVALIA\u00c7\u00c3O DA ATIVIDADE<\/strong><\/p>\n<p>Fa\u00e7a a autoavalia\u00e7\u00e3o da atividade, considerando uma escala de 0 a 10 para cada pergunta, assinalando com um X:<\/p>\n<p>0 | 1 | 2 | 3 | 4 | 5 | 6 | 7 | 8 | 9 | 10<\/p>\n<p>A atividade ajudou a desenvolver o projeto de extens\u00e3o, integrando as compet\u00eancias e conte\u00fado do curso?<\/p>\n<p>A atividade contribuiu para alcan\u00e7ar os objetivos definidos pela Institui\u00e7\u00e3o de Ensino e pelo curso, conforme o Plano de Desenvolvimento Institucional e o Projeto Pedag\u00f3gico do Curso? Voc\u00ea pode consultar esses objetivos no Manual da extens\u00e3o, para embasar sua resposta.<\/p>\n<p>A atividade que voc\u00ea desenvolveu contribuiu para a melhoria da sociedade, conforme os resultados do relat\u00f3rio ou os relatos dos envolvidos?<\/p>\n<hr \/>\n<p><strong>PERCEP\u00c7\u00c3O SOBRE AS ATIVIDADES DE EXTENS\u00c3O REALIZADAS<\/strong><\/p>\n<p>Relate de forma dissertativa, em no m\u00ednimo 15 (quinze) linhas, sua experi\u00eancia com as a\u00e7\u00f5es extensionistas, a partir das quest\u00f5es norteadoras a seguir. Ao escrever seu texto, inclua justificativas. O texto deve ser de sua autoria e in\u00e9dito.<\/p>\n<hr \/>\n<p><strong>Quest\u00f5es norteadoras<\/strong><\/p>\n<p>(1) Como voc\u00ea melhorou as suas habilidades profissionais devido \u00e0 sua participa\u00e7\u00e3o em atividades de extens\u00e3o do curso?<\/p>\n<p>(2) Quais foram as melhorias identificadas ap\u00f3s a conclus\u00e3o do projeto?<\/p>\n<p>(3) De que maneira voc\u00ea aplicou os conhecimentos adquiridos no curso para realiza\u00e7\u00e3o do projeto?<\/p>\n<hr \/>\n<p><strong>CAMPO OBRIGAT\u00d3RIO<\/strong><\/p>\n<p>Escreva seu texto aqui.<\/p>\n<hr \/>\n<p><strong>ANEXO OBRIGAT\u00d3RIO<\/strong><\/p>\n<p>Insira o Termo de autoriza\u00e7\u00e3o para realiza\u00e7\u00e3o das atividades extensionistas, datado e assinado pelo respons\u00e1vel legal, preferencialmente pelo Gov.br.<\/p>\n<p>Insira aqui a vers\u00e3o digitalizada do termo de autoriza\u00e7\u00e3o para realiza\u00e7\u00e3o das atividades extensionistas.<\/p>\n<div class=\"elementor-toggle-item\">\n<p id=\"elementor-tab-title-1941\" class=\"elementor-tab-title elementor-active\" tabindex=\"0\" role=\"tab\" data-tab=\"1\" aria-controls=\"elementor-tab-content-1941\" aria-expanded=\"true\" aria-selected=\"true\"><strong>Como funciona?<\/strong><\/p>\n<p>Elaboramos os portf\u00f3lios, j\u00e1 deixamos prontos, nas normas da ABNT e conforme os requisitos da universidade. F\u00e1cil assim! O MELHOR \u00c9 QUE VOC\u00ca COMPRA E J\u00c1 BAIXA NA HORA O SEU ARQUIVO EM WORD! Sabemos que conciliar trabalho, fam\u00edlia, vida profissional e estudos \u00e9 dif\u00edcil hoje em dia, por isso, estamos aqui para ajudar voc\u00ea. Conte com nossa qualidade, experi\u00eancia e profissionalismo adquirindo seu portf\u00f3lio conosco. GARANTIMOS SEU CONCEITO!<\/p>\n<p><strong>Como se realizam os envios?<\/strong><\/p>\n<\/div>\n<p id=\"elementor-tab-content-1942\" class=\"elementor-tab-content elementor-clearfix elementor-active\" role=\"tabpanel\" data-tab=\"2\" aria-labelledby=\"elementor-tab-title-1942\">O seu trabalho \u00e9 disponibilizado pronto, respondido e nas normas j\u00e1 na mesma hora aqui em nosso site na sua \u00e1rea de downloads e tamb\u00e9m no seu e-mail.<\/p>\n<p><strong>Em quanto tempo recebo o portf\u00f3lio?<\/strong><\/p>\n<p>Os envios s\u00e3o imediatos. Ap\u00f3s sua compra, o trabalho j\u00e1 \u00e9 disponibilizado instantaneamente aqui em nosso site e no seu e-mail.<\/p>\n<p><strong>E se o portf\u00f3lio que comprei precisar de corre\u00e7\u00e3o?<\/strong><\/p>\n<p>Caso haja alguma solicita\u00e7\u00e3o de corre\u00e7\u00e3o\/altera\u00e7\u00e3o por parte do tutor, basta entrar em contato conosco pelo\u00a0WhatsApp\u00a0que provid\u00eanciaremos sem custo algum.<\/p>\n<p><strong>Qual o formato do arquivo?<\/strong><\/p>\n<p>Os arquivos s\u00e3o enviados em formato Word e s\u00e3o edit\u00e1veis.<\/p>\n<p><strong>Caso eu tiver alguma d\u00favida, terei suporte no p\u00f3s venda?<\/strong><\/p>\n<p>Sim, com certeza. Basta clicar no \u00edcone do WhatsApp no cantinho da tela. Ser\u00e1 um prazer atend\u00ea-lo(a).<\/p>\n<div id=\"elementor-tab-content-1948\" class=\"elementor-tab-content elementor-clearfix elementor-active\" role=\"tabpanel\" data-tab=\"8\" aria-labelledby=\"elementor-tab-title-1948\">\n<p><strong>Quais os seus canais de contato?<\/strong><\/p>\n<\/div>\n<div id=\"elementor-tab-content-1949\" class=\"elementor-tab-content elementor-clearfix elementor-active\" role=\"tabpanel\" data-tab=\"9\" aria-labelledby=\"elementor-tab-title-1949\">\n<p>Whatsapp: 53 984751621 \u2013 Clicar no canto da tela ou ESCANEIE O QRCODE ABAIXO<\/p>\n<h4><img decoding=\"async\" class=\"alignnone wp-image-13699 jetpack-lazy-image jetpack-lazy-image--handled\" src=\"https:\/\/i0.wp.com\/portifolioos-prontos.com\/wp-content\/uploads\/2023\/02\/whatsapp-business-projeto-de-extensao-300x300.jpeg?resize=144%2C144\" sizes=\"(max-width: 144px) 100vw, 144px\" srcset=\"https:\/\/i0.wp.com\/portifolioos-prontos.com\/wp-content\/uploads\/2023\/02\/whatsapp-business-projeto-de-extensao.jpeg?resize=300%2C301&amp;ssl=1 300w, https:\/\/i0.wp.com\/portifolioos-prontos.com\/wp-content\/uploads\/2023\/02\/whatsapp-business-projeto-de-extensao.jpeg?resize=150%2C150&amp;ssl=1 150w, https:\/\/i0.wp.com\/portifolioos-prontos.com\/wp-content\/uploads\/2023\/02\/whatsapp-business-projeto-de-extensao.jpeg?resize=370%2C372&amp;ssl=1 370w, https:\/\/i0.wp.com\/portifolioos-prontos.com\/wp-content\/uploads\/2023\/02\/whatsapp-business-projeto-de-extensao.jpeg?resize=100%2C100&amp;ssl=1 100w, https:\/\/i0.wp.com\/portifolioos-prontos.com\/wp-content\/uploads\/2023\/02\/whatsapp-business-projeto-de-extensao.jpeg?w=470&amp;ssl=1 470w\" alt=\"projeto de extens\u00e3o unopar\" width=\"144\" height=\"144\" data-lazy-loaded=\"1\" \/><\/h4>\n<\/div>\n<div class=\"elementor-toggle-item\">\n<div id=\"elementor-tab-content-1949\" class=\"elementor-tab-content elementor-clearfix elementor-active\" role=\"tabpanel\" data-tab=\"9\" aria-labelledby=\"elementor-tab-title-1949\">\n<p>E-mail:portifoliosp@gmail.com<\/p>\n<div id=\"attachment_143\" class=\"wp-caption alignnone\">\n<div id=\"attachment_143\" class=\"wp-caption alignnone\">\n<p id=\"caption-attachment-143\" class=\"wp-caption-text\"><a href=\"http:\/\/portfolio-pronto.com\/\">Portf\u00f3lio<\/a>\u00a0em Word, respondido, completo e j\u00e1 nas normas<\/p>\n<\/div>\n<\/div>\n<\/div>\n<\/div>\n","protected":false},"excerpt":{"rendered":"<div><span style=\"color: #ff0000;\"><strong>Compre e receba o Relat\u00f3rio Final de Atividades Extensionistas j\u00e1 preenchido, com um projeto totalmente desenvolvido para entrega.<\/strong><\/span><\/div>\n<div class=\"product-short-description\"><strong>Pague pelo PIX ou cart\u00e3o e fa\u00e7a o download agora mesmo.<\/strong><\/div>\n<div class=\"sticky-add-to-cart-wrapper\">\n<div class=\"sticky-add-to-cart\">\n<p class=\"quantity buttons_added form-flat\"><img decoding=\"async\" class=\"lazyloaded smush-image-5 smush-image-3 smush-image-4 smush-detected-img smush-image-bigger-3\" src=\"https:\/\/d26lpennugtm8s.cloudfront.net\/assets\/common\/img\/logos\/payment\/visa@2x.png\" width=\"46\" height=\"29\" data-src=\"https:\/\/d26lpennugtm8s.cloudfront.net\/assets\/common\/img\/logos\/payment\/visa@2x.png\" \/><img decoding=\"async\" class=\"lazyloaded smush-image-6 smush-image-4 smush-image-5 smush-detected-img smush-image-bigger-4\" src=\"https:\/\/d26lpennugtm8s.cloudfront.net\/assets\/common\/img\/logos\/payment\/boleto@2x.png\" width=\"43\" height=\"27\" data-src=\"https:\/\/d26lpennugtm8s.cloudfront.net\/assets\/common\/img\/logos\/payment\/boleto@2x.png\" \/><img loading=\"lazy\" decoding=\"async\" class=\"lazyloaded smush-image-7 smush-image-5 smush-image-6 smush-detected-img smush-image-bigger-5\" src=\"https:\/\/d26lpennugtm8s.cloudfront.net\/assets\/common\/img\/logos\/payment\/mastercard@2x.png\" width=\"43\" height=\"27\" data-src=\"https:\/\/d26lpennugtm8s.cloudfront.net\/assets\/common\/img\/logos\/payment\/mastercard@2x.png\" \/><img loading=\"lazy\" decoding=\"async\" class=\"lazyloaded smush-image-8 smush-image-6 smush-image-7 smush-detected-img smush-image-bigger-6\" src=\"https:\/\/d26lpennugtm8s.cloudfront.net\/assets\/common\/img\/logos\/payment\/amex@2x.png\" width=\"43\" height=\"27\" data-src=\"https:\/\/d26lpennugtm8s.cloudfront.net\/assets\/common\/img\/logos\/payment\/amex@2x.png\" \/><img loading=\"lazy\" decoding=\"async\" class=\"lazyloaded smush-image-9 smush-image-7 smush-image-8 smush-detected-img smush-image-bigger-7\" src=\"https:\/\/d26lpennugtm8s.cloudfront.net\/assets\/common\/img\/logos\/payment\/diners@2x.png\" width=\"46\" height=\"29\" data-src=\"https:\/\/d26lpennugtm8s.cloudfront.net\/assets\/common\/img\/logos\/payment\/diners@2x.png\" \/><img loading=\"lazy\" decoding=\"async\" class=\"lazyloaded smush-image-10 smush-image-8 smush-image-9 alignnone smush-detected-img smush-image-bigger-8\" src=\"https:\/\/d26lpennugtm8s.cloudfront.net\/assets\/common\/img\/logos\/payment\/br\/elo@2x.png\" alt=\"portf\u00f3lio unopar anhanguera\" width=\"45\" height=\"28\" data-src=\"https:\/\/d26lpennugtm8s.cloudfront.net\/assets\/common\/img\/logos\/payment\/br\/elo@2x.png\" \/><img loading=\"lazy\" decoding=\"async\" class=\"lazyloaded smush-image-11 smush-image-9 smush-image-10 alignnone smush-detected-img smush-image-bigger-9\" src=\"https:\/\/d26lpennugtm8s.cloudfront.net\/assets\/common\/img\/logos\/payment\/br\/hipercard@2x.png\" alt=\"portf\u00f3lio unopar anhanguera\" width=\"44\" height=\"28\" data-src=\"https:\/\/d26lpennugtm8s.cloudfront.net\/assets\/common\/img\/logos\/payment\/br\/hipercard@2x.png\" \/><img loading=\"lazy\" decoding=\"async\" class=\"lazyloaded smush-image-12 smush-image-10 smush-image-11 alignnone smush-detected-img smush-image-bigger-10\" src=\"https:\/\/d26lpennugtm8s.cloudfront.net\/assets\/common\/img\/logos\/payment\/mercadopago@2x.png\" alt=\"portf\u00f3lio unopar anhanguera\" width=\"45\" height=\"28\" data-src=\"https:\/\/d26lpennugtm8s.cloudfront.net\/assets\/common\/img\/logos\/payment\/mercadopago@2x.png\" \/><\/p>\n<\/div>\n<\/div>\n","protected":false},"featured_media":49198,"template":"","meta":{"_seopress_robots_primary_cat":"none","_seopress_titles_title":"","_seopress_titles_desc":"","_seopress_robots_index":""},"product_cat":[15],"product_tag":[],"class_list":{"0":"post-49197","1":"product","2":"type-product","3":"status-publish","4":"has-post-thumbnail","6":"product_cat-uncategorized","8":"first","9":"instock","10":"shipping-taxable","11":"purchasable","12":"product-type-variable","13":"col-xs-6 col-sm-4","14":"col-mf-5","15":"un-5-cols"},"jetpack_sharing_enabled":true,"_links":{"self":[{"href":"https:\/\/portifolioos-prontos.com\/index.php\/wp-json\/wp\/v2\/product\/49197","targetHints":{"allow":["GET"]}}],"collection":[{"href":"https:\/\/portifolioos-prontos.com\/index.php\/wp-json\/wp\/v2\/product"}],"about":[{"href":"https:\/\/portifolioos-prontos.com\/index.php\/wp-json\/wp\/v2\/types\/product"}],"version-history":[{"count":2,"href":"https:\/\/portifolioos-prontos.com\/index.php\/wp-json\/wp\/v2\/product\/49197\/revisions"}],"predecessor-version":[{"id":49853,"href":"https:\/\/portifolioos-prontos.com\/index.php\/wp-json\/wp\/v2\/product\/49197\/revisions\/49853"}],"wp:featuredmedia":[{"embeddable":true,"href":"https:\/\/portifolioos-prontos.com\/index.php\/wp-json\/wp\/v2\/media\/49198"}],"wp:attachment":[{"href":"https:\/\/portifolioos-prontos.com\/index.php\/wp-json\/wp\/v2\/media?parent=49197"}],"wp:term":[{"taxonomy":"product_cat","embeddable":true,"href":"https:\/\/portifolioos-prontos.com\/index.php\/wp-json\/wp\/v2\/product_cat?post=49197"},{"taxonomy":"product_tag","embeddable":true,"href":"https:\/\/portifolioos-prontos.com\/index.php\/wp-json\/wp\/v2\/product_tag?post=49197"}],"curies":[{"name":"wp","href":"https:\/\/api.w.org\/{rel}","templated":true}]}}