{"id":49923,"date":"2026-03-02T22:35:36","date_gmt":"2026-03-03T01:35:36","guid":{"rendered":"https:\/\/portifolioos-prontos.com\/?post_type=product&#038;p=49923"},"modified":"2026-04-14T12:23:11","modified_gmt":"2026-04-14T15:23:11","slug":"aula-pratica-desenvolvimento-de-business-intelligence","status":"publish","type":"product","link":"https:\/\/portifolioos-prontos.com\/index.php\/product\/aula-pratica-desenvolvimento-de-business-intelligence\/","title":{"rendered":"Aula pr\u00e1tica desenvolvimento de business intelligence"},"content":{"rendered":"<p><strong>Aula pr\u00e1tica desenvolvimento de business intelligence<\/strong><\/p>\n<p>&nbsp;<\/p>\n<p>&nbsp;<\/p>\n<p><strong>NOME DA DISCIPLINA: DESENVOLVIMENTO DE BUSINESS INTELLIGENCE<\/strong><\/p>\n<hr \/>\n<p><strong>Unidade: BUSINESS INTELLIGENCE<\/strong><\/p>\n<hr \/>\n<p><strong>Se\u00e7\u00e3o: INTRODU\u00c7\u00c3O A BUSINESS INTELLIGENCE<\/strong><\/p>\n<hr \/>\n<p><strong>OBJETIVOS<\/strong><\/p>\n<p>Defini\u00e7\u00e3o dos objetivos da aula pr\u00e1tica:<\/p>\n<p>Ao final da atividade o estudante dever\u00e1 ser capaz de:<\/p>\n<ol>\n<li>Criar uma visualiza\u00e7\u00e3o gr\u00e1fica em formato de barras no Tableau.<\/li>\n<li>Criar um campo calculado para determinar o Total de Vendas (valor em reais).<\/li>\n<li>Gerar uma visualiza\u00e7\u00e3o por Representante \u00d7 Regi\u00e3o \u00d7 Total de Vendas.<\/li>\n<li>Customizar cores, r\u00f3tulos e formata\u00e7\u00e3o monet\u00e1ria.<\/li>\n<li>Exportar\/Salvar o gr\u00e1fico final.<\/li>\n<li>Produzir uma an\u00e1lise interpretativa da visualiza\u00e7\u00e3o criada.<\/li>\n<\/ol>\n<hr \/>\n<p><strong>EQUIPAMENTO DE PROTE\u00c7\u00c3O INDIVIDUAL (EPI)<\/strong><\/p>\n<p>N\u00e3o se aplica.<\/p>\n<hr \/>\n<p><strong>PROCEDIMENTOS PR\u00c1TICOS<\/strong><\/p>\n<hr \/>\n<p><strong>Procedimento\/Atividade (F\u00edsico)<\/strong><\/p>\n<p>Visualiza\u00e7\u00e3o de BI para Tomada de Decis\u00e3o \u2013 An\u00e1lise de Vendas por Representante e Regi\u00e3o.<\/p>\n<p>Atividade proposta:<\/p>\n<p>Desenvolver uma visualiza\u00e7\u00e3o de dados para a an\u00e1lise de qual representante de uma empresa vendeu a maior quantidade (com base no valor) de produtos e \u00e9 eleg\u00edvel a um b\u00f4nus por regi\u00e3o. O gr\u00e1fico preferencialmente dever\u00e1 ser em barras e com uma formata\u00e7\u00e3o que facilite o entendimento do quanto requerido.<\/p>\n<p>Procedimentos para a realiza\u00e7\u00e3o da atividade:<\/p>\n<p>Para a realiza\u00e7\u00e3o desta aula pr\u00e1tica voc\u00ea dever\u00e1 ter o software Tableau instalado no seu computador. Ademais, voc\u00ea precisar\u00e1 ter o seguinte conjunto de dados no seu computador: OfficeSupplies.xlsx.<\/p>\n<p>Para isso, acesse <a href=\"https:\/\/www.superdatascience.com\/pages\/tableau\">https:\/\/www.superdatascience.com\/pages\/tableau<\/a> e fa\u00e7a o download do arquivo presente na Se\u00e7\u00e3o 2. Este conjunto de dados representa uma lista de pedidos de compra feitos por clientes. Cada linha cont\u00e9m dados sobre o vendedor, o cliente, o item que foi vendido, a quantidade e pre\u00e7o. Nosso objetivo ser\u00e1 entender qual foi o melhor vendedor do ano por regi\u00e3o que ir\u00e1 receber um b\u00f4nus.<\/p>\n<ol>\n<li>Abra o software Tableau e na op\u00e7\u00e3o \u201cconectar\u201d selecione \u201cMicrosoft Excel\u201d.<\/li>\n<li>Selecione o arquivo OfficeSupplies.xlsx.<\/li>\n<li>Selecione a op\u00e7\u00e3o \u201cPlanilha 1\u201d.<\/li>\n<li>Arraste a op\u00e7\u00e3o \u201cRep\u201d para o campo \u201ccolunas\u201d.<\/li>\n<li>Arraste a op\u00e7\u00e3o \u201cUnits\u201d para o campo \u201clinhas\u201d.<\/li>\n<li>Isto nos permitir\u00e1 uma visualiza\u00e7\u00e3o em gr\u00e1fico de barras.<\/li>\n<li>Com esta visualiza\u00e7\u00e3o j\u00e1 conseguimos ter a informa\u00e7\u00e3o do representante que efetuou um maior n\u00famero de vendas de modo geral, por\u00e9m a regra do exerc\u00edcio diz que para que um representante possa ganhar o b\u00f4nus, ele deve ser o melhor representante por regi\u00e3o. Para isto fa\u00e7a o seguinte:<br \/>\n\u00b7 Arraste a dimens\u00e3o \u201cRegion\u201d para a coluna, logo \u00e0 frente da dimens\u00e3o \u201cRep\u201d.<br \/>\n\u00b7 Voc\u00ea perceber\u00e1 que o gr\u00e1fico ficou separado por regi\u00f5es.<br \/>\n\u00b7 Ordene o gr\u00e1fico para melhorar a visualiza\u00e7\u00e3o: passe o mouse em cima do gr\u00e1fico e clique no \u00edcone de ordena\u00e7\u00e3o.<\/li>\n<li>Agora perceba que o gr\u00e1fico mostra a quantidade de unidades vendidas por representantes, e esta n\u00e3o \u00e9 exatamente a informa\u00e7\u00e3o que precisamos para determinar o melhor representante por regi\u00e3o. Precisamos, portanto, criar um campo calculado para determinar qual representante vendeu mais em reais. Para isto, fa\u00e7a:<br \/>\n\u00b7 Clique com o bot\u00e3o direito em cima da \u00e1rea onde temos todas as medidas (\u00e1rea \u00e0 esquerda) e selecione a op\u00e7\u00e3o \u201ccriar campo calculado\u201d.<br \/>\n\u00b7 Nomeie o campo como \u201cTotal\u201d.<br \/>\n\u00b7 Arraste a medida \u201cUnits\u201d e a medida \u201cUnit Price\u201d para dentro da \u00e1rea evidenciada, criando uma multiplica\u00e7\u00e3o.<br \/>\n\u00b7 Clique em \u201caplicar\u201d e depois em \u201cok\u201d.<\/li>\n<li>Remova a medida \u201cUnits\u201d da linha e coloque nosso novo campo calculado \u201cTotal\u201d.<\/li>\n<li>Ordene novamente o gr\u00e1fico.<\/li>\n<li>Vamos agora utilizar as cores e os r\u00f3tulos para estilizar e melhorar a visualiza\u00e7\u00e3o dos resultados:<br \/>\n\u00b7 Segure o bot\u00e3o \u201cctrl\u201d e arraste a dimens\u00e3o \u201cRegion\u201d que est\u00e1 na coluna para cima do bot\u00e3o \u201cCores\u201d.<br \/>\n\u00b7 Clique na op\u00e7\u00e3o \u201cR\u00f3tulo\u201d e, na caixa \u201ctexto\u201d, edite a etiqueta para aparecer a palavra \u201cVendas:\u201d em frente ao total.<br \/>\n\u00b7 Ajuste o alinhamento (dire\u00e7\u00e3o) e a formata\u00e7\u00e3o tamb\u00e9m, da forma como preferir.<br \/>\n\u00b7 Clique com o bot\u00e3o direito em cima do gr\u00e1fico, em qualquer parte, e selecione a op\u00e7\u00e3o \u201cformatar\u201d.<br \/>\n\u00b7 No menu \u00e0 esquerda que surgir, selecione o campo \u201cTotal\u201d.<br \/>\n\u00b7 Escolha editar o campo \u201cN\u00fameros\u201d e formate-o como \u201cMoeda\u201d.<\/li>\n<li>Assim que voc\u00ea finalizar a formata\u00e7\u00e3o conforme deseja, iremos exportar o gr\u00e1fico:<br \/>\n\u00b7 Primeiro vamos renomear o nome \u201cPlanilha 1\u201d para \u201cB\u00f4nus por vendas\u201d.<br \/>\n\u00b7 Clique no menu \u201cPlanilha &gt; Copiar &gt; Imagens\u201d.<\/li>\n<\/ol>\n<p>Se desejar, fa\u00e7a login com sua conta Tableau Public e salve seu trabalho no seu reposit\u00f3rio p\u00fablico.<\/p>\n<hr \/>\n<p><strong>Checklist<\/strong><\/p>\n<ol>\n<li>Aquisi\u00e7\u00e3o e instala\u00e7\u00e3o do editor de c\u00f3digo sugerido.<\/li>\n<li>Download do conjunto de dados necess\u00e1rios para realizar a atividade.<\/li>\n<li>Criar uma planilha com a visualiza\u00e7\u00e3o em gr\u00e1fico de barras.<\/li>\n<li>Criar a vari\u00e1vel de Total de vendas calculada.<\/li>\n<li>Criar uma visualiza\u00e7\u00e3o de dados por Total\/Representante\/Regi\u00e3o.<\/li>\n<li>Realizar customiza\u00e7\u00e3o da visualiza\u00e7\u00e3o de dados.<\/li>\n<li>Exportar e\/ou salvar o gr\u00e1fico.<\/li>\n<li>Realizar uma breve an\u00e1lise dos dados conforme a visualiza\u00e7\u00e3o.<\/li>\n<\/ol>\n<hr \/>\n<p><strong>RESULTADOS<\/strong><\/p>\n<hr \/>\n<p><strong>Resultados de Aprendizagem<\/strong><\/p>\n<p>Os alunos ir\u00e3o aprender como utilizar o software Tableau para a cria\u00e7\u00e3o de uma visualiza\u00e7\u00e3o de dados amig\u00e1vel, como criar campos calculados e como realizar a an\u00e1lise do conte\u00fado com base em um problema.<\/p>\n<p>Os alunos dever\u00e3o entregar um relat\u00f3rio contendo a an\u00e1lise do gr\u00e1fico com a imagem final do mesmo contendo um t\u00edtulo pr\u00f3prio (ex.: B\u00f4nus por Vendas \u2013 por Fulano de Tal) e coment\u00e1rios sobre as vantagens da Data Visualization escolhida.<\/p>\n<div class=\"elementor-toggle-item\">\n<p><strong>Como se realizam os envios?<\/strong><\/p>\n<\/div>\n<p id=\"elementor-tab-content-1942\" class=\"elementor-tab-content elementor-clearfix elementor-active\" role=\"tabpanel\" data-tab=\"2\" aria-labelledby=\"elementor-tab-title-1942\">O seu trabalho \u00e9 disponibilizado pronto, respondido e nas normas j\u00e1 na mesma hora aqui em nosso site na sua \u00e1rea de downloads e tamb\u00e9m no seu e-mail.<\/p>\n<p><strong>Em quanto tempo recebo o portf\u00f3lio?<\/strong><\/p>\n<p>Os envios s\u00e3o imediatos. Ap\u00f3s sua compra, o trabalho j\u00e1 \u00e9 disponibilizado instantaneamente aqui em nosso site e no seu e-mail.<\/p>\n<p><strong>E se o portf\u00f3lio que comprei precisar de corre\u00e7\u00e3o?<\/strong><\/p>\n<p>Caso haja alguma solicita\u00e7\u00e3o de corre\u00e7\u00e3o\/altera\u00e7\u00e3o por parte do tutor, basta entrar em contato conosco pelo\u00a0WhatsApp\u00a0que provid\u00eanciaremos sem custo algum.<\/p>\n<p><strong>Qual o formato do arquivo?<\/strong><\/p>\n<p>Os arquivos s\u00e3o enviados em formato Word e s\u00e3o edit\u00e1veis.<\/p>\n<p><strong>Caso eu tiver alguma d\u00favida, terei suporte no p\u00f3s venda?<\/strong><\/p>\n<p>Sim, com certeza. Basta clicar no \u00edcone do WhatsApp no cantinho da tela. Ser\u00e1 um prazer atend\u00ea-lo(a).<\/p>\n<div id=\"elementor-tab-content-1948\" class=\"elementor-tab-content elementor-clearfix elementor-active\" role=\"tabpanel\" data-tab=\"8\" aria-labelledby=\"elementor-tab-title-1948\">\n<p><strong>Quais os seus canais de contato?<\/strong><\/p>\n<\/div>\n<div id=\"elementor-tab-content-1949\" class=\"elementor-tab-content elementor-clearfix elementor-active\" role=\"tabpanel\" data-tab=\"9\" aria-labelledby=\"elementor-tab-title-1949\">\n<p>Whatsapp: 53 984751621 \u2013 Clicar no canto da tela ou ESCANEIE O QRCODE ABAIXO<\/p>\n<h4><img decoding=\"async\" class=\"alignnone wp-image-13699 jetpack-lazy-image jetpack-lazy-image--handled\" src=\"https:\/\/i0.wp.com\/portifolioos-prontos.com\/wp-content\/uploads\/2023\/02\/whatsapp-business-projeto-de-extensao-300x300.jpeg?resize=144%2C144\" sizes=\"(max-width: 144px) 100vw, 144px\" srcset=\"https:\/\/i0.wp.com\/portifolioos-prontos.com\/wp-content\/uploads\/2023\/02\/whatsapp-business-projeto-de-extensao.jpeg?resize=300%2C301&amp;ssl=1 300w, https:\/\/i0.wp.com\/portifolioos-prontos.com\/wp-content\/uploads\/2023\/02\/whatsapp-business-projeto-de-extensao.jpeg?resize=150%2C150&amp;ssl=1 150w, https:\/\/i0.wp.com\/portifolioos-prontos.com\/wp-content\/uploads\/2023\/02\/whatsapp-business-projeto-de-extensao.jpeg?resize=370%2C372&amp;ssl=1 370w, https:\/\/i0.wp.com\/portifolioos-prontos.com\/wp-content\/uploads\/2023\/02\/whatsapp-business-projeto-de-extensao.jpeg?resize=100%2C100&amp;ssl=1 100w, https:\/\/i0.wp.com\/portifolioos-prontos.com\/wp-content\/uploads\/2023\/02\/whatsapp-business-projeto-de-extensao.jpeg?w=470&amp;ssl=1 470w\" alt=\"projeto de extens\u00e3o unopar\" width=\"144\" height=\"144\" data-lazy-loaded=\"1\" \/><\/h4>\n<\/div>\n<div class=\"elementor-toggle-item\">\n<div id=\"elementor-tab-content-1949\" class=\"elementor-tab-content elementor-clearfix elementor-active\" role=\"tabpanel\" data-tab=\"9\" aria-labelledby=\"elementor-tab-title-1949\">\n<p>E-mail:portifoliosp@gmail.com<\/p>\n<div id=\"attachment_143\" class=\"wp-caption alignnone\">\n<div id=\"attachment_143\" class=\"wp-caption alignnone\">\n<p id=\"caption-attachment-143\" class=\"wp-caption-text\"><a href=\"http:\/\/portfolio-pronto.com\/\">Portf\u00f3lio<\/a>\u00a0em Word, respondido, completo e j\u00e1 nas normas<\/p>\n<\/div>\n<\/div>\n<\/div>\n<\/div>\n","protected":false},"excerpt":{"rendered":"<div class=\"product-short-description\"><strong>Pague pelo PIX ou cart\u00e3o e fa\u00e7a o download agora mesmo.<\/strong><\/div>\n<div class=\"sticky-add-to-cart-wrapper\">\n<div class=\"sticky-add-to-cart\">\n<p class=\"quantity buttons_added form-flat\"><img decoding=\"async\" class=\"lazyloaded smush-image-5 smush-image-3 smush-image-4 smush-detected-img smush-image-bigger-3\" src=\"https:\/\/d26lpennugtm8s.cloudfront.net\/assets\/common\/img\/logos\/payment\/visa@2x.png\" width=\"46\" height=\"29\" data-src=\"https:\/\/d26lpennugtm8s.cloudfront.net\/assets\/common\/img\/logos\/payment\/visa@2x.png\" \/><img decoding=\"async\" class=\"lazyloaded smush-image-6 smush-image-4 smush-image-5 smush-detected-img smush-image-bigger-4\" src=\"https:\/\/d26lpennugtm8s.cloudfront.net\/assets\/common\/img\/logos\/payment\/boleto@2x.png\" width=\"43\" height=\"27\" data-src=\"https:\/\/d26lpennugtm8s.cloudfront.net\/assets\/common\/img\/logos\/payment\/boleto@2x.png\" \/><img loading=\"lazy\" decoding=\"async\" class=\"lazyloaded smush-image-7 smush-image-5 smush-image-6 smush-detected-img smush-image-bigger-5\" src=\"https:\/\/d26lpennugtm8s.cloudfront.net\/assets\/common\/img\/logos\/payment\/mastercard@2x.png\" width=\"43\" height=\"27\" data-src=\"https:\/\/d26lpennugtm8s.cloudfront.net\/assets\/common\/img\/logos\/payment\/mastercard@2x.png\" \/><img loading=\"lazy\" decoding=\"async\" class=\"lazyloaded smush-image-8 smush-image-6 smush-image-7 smush-detected-img smush-image-bigger-6\" src=\"https:\/\/d26lpennugtm8s.cloudfront.net\/assets\/common\/img\/logos\/payment\/amex@2x.png\" width=\"43\" height=\"27\" data-src=\"https:\/\/d26lpennugtm8s.cloudfront.net\/assets\/common\/img\/logos\/payment\/amex@2x.png\" \/><img loading=\"lazy\" decoding=\"async\" class=\"lazyloaded smush-image-9 smush-image-7 smush-image-8 smush-detected-img smush-image-bigger-7\" src=\"https:\/\/d26lpennugtm8s.cloudfront.net\/assets\/common\/img\/logos\/payment\/diners@2x.png\" width=\"46\" height=\"29\" data-src=\"https:\/\/d26lpennugtm8s.cloudfront.net\/assets\/common\/img\/logos\/payment\/diners@2x.png\" \/><img loading=\"lazy\" decoding=\"async\" class=\"lazyloaded smush-image-10 smush-image-8 smush-image-9 alignnone smush-detected-img smush-image-bigger-8\" src=\"https:\/\/d26lpennugtm8s.cloudfront.net\/assets\/common\/img\/logos\/payment\/br\/elo@2x.png\" alt=\"portf\u00f3lio unopar anhanguera\" width=\"45\" height=\"28\" data-src=\"https:\/\/d26lpennugtm8s.cloudfront.net\/assets\/common\/img\/logos\/payment\/br\/elo@2x.png\" \/><img loading=\"lazy\" decoding=\"async\" class=\"lazyloaded smush-image-11 smush-image-9 smush-image-10 alignnone smush-detected-img smush-image-bigger-9\" src=\"https:\/\/d26lpennugtm8s.cloudfront.net\/assets\/common\/img\/logos\/payment\/br\/hipercard@2x.png\" alt=\"portf\u00f3lio unopar anhanguera\" width=\"44\" height=\"28\" data-src=\"https:\/\/d26lpennugtm8s.cloudfront.net\/assets\/common\/img\/logos\/payment\/br\/hipercard@2x.png\" \/><img loading=\"lazy\" decoding=\"async\" class=\"lazyloaded smush-image-12 smush-image-10 smush-image-11 alignnone smush-detected-img smush-image-bigger-10\" src=\"https:\/\/d26lpennugtm8s.cloudfront.net\/assets\/common\/img\/logos\/payment\/mercadopago@2x.png\" alt=\"portf\u00f3lio unopar anhanguera\" width=\"45\" height=\"28\" data-src=\"https:\/\/d26lpennugtm8s.cloudfront.net\/assets\/common\/img\/logos\/payment\/mercadopago@2x.png\" \/><\/p>\n<\/div>\n<\/div>\n","protected":false},"featured_media":49927,"template":"","meta":{"_seopress_robots_primary_cat":"none","_seopress_titles_title":"","_seopress_titles_desc":"","_seopress_robots_index":""},"product_cat":[15],"product_tag":[],"class_list":{"0":"post-49923","1":"product","2":"type-product","3":"status-publish","4":"has-post-thumbnail","6":"product_cat-uncategorized","8":"first","9":"instock","10":"shipping-taxable","11":"purchasable","12":"product-type-simple","13":"col-xs-6 col-sm-4","14":"col-mf-5","15":"un-5-cols"},"jetpack_sharing_enabled":true,"_links":{"self":[{"href":"https:\/\/portifolioos-prontos.com\/index.php\/wp-json\/wp\/v2\/product\/49923","targetHints":{"allow":["GET"]}}],"collection":[{"href":"https:\/\/portifolioos-prontos.com\/index.php\/wp-json\/wp\/v2\/product"}],"about":[{"href":"https:\/\/portifolioos-prontos.com\/index.php\/wp-json\/wp\/v2\/types\/product"}],"version-history":[{"count":1,"href":"https:\/\/portifolioos-prontos.com\/index.php\/wp-json\/wp\/v2\/product\/49923\/revisions"}],"predecessor-version":[{"id":49928,"href":"https:\/\/portifolioos-prontos.com\/index.php\/wp-json\/wp\/v2\/product\/49923\/revisions\/49928"}],"wp:featuredmedia":[{"embeddable":true,"href":"https:\/\/portifolioos-prontos.com\/index.php\/wp-json\/wp\/v2\/media\/49927"}],"wp:attachment":[{"href":"https:\/\/portifolioos-prontos.com\/index.php\/wp-json\/wp\/v2\/media?parent=49923"}],"wp:term":[{"taxonomy":"product_cat","embeddable":true,"href":"https:\/\/portifolioos-prontos.com\/index.php\/wp-json\/wp\/v2\/product_cat?post=49923"},{"taxonomy":"product_tag","embeddable":true,"href":"https:\/\/portifolioos-prontos.com\/index.php\/wp-json\/wp\/v2\/product_tag?post=49923"}],"curies":[{"name":"wp","href":"https:\/\/api.w.org\/{rel}","templated":true}]}}