{"id":50532,"date":"2026-03-18T16:05:05","date_gmt":"2026-03-18T19:05:05","guid":{"rendered":"https:\/\/portifolioos-prontos.com\/?post_type=product&#038;p=50532"},"modified":"2026-03-18T16:09:09","modified_gmt":"2026-03-18T19:09:09","slug":"projeto-integrado-sintese-investigacao-e-pericia-criminal-2026","status":"publish","type":"product","link":"https:\/\/portifolioos-prontos.com\/index.php\/product\/projeto-integrado-sintese-investigacao-e-pericia-criminal-2026\/","title":{"rendered":"Projeto Integrado S\u00edntese &#8211; Investiga\u00e7\u00e3o e Per\u00edcia Criminal"},"content":{"rendered":"<p><strong>Projeto Integrado S\u00edntese &#8211; Investiga\u00e7\u00e3o e Per\u00edcia Criminal<\/strong><\/p>\n<hr \/>\n<p><strong>BOAS-VINDAS<\/strong><\/p>\n<p><strong>CURSO SUPERIOR DE TECNOLOGIA EM INVESTIGA\u00c7\u00c3O E PER\u00cdCIA CRIMINAL<\/strong><\/p>\n<p>Prezado(a) aluno(a),<\/p>\n<p>Seja bem-vindo(a) ao Projeto Integrado! Esta \u00e9 uma oportunidade de aplicar os conhecimentos adquiridos nas disciplinas do semestre em uma situa\u00e7\u00e3o realista e desafiadora que ter\u00e1 como foco AN\u00c1LISES GERAIS E FUNDAMENTAIS DOS ASPECTOS DE GEST\u00c3O P\u00daBLICA DE CRISE, PROCEDIMENTOS DE DIREITO P\u00daBLICO, INVESTIGA\u00c7\u00d5ES C\u00cdVEIS E CRIMINAIS, NO CONTEXTO DA PANDEMIA DO COVID-19 (novo coronav\u00edrus (Sars-Cov-2), COM BASE NA CPI \u2013 COMISS\u00c3O PARLAMENTAR DE INQU\u00c9RITO, REALIZADA PELO SENADO FEDERAL BRASILEIRO.<\/p>\n<p>Esperamos que voc\u00ea se envolva ativamente, desenvolvendo compet\u00eancias essenciais para sua forma\u00e7\u00e3o profissional.<\/p>\n<p>Voc\u00ea ter\u00e1 a oportunidade de conectar teoria e pr\u00e1tica, voltando-se para os desafios do mercado de trabalho.<\/p>\n<p>Desejamos a voc\u00ea muito sucesso no desenvolvimento dessa atividade!<\/p>\n<hr \/>\n<p><strong>OBJETIVOS DE APRENDIZAGEM<\/strong><\/p>\n<p>Voc\u00ea j\u00e1 deve ter percebido que, ao longo do curso, cada disciplina apresenta conceitos, ferramentas e pr\u00e1ticas que, quando combinadas, formam o conhecimento que define o seu perfil profissional. O Projeto Integrado foi criado exatamente para unir tudo isso: \u00e9 o momento em que voc\u00ea aplica, de forma pr\u00e1tica e reflexiva, aquilo que aprendeu durante o semestre, demonstrando como a teoria se transforma em solu\u00e7\u00e3o para desafios reais da sua \u00e1rea de forma\u00e7\u00e3o.<\/p>\n<p>Essa atividade \u00e9 um componente curricular obrigat\u00f3rio e faz parte do seu processo de aprendizagem. Caso voc\u00ea n\u00e3o realize o projeto ou n\u00e3o atinja a pontua\u00e7\u00e3o necess\u00e1ria, ser\u00e1 reprovado. Por isso, \u00e9 fundamental dedicar-se com responsabilidade, planejamento e empenho. Afinal, o Projeto Integrado \u00e9 uma oportunidade \u00fanica de consolidar os conhecimentos adquiridos e mostrar o quanto voc\u00ea evoluiu academicamente. A pontua\u00e7\u00e3o m\u00ednima para aprova\u00e7\u00e3o deve ser verificada no Manual da Avalia\u00e7\u00e3o Continuada.<\/p>\n<p>Mais do que uma avalia\u00e7\u00e3o, o Projeto Integrado \u00e9 uma experi\u00eancia de integra\u00e7\u00e3o e constru\u00e7\u00e3o de saberes. Ele prop\u00f5e que voc\u00ea desenvolva um olhar cr\u00edtico e criativo diante de uma situa\u00e7\u00e3o-problema, analisando o contexto, aplicando conceitos das disciplinas do semestre e apresentando uma proposta de solu\u00e7\u00e3o pr\u00e1tica e bem fundamentada. Trata-se de um espa\u00e7o para exercitar a autonomia intelectual, o pensamento cient\u00edfico e a capacidade de resolu\u00e7\u00e3o de problemas, habilidades essenciais no mundo do trabalho e valorizadas em qualquer carreira.<\/p>\n<p>O Projeto Integrado tamb\u00e9m tem como prop\u00f3sito aproximar voc\u00ea do saber cient\u00edfico, estimulando a produ\u00e7\u00e3o de conhecimento acad\u00eamico com base em normas da ABNT, algo indispens\u00e1vel \u00e0 forma\u00e7\u00e3o de um profissional \u00e9tico, competente e preparado para lidar com dados, evid\u00eancias e argumentos s\u00f3lidos. Ao final, o mais importante \u00e9 compreender que o Projeto Integrado n\u00e3o \u00e9 apenas uma tarefa, \u00e9 um processo de aprendizagem que une conhecimento, criatividade e pr\u00e1tica profissional. Ele representa o seu compromisso com a forma\u00e7\u00e3o de qualidade e o seu protagonismo como estudante.<\/p>\n<p>Cada etapa conclu\u00edda \u00e9 uma oportunidade de aprender mais sobre si, sobre a sua \u00e1rea de atua\u00e7\u00e3o e sobre como transformar conhecimento em a\u00e7\u00e3o.<\/p>\n<hr \/>\n<p><strong>ORIENTA\u00c7\u00d5ES INICIAIS<\/strong><\/p>\n<p>A partir da an\u00e1lise do contexto inicial apresentado, voc\u00ea, como futuro profissional, dever\u00e1 desenvolver\u00e1 uma atividade fundamentada nas disciplinas estudadas ao longo deste semestre.<\/p>\n<p>Essa atividade visa aprimorar suas habilidades de leitura, interpreta\u00e7\u00e3o e aplica\u00e7\u00e3o dos conhecimentos adquiridos, proporcionando uma compreens\u00e3o mais profunda e cr\u00edtica dos conte\u00fados abordados.<\/p>\n<p>A proposta do Projeto Integrado ter\u00e1 como tem\u00e1tica \u2013 AN\u00c1LISES GERAIS E FUNDAMENTAIS DOS ASPECTOS DE GEST\u00c3O E SEGURAN\u00c7A P\u00daBLICA DE CRISE, PROCEDIMENTOS DE DIREITO P\u00daBLICO, INVESTIGA\u00c7\u00d5ES C\u00cdVEIS E CRIMINAIS, NO CONTEXTO DA PANDEMIA DO COVID-19 (novo coronav\u00edrus (Sars-Cov-2), COM BASE NA CPI \u2013 COMISS\u00c3O PARLAMENTAR DE INQU\u00c9RITO, REALIZADA PELO SENADO FEDERAL BRASILEIRO.<\/p>\n<p>Escolhemos essa tem\u00e1tica para possibilitar a aprendizagem interdisciplinar dos conte\u00fados desenvolvidos nas disciplinas deste semestre e, tamb\u00e9m, para que voc\u00ea estudante possa consolidar um conte\u00fado recente no cotidiano mundial e brasileiro sobre os aspectos legais, que envolvem \u00e1reas espec\u00edficas de Direito P\u00fablico, Gest\u00e3o e Seguran\u00e7a de Crise, Procedimentos C\u00edveis e Criminais.<\/p>\n<hr \/>\n<p><strong>ATIVIDADE A SER REALIZADA<\/strong><\/p>\n<p><strong>Leitura e interpreta\u00e7\u00e3o da SGA &#8211; SITUA\u00c7\u00c3O GERADORA DE APRENDIZAGEM<\/strong><\/p>\n<p>Por meio da leitura da SGA \u2013 Situa\u00e7\u00e3o Geradora de Aprendizagem e, tamb\u00e9m, da SP \u2013 Situa\u00e7\u00e3o Problema destacada, voc\u00ea estudante, deve elaborar uma produ\u00e7\u00e3o textual, com respaldo te\u00f3rico nas disciplinas que foram cursadas ao longo deste semestre.<\/p>\n<hr \/>\n<p><strong>SITUA\u00c7\u00c3O GERADORA DE APRENDIZAGEM (SGA)<\/strong><\/p>\n<p>\u00c9 necess\u00e1rio assinalar a import\u00e2ncia e o fundamento legal de uma CPI \u2013 Comiss\u00e3o Parlamentar de Inqu\u00e9rito, independentemente do assunto que ser\u00e1 tratado na investiga\u00e7\u00e3o.<\/p>\n<p>Conforme artigo 58, par\u00e1grafo 3\u00ba, da Constitui\u00e7\u00e3o Federal de 1988:<\/p>\n<p>Art. 58. O Congresso Nacional e suas Casas ter\u00e3o comiss\u00f5es permanentes e tempor\u00e1rias, constitu\u00eddas na forma e com as atribui\u00e7\u00f5es previstas no respectivo regimento ou no ato de que resultar sua cria\u00e7\u00e3o.<\/p>\n<p>\u00a7 3\u00ba As comiss\u00f5es parlamentares de inqu\u00e9rito, que ter\u00e3o poderes de investiga\u00e7\u00e3o pr\u00f3prios das autoridades judiciais, al\u00e9m de outros previstos nos regimentos das respectivas Casas, ser\u00e3o criadas pela C\u00e2mara dos Deputados e pelo Senado Federal, em conjunto ou separadamente, mediante requerimento de um ter\u00e7o de seus membros, para a apura\u00e7\u00e3o de fato determinado e por prazo certo, sendo suas conclus\u00f5es, se for o caso, encaminhadas ao Minist\u00e9rio P\u00fablico, para que promova a responsabilidade civil ou criminal dos infratores.<\/p>\n<p><a href=\"https:\/\/www.planalto.gov.br\/ccivil_03\/constituicao\/constituicao.htm\">https:\/\/www.planalto.gov.br\/ccivil_03\/constituicao\/constituicao.htm<\/a> Acesso em 24\/11\/2025<\/p>\n<p>Assim, as CPIs s\u00e3o Comiss\u00f5es tempor\u00e1rias, designadas a desenvolver o papel de investiga\u00e7\u00e3o de poss\u00edveis crimes cometidos por integrantes do Poder Executivo, e que envolvam outros Poderes da Rep\u00fablica, Institui\u00e7\u00f5es P\u00fablicas e Privadas, bem como pessoas f\u00edsicas e jur\u00eddicas, possuindo as CPIs poder de investiga\u00e7\u00e3o pr\u00f3prios.<\/p>\n<p>No caso em quest\u00e3o, a CPI do COVID \u2013 19, buscou investigar in\u00fameros crimes que pudessem ter sido cometidos pelos atores a serem investigados e supostamente envolvidos, conforme menciona o par\u00e1grafo anterior. Assim, elencamos alguns crimes a serem verificados no presente Projeto Integrado, como segue abaixo <a href=\"https:\/\/legis.senado.leg.br\/comissoes\/mnas?codcol=2441&amp;tp=4\">https:\/\/legis.senado.leg.br\/comissoes\/mnas?codcol=2441&amp;tp=4<\/a> \u2013 Acesso em 24\/11\/2025:<\/p>\n<p>1 &#8211; Infra\u00e7\u00e3o de medida sanit\u00e1ria preventiva (art. 268 &#8211; C\u00f3digo Penal)<\/p>\n<p>2 &#8211; Falsidade ideol\u00f3gica (art. 299 &#8211; C\u00f3digo Penal)<\/p>\n<p>3 &#8211; Corrup\u00e7\u00e3o passiva (art. 317 &#8211; C\u00f3digo Penal)<\/p>\n<p>4 &#8211; Corrup\u00e7\u00e3o ativa (art. 333 &#8211; C\u00f3digo Penal)<\/p>\n<p>Nestes termos, consegue-se interagir com os Cursos da \u00c1rea Jur\u00eddica e com os Cursos das \u00c1reas de Gest\u00e3o, pois, o conte\u00fado \u00e9 inerente aos trabalhos realizados pelos profissionais dessas \u00e1reas, nos Setores P\u00fablico e Privado da sociedade brasileira.<\/p>\n<hr \/>\n<p><strong>SITUA\u00c7\u00c3O-PROBLEMA (SP)<\/strong><\/p>\n<p>No decorrer da CPI \u2013 Comiss\u00e3o Parlamentar de Inqu\u00e9rito do COVID-19, verificou-se que v\u00e1rias pessoas f\u00edsicas e representantes de pessoas jur\u00eddicas foram inquiridas, sendo que, ao final da CPI foi gerado o Relat\u00f3rio Final.<\/p>\n<p>No Relat\u00f3rio Final gerado, pode-se verificar v\u00e1rias tipifica\u00e7\u00f5es penais e transgress\u00f5es a legisla\u00e7\u00e3o extravagante, que foram encaminhadas ao Minist\u00e9rio P\u00fablico para poss\u00edveis proposituras das a\u00e7\u00f5es penais, enviadas ao Poder Judici\u00e1rio para o devido processo legal.<\/p>\n<p>Conforme verificado acima na SGA \u2013 Situa\u00e7\u00e3o Geradora de Aprendizagem, elencamos alguns tipos penais e legisla\u00e7\u00f5es que que foram possivelmente transgredidos, para an\u00e1lise do estudante, como segue abaixo:<\/p>\n<p>1 &#8211; Infra\u00e7\u00e3o de medida sanit\u00e1ria preventiva (art. 268 &#8211; C\u00f3digo Penal)<\/p>\n<p>2 &#8211; Falsidade ideol\u00f3gica (art. 299 &#8211; C\u00f3digo Penal)<\/p>\n<p>3 &#8211; Corrup\u00e7\u00e3o passiva (art. 317 &#8211; C\u00f3digo Penal)<\/p>\n<p>4 &#8211; Corrup\u00e7\u00e3o ativa (art. 333 &#8211; C\u00f3digo Penal);<\/p>\n<p>Assim, o estudante dever\u00e1 relacionar a import\u00e2ncia da abertura e condu\u00e7\u00e3o de uma CPI, pesquisar e descrever o conceito e citar exemplos dos 04 (quatro) itens acima elencados, utilizando como texto base o Relat\u00f3rio Final da CPI \u2013 COVID-19. Observar com aten\u00e7\u00e3o as orienta\u00e7\u00f5es para execu\u00e7\u00e3o do trabalho, descrita na p\u00e1gina seguinte.<\/p>\n<hr \/>\n<p><strong>NORMAS PARA ELABORA\u00c7\u00c3O E ENTREGA DA ATIVIDADE<\/strong><\/p>\n<p>O trabalho final dever\u00e1 ser realizado no arquivo denominado Modelo, disponibilizado no AVA, obedecendo os crit\u00e9rios a seguir:<\/p>\n<p>a) Aten\u00e7\u00e3o aos prazos de postagens, acompanhe o cronograma das datas de postagem e corre\u00e7\u00e3o das atividades em seu AVA.<\/p>\n<p>b) A postagem no AVA deve ser em um \u00fanico arquivo, em formato (Word ou pdf), com tamanho m\u00e1ximo de 10MB, conforme Modelo. O sistema ir\u00e1 disponibilizar para corre\u00e7\u00e3o apenas o \u00faltimo arquivo postado.<\/p>\n<p>c) O trabalho dever\u00e1 ser realizado individualmente.<\/p>\n<p>d) O trabalho final deve ser original e, portanto, n\u00e3o poder\u00e1 haver trabalhos id\u00eanticos aos de outros grupos ou com reprodu\u00e7\u00e3o de materiais extra\u00eddos da internet. Os trabalhos plagiados ser\u00e3o invalidados, sendo os alunos reprovados na atividade. Observe que a pr\u00e1tica do pl\u00e1gio constitui crime, com pena prevista em lei (Lei n.\u00ba 9.610\/1998 e atualiza\u00e7\u00f5es e o Artigo 184 do C\u00f3digo Penal), e deve ser evitada no \u00e2mbito acad\u00eamico.<\/p>\n<p>e) Este trabalho interdisciplinar deve ser realizado integralmente pelo estudante, sem a utiliza\u00e7\u00e3o de ferramentas de Intelig\u00eancia Artificial para substituir o processo de pesquisa, an\u00e1lise e escrita. O objetivo \u00e9 desenvolver compet\u00eancias cr\u00edticas, criativas e acad\u00eamicas que s\u00f3 podem ser adquiridas pela pr\u00e1tica consciente e aut\u00f4noma. O uso de IA para elaborar respostas prontas compromete a aprendizagem. Espera-se que cada estudante se envolva de forma ativa, refletindo e construindo o conhecimento com base em suas pr\u00f3prias habilidades.<\/p>\n<p>f) Em caso de d\u00favida para elabora\u00e7\u00e3o do trabalho, voc\u00ea dever\u00e1 buscar orienta\u00e7\u00f5es com seu tutor a dist\u00e2ncia.<\/p>\n<hr \/>\n<p><strong>CRIT\u00c9RIOS DE CORRE\u00c7\u00c3O<\/strong><\/p>\n<p><strong>CRIT\u00c9RIOS<\/strong><br \/>\n<strong>PESO<\/strong><\/p>\n<p><strong>Execu\u00e7\u00e3o da Proposta<\/strong><br \/>\n\u2713 Atendimento a todas as a\u00e7\u00f5es solicitadas na atividade.<br \/>\n\u2713 Cumprimento do objetivo solicitado na proposta.<br \/>\n\u2713 Presen\u00e7a de introdu\u00e7\u00e3o, desenvolvimento e considera\u00e7\u00f5es finais, conforme indicado na proposta.<br \/>\n\u2713 Qualidade t\u00e9cnica das imagens apresentadas, com aten\u00e7\u00e3o \u00e0 resolu\u00e7\u00e3o e nitidez, quando se aplicar.<br \/>\n<strong>60%<\/strong><\/p>\n<p><strong>Linguagem e Comunica\u00e7\u00e3o<\/strong><br \/>\n\u2713 Clareza na comunica\u00e7\u00e3o das ideias.<br \/>\n\u2713 Norma padr\u00e3o, ortografia, aspectos redacionais, coes\u00e3o e coer\u00eancia.<br \/>\n<strong>30%<\/strong><\/p>\n<p><strong>Normaliza\u00e7\u00e3o<\/strong><br \/>\n\u2713 Presen\u00e7a de cita\u00e7\u00f5es de autores e obras no decorrer do trabalho (quando se aplicar).<br \/>\n\u2713 Inclus\u00e3o adequada das refer\u00eancias bibliogr\u00e1ficas utilizadas.<br \/>\n<strong>10%<\/strong><\/p>\n<p><strong>TOTAL<\/strong><br \/>\n<strong>100%<\/strong><\/p>\n<hr \/>\n<p>Desejamos uma \u00f3tima atividade!<\/p>\n<p><strong>Equipe de professores<\/strong><\/p>\n<p><strong>Como funciona?<\/strong><\/p>\n<div class=\"elementor-toggle-item\">\n<p>Elaboramos os portf\u00f3lios, j\u00e1 deixamos prontos, nas normas da ABNT e conforme os requisitos da universidade. F\u00e1cil assim! O MELHOR \u00c9 QUE VOC\u00ca COMPRA E J\u00c1 BAIXA NA HORA O SEU ARQUIVO EM WORD! Sabemos que conciliar trabalho, fam\u00edlia, vida profissional e estudos \u00e9 dif\u00edcil hoje em dia, por isso, estamos aqui para ajudar voc\u00ea. Conte com nossa qualidade, experi\u00eancia e profissionalismo adquirindo seu portf\u00f3lio conosco. GARANTIMOS SEU CONCEITO!<\/p>\n<p><strong>Como se realizam os envios?<\/strong><\/p>\n<\/div>\n<p id=\"elementor-tab-content-1942\" class=\"elementor-tab-content elementor-clearfix elementor-active\" role=\"tabpanel\" data-tab=\"2\" aria-labelledby=\"elementor-tab-title-1942\">O seu trabalho \u00e9 disponibilizado pronto, respondido e nas normas j\u00e1 na mesma hora aqui em nosso site na sua \u00e1rea de downloads e tamb\u00e9m no seu e-mail.<\/p>\n<p><strong>Em quanto tempo recebo o portf\u00f3lio?<\/strong><\/p>\n<p>Os envios s\u00e3o imediatos. Ap\u00f3s sua compra, o trabalho j\u00e1 \u00e9 disponibilizado instantaneamente aqui em nosso site e no seu e-mail.<\/p>\n<p><strong>E se o portf\u00f3lio que comprei precisar de corre\u00e7\u00e3o?<\/strong><\/p>\n<p>Caso haja alguma solicita\u00e7\u00e3o de corre\u00e7\u00e3o\/altera\u00e7\u00e3o por parte do tutor, basta entrar em contato conosco pelo\u00a0WhatsApp\u00a0que provid\u00eanciaremos sem custo algum.<\/p>\n<p><strong>Qual o formato do arquivo?<\/strong><\/p>\n<p>Os arquivos s\u00e3o enviados em formato Word e s\u00e3o edit\u00e1veis.<\/p>\n<p><strong>Caso eu tiver alguma d\u00favida, terei suporte no p\u00f3s venda?<\/strong><\/p>\n<p>Sim, com certeza. Basta clicar no \u00edcone do WhatsApp no cantinho da tela. Ser\u00e1 um prazer atend\u00ea-lo(a).<\/p>\n<div id=\"elementor-tab-content-1948\" class=\"elementor-tab-content elementor-clearfix elementor-active\" role=\"tabpanel\" data-tab=\"8\" aria-labelledby=\"elementor-tab-title-1948\">\n<p><strong>Quais os seus canais de contato?<\/strong><\/p>\n<\/div>\n<div id=\"elementor-tab-content-1949\" class=\"elementor-tab-content elementor-clearfix elementor-active\" role=\"tabpanel\" data-tab=\"9\" aria-labelledby=\"elementor-tab-title-1949\">\n<p>Whatsapp: 53 984751621 \u2013 Clicar no canto da tela ou ESCANEIE O QRCODE ABAIXO<\/p>\n<h4><img decoding=\"async\" class=\"alignnone wp-image-13699 jetpack-lazy-image jetpack-lazy-image--handled\" src=\"https:\/\/i0.wp.com\/portifolioos-prontos.com\/wp-content\/uploads\/2023\/02\/whatsapp-business-projeto-de-extensao-300x300.jpeg?resize=144%2C144\" sizes=\"(max-width: 144px) 100vw, 144px\" srcset=\"https:\/\/i0.wp.com\/portifolioos-prontos.com\/wp-content\/uploads\/2023\/02\/whatsapp-business-projeto-de-extensao.jpeg?resize=300%2C301&amp;ssl=1 300w, https:\/\/i0.wp.com\/portifolioos-prontos.com\/wp-content\/uploads\/2023\/02\/whatsapp-business-projeto-de-extensao.jpeg?resize=150%2C150&amp;ssl=1 150w, https:\/\/i0.wp.com\/portifolioos-prontos.com\/wp-content\/uploads\/2023\/02\/whatsapp-business-projeto-de-extensao.jpeg?resize=370%2C372&amp;ssl=1 370w, https:\/\/i0.wp.com\/portifolioos-prontos.com\/wp-content\/uploads\/2023\/02\/whatsapp-business-projeto-de-extensao.jpeg?resize=100%2C100&amp;ssl=1 100w, https:\/\/i0.wp.com\/portifolioos-prontos.com\/wp-content\/uploads\/2023\/02\/whatsapp-business-projeto-de-extensao.jpeg?w=470&amp;ssl=1 470w\" alt=\"projeto de extens\u00e3o unopar\" width=\"144\" height=\"144\" data-lazy-loaded=\"1\" \/><\/h4>\n<\/div>\n<div class=\"elementor-toggle-item\">\n<div id=\"elementor-tab-content-1949\" class=\"elementor-tab-content elementor-clearfix elementor-active\" role=\"tabpanel\" data-tab=\"9\" aria-labelledby=\"elementor-tab-title-1949\">\n<p>E-mail:portifoliosp@gmail.com<\/p>\n<div id=\"attachment_143\" class=\"wp-caption alignnone\">\n<div id=\"attachment_143\" class=\"wp-caption alignnone\">\n<p id=\"caption-attachment-143\" class=\"wp-caption-text\"><a href=\"http:\/\/portfolio-pronto.com\/\">Portf\u00f3lio<\/a>\u00a0em Word, respondido, completo e j\u00e1 nas normas<\/p>\n<\/div>\n<\/div>\n<\/div>\n<\/div>\n","protected":false},"excerpt":{"rendered":"<p>Projeto Integrado S\u00edntese &#8211; Investiga\u00e7\u00e3o e Per\u00edcia Criminal BOAS-VINDAS CURSO SUPERIOR DE TECNOLOGIA EM INVESTIGA\u00c7\u00c3O E PER\u00cdCIA CRIMINAL Prezado(a) aluno(a), Seja bem-vindo(a) ao Projeto Integrado! Esta \u00e9 uma oportunidade de aplicar os conhecimentos adquiridos nas disciplinas do semestre em uma situa\u00e7\u00e3o realista e desafiadora que ter\u00e1 como foco AN\u00c1LISES GERAIS E FUNDAMENTAIS DOS ASPECTOS DE&hellip;<\/p>\n","protected":false},"featured_media":50535,"template":"","meta":{"_seopress_robots_primary_cat":"none","_seopress_titles_title":"","_seopress_titles_desc":"","_seopress_robots_index":""},"product_cat":[46],"product_tag":[],"class_list":{"0":"post-50532","1":"product","2":"type-product","3":"status-publish","4":"has-post-thumbnail","6":"product_cat-investigacao-e-pericia-criminal","8":"first","9":"instock","10":"shipping-taxable","11":"purchasable","12":"product-type-simple","13":"col-xs-6 col-sm-4","14":"col-mf-5","15":"un-5-cols"},"jetpack_sharing_enabled":true,"_links":{"self":[{"href":"https:\/\/portifolioos-prontos.com\/index.php\/wp-json\/wp\/v2\/product\/50532","targetHints":{"allow":["GET"]}}],"collection":[{"href":"https:\/\/portifolioos-prontos.com\/index.php\/wp-json\/wp\/v2\/product"}],"about":[{"href":"https:\/\/portifolioos-prontos.com\/index.php\/wp-json\/wp\/v2\/types\/product"}],"version-history":[{"count":2,"href":"https:\/\/portifolioos-prontos.com\/index.php\/wp-json\/wp\/v2\/product\/50532\/revisions"}],"predecessor-version":[{"id":50537,"href":"https:\/\/portifolioos-prontos.com\/index.php\/wp-json\/wp\/v2\/product\/50532\/revisions\/50537"}],"wp:featuredmedia":[{"embeddable":true,"href":"https:\/\/portifolioos-prontos.com\/index.php\/wp-json\/wp\/v2\/media\/50535"}],"wp:attachment":[{"href":"https:\/\/portifolioos-prontos.com\/index.php\/wp-json\/wp\/v2\/media?parent=50532"}],"wp:term":[{"taxonomy":"product_cat","embeddable":true,"href":"https:\/\/portifolioos-prontos.com\/index.php\/wp-json\/wp\/v2\/product_cat?post=50532"},{"taxonomy":"product_tag","embeddable":true,"href":"https:\/\/portifolioos-prontos.com\/index.php\/wp-json\/wp\/v2\/product_tag?post=50532"}],"curies":[{"name":"wp","href":"https:\/\/api.w.org\/{rel}","templated":true}]}}