{"id":50641,"date":"2026-03-25T14:56:57","date_gmt":"2026-03-25T17:56:57","guid":{"rendered":"https:\/\/portifolioos-prontos.com\/?post_type=product&#038;p=50641"},"modified":"2026-03-25T14:57:25","modified_gmt":"2026-03-25T17:57:25","slug":"projeto-de-extensao-ii-desenvolvimento-back-end","status":"publish","type":"product","link":"https:\/\/portifolioos-prontos.com\/index.php\/product\/projeto-de-extensao-ii-desenvolvimento-back-end\/","title":{"rendered":"Projeto de Extens\u00e3o II Desenvolvimento Back-End"},"content":{"rendered":"<p><strong>Projeto de Extens\u00e3o II Desenvolvimento Back-End<\/strong><\/p>\n<hr \/>\n<p>CURSO:<br \/>\nCST EM DESENVOLVIMENTO BACK-END<br \/>\nCOMPONENTE CURRICULAR:<br \/>\nPROJETO DE EXTENS\u00c3O II &#8211; DESENVOLVIMENTO BACK-END<br \/>\nPROGRAMA DE EXTENS\u00c3O:<br \/>\nPROGRAMA DE CONTEXTO \u00c0 COMUNIDADE.<\/p>\n<p>FINALIDADE E MOTIVA\u00c7\u00c3O:<br \/>\nAs a\u00e7\u00f5es de extens\u00e3o universit\u00e1ria voltado a comunidade do Curso Superior de Tecnologia em Desenvolvimento Back-End tem por finalidade proporcionar oportunidades de poder aplicar os conhecimentos e habilidades adquiridos ao longo da jornada acad\u00eamica a favor de comunidades. Com isso, as atividades devem estar direcionadas a a\u00e7\u00f5es de orienta\u00e7\u00e3o \u00e0 seguran\u00e7a da informa\u00e7\u00e3o, tanto para ser aplicada nas empresas, quanto para grupo de pessoas. Para realizar a extens\u00e3o podem ser desenvolvidas em: empresas, com\u00e9rcio, associa\u00e7\u00f5es de bairro, escolas,<br \/>\ncentro comunit\u00e1rio, associa\u00e7\u00e3o comercial e industrial, entre outros locais.<br \/>\nCOMPET\u00caNCIAS:<br \/>\nI &#8211; Avalia, especifica, seleciona e utiliza metodologias e ferramentas adequadas para o desenvolvimento das aplica\u00e7\u00f5es;<br \/>\nII &#8211; Elabora e estabelece diretrizes para a cria\u00e7\u00e3o de interfaces adequadas \u00e0 aplica\u00e7\u00e3o de acordo com caracter\u00edsticas, necessidades e p\u00fablico-alvo.<br \/>\nIII &#8211; Vistoria, realiza per\u00edcia, avalia, emite laudo e parecer t\u00e9cnico em sua \u00e1rea de<br \/>\nforma\u00e7\u00e3o.<br \/>\nPERFIL DO EGRESSO:<br \/>\nNo curso de Curso Superior de Tecnologia em Desenvolvimento Back-End, o perfil do egresso visa uma forma\u00e7\u00e3o profissional atualizado, criativo e atento as novas tend\u00eancias e tecnologias. A atua\u00e7\u00e3o frente ao programa de contexto \u00e0 comunidade, demonstra as habilidades de toler\u00e2ncia, intelig\u00eancia emocional e gest\u00e3o, capaz de desenvolver solu\u00e7\u00f5es tecnol\u00f3gicas dentro dos princ\u00edpios \u00e9ticos. Tais atividades<br \/>\nproporcionam al\u00e9m da compreens\u00e3o de outros contextos social pelo contato com<\/p>\n<p>diferentes realidades e culturas, atuar de forma ativa na promo\u00e7\u00e3o das atividades que<br \/>\npodem de fato mudar a realidade de um comunidade.<br \/>\nSOFT SKILLS (COMPET\u00caNCIAS SOCIOEMOCIONAIS):<br \/>\nResili\u00eancia e Toler\u00e2ncia Intelig\u00eancia Emocional Gest\u00e3o do Tempo<br \/>\nOBJETIVOS DE APRENDIZAGEM:<br \/>\nAs atividades de extens\u00e3o universit\u00e1ria do programa de atendimento \u00e0 comunidade do Curso Superior de Tecnologia em Desenvolvimento Back-End, tem por objetivo proporcionar a aplica\u00e7\u00e3o das t\u00e9cnicas, metodologias e ferramentas relacionadas a seguran\u00e7a da informa\u00e7\u00e3o voltado a pessoas ou empresas. Com isso, al\u00e9m de auxiliar o p\u00fablico-alvo na utiliza\u00e7\u00e3o segura dos dispositivos, sistemas e servi\u00e7os de internet, visa trazer uma cultura para os usu\u00e1rios da utiliza\u00e7\u00e3o consciente dos recursos<br \/>\ncomputacionais.<br \/>\nCONTE\u00daDOS:<br \/>\nI &#8211; Algoritmos e Estruturas de Dados;<br \/>\nII &#8211; Intera\u00e7\u00e3o Homem-Computador;<br \/>\nIII &#8211; L\u00f3gica e Matem\u00e1tica Discreta;<br \/>\nIV &#8211; Fundamentos e T\u00e9cnicas de Programa\u00e7\u00e3o;<br \/>\nV &#8211; Paradigmas de Linguagens de Programa\u00e7\u00e3o;<br \/>\nVI &#8211; Intelig\u00eancia Artificial;<br \/>\nVII &#8211; Bancos de Dados;<br \/>\nVIII &#8211; Sistemas Operacionais;<br \/>\nIX &#8211; Redes de Computadores;<br \/>\nX &#8211; Seguran\u00e7a da Informa\u00e7\u00e3o.<br \/>\nINDICA\u00c7\u00d5ES BIBLIOGR\u00c1FICAS:<br \/>\nTERADA, Routo. Seguran\u00e7a de dados: criptografia em redes de computador. S\u00e3o Paulo: Blucher, 2008.<br \/>\nGOODRICH, Michael T.; TAMASSIA, Roberto. Introdu\u00e7\u00e3o \u00e0 seguran\u00e7a de computadores. Porto Alegre: Bookman, 2013.<br \/>\nMORAES, Alexandre Fernandes de. Seguran\u00e7a em Redes: fundamentos. S\u00e3o Paulo:<br \/>\n\u00c9rica, 2010.<\/p>\n<div class=\"elementor-toggle-item\">\n<p id=\"elementor-tab-title-1941\" class=\"elementor-tab-title elementor-active\" tabindex=\"0\" role=\"tab\" data-tab=\"1\" aria-controls=\"elementor-tab-content-1941\" aria-expanded=\"true\" aria-selected=\"true\"><strong>Como funciona?<\/strong><\/p>\n<p>Elaboramos os portf\u00f3lios, j\u00e1 deixamos prontos, nas normas da ABNT e conforme os requisitos da universidade. F\u00e1cil assim! O MELHOR \u00c9 QUE VOC\u00ca COMPRA E J\u00c1 BAIXA NA HORA O SEU ARQUIVO EM WORD! Sabemos que conciliar trabalho, fam\u00edlia, vida profissional e estudos \u00e9 dif\u00edcil hoje em dia, por isso, estamos aqui para ajudar voc\u00ea. Conte com nossa qualidade, experi\u00eancia e profissionalismo adquirindo seu portf\u00f3lio conosco. GARANTIMOS SEU CONCEITO!<\/p>\n<p><strong>Como se realizam os envios?<\/strong><\/p>\n<\/div>\n<p id=\"elementor-tab-content-1942\" class=\"elementor-tab-content elementor-clearfix elementor-active\" role=\"tabpanel\" data-tab=\"2\" aria-labelledby=\"elementor-tab-title-1942\">O seu trabalho \u00e9 disponibilizado pronto, respondido e nas normas j\u00e1 na mesma hora aqui em nosso site na sua \u00e1rea de downloads e tamb\u00e9m no seu e-mail.<\/p>\n<p><strong>Em quanto tempo recebo o portf\u00f3lio?<\/strong><\/p>\n<p>Os envios s\u00e3o imediatos. Ap\u00f3s sua compra, o trabalho j\u00e1 \u00e9 disponibilizado instantaneamente aqui em nosso site e no seu e-mail.<\/p>\n<p><strong>E se o portf\u00f3lio que comprei precisar de corre\u00e7\u00e3o?<\/strong><\/p>\n<p>Caso haja alguma solicita\u00e7\u00e3o de corre\u00e7\u00e3o\/altera\u00e7\u00e3o por parte do tutor, basta entrar em contato conosco pelo\u00a0WhatsApp\u00a0que provid\u00eanciaremos sem custo algum.<\/p>\n<p><strong>Qual o formato do arquivo?<\/strong><\/p>\n<p>Os arquivos s\u00e3o enviados em formato Word e s\u00e3o edit\u00e1veis.<\/p>\n<p><strong>Caso eu tiver alguma d\u00favida, terei suporte no p\u00f3s venda?<\/strong><\/p>\n<p>Sim, com certeza. Basta clicar no \u00edcone do WhatsApp no cantinho da tela. Ser\u00e1 um prazer atend\u00ea-lo(a).<\/p>\n<div id=\"elementor-tab-content-1948\" class=\"elementor-tab-content elementor-clearfix elementor-active\" role=\"tabpanel\" data-tab=\"8\" aria-labelledby=\"elementor-tab-title-1948\">\n<p><strong>Quais os seus canais de contato?<\/strong><\/p>\n<\/div>\n<div id=\"elementor-tab-content-1949\" class=\"elementor-tab-content elementor-clearfix elementor-active\" role=\"tabpanel\" data-tab=\"9\" aria-labelledby=\"elementor-tab-title-1949\">\n<p>Whatsapp: 53 984751621 \u2013 Clicar no canto da tela ou ESCANEIE O QRCODE ABAIXO<\/p>\n<h4><img decoding=\"async\" class=\"alignnone wp-image-13699 jetpack-lazy-image jetpack-lazy-image--handled\" src=\"https:\/\/i0.wp.com\/portifolioos-prontos.com\/wp-content\/uploads\/2023\/02\/whatsapp-business-projeto-de-extensao-300x300.jpeg?resize=144%2C144\" sizes=\"(max-width: 144px) 100vw, 144px\" srcset=\"https:\/\/i0.wp.com\/portifolioos-prontos.com\/wp-content\/uploads\/2023\/02\/whatsapp-business-projeto-de-extensao.jpeg?resize=300%2C301&amp;ssl=1 300w, https:\/\/i0.wp.com\/portifolioos-prontos.com\/wp-content\/uploads\/2023\/02\/whatsapp-business-projeto-de-extensao.jpeg?resize=150%2C150&amp;ssl=1 150w, https:\/\/i0.wp.com\/portifolioos-prontos.com\/wp-content\/uploads\/2023\/02\/whatsapp-business-projeto-de-extensao.jpeg?resize=370%2C372&amp;ssl=1 370w, https:\/\/i0.wp.com\/portifolioos-prontos.com\/wp-content\/uploads\/2023\/02\/whatsapp-business-projeto-de-extensao.jpeg?resize=100%2C100&amp;ssl=1 100w, https:\/\/i0.wp.com\/portifolioos-prontos.com\/wp-content\/uploads\/2023\/02\/whatsapp-business-projeto-de-extensao.jpeg?w=470&amp;ssl=1 470w\" alt=\"projeto de extens\u00e3o unopar\" width=\"144\" height=\"144\" data-lazy-loaded=\"1\" \/><\/h4>\n<\/div>\n<div class=\"elementor-toggle-item\">\n<div id=\"elementor-tab-content-1949\" class=\"elementor-tab-content elementor-clearfix elementor-active\" role=\"tabpanel\" data-tab=\"9\" aria-labelledby=\"elementor-tab-title-1949\">\n<p>E-mail:portifoliosp@gmail.com<\/p>\n<div id=\"attachment_143\" class=\"wp-caption alignnone\">\n<div id=\"attachment_143\" class=\"wp-caption alignnone\">\n<p id=\"caption-attachment-143\" class=\"wp-caption-text\"><a href=\"http:\/\/portfolio-pronto.com\/\">Portf\u00f3lio<\/a>\u00a0em Word, respondido, completo e j\u00e1 nas normas<\/p>\n<\/div>\n<\/div>\n<\/div>\n<\/div>\n","protected":false},"excerpt":{"rendered":"<p>Projeto de Extens\u00e3o II Desenvolvimento Back-End CURSO: CST EM DESENVOLVIMENTO BACK-END COMPONENTE CURRICULAR: PROJETO DE EXTENS\u00c3O II &#8211; DESENVOLVIMENTO BACK-END PROGRAMA DE EXTENS\u00c3O: PROGRAMA DE CONTEXTO \u00c0 COMUNIDADE. FINALIDADE E MOTIVA\u00c7\u00c3O: As a\u00e7\u00f5es de extens\u00e3o universit\u00e1ria voltado a comunidade do Curso Superior de Tecnologia em Desenvolvimento Back-End tem por finalidade proporcionar oportunidades de poder aplicar&hellip;<\/p>\n","protected":false},"featured_media":50644,"template":"","meta":{"_seopress_robots_primary_cat":"none","_seopress_titles_title":"","_seopress_titles_desc":"","_seopress_robots_index":""},"product_cat":[145],"product_tag":[],"class_list":{"0":"post-50641","1":"product","2":"type-product","3":"status-publish","4":"has-post-thumbnail","6":"product_cat-desenvolvimento-back-end","8":"first","9":"instock","10":"shipping-taxable","11":"purchasable","12":"product-type-simple","13":"col-xs-6 col-sm-4","14":"col-mf-5","15":"un-5-cols"},"jetpack_sharing_enabled":true,"_links":{"self":[{"href":"https:\/\/portifolioos-prontos.com\/index.php\/wp-json\/wp\/v2\/product\/50641","targetHints":{"allow":["GET"]}}],"collection":[{"href":"https:\/\/portifolioos-prontos.com\/index.php\/wp-json\/wp\/v2\/product"}],"about":[{"href":"https:\/\/portifolioos-prontos.com\/index.php\/wp-json\/wp\/v2\/types\/product"}],"version-history":[{"count":1,"href":"https:\/\/portifolioos-prontos.com\/index.php\/wp-json\/wp\/v2\/product\/50641\/revisions"}],"predecessor-version":[{"id":50645,"href":"https:\/\/portifolioos-prontos.com\/index.php\/wp-json\/wp\/v2\/product\/50641\/revisions\/50645"}],"wp:featuredmedia":[{"embeddable":true,"href":"https:\/\/portifolioos-prontos.com\/index.php\/wp-json\/wp\/v2\/media\/50644"}],"wp:attachment":[{"href":"https:\/\/portifolioos-prontos.com\/index.php\/wp-json\/wp\/v2\/media?parent=50641"}],"wp:term":[{"taxonomy":"product_cat","embeddable":true,"href":"https:\/\/portifolioos-prontos.com\/index.php\/wp-json\/wp\/v2\/product_cat?post=50641"},{"taxonomy":"product_tag","embeddable":true,"href":"https:\/\/portifolioos-prontos.com\/index.php\/wp-json\/wp\/v2\/product_tag?post=50641"}],"curies":[{"name":"wp","href":"https:\/\/api.w.org\/{rel}","templated":true}]}}