{"id":50941,"date":"2026-04-06T09:31:51","date_gmt":"2026-04-06T12:31:51","guid":{"rendered":"https:\/\/portifolioos-prontos.com\/?post_type=product&#038;p=50941"},"modified":"2026-04-06T09:31:52","modified_gmt":"2026-04-06T12:31:52","slug":"estagio-supervisionado-de-observacao-e-diagnostico-do-contexto-escolar-anos-iniciais-do-ensino-fundamental","status":"publish","type":"product","link":"https:\/\/portifolioos-prontos.com\/index.php\/product\/estagio-supervisionado-de-observacao-e-diagnostico-do-contexto-escolar-anos-iniciais-do-ensino-fundamental\/","title":{"rendered":"Est\u00e1gio supervisionado de observa\u00e7\u00e3o e diagn\u00f3stico do contexto escolar \u2013 Anos Iniciais do Ensino Fundamental"},"content":{"rendered":"<h2>Est\u00e1gio Supervisionado de Observa\u00e7\u00e3o e diagn\u00f3stico do contexto escolar \u2013 Anos Iniciais do Ensino Fundamental (1\u00ba ao 5\u00ba ano)<\/h2>\n<p><strong>100 horas<\/strong><\/p>\n<h3>APRESENTA\u00c7\u00c3O DO CAMPO DE EST\u00c1GIO<\/h3>\n<p>O Est\u00e1gio Supervisionado de Observa\u00e7\u00e3o e Diagn\u00f3stico no Contexto Escolar \u00e9 uma etapa obrigat\u00f3ria da sua forma\u00e7\u00e3o em Pedagogia, totalizando 100 horas.<\/p>\n<p>Ele foi pensado para que voc\u00ea, futuro pedagogo, vivencie o dia a dia de uma institui\u00e7\u00e3o que oferte os anos iniciais do Ensino Fundamental, ou seja, o 1\u00ba e 5\u00ba anos do Ensino Fundamental, de escolas p\u00fablicas e ou privadas, Col\u00e9gio SESI (Servi\u00e7o Social da Ind\u00fastria), SESC (Servi\u00e7o Social do Com\u00e9rcio), SENAC (Servi\u00e7o Nacional de Aprendizagem Comercial), SENAI (Servi\u00e7o Nacional de Aprendizagem Industrial) e EJA (Educa\u00e7\u00e3o de Jovens e Adultos). A APAE n\u00e3o est\u00e1 autorizada.<\/p>\n<table border=\"1\" cellspacing=\"0\" cellpadding=\"8\" style=\"width:100%; border-collapse:collapse;\">\n<tbody>\n<tr>\n<td><strong>DISCIPLINA<\/strong><\/td>\n<td><strong>CAMPO<\/strong><\/td>\n<td><strong>FORMA\u00c7\u00c3O DO SUPERVISOR<\/strong><\/td>\n<td><strong>CH<\/strong><\/td>\n<\/tr>\n<tr>\n<td>EST\u00c1GIO SUPERVISIONADO DE OBSERVA\u00c7\u00c3O E DIAGN\u00d3STICO DO CONTEXTO ESCOLAR<\/td>\n<td>Anos Iniciais do Ensino Fundamental (1\u00ba ao 5\u00ba ano<\/td>\n<td>Pedagogo (a)<\/td>\n<td>100 horas<\/td>\n<\/tr>\n<\/tbody>\n<\/table>\n<p>O supervisor de campo deve ser licenciado em Pedagogia, pois \u00e9 respons\u00e1vel pela gest\u00e3o das atividades escolares e possui uma vis\u00e3o abrangente do contexto educacional, o que contribuir\u00e1 para o entendimento do aluno.<\/p>\n<p>Este est\u00e1gio n\u00e3o inclui reg\u00eancia, tendo como finalidade proporcionar a observa\u00e7\u00e3o e o diagn\u00f3stico do ambiente escolar, assim como preparar voc\u00ea para os est\u00e1gios seguintes!<\/p>\n<p>Por isso, refor\u00e7a-se que o supervisor de campo deve ser licenciado em Pedagogia.<\/p>\n<p>O supervisor de campo deste est\u00e1gio deve ser um PEDAGOGO EM FUN\u00c7\u00c3O DE GEST\u00c3O.<\/p>\n<table border=\"1\" cellspacing=\"0\" cellpadding=\"8\" style=\"width:100%; border-collapse:collapse;\">\n<thead>\n<tr>\n<th>Atividade<\/th>\n<th>Descri\u00e7\u00e3o<\/th>\n<th>Carga Hor\u00e1ria (h)<\/th>\n<\/tr>\n<\/thead>\n<tbody>\n<tr>\n<td>Atividade 1<\/td>\n<td>Intera\u00e7\u00e3o com orientador do est\u00e1gio<\/td>\n<td>100 h<\/td>\n<\/tr>\n<tr>\n<td>Atividade 2<\/td>\n<td>Visita \u00e0 escola, com a carta de apresenta\u00e7\u00e3o<\/td>\n<td>4 h<\/td>\n<\/tr>\n<tr>\n<td><\/td>\n<td><\/td>\n<td>2 h<\/td>\n<\/tr>\n<tr>\n<td>Atividade 3<\/td>\n<td>Leitura obrigat\u00f3ria e produ\u00e7\u00e3o de texto<\/td>\n<td>\u2014<\/td>\n<\/tr>\n<tr>\n<td>Atividade 4<\/td>\n<td>An\u00e1lise do Regimento Escolar com destaque para as atribui\u00e7\u00f5es do Corpo Diretivo e elabora\u00e7\u00e3o de texto referente \u00e0 an\u00e1lise<\/td>\n<td>10 h<\/td>\n<\/tr>\n<tr>\n<td>Atividade 5<\/td>\n<td>Entrevistas com a Equipe Diretiva e Equipe Pedag\u00f3gica e elabora\u00e7\u00e3o de texto referente \u00e0s entrevistas<\/td>\n<td>10 h<\/td>\n<\/tr>\n<tr>\n<td>Atividade 6<\/td>\n<td>Observa\u00e7\u00e3o da organiza\u00e7\u00e3o e supervis\u00e3o da escola e elabora\u00e7\u00e3o de texto<\/td>\n<td>12 h<\/td>\n<\/tr>\n<tr>\n<td>Atividade 7<\/td>\n<td>Observa\u00e7\u00e3o da estrutura escolar e elabora\u00e7\u00e3o de texto<\/td>\n<td>12 h<\/td>\n<\/tr>\n<tr>\n<td>Atividade 8<\/td>\n<td>Observa\u00e7\u00e3o em sala de aula e elabora\u00e7\u00e3o de texto<\/td>\n<td>12 h<\/td>\n<\/tr>\n<tr>\n<td>Atividade 9<\/td>\n<td>Observa\u00e7\u00e3o da rotina da Equipe Pedag\u00f3gica e elabora\u00e7\u00e3o de texto<\/td>\n<td>10 h<\/td>\n<\/tr>\n<tr>\n<td>Atividade 10<\/td>\n<td>Produ\u00e7\u00e3o do Relat\u00f3rio do Est\u00e1gio<\/td>\n<td>12 h<\/td>\n<\/tr>\n<tr>\n<td>Atividade 11<\/td>\n<td>Valida\u00e7\u00e3o do Relat\u00f3rio do Est\u00e1gio<\/td>\n<td>14 h<\/td>\n<\/tr>\n<tr>\n<td><\/td>\n<td><\/td>\n<td>2 h<\/td>\n<\/tr>\n<\/tbody>\n<\/table>\n","protected":false},"excerpt":{"rendered":"<p>Est\u00e1gio Supervisionado de Observa\u00e7\u00e3o e diagn\u00f3stico do contexto escolar \u2013 Anos Iniciais do Ensino Fundamental (1\u00ba ao 5\u00ba ano) 100 horas APRESENTA\u00c7\u00c3O DO CAMPO DE EST\u00c1GIO O Est\u00e1gio Supervisionado de Observa\u00e7\u00e3o e Diagn\u00f3stico no Contexto Escolar \u00e9 uma etapa obrigat\u00f3ria da sua forma\u00e7\u00e3o em Pedagogia, totalizando 100 horas. Ele foi pensado para que voc\u00ea, futuro&hellip;<\/p>\n","protected":false},"featured_media":50944,"template":"","meta":{"_seopress_robots_primary_cat":"","_seopress_titles_title":"","_seopress_titles_desc":"","_seopress_robots_index":""},"product_cat":[52],"product_tag":[],"class_list":{"0":"post-50941","1":"product","2":"type-product","3":"status-publish","4":"has-post-thumbnail","6":"product_cat-pedagogia","8":"first","9":"instock","10":"shipping-taxable","11":"purchasable","12":"product-type-simple","13":"col-xs-6 col-sm-4","14":"col-mf-5","15":"un-5-cols"},"jetpack_sharing_enabled":true,"_links":{"self":[{"href":"https:\/\/portifolioos-prontos.com\/index.php\/wp-json\/wp\/v2\/product\/50941","targetHints":{"allow":["GET"]}}],"collection":[{"href":"https:\/\/portifolioos-prontos.com\/index.php\/wp-json\/wp\/v2\/product"}],"about":[{"href":"https:\/\/portifolioos-prontos.com\/index.php\/wp-json\/wp\/v2\/types\/product"}],"version-history":[{"count":1,"href":"https:\/\/portifolioos-prontos.com\/index.php\/wp-json\/wp\/v2\/product\/50941\/revisions"}],"predecessor-version":[{"id":50945,"href":"https:\/\/portifolioos-prontos.com\/index.php\/wp-json\/wp\/v2\/product\/50941\/revisions\/50945"}],"wp:featuredmedia":[{"embeddable":true,"href":"https:\/\/portifolioos-prontos.com\/index.php\/wp-json\/wp\/v2\/media\/50944"}],"wp:attachment":[{"href":"https:\/\/portifolioos-prontos.com\/index.php\/wp-json\/wp\/v2\/media?parent=50941"}],"wp:term":[{"taxonomy":"product_cat","embeddable":true,"href":"https:\/\/portifolioos-prontos.com\/index.php\/wp-json\/wp\/v2\/product_cat?post=50941"},{"taxonomy":"product_tag","embeddable":true,"href":"https:\/\/portifolioos-prontos.com\/index.php\/wp-json\/wp\/v2\/product_tag?post=50941"}],"curies":[{"name":"wp","href":"https:\/\/api.w.org\/{rel}","templated":true}]}}