{"id":51102,"date":"2026-04-10T13:43:51","date_gmt":"2026-04-10T16:43:51","guid":{"rendered":"https:\/\/portifolioos-prontos.com\/?post_type=product&#038;p=51102"},"modified":"2026-04-10T13:43:53","modified_gmt":"2026-04-10T16:43:53","slug":"projeto-integrado-podologia-mapeamento-epidemiologico-das-principais-podopatologias-em-diferentes-faixas-etarias","status":"publish","type":"product","link":"https:\/\/portifolioos-prontos.com\/index.php\/product\/projeto-integrado-podologia-mapeamento-epidemiologico-das-principais-podopatologias-em-diferentes-faixas-etarias\/","title":{"rendered":"Projeto Integrado Podologia &#8211; Mapeamento Epidemiol\u00f3gico das Principais Podopatologias em Diferentes Faixas Et\u00e1rias"},"content":{"rendered":"<h4><strong>Projeto Integrado Podologia &#8211; Mapeamento Epidemiol\u00f3gico das Principais Podopatologias em Diferentes Faixas Et\u00e1rias<\/strong><\/h4>\n<h4>CURSO: Superior de Tecnologia em Podologia<\/h4>\n<hr \/>\n<h2>Objetivos da Aprendizagem<\/h2>\n<p>O Projeto Integrador \u00e9 um procedimento metodol\u00f3gico de ensino aprendizagem que tem por objetivos:<\/p>\n<p>\u2022 Instigar os alunos, apoiados nas informa\u00e7\u00f5es presentes na BNCC sobre a \u00e1rea da linguagem como ferramenta norteadora, para o planejamento de atividades diferenciadas.<br \/>\n\u2022 Relacionar teoria e pr\u00e1tica, a fim de proporcionar embasamento para atua\u00e7\u00e3o em atividades extracurriculares.<br \/>\n\u2022 Desenvolver os estudos independentes, sistem\u00e1ticos e o autoaprendizado.<br \/>\n\u2022 Favorecer a aprendizagem.<br \/>\n\u2022 Promover a aplica\u00e7\u00e3o da teoria e conceitos para a solu\u00e7\u00e3o de problemas pr\u00e1ticos relativos \u00e0 profiss\u00e3o.<\/p>\n<hr \/>\n<h2>Introdu\u00e7\u00e3o ao Projeto<\/h2>\n<p>Ol\u00e1, estudante!<br \/>\nSeja muito bem-vindo ao Projeto Integrado do semestre!<\/p>\n<p>Como ponta p\u00e9 inicial desse projeto, vamos come\u00e7ar com uma pergunta que guiar\u00e1 suas escolhas do trabalho e mais do que isso que far\u00e1 parte do dia a dia da sua profiss\u00e3o.<\/p>\n<p>Voc\u00ea j\u00e1 ouviu falar em epidemiologia?<\/p>\n<p>Essa ci\u00eancia, que estuda a distribui\u00e7\u00e3o e os determinantes dos problemas de sa\u00fade em popula\u00e7\u00f5es, ser\u00e1 o ponto de partida para nossa jornada acad\u00eamica. Atrav\u00e9s dela, vamos construir um mapa das principais podopatologias, compreendendo como essas condi\u00e7\u00f5es afetam diferentes faixas et\u00e1rias e quais s\u00e3o os fatores de risco envolvidos.<\/p>\n<p>As podopatologias s\u00e3o, sem d\u00favida, o centro da atua\u00e7\u00e3o do pod\u00f3logo, e compreend\u00ea-las com profundidade \u00e9 essencial para uma pr\u00e1tica \u00e9tica, segura e embasada. Por isso, este projeto tem como proposta integrar os conhecimentos adquiridos nas disciplinas do semestre como Podopatologias, Instrumenta\u00e7\u00e3o em podologia, Farmacologia, Cosmetologia, Eletrotermofototerapia e Gest\u00e3o de Pessoas, para que voc\u00ea desenvolva uma vis\u00e3o sist\u00eamica e cr\u00edtica da profiss\u00e3o.<\/p>\n<p>Ao longo do trabalho, voc\u00ea ser\u00e1 desafiado a investigar, analisar, propor interven\u00e7\u00f5es terap\u00eauticas e pensar em a\u00e7\u00f5es educativas de preven\u00e7\u00e3o, sempre com foco na realidade da pr\u00e1tica cl\u00ednica e no bem-estar do paciente.<\/p>\n<p>Esperamos que voc\u00ea se envolva com dedica\u00e7\u00e3o construindo n\u00e3o apenas conhecimento, mas tamb\u00e9m consci\u00eancia sobre o papel transformador da podologia na promo\u00e7\u00e3o da sa\u00fade.<\/p>\n<p>Agora, vamos juntos dar in\u00edcio a essa constru\u00e7\u00e3o!<\/p>\n<hr \/>\n<h2>Tema Norteador<\/h2>\n<p>A proposta do Projeto Integrado ter\u00e1 como tema norteador:<\/p>\n<p><strong>Mapeamento Epidemiol\u00f3gico das Principais Podopatologias em Diferentes Faixas Et\u00e1rias.<\/strong><\/p>\n<hr \/>\n<h2>Contextualiza\u00e7\u00e3o<\/h2>\n<p>\u201cA import\u00e2ncia do estudo epidemiol\u00f3gico segundo SOERENSEN e BADINIMARULLI, (1999) se deve por ser uma ci\u00eancia que analisa as ocorr\u00eancias sobre a popula\u00e7\u00e3o. De acordo com MONTILLA, (2008) a epidemiologia \u00e9 necess\u00e1ria, pois tra\u00e7a a distribui\u00e7\u00e3o e a grandeza nas popula\u00e7\u00f5es humanas quanto aos problemas de sa\u00fade. Ela estuda, observa as rela\u00e7\u00f5es dos variados fatores que determinam eventos relacionados \u00e0 sa\u00fade SOERENSEN e BADINIMARULLI (1999). Com a obten\u00e7\u00e3o de dados epidemiol\u00f3gicos \u00e9 poss\u00edvel conhecer na popula\u00e7\u00e3o o estado de sa\u00fade num geral. O estudo epidemiol\u00f3gico \u00e9 necess\u00e1rio para que haja um diagn\u00f3stico exato e se adote medidas preventivas. Facilita o planejamento com dados essenciais, realiza\u00e7\u00e3o e avalia\u00e7\u00e3o dos procedimentos de preven\u00e7\u00e3o, estabelece prioridade e contribui diretamente para o controle e tratamento de doen\u00e7as segundo (MONTILLA, 2008). Para FILHO e ROUQUAVROL (2002) \u201cperfil epidemiol\u00f3gico real\u00e7a o car\u00e1ter metodol\u00f3gico como disciplina pragm\u00e1tica\u201d. Atualmente existem v\u00e1rios sistemas e fontes de informa\u00e7\u00e3o epidemiol\u00f3gica que visam fornecer dados e informa\u00e7\u00f5es necess\u00e1rias para nortear e facilitar a elabora\u00e7\u00e3o e acompanhamento dos programas de sa\u00fade que pretendem desenvolver e qualificar a sa\u00fade da comunidade. (ALEXANDRE, 2012). Para designar as doen\u00e7as relacionadas aos p\u00e9s o termo cientifico utilizado \u00e9 podopatia. Existem diversas podopatias que acometem as pessoas, entre elas se destacam as onicomicoses, onicocriptose e as hiperqueratoses.\u201d<\/p>\n<p>Texto retirado do artigo:<br \/>\n<a href=\"https:\/\/www.iajp.com.br\/index.php\/IAJP\/article\/view\/24\/28\">https:\/\/www.iajp.com.br\/index.php\/IAJP\/article\/view\/24\/28<\/a><br \/>\nacesso em 22\/05\/2025<\/p>\n<hr \/>\n<h2>Desenvolvimento do Projeto<\/h2>\n<p>Agora \u00e9 com voc\u00ea!!<\/p>\n<p>Desenvolva um projeto integrando os conhecimentos das disciplinas para promover a compreens\u00e3o abrangente da sa\u00fade humana e fornecer recomenda\u00e7\u00f5es pr\u00e1ticas para a melhoria do bem-estar.<\/p>\n<hr \/>\n<h2>PASSO 1 \u2014 Levantamento Epidemiol\u00f3gico<\/h2>\n<p>Investigue as cinco podopatologias mais comuns entre diferentes faixas et\u00e1rias (crian\u00e7as, adolescentes, adultos e idosos).<\/p>\n<p>\u2022 Liste duas podopatologias para cada faixa et\u00e1ria.<br \/>\n\u2022 Explique cada uma delas com base cient\u00edfica.<br \/>\n\u2022 Proponha condutas integradas entre as disciplinas do semestre (ex: avalia\u00e7\u00e3o podol\u00f3gica + instrumenta\u00e7\u00e3o + eletroterapia) para o tratamento e preven\u00e7\u00e3o.<br \/>\n\u2022 Aponte qual das podopatologias tem maior incid\u00eancia em cada faixa et\u00e1ria.<\/p>\n<hr \/>\n<h2>PASSO 2 \u2014 Fatores de Risco<\/h2>\n<p>Relacione as podopatologias a fatores de risco como o uso de cal\u00e7ados inadequados, h\u00e1bitos de higiene, presen\u00e7a de doen\u00e7as sist\u00eamicas, entre outros.<\/p>\n<hr \/>\n<h2>PASSO 3 \u2014 Interven\u00e7\u00f5es Terap\u00eauticas<\/h2>\n<p>Sugira interven\u00e7\u00f5es baseadas nos conhecimentos de cosm\u00e9ticos, farmacologia e eletroterapia, justificando suas escolhas com base cient\u00edfica.<\/p>\n<hr \/>\n<h2>PASSO 4 \u2014 Protocolos de Atendimento<\/h2>\n<p>Escolha tr\u00eas protocolos de atendimento utilizando instrumenta\u00e7\u00e3o em podologia e descreva o passo a passo de cada procedimento, considerando normas de biosseguran\u00e7a e humaniza\u00e7\u00e3o.<\/p>\n<hr \/>\n<h2>PASSO 5 \u2014 Atendimento Humanizado e Trabalho em Equipe<\/h2>\n<p>Explique a import\u00e2ncia do atendimento humanizado e da atua\u00e7\u00e3o multiprofissional na podologia, destacando os impactos na experi\u00eancia do paciente e na qualidade do tratamento.<\/p>\n<hr \/>\n<h2>PASSO 6 \u2014 Relat\u00f3rio Final<\/h2>\n<p>Elabore um relat\u00f3rio com os seguintes itens:<\/p>\n<p>\u2022 Introdu\u00e7\u00e3o: contextualiza\u00e7\u00e3o e justificativa do projeto;<br \/>\n\u2022 Metodologia: como a pesquisa foi conduzida;<br \/>\n\u2022 Resultados: apresenta\u00e7\u00e3o dos dados (pode-se utilizar gr\u00e1ficos);<br \/>\n\u2022 Discuss\u00e3o: an\u00e1lise cr\u00edtica dos resultados e suas implica\u00e7\u00f5es;<br \/>\n\u2022 Refer\u00eancias: utilize normas da ABNT para formata\u00e7\u00e3o.<\/p>\n<hr \/>\n<h2>PASSO 7 \u2014 Material Educativo<\/h2>\n<p>Produza um material educativo (folder, cartaz ou v\u00eddeo) com foco em preven\u00e7\u00e3o de podopatologias. Voc\u00ea pode usar ferramentas como Word, PowerPoint, Canva ou Adobe Express.<\/p>\n<p>O material dever\u00e1 ser anexado ao final do relat\u00f3rio.<\/p>\n<hr \/>\n<h2>Fontes de Pesquisa Sugeridas<\/h2>\n<p>\u2022 Minha Biblioteca<br \/>\n\u2022 Google Acad\u00eamico<br \/>\n\u2022 Scielo<br \/>\n\u2022 PubMed<br \/>\n\u2022 Lilacs<\/p>\n<hr \/>\n<p>Um \u00f3timo trabalho!<br \/>\nEquipe de professores<\/p>\n","protected":false},"excerpt":{"rendered":"<p>Projeto Integrado Podologia &#8211; Mapeamento Epidemiol\u00f3gico das Principais Podopatologias em Diferentes Faixas Et\u00e1rias CURSO: Superior de Tecnologia em Podologia Objetivos da Aprendizagem O Projeto Integrador \u00e9 um procedimento metodol\u00f3gico de ensino aprendizagem que tem por objetivos: \u2022 Instigar os alunos, apoiados nas informa\u00e7\u00f5es presentes na BNCC sobre a \u00e1rea da linguagem como ferramenta norteadora, para&hellip;<\/p>\n","protected":false},"featured_media":51105,"template":"","meta":{"_seopress_robots_primary_cat":"","_seopress_titles_title":"","_seopress_titles_desc":"","_seopress_robots_index":""},"product_cat":[68],"product_tag":[],"class_list":{"0":"post-51102","1":"product","2":"type-product","3":"status-publish","4":"has-post-thumbnail","6":"product_cat-podologia","8":"first","9":"instock","10":"shipping-taxable","11":"product-type-simple","12":"col-xs-6 col-sm-4","13":"col-mf-5","14":"un-5-cols"},"jetpack_sharing_enabled":true,"_links":{"self":[{"href":"https:\/\/portifolioos-prontos.com\/index.php\/wp-json\/wp\/v2\/product\/51102","targetHints":{"allow":["GET"]}}],"collection":[{"href":"https:\/\/portifolioos-prontos.com\/index.php\/wp-json\/wp\/v2\/product"}],"about":[{"href":"https:\/\/portifolioos-prontos.com\/index.php\/wp-json\/wp\/v2\/types\/product"}],"version-history":[{"count":1,"href":"https:\/\/portifolioos-prontos.com\/index.php\/wp-json\/wp\/v2\/product\/51102\/revisions"}],"predecessor-version":[{"id":51106,"href":"https:\/\/portifolioos-prontos.com\/index.php\/wp-json\/wp\/v2\/product\/51102\/revisions\/51106"}],"wp:featuredmedia":[{"embeddable":true,"href":"https:\/\/portifolioos-prontos.com\/index.php\/wp-json\/wp\/v2\/media\/51105"}],"wp:attachment":[{"href":"https:\/\/portifolioos-prontos.com\/index.php\/wp-json\/wp\/v2\/media?parent=51102"}],"wp:term":[{"taxonomy":"product_cat","embeddable":true,"href":"https:\/\/portifolioos-prontos.com\/index.php\/wp-json\/wp\/v2\/product_cat?post=51102"},{"taxonomy":"product_tag","embeddable":true,"href":"https:\/\/portifolioos-prontos.com\/index.php\/wp-json\/wp\/v2\/product_tag?post=51102"}],"curies":[{"name":"wp","href":"https:\/\/api.w.org\/{rel}","templated":true}]}}