{"id":5297,"date":"2022-07-24T13:02:17","date_gmt":"2022-07-24T16:02:17","guid":{"rendered":"https:\/\/portifolioos-prontos.com\/?post_type=product&#038;p=5297"},"modified":"2022-10-06T14:36:43","modified_gmt":"2022-10-06T17:36:43","slug":"portfolio-aplicativo-app-e-dia-de-feira","status":"publish","type":"product","link":"https:\/\/portifolioos-prontos.com\/index.php\/product\/portfolio-aplicativo-app-e-dia-de-feira\/","title":{"rendered":"Portf\u00f3lio Aplicativo (App): \u00c9 dia de feira!"},"content":{"rendered":"<h4>PORTF\u00d3LIO APLICATIVO (APP): \u201c\u00c9 DIA DE FEIRA!\u201d<\/h4>\n<h4>CURSO: MARKETING DIGITAL<\/h4>\n<h4>SEMESTRE: 3\u00ba E 4\u00ba<\/h4>\n<p><strong>Situa\u00e7\u00e3o Geradora de Aprendizagem (<a href=\"http:\/\/portifolioos-prontos.com\">SGA<\/a>)<\/strong><\/p>\n<p>O desperd\u00edcio de alimentos \u00e9 algo que vivenciamos em nosso cotidiano, quem nunca deixou um legume, verdura ou fruta esquecido na geladeira e este acabou estragando?<\/p>\n<p>Segundo o site \u201cEco Response\u201d o relat\u00f3rio \u201c\u00cdndice de desperd\u00edcio de alimentos\u201d apontou que h\u00e1 um n\u00famero alarmante de desperd\u00edcio de alimentos nas resid\u00eancias, ou seja, dentro de nossas casas. O \u00edndice demonstra que 17% de toda a produ\u00e7\u00e3o de alimentos foi para o lixo, cerca de 931 milh\u00f5es de toneladas.<\/p>\n<p>Mas, voc\u00ea pode se perguntar, quanto desta quantidade seria desperdi\u00e7ada dentro de casa, no uso dom\u00e9stico? E \u00e9 aqui que o susto acontece, pois de acordo com o \u201cEco Response\u201d, a ONU (Organiza\u00e7\u00e3o das Na\u00e7\u00f5es Unidas) afirma que 60% de todo o desperd\u00edcio de alimentos no mundo \u00e9 residencial.<\/p>\n<p>O desperd\u00edcio acontece n\u00e3o somente por aquelas frutas esquecidas ou verduras que foram deixadas na geladeira, mas tamb\u00e9m pelo fato das pessoas n\u00e3o reutilizarem (ou n\u00e3o saberem como reutilizar) sobras dos alimentos, como caules, ramos, cascas e at\u00e9 mesmo sementes (em alguns casos)<a href=\"http:\/\/mundodosportfolios.com\/\" target=\"_blank\" rel=\"noopener\">.<\/a><\/p>\n<p>Neste sentido, nasce a ideia do seu aplicativo \u201c\u00c9 dia de feira\u201d, o qual visa evitar o desperd\u00edcio dos alimentos enviando lembretes para as pessoas de que o tomate que foi comprado h\u00e1 alguns dias ainda est\u00e1 na geladeira e precisa ser usado<a href=\"https:\/\/consultoriaportfolios.com.br\/portfolio-aplicativo-app-e-dia-de-feira\/\" target=\"_blank\" rel=\"noopener\">.<\/a><\/p>\n<p>O aplicativo funciona por fotos, voc\u00ea tira foto do produto que comprou, por exemplo um cacho de bananas, e o aplicativo ir\u00e1 informar a voc\u00ea a melhor forma de armazenamento, em quantos dias voc\u00ea deve com\u00ea-las, algumas receitas com as frutas e a melhor forma de utilizar seus res\u00edduos.<\/p>\n<p>Com o passar dos dias o aplicativo enviar\u00e1 notifica\u00e7\u00f5es aos usu\u00e1rios informando que a banana j\u00e1 est\u00e1 bem madura e quais as melhores formas de consumir, um exemplo seria a notifica\u00e7\u00e3o \u201ca banana j\u00e1 est\u00e1 bem madurinha, caso n\u00e3o coma, congele-as e fa\u00e7a um delicioso sorvete!\u201d e junto o usu\u00e1rio teria a receita do sorvete para consultar<a href=\"https:\/\/eadhelp.com\/\">.<\/a>\u00a0Ou, a notifica\u00e7\u00e3o \u201cvoc\u00ea guardou as cascas das bananas? Que tal uma farofa com \u2018carne de casca de banana\u2019 para experimentar\u201d? Acompanhando a receitinha para a pessoa poder executar e experimentar este prato.<\/p>\n<p>Logo, o aplicativo visa eliminar desperd\u00edcio, ajudar o usu\u00e1rio a se organizar em suas compras e oferecer ideias e novos formatos saud\u00e1veis de alimenta\u00e7\u00e3o e reutiliza\u00e7\u00e3o dos alimentos, os quais anteriormente seriam descartados.<\/p>\n<p>O aplicativo \u201c\u00c9 dia de feira\u201d quer mudar o mundo come\u00e7ando de dentro da sua casa!<\/p>\n<p><strong>Agora, \u00e9 com voc\u00ea!<\/strong><\/p>\n<p><strong>Tarefas\u00a0\u00a0\u00a0\u00a0\u00a0<\/strong><\/p>\n<p>O desafio \u00e9 desenvolver as atividades propostas na SGA! E, agora que voc\u00ea j\u00e1 sabe desta miss\u00e3o, elabore um relat\u00f3rio de alinhamento das fun\u00e7\u00f5es e posicionamento do aplicativo, no qual dever\u00e1 ser apresentado obrigatoriamente os passos descritos a seguir.<\/p>\n<p><strong>Passo 1<\/strong><\/p>\n<p>\u00c9 necess\u00e1rio aumentar a popularidade do aplicativo e, consequentemente, um maior<\/p>\n<p>n\u00famero de usu\u00e1rios engajados com a proposta do \u201c\u00c9 dia de feira\u201d. Logo, \u00e9\u00a0<strong>importante conhecer o p\u00fablico-alvo e suas formas de trafegar na internet<\/strong>.<\/p>\n<p>Sabendo que o p\u00fablico-alvo \u00e9 formado por pessoas de 25-45 anos, que s\u00e3o ativos digitalmente, possuem o h\u00e1bito de ficarem conectados via celular e em m\u00e9dia passam de 2 a 3 horas por dia conectados. Para tal, se mostra importante aumentar a divulga\u00e7\u00e3o e formas de impulsionamento do mesmo<a href=\"http:\/\/eadcolaborar.com\/\" target=\"_blank\" rel=\"noopener\">.<\/a><\/p>\n<p>Neste contexto responda:<\/p>\n<p>a) Em quais redes sociais voc\u00ea divulgaria o aplicativo e por quais motivos escolheria estas redes? Cite a rede social e detalhe o porqu\u00ea.<\/p>\n<p>b) Voc\u00ea utilizaria tr\u00e1fego pago? Por quais motivos? Cite quais estrat\u00e9gias de tr\u00e1fego pago adotaria e discorra em 3 linhas ao menos.<\/p>\n<p><strong>Passo 2<\/strong><\/p>\n<p>Para que o aplicativo se popularize ser\u00e1 necess\u00e1rio a ado\u00e7\u00e3o de algumas a\u00e7\u00f5es que visem\u00a0<strong>engajar os usu\u00e1rios do app\u00a0<\/strong>e novos usu\u00e1rios a utilizar o \u201c\u00c9 dia de feira\u201d. O engajamento \u00e9 o que ir\u00e1 demonstrar a expectativa dos usu\u00e1rios em rela\u00e7\u00e3o \u00e0 sua experi\u00eancia de uso do aplicativo, aplicado em seu dia a dia. Logo, responda:<\/p>\n<p>a) Qual pr\u00e1tica de engajamento voc\u00ea adotaria seja para prospectar novos usu\u00e1rios ou manter os que j\u00e1 utilizam o app? Escolha uma pr\u00e1tica e descreva.<\/p>\n<p>b) Monte uma postagem de engajamento (escolhida na resposta da letra A) no site Canva (gratuito), voltada para veicula\u00e7\u00e3o via Instagram e insira-a como imagem abaixo (o tamanho da imagem colada aqui deve ocupar menos de meia p\u00e1gina). Acesso em &lt;https:\/\/canva.com\/&gt;.<\/p>\n<p><strong>Passo 3<\/strong><\/p>\n<p>Na postagem voltada para o aumento do engajamento na rede social \u201cInstagram\u201d montada no \u201cPasso 2\u201d \u00e9 necess\u00e1rio que exista uma legenda abaixo da imagem que ser\u00e1 postada. Esta legenda deve chamar o usu\u00e1rio para a a\u00e7\u00e3o, logo a sua escrita deve ser condizente com o p\u00fablico-alvo e, ao mesmo tempo, engajadora, atrativa e que gera conex\u00e3o.<\/p>\n<p>Portanto, elabore uma legenda para a imagem de engajamento que ser\u00e1 postada na rede social Instagram com a finalidade de\u00a0<strong>engajar com o usu\u00e1rio do aplicativo atrav\u00e9s da escrita<\/strong>. Estimule a criatividade e redija a legenda em at\u00e9 4 linhas. Ah, n\u00e3o esque\u00e7a das caracter\u00edsticas deste p\u00fablico- alvo!<\/p>\n<p><strong>Passo 4<\/strong><\/p>\n<p>Para que o app \u201c\u00c9 dia de feira\u201d possa ser melhorado constantemente \u00e9 importante ter um bom canal de comunica\u00e7\u00e3o com o p\u00fablico-alvo, no qual seus consumidores possam interagir com a \u201cmarca\u201d criada.<\/p>\n<p>Como voc\u00ea criaria canais de intera\u00e7\u00e3o com seus usu\u00e1rios, no qual eles poderiam estreitar la\u00e7os com o app e, principalmente,\u00a0<strong>sugerir melhorias na usabilidade do app<\/strong>? Descreva estes canais e como a comunica\u00e7\u00e3o aconteceria.<\/p>\n<p><strong>Passo 5<\/strong><\/p>\n<p>Quais melhorias voc\u00ea implementaria no aplicativo \u201c\u00c9 dia de feira\u201d focando em impactos socioambientais? Cite duas possibilidades de inser\u00e7\u00e3o de melhorias\u00a0<strong>dentro da pr\u00f3pria plataforma do app\u00a0<\/strong>que impulsionariam a ideologia criada e defendida pelo mesmo, a qual foca em: menos desperd\u00edcio, maior aproveitamento dos alimentos, alimenta\u00e7\u00e3o saud\u00e1vel e nutritiva e cria\u00e7\u00e3o de consci\u00eancia do impacto que nossos h\u00e1bitos na sociedade e na natureza.<\/p>\n<p>Boa atividade!<\/p>\n<div class=\"elementor-toggle-item\">\n<h4 id=\"elementor-tab-title-1941\" class=\"elementor-tab-title elementor-active\" tabindex=\"0\" role=\"tab\" data-tab=\"1\" aria-controls=\"elementor-tab-content-1941\" aria-expanded=\"true\" aria-selected=\"true\">Como funciona?<\/h4>\n<div id=\"elementor-tab-content-1941\" class=\"elementor-tab-content elementor-clearfix elementor-active\" role=\"tabpanel\" data-tab=\"1\" aria-labelledby=\"elementor-tab-title-1941\">\n<p>Elaboramos os portf\u00f3lios, j\u00e1 deixamos prontos, nas normas da ABNT e conforme os requisitos da universidade. F\u00e1cil assim! O MELHOR \u00c9 QUE VOC\u00ca COMPRA E J\u00c1 BAIXA NA HORA O SEU ARQUIVO EM WORD! Sabemos que conciliar trabalho, fam\u00edlia, vida profissional e estudos \u00e9 dif\u00edcil hoje em dia, por isso, estamos aqui para ajudar voc\u00ea. Conte com nossa qualidade, experi\u00eancia e profissionalismo adquirindo seu portf\u00f3lio conosco. GARANTIMOS SEU CONCEITO!<\/p>\n<h4>Como se realizam os envios?<\/h4>\n<\/div>\n<\/div>\n<div class=\"elementor-toggle-item\">\n<div id=\"elementor-tab-content-1942\" class=\"elementor-tab-content elementor-clearfix elementor-active\" role=\"tabpanel\" data-tab=\"2\" aria-labelledby=\"elementor-tab-title-1942\">O seu trabalho \u00e9 disponibilizado pronto, respondido e nas normas j\u00e1 na mesma hora aqui em nosso site na sua \u00e1rea de downloads e tamb\u00e9m no seu e-mail.<\/div>\n<\/div>\n<div class=\"elementor-toggle-item\">\n<div id=\"elementor-tab-content-1943\" class=\"elementor-tab-content elementor-clearfix elementor-active\" role=\"tabpanel\" data-tab=\"3\" aria-labelledby=\"elementor-tab-title-1943\">\n<h4>Em quanto tempo recebo o portf\u00f3lio?<\/h4>\n<\/div>\n<\/div>\n<div class=\"elementor-toggle-item\">\n<div id=\"elementor-tab-content-1944\" class=\"elementor-tab-content elementor-clearfix elementor-active\" role=\"tabpanel\" data-tab=\"4\" aria-labelledby=\"elementor-tab-title-1944\">\n<p>Os envios s\u00e3o imediatos. Ap\u00f3s sua compra, o trabalho j\u00e1 \u00e9 disponibilizado instantaneamente aqui em nosso site e no seu e-mail.<\/p>\n<h4>E se o portf\u00f3lio que comprei precisar de corre\u00e7\u00e3o?<\/h4>\n<\/div>\n<\/div>\n<div class=\"elementor-toggle-item\">\n<div id=\"elementor-tab-content-1945\" class=\"elementor-tab-content elementor-clearfix elementor-active\" role=\"tabpanel\" data-tab=\"5\" aria-labelledby=\"elementor-tab-title-1945\">\n<p>Caso haja alguma solicita\u00e7\u00e3o de corre\u00e7\u00e3o\/altera\u00e7\u00e3o por parte do tutor, basta entrar em contato conosco pelo\u00a0WhatsApp\u00a0que provid\u00eanciaremos sem custo algum.<\/p>\n<h4>Qual o formato do arquivo?<\/h4>\n<\/div>\n<\/div>\n<div class=\"elementor-toggle-item\">\n<div id=\"elementor-tab-content-1946\" class=\"elementor-tab-content elementor-clearfix elementor-active\" role=\"tabpanel\" data-tab=\"6\" aria-labelledby=\"elementor-tab-title-1946\">\n<p>Os arquivos s\u00e3o enviados em formato Word e s\u00e3o edit\u00e1veis.<\/p>\n<h4>Caso eu tiver alguma d\u00favida, terei suporte no p\u00f3s venda?<\/h4>\n<\/div>\n<\/div>\n<div class=\"elementor-toggle-item\">\n<div id=\"elementor-tab-content-1948\" class=\"elementor-tab-content elementor-clearfix elementor-active\" role=\"tabpanel\" data-tab=\"8\" aria-labelledby=\"elementor-tab-title-1948\">\n<p>Sim, com certeza. Basta clicar no \u00edcone do WhatsApp no cantinho da tela. Ser\u00e1 um prazer atend\u00ea-lo(a).<\/p>\n<div class=\"elementor-toggle-item\">\n<div id=\"elementor-tab-content-1948\" class=\"elementor-tab-content elementor-clearfix elementor-active\" role=\"tabpanel\" data-tab=\"8\" aria-labelledby=\"elementor-tab-title-1948\">\n<h4>Quais os seus canais de contato?<\/h4>\n<\/div>\n<\/div>\n<div class=\"elementor-toggle-item\">\n<div id=\"elementor-tab-content-1949\" class=\"elementor-tab-content elementor-clearfix elementor-active\" role=\"tabpanel\" data-tab=\"9\" aria-labelledby=\"elementor-tab-title-1949\">\n<p>Whatsapp: 53 984751621 \u2013 Clicar no canto da tela ou ESCANEIE O QRCODE ABAIXO<\/p>\n<p><img decoding=\"async\" class=\"alignnone wp-image-7603\" src=\"http:\/\/portifolioos-prontos.com\/wp-content\/uploads\/2022\/09\/portfolio-unopar-pronto-colaborar-ava-producao-textual-interdisciplinar.png\" alt=\"importante conhecer o p\u00fablico-alvo e suas formas de trafegar na internet,PORTF\u00d3LIO APLICATIVO (APP): \u201c\u00c9 DIA DE FEIRA!\u201d,portfolio unopar,portfolio pronto unopar,portfolio para editar unopar,portfolio marketing unopar,modelo de portfolio,unopar trabalho pronto,modelo de trabalho unopar,portfolioead,portfoliooead,portifolios prontos,portifolio pronto unopar,portfolio unopar \u00e9 dia de feira,portfolio \u00e9 dia de feira,capa unopar,modelo de capa unopar,portfolio marketing,portfolio marketing digital unopar 1 semestre,portfolio marketing digital unopar 3 semestre,portfolio marketing digital,portfolio marketing example,portfolio marketing manager,portf\u00f3lio marketing digital pdf,portfolio marketing strategy,portfolio marketing specialist,portfolio unopar marketing digital,portfolio unopar marketing digital 2 semestre,portfolio marketing digital unopar,portfolio marketing digital exemplo,portf\u00f3lio digital marketing,contoh portfolio digital marketing,portfolio examples for digital marketing,portfolio website for digital marketing,Portfolio pronto,portifolio pronto,portf\u00f3lio pronto,portif\u00f3lios prontos,portf\u00f3lio pronto unopar,portif\u00f3lio pronto unopar,portifolios prontos unopar,portifolios prontos anhanguera,portf\u00f3lios prontos anhanguera,portf\u00f3lio pronto anhanguera,portfolios ead,portf\u00f3lios ead,apostileiros,portf\u00f3lio ead,portifolios ead,portif\u00f3lios ead,eadhelp,shop do acad\u00eamico,unopar portfolio,portfolio pronto ead,portfolio unopar ead,ead portfolio ava,portf\u00f3lio ead anhanguera,portf\u00f3lio ead pront,o portf\u00f3lio ead unopar,portf\u00f3lio pronto em word,pti unopar,ptg unopar,modelo de portf\u00f3lio unopar,modelo de portf\u00f3lio anhanguera,como fazer um portf\u00f3lio para faculdade,como faz portf\u00f3lio universidade,como faz portf\u00f3lios para universidade,portf\u00f3lios prontos para universidade,portf\u00f3lios pronto para faculdade,portf\u00f3lio pronto para editar,portifolios prontos para editar,portf\u00f3lio em word,portfolio em word,portf\u00f3lio em word para editar,portifolio em word para editar,portfolio unopar pronto para editar,modelo de portfolio para unopar,modelo de portif\u00f3lio para unopar,modelo de portf\u00f3lio para unopar,unopar portf\u00f3lio pronto,anhanguera portf\u00f3lio pronto,portf\u00f3lio em word pronto,comprar portf\u00f3lio pronto,como fazer um portf\u00f3lio,como fazer portf\u00f3lio digital,portfolio,portf\u00f3lio,portifolio,portif\u00f3lio,portf\u00f3lio interdisciplinar individual,portfolio interdisciplinar individual,exemplos de portf\u00f3lio para faculdade,baixar portf\u00f3lio pronto,portf\u00f3lio acad\u00eamico,portf\u00f3lio online,portfolio ead,portf\u00f3lio pronto interdisciplinar individual,relat\u00f3rio de est\u00e1gio unopar,relat\u00f3rio de est\u00e1gio pronto unopar,como criar um portf\u00f3lio,o que \u00e9 um portf\u00f3lio e como fazer,portfolio exemplo,modelo de portfolio acad\u00eamico,relat\u00f3rio de est\u00e1gio gest\u00e3o escolar pronto unopar,portf\u00f3lio como fazer,prova profici\u00eancia unopar,portfolio individual est\u00e1gio curricular obrigat\u00f3rio ii anos iniciais do ensino fundamental,prova de profici\u00eancia pedagogia unopar,capa de trabalho unopar para editar,portf\u00f3lio acad\u00eamico unopar,como fazer um portf\u00f3lio acad\u00eamico,portf\u00f3lio exemplos word,portfolio acad\u00eamico,portfolio individual,portfolio individual unopar,portfolio individual anhanguera,portf\u00f3lio educa\u00e7\u00e3o f\u00edsica unopar,portf\u00f3lio gest\u00e3o educacional e espa\u00e7os n\u00e3o escolares,como fazer um portifolio unopar,modelo de portf\u00f3lio unopar em arquivo word,capa de portf\u00f3lio de pedagogia,como fazer um portf\u00f3lio no word,projeto integrado unopar,exemplo de portf\u00f3lio academico pedagogia\" width=\"141\" height=\"141\" srcset=\"https:\/\/portifolioos-prontos.com\/wp-content\/uploads\/2022\/09\/portfolio-unopar-pronto-colaborar-ava-producao-textual-interdisciplinar.png 150w, https:\/\/portifolioos-prontos.com\/wp-content\/uploads\/2022\/09\/portfolio-unopar-pronto-colaborar-ava-producao-textual-interdisciplinar-100x100.png 100w\" sizes=\"(max-width: 141px) 100vw, 141px\" \/><\/p>\n<\/div>\n<\/div>\n<\/div>\n<\/div>\n<div class=\"elementor-toggle-item\">\n<div id=\"elementor-tab-content-1949\" class=\"elementor-tab-content elementor-clearfix elementor-active\" role=\"tabpanel\" data-tab=\"9\" aria-labelledby=\"elementor-tab-title-1949\">\n<p>E-mail:portifoliosp@gmail.com<\/p>\n<\/div>\n<\/div>\n","protected":false},"excerpt":{"rendered":"<p>PORTF\u00d3LIO APLICATIVO (APP): \u201c\u00c9 DIA DE FEIRA!\u201d CURSO: MARKETING DIGITAL SEMESTRE: 3\u00ba E 4\u00ba Situa\u00e7\u00e3o Geradora de Aprendizagem (SGA) O desperd\u00edcio de alimentos \u00e9 algo que vivenciamos em nosso cotidiano, quem nunca deixou um legume, verdura ou fruta esquecido na geladeira e este acabou estragando? Segundo o site \u201cEco Response\u201d o relat\u00f3rio \u201c\u00cdndice de desperd\u00edcio&hellip;<\/p>\n","protected":false},"featured_media":5302,"template":"","meta":{"_seopress_robots_primary_cat":"none","_seopress_titles_title":"%%post_title%% Portfolio Pronto Unopar Anhanguera","_seopress_titles_desc":"%%post_content%%","_seopress_robots_index":""},"product_cat":[49,15],"product_tag":[],"class_list":{"0":"post-5297","1":"product","2":"type-product","3":"status-publish","4":"has-post-thumbnail","6":"product_cat-marketing","7":"product_cat-uncategorized","9":"first","10":"instock","11":"featured","12":"downloadable","13":"virtual","14":"purchasable","15":"product-type-simple","16":"col-xs-6 col-sm-4","17":"col-mf-5","18":"un-5-cols"},"jetpack_sharing_enabled":true,"_links":{"self":[{"href":"https:\/\/portifolioos-prontos.com\/index.php\/wp-json\/wp\/v2\/product\/5297","targetHints":{"allow":["GET"]}}],"collection":[{"href":"https:\/\/portifolioos-prontos.com\/index.php\/wp-json\/wp\/v2\/product"}],"about":[{"href":"https:\/\/portifolioos-prontos.com\/index.php\/wp-json\/wp\/v2\/types\/product"}],"version-history":[{"count":0,"href":"https:\/\/portifolioos-prontos.com\/index.php\/wp-json\/wp\/v2\/product\/5297\/revisions"}],"wp:featuredmedia":[{"embeddable":true,"href":"https:\/\/portifolioos-prontos.com\/index.php\/wp-json\/wp\/v2\/media\/5302"}],"wp:attachment":[{"href":"https:\/\/portifolioos-prontos.com\/index.php\/wp-json\/wp\/v2\/media?parent=5297"}],"wp:term":[{"taxonomy":"product_cat","embeddable":true,"href":"https:\/\/portifolioos-prontos.com\/index.php\/wp-json\/wp\/v2\/product_cat?post=5297"},{"taxonomy":"product_tag","embeddable":true,"href":"https:\/\/portifolioos-prontos.com\/index.php\/wp-json\/wp\/v2\/product_tag?post=5297"}],"curies":[{"name":"wp","href":"https:\/\/api.w.org\/{rel}","templated":true}]}}