{"id":5362,"date":"2022-07-26T13:13:17","date_gmt":"2022-07-26T16:13:17","guid":{"rendered":"https:\/\/portifolioos-prontos.com\/?post_type=product&#038;p=5362"},"modified":"2022-09-14T15:54:02","modified_gmt":"2022-09-14T18:54:02","slug":"portfolio-programa-previne-brasil-e-o-indicador-diabetes","status":"publish","type":"product","link":"https:\/\/portifolioos-prontos.com\/index.php\/product\/portfolio-programa-previne-brasil-e-o-indicador-diabetes\/","title":{"rendered":"Portf\u00f3lio Programa Previne Brasil e o Indicador Diabetes"},"content":{"rendered":"<h4><a href=\"http:\/\/portifolioos-prontos.com\">Portf\u00f3lio Programa Previne Brasil e o Indicador Diabetes<\/a><\/h4>\n<h4>Curso: Tecnologia em Gest\u00e3o de Sa\u00fade P\u00fablica<\/h4>\n<h4>Semestre: 3\u00b0<\/h4>\n<p>SITUA\u00c7\u00c3O GERADORA DE APRENDIZAGEM (SGA)<br \/>\nPrograma Previne Brasil e o Indicador Diabetes<\/p>\n<p>A gest\u00e3o p\u00fablica em sa\u00fade possui uma forte influ\u00eancia pol\u00edtica, devido a isso, desde a Reforma<br \/>\nSanit\u00e1ria Brasileira (RSB), luta-se pela dignidade humana por interm\u00e9dio de melhorias na sa\u00fade e de<br \/>\npol\u00edticas que beneficiem a popula\u00e7\u00e3o, por meio da democratiza\u00e7\u00e3o na sa\u00fade, a qual deve ser<br \/>\nprimordial no cotidiano institucional do Sistema \u00danico de Sa\u00fade (SUS)1<\/p>\n<p>. O processo de constru\u00e7\u00e3o do<br \/>\nSUS avan\u00e7ou significativamente desde a sua cria\u00e7\u00e3o at\u00e9 os dias atuais, evidenciando a relev\u00e2ncia do<br \/>\nservi\u00e7o prestado pela Aten\u00e7\u00e3o B\u00e1sica \u00e0 Sa\u00fade (ABS) para efetiva\u00e7\u00e3o desta pol\u00edtica p\u00fablica.<br \/>\nEstabelecida por meio da Pol\u00edtica Nacional de Aten\u00e7\u00e3o B\u00e1sica (PNAB), consentida a partir da Portaria<br \/>\nMS\/GM n. 2.436, de 21 de setembro de 2017, a ABS \u00e9 uma estrat\u00e9gia de reorienta\u00e7\u00e3o do modelo de<br \/>\naten\u00e7\u00e3o que demonstra ser o elemento chave na constitui\u00e7\u00e3o dos sistemas nacionais de sa\u00fade, uma<br \/>\nvez que influencia diretamente nos indicadores de sa\u00fade e regula a utiliza\u00e7\u00e3o dos recursos de alta<br \/>\ntecnologia, respeitando os princ\u00edpios e diretrizes do SUS e atendendo as reais necessidades da<br \/>\npopula\u00e7\u00e3o2<br \/>\n.<br \/>\nCom o objetivo de induzir a amplia\u00e7\u00e3o do acesso e a melhoria da qualidade da Aten\u00e7\u00e3o B\u00e1sica,<\/p>\n<p>foi institu\u00eddo o Programa Nacional de Melhoria do Acesso e da Qualidade de Aten\u00e7\u00e3o B\u00e1sica (PMAQ-<br \/>\nAB), atrav\u00e9s dele pode se ter um padr\u00e3o de qualidade compar\u00e1vel nacional, regional e localmente,<\/p>\n<p>PRODU\u00c7\u00c3O TEXTUAL<br \/>\nINTERDISCIPLINAR<br \/>\nINDIVIDUAL \u2013 PTI<\/p>\n<p>Tecnologia em Gest\u00e3o de Sa\u00fade P\u00fablica<\/p>\n<p>de maneira a permitir maior transpar\u00eancia e efetividade das a\u00e7\u00f5es governamentais direcionadas \u00e0<br \/>\nABS, bem como mensurar os efeitos da pol\u00edtica de sa\u00fade, garantir a transpar\u00eancia dos processos de<br \/>\ngest\u00e3o do SUS, viabilizar os resultados alcan\u00e7ados e fortalecer o controle social3<\/p>\n<p>. Desde dezembro de<br \/>\n2019, o PMAQ foi extinto, passando a prevalecer o Programa Previne Brasil, institu\u00eddo pela portaria<br \/>\nn. 2.979, de 12 de novembro de 2019, que estabelece o novo modelo de financiamento de custeio<br \/>\nda Aten\u00e7\u00e3o Prim\u00e1ria \u00e0 Sa\u00fade no \u00e2mbito do SUS. A proposta tem como princ\u00edpio aumentar o acesso<br \/>\ndas pessoas aos servi\u00e7os da APS e o v\u00ednculo entre popula\u00e7\u00e3o e equipe, com base em mecanismos que<br \/>\ninduzem \u00e0 responsabiliza\u00e7\u00e3o dos gestores e dos profissionais pelas pessoas que assistem. At\u00e9 o<br \/>\nmomento foram definidos 7 indicadores, relativos \u00e0 pr\u00e9-natal, sa\u00fade da mulher, sa\u00fade da crian\u00e7a e<br \/>\ndoen\u00e7as cr\u00f4nicas, dentre elas o diabetes, que se caracteriza como um importante m\u00e9todo de<br \/>\nacompanhamento de a\u00e7\u00f5es consideradas essenciais para o cuidado de pessoas com diabetes, a fim<br \/>\nde minimizar o impacto causado por essa comorbidade4<br \/>\n.<\/p>\n<p>Partindo desse contexto voc\u00ea atua na equipe de uma UBS \u2013 Unidade B\u00e1sica de Sa\u00fade, e nesses<br \/>\nprimeiros seis meses, foram realizados 35% de atendimentos de pessoas com diabetes, sendo 15%<br \/>\nabaixo da meta para 2022 (meta 50% de atendimentos nesse semestre). A gestora da UBS, ap\u00f3s a<br \/>\ndivulga\u00e7\u00e3o desses dados, sinalizou a equipe de sa\u00fade da APS e da Estrat\u00e9gia Sa\u00fade da Fam\u00edlia (ESF)<br \/>\npara o assunto de modo que todos possam compreender a proposta do governo federal e,<br \/>\nconsequentemente, analisarem criticamente o processo de produ\u00e7\u00e3o e uso desse indicador, em seus<br \/>\ncontextos.<br \/>\nAgora o desafio \u00e9 com voc\u00ea!<br \/>\n<strong>Desafio 1<\/strong><br \/>\nA gest\u00e3o da Sa\u00fade acompanha os indicadores que ser\u00e3o monitorados pelo Previne Brasil por<br \/>\nmeio do Prontu\u00e1rio Eletr\u00f4nico do Cidad\u00e3o (PEC) ou do Prontu\u00e1rio Eletr\u00f4nico do Paciente (PEP). Com<br \/>\num prontu\u00e1rio eletr\u00f4nico em uso, o gestor sabe o n\u00famero de consultas realizadas pelos pacientes<br \/>\ncom diabetes e com esses dados pode criar campanhas espec\u00edficas para aumentar o n\u00famero de<br \/>\nconsultas e acompanhamentos pela UBS. Quanto mais o munic\u00edpio comprovar de forma transparente<br \/>\nque est\u00e1 acompanhando a sa\u00fade de seus cidad\u00e3os de perto, mais chances ter\u00e1 de angariar recursos<\/p>\n<p>PRODU\u00c7\u00c3O TEXTUAL<br \/>\nINTERDISCIPLINAR<br \/>\nINDIVIDUAL \u2013 PTI<\/p>\n<p>Tecnologia em Gest\u00e3o de Sa\u00fade P\u00fablica<\/p>\n<p>de programas espec\u00edficos, ampliando suas possibilidades de financiamento. Com base nessas<br \/>\ninforma\u00e7\u00f5es:<br \/>\nA. O Programa Previne Brasil tem como princ\u00edpios a responsabiliza\u00e7\u00e3o das equipes de sa\u00fade pelas<br \/>\npessoas cadastradas. Discorra, de forma sucinta, qual a import\u00e2ncia de realizar a avalia\u00e7\u00e3o e<br \/>\nmonitoramento dessa pol\u00edtica p\u00fablica.<br \/>\nB. Quanto ao controle do Programa, o que \u00e9 previsto nos casos de irregularidade em que haja<br \/>\nocorr\u00eancia de fraude ou informa\u00e7\u00e3o irregular no cumprimento da meta?<br \/>\nC. Pensando que foram realizados 35% de atendimentos de pessoas com diabetes, sendo 15%<br \/>\nabaixo da meta para 2022, como a gest\u00e3o da sa\u00fade p\u00fablica municipal pode aumentar a capta\u00e7\u00e3o<br \/>\ndesses pacientes?<br \/>\n<strong>Desafio 2<\/strong><br \/>\nA Telessa\u00fade foi regulamentada em 02 de Junho de 2022 para melhorar a qualidade de atendimento<br \/>\ne da aten\u00e7\u00e3o b\u00e1sica no SUS, integrando ensino e servi\u00e7o por meio de tecnologias de informa\u00e7\u00e3o e<br \/>\ncomunica\u00e7\u00e3o (TIC). Descreva de que forma a utiliza\u00e7\u00e3o dessa tecnologia de informa\u00e7\u00e3o impactar\u00e1 no<br \/>\nSUS e quais as ferramentas necess\u00e1rias para implanta\u00e7\u00e3o.<br \/>\n<strong>Desafio 3<\/strong><br \/>\nEnquanto membro participante da equipe da Unidade B\u00e1sica de Sa\u00fade, voc\u00ea foi convocado<br \/>\npor sua gestora para ajudar a planejar a apresenta\u00e7\u00e3o que ela far\u00e1 para toda a equipe da UBS com o<br \/>\nobjetivo de tratar os indicadores de atendimentos, de modo que todos possam compreender a<br \/>\nproposta do governo federal e, consequentemente, analisarem criticamente o processo de produ\u00e7\u00e3o<br \/>\ne uso desses indicadores, em seus contextos. Para tanto, a apresenta\u00e7\u00e3o deve ser pensada de forma<br \/>\nque seja o mais impactante poss\u00edvel, para que os objetivos sejam, de fato atendidos e a a\u00e7\u00e3o seja<br \/>\nbem sucedida. De acordo com Burbridge e Burbridge (2012), para uma apresenta\u00e7\u00e3o considerada<br \/>\n\u201cbem feita\u201d precisamos priorizar quatro fatores: Linguagem; Canais Sensoriais;<br \/>\nCoer\u00eancia\/Racionalidade; e Classifica\u00e7\u00e3o. Conhecendo a import\u00e2ncia de realizar um bom<br \/>\nplanejamento, para minimizar as chances de conflitos e facilitar as rela\u00e7\u00f5es de negocia\u00e7\u00e3o, explique<br \/>\nde qual forma voc\u00ea auxiliaria sua gestora a realizar a organiza\u00e7\u00e3o de sua apresenta\u00e7\u00e3o, detalhando<\/p>\n<p>PRODU\u00c7\u00c3O TEXTUAL<br \/>\nINTERDISCIPLINAR<br \/>\nINDIVIDUAL \u2013 PTI<\/p>\n<p>Tecnologia em Gest\u00e3o de Sa\u00fade P\u00fablica<\/p>\n<p>quais a\u00e7\u00f5es poderiam ser executadas considerando cada um dos fatores determinados por Burbridge<br \/>\ne Burbridge (2012).<br \/>\n<strong>Desafio 4<\/strong><br \/>\nDe maneira geral, todo e qualquer neg\u00f3cio demanda de processos de Gest\u00e3o e Controle da<br \/>\nQualidade! Enquanto os aspectos da Gest\u00e3o da Qualidade versam, essencialmente, sob condi\u00e7\u00f5es<br \/>\nestrat\u00e9gicas; o Controle da Qualidade lida com processos e pr\u00e1ticas de controle visando garantir que<br \/>\na organiza\u00e7\u00e3o consiga atender aos seus padr\u00f5es pr\u00e9-estabelecidos e, de acordo, com o que o cliente<br \/>\nespera e deseja ao consumir o produto ofertado.<br \/>\nNo contexto das organiza\u00e7\u00f5es p\u00fablicas n\u00e3o \u00e9 diferente! Transpondo a explica\u00e7\u00e3o acima para<br \/>\no contexto p\u00fablico, o produto ofertado diz respeito aos servi\u00e7os prestados pelas institui\u00e7\u00f5es voltados<br \/>\nao atendimento das necessidades da popula\u00e7\u00e3o \u2013 assumindo a posi\u00e7\u00e3o do que seriam os clientes no<br \/>\n\u00e2mbito privado.<br \/>\nSendo assim, a gest\u00e3o da qualidade no setor p\u00fablico est\u00e1 diretamente associada \u00e0 busca pela<br \/>\npotencializa\u00e7\u00e3o dos n\u00edveis de efici\u00eancia na presta\u00e7\u00e3o dos servi\u00e7os, versando sempre pela melhoria<br \/>\ncont\u00ednua a fim de atender \u00e0s demandas coletivas.<br \/>\nNo contexto do Programa Previne Brasil, em especial, no que tange ao indicador Diabetes, \u00e9<br \/>\npreciso pensar estrategicamente frente ao n\u00e3o alcance da meta identificado na \u00faltima mensura\u00e7\u00e3o.<br \/>\nFrente \u00e0s diferentes ferramentas no campo do gerenciamento e controle da qualidade as quais<br \/>\npodem ser implementadas, voc\u00ea sugeriu \u00e0 gestora da unidade, a elabora\u00e7\u00e3o de um ciclo PDCA.<br \/>\n\u2022 Sua miss\u00e3o, nesta tarefa, \u00e9 elaborar um ciclo PDCA, de forma que tal ferramenta possa<br \/>\nauxiliar na gest\u00e3o do Programa em quest\u00e3o, identificando poss\u00edveis falhas e poss\u00edveis<br \/>\nmedidas corretivas.<br \/>\n(Lembrando que o ciclo PDCA \u00e9 formado pelas seguintes etapas: PLAN \u201cdefinir metas e os m\u00e9todos<br \/>\nque permitir\u00e3o alcan\u00e7ar as metas\u201d; DO \u201ctreinar e executar as tarefas\u201d; CHECK \u201cverificar resultados a<br \/>\npartir da compara\u00e7\u00e3o do previsto com o realizado\u201d; ACT \u201cagir corretivamente, preventivamente,<br \/>\nbuscando a melhoria\u201d).<\/p>\n<p><a href=\"http:\/\/portifolioos-prontos.com\">PRODU\u00c7\u00c3O TEXTUAL<\/a><br \/>\nINTERDISCIPLINAR<br \/>\nINDIVIDUAL \u2013 PTI<\/p>\n<p>Tecnologia em Gest\u00e3o de Sa\u00fade P\u00fablica<\/p>\n<p><strong>Desafio 5<\/strong><br \/>\n\u00c9 imprescind\u00edvel no contexto de hoje, a reflex\u00e3o acerca do papel do Estado e da escassez dos<br \/>\nrecursos p\u00fablicos para responder ao conjunto das demandas sociais. Dessa maneira, se faz pensar a<br \/>\nexig\u00eancia cada vez maior da sociedade por efici\u00eancia, efic\u00e1cia e efetividade das pol\u00edticas p\u00fablicas e<br \/>\nfaz aumentar o reconhecimento do qu\u00e3o importante \u00e9 a participa\u00e7\u00e3o dos gestores p\u00fablicos em<br \/>\nrela\u00e7\u00e3o aos servi\u00e7os prestados e oferecidos pelo setor p\u00fablico. (DA SILVA; GIL; DA SILVA OKABAYASHI,<br \/>\n2014).<br \/>\nPensando em alcan\u00e7ar o sucesso do Programa aplicado na UBS, utilize a teoria das quatro<br \/>\ncompet\u00eancias gerenciais necess\u00e1rias defendidas por Robert Katz. Contextualize a situa\u00e7\u00e3o dada pela<br \/>\nSGA (Situa\u00e7\u00e3o Geradora de Aprendizagem) e descreva quais s\u00e3o a compet\u00eancia t\u00e9cnica, a<br \/>\ncompet\u00eancia interpessoal, a compet\u00eancia conceitual e a compet\u00eancia pol\u00edtica necess\u00e1rias ao gestor<br \/>\nda UBS para trazer efetividade nos resultados?<\/p>\n<p>PRODU\u00c7\u00c3O TEXTUAL<br \/>\nINTERDISCIPLINAR<br \/>\nINDIVIDUAL \u2013 PTI<\/p>\n<p>Tecnologia em Gest\u00e3o de Sa\u00fade P\u00fablica<\/p>\n<p><strong>Desafio 6<\/strong><br \/>\nVoc\u00ea foi informado pela sua gestora da Unidade B\u00e1sica de Sa\u00fade que a meta de atendimentos<br \/>\nde pessoas com diabetes est\u00e1 15% abaixo da meta, que \u00e9 de 50% de atendimentos nesse semestre.<br \/>\nEla ainda referiu que esse cen\u00e1rio precisa mudar, pois caso contr\u00e1rio, esse indicador prejudicar\u00e1 o<br \/>\nrepasse financeiro ao munic\u00edpio no componente \u201cpagamento por desempenho\u201d. Com base nessas<br \/>\ninforma\u00e7\u00f5es, descreva o que seria esse componente, e de uma forma suscinta, explique como ele \u00e9<br \/>\ncalculado e por que o indicador da UBS poderia prejudicar o munic\u00edpio.<br \/>\nREFER\u00caNCIAS:<br \/>\nBurbridge, R. M.; Burbridge, A. Gest\u00e3o de conflitos: desafio do mundo corporativo. S\u00e3o Paulo:<br \/>\nSaraiva, 2012.<br \/>\nBrasil. Conselho Nacional de Secret\u00e1rios de Sa\u00fade. Aten\u00e7\u00e3o Prim\u00e1ria e Promo\u00e7\u00e3o da Sa\u00fade.<br \/>\nBras\u00edlia, 2011. [acesso em 2022 jun. 27]. Dispon\u00edvel em:<br \/>\n&lt;http:\/\/www.conass.org.br\/bibliotecav3\/pdfs\/colecao2011\/livro_3.pdf&gt;.<br \/>\nBrasil. Minist\u00e9rio da Sa\u00fade. Secretaria de Aten\u00e7\u00e3o \u00e0 Sa\u00fade. Departamento de Aten\u00e7\u00e3o B\u00e1sica.<br \/>\nManual instrutivo para as equipes de aten\u00e7\u00e3o b\u00e1sica e NASF. Bras\u00edlia, 2015. [acesso em 2022<br \/>\njun. 27]. Dispon\u00edvel em:<br \/>\n&lt;http:\/\/189.28.128.100\/dab\/docs\/portaldab\/documentos\/Manual_Instrutivo_3_Ciclo_PMAQ.pdf&gt;<br \/>\nBRASIL. Minist\u00e9rio da Sa\u00fade. Secretaria de Aten\u00e7\u00e3o Prim\u00e1ria \u00e0 Sa\u00fade. Nota T\u00e9cnica n. 11\/2022-<br \/>\nSAPS\/MS. Bras\u00edlia, 2022. Dispon\u00edvel em: https:\/\/bit.ly\/3ysZl1u. Acesso em: 29 Jun. 2022.<br \/>\nCosta, Julio Cezar Da. Negocia\u00e7\u00e3o e gest\u00e3o de conflitos \/ Julio Cesar da Costa. \u2013 Londrina: Editora e<br \/>\nDistribuidora Educacional S.A., 2018.<br \/>\nDA SILVA, Edson Coutinho; GIL, Antonio Carlos; DA SILVA OKABAYASHI, Silvia Cristina. Compet\u00eancias<br \/>\nna gest\u00e3o p\u00fablica: uma avalia\u00e7\u00e3o dos servidores p\u00fablicos do Grande ABC paulista. Gest\u00e3o P\u00fablica:<br \/>\nPr\u00e1ticas e Desafios, v. 5, n. 1, 2014.<br \/>\nGuizardi FL, Cavalcanti FO. A gest\u00e3o em sa\u00fade: nexos entre o cotidiano institucional e a participa\u00e7\u00e3o<br \/>\npol\u00edtica no SUS. Interface Comun. Sa\u00fade Educ. [internet]. 2010 Jul-Set [acesso em 2022 jun. 27];<br \/>\n14(34):633-645. Dispon\u00edvel em: &lt;http:\/\/www.scielo.br\/scielo.php?script=sci_arttext&amp;pid=S1414-<br \/>\n32832010000300013&gt;.<br \/>\nMinist\u00e9rio da Sa\u00fade. Gabinete do Ministro. Portaria n. 2.979, de 12 de novembro de 2019. Bras\u00edlia,<br \/>\n2019. [acesso em 2022 jun. 27]. Dispon\u00edvel em:<br \/>\n&lt;https:\/\/bvsms.saude.gov.br\/bvs\/saudelegis\/gm\/2019\/prt2979_13_11_2019.html&gt;.<br \/>\nRODRIGUES, E. de A. Modelos de gest\u00e3o. Londrina: Editora e Distribuidora Educacional S.A., 2016.<\/p>\n<p>PRODU\u00c7\u00c3O TEXTUAL<br \/>\nINTERDISCIPLINAR<br \/>\nINDIVIDUAL \u2013 PTI<\/p>\n<p><a href=\"http:\/\/portifolioos-prontos.com\">Tecnologia em Gest\u00e3o de Sa\u00fade P\u00fablica<\/a><\/p>\n<p>ROBBINS, Stephen P.; DECENZO, Robert Wolter. A nova administra\u00e7\u00e3o. 1 ed. S\u00e3o Paulo: Saraiva,<br \/>\n2020.. [MINHA BIBLIOTECA]<\/p>\n<div class=\"elementor-toggle-item\">\n<h4 id=\"elementor-tab-title-1941\" class=\"elementor-tab-title elementor-active\" tabindex=\"0\" role=\"tab\" data-tab=\"1\" aria-controls=\"elementor-tab-content-1941\" aria-expanded=\"true\" aria-selected=\"true\">Como funciona?<\/h4>\n<div id=\"elementor-tab-content-1941\" class=\"elementor-tab-content elementor-clearfix elementor-active\" role=\"tabpanel\" data-tab=\"1\" aria-labelledby=\"elementor-tab-title-1941\">\n<p>Elaboramos os portf\u00f3lios, j\u00e1 deixamos prontos, nas normas da ABNT e conforme os requisitos da universidade. F\u00e1cil assim! O MELHOR \u00c9 QUE VOC\u00ca COMPRA E J\u00c1 BAIXA NA HORA O SEU ARQUIVO EM WORD! Sabemos que conciliar trabalho, fam\u00edlia, vida profissional e estudos \u00e9 dif\u00edcil hoje em dia, por isso, estamos aqui para ajudar voc\u00ea. Conte com nossa qualidade, experi\u00eancia e profissionalismo adquirindo seu portf\u00f3lio conosco. GARANTIMOS SEU CONCEITO!<\/p>\n<h4>Como se realizam os envios?<\/h4>\n<\/div>\n<\/div>\n<div class=\"elementor-toggle-item\">\n<div id=\"elementor-tab-content-1942\" class=\"elementor-tab-content elementor-clearfix elementor-active\" role=\"tabpanel\" data-tab=\"2\" aria-labelledby=\"elementor-tab-title-1942\">O seu trabalho \u00e9 disponibilizado pronto, respondido e nas normas j\u00e1 na mesma hora aqui em nosso site na sua \u00e1rea de downloads e tamb\u00e9m no seu e-mail.<\/div>\n<\/div>\n<div class=\"elementor-toggle-item\">\n<div id=\"elementor-tab-content-1943\" class=\"elementor-tab-content elementor-clearfix elementor-active\" role=\"tabpanel\" data-tab=\"3\" aria-labelledby=\"elementor-tab-title-1943\">\n<h4>Em quanto tempo recebo o portf\u00f3lio?<\/h4>\n<\/div>\n<\/div>\n<div class=\"elementor-toggle-item\">\n<div id=\"elementor-tab-content-1944\" class=\"elementor-tab-content elementor-clearfix elementor-active\" role=\"tabpanel\" data-tab=\"4\" aria-labelledby=\"elementor-tab-title-1944\">\n<p>Os envios s\u00e3o imediatos. Ap\u00f3s sua compra, o trabalho j\u00e1 \u00e9 disponibilizado instantaneamente aqui em nosso site e no seu e-mail.<\/p>\n<h4>E se o portf\u00f3lio que comprei precisar de corre\u00e7\u00e3o?<\/h4>\n<\/div>\n<\/div>\n<div class=\"elementor-toggle-item\">\n<div id=\"elementor-tab-content-1945\" class=\"elementor-tab-content elementor-clearfix elementor-active\" role=\"tabpanel\" data-tab=\"5\" aria-labelledby=\"elementor-tab-title-1945\">\n<p>Caso haja alguma solicita\u00e7\u00e3o de corre\u00e7\u00e3o\/altera\u00e7\u00e3o por parte do tutor, basta entrar em contato conosco pelo\u00a0WhatsApp\u00a0que provid\u00eanciaremos sem custo algum.<\/p>\n<h4>Qual o formato do arquivo?<\/h4>\n<\/div>\n<\/div>\n<div class=\"elementor-toggle-item\">\n<div id=\"elementor-tab-content-1946\" class=\"elementor-tab-content elementor-clearfix elementor-active\" role=\"tabpanel\" data-tab=\"6\" aria-labelledby=\"elementor-tab-title-1946\">\n<p>Os arquivos s\u00e3o enviados em formato Word e s\u00e3o edit\u00e1veis.<\/p>\n<h4>Caso eu tiver alguma d\u00favida, terei suporte no p\u00f3s venda?<\/h4>\n<\/div>\n<\/div>\n<div class=\"elementor-toggle-item\">\n<div id=\"elementor-tab-content-1948\" class=\"elementor-tab-content elementor-clearfix elementor-active\" role=\"tabpanel\" data-tab=\"8\" aria-labelledby=\"elementor-tab-title-1948\">\n<p>Sim, com certeza. Basta clicar no \u00edcone do WhatsApp no cantinho da tela. Ser\u00e1 um prazer atend\u00ea-lo(a).<\/p>\n<div class=\"elementor-toggle-item\">\n<div id=\"elementor-tab-content-1948\" class=\"elementor-tab-content elementor-clearfix elementor-active\" role=\"tabpanel\" data-tab=\"8\" aria-labelledby=\"elementor-tab-title-1948\">\n<h4>Quais os seus canais de contato?<\/h4>\n<\/div>\n<\/div>\n<div class=\"elementor-toggle-item\">\n<div id=\"elementor-tab-content-1949\" class=\"elementor-tab-content elementor-clearfix elementor-active\" role=\"tabpanel\" data-tab=\"9\" aria-labelledby=\"elementor-tab-title-1949\">\n<p>Whatsapp: 53 984751621 \u2013 Clicar no canto da tela ou ESCANEIE O QRCODE ABAIXO<\/p>\n<p><img decoding=\"async\" class=\"alignnone wp-image-7603\" src=\"http:\/\/portifolioos-prontos.com\/wp-content\/uploads\/2022\/09\/portfolio-unopar-pronto-colaborar-ava-producao-textual-interdisciplinar.png\" alt=\"Programa Previne Brasil e o Indicador Diabetes,portfolio Programa Previne Brasil e o Indicador Diabetes,portfolio pronto Programa Previne Brasil e o Indicador Diabetes,unopar Programa Previne Brasil e o Indicador Diabetes,pti Programa Previne Brasil e o Indicador Diabetes,ptg Programa Previne Brasil e o Indicador Diabetes,portfolio pronto unopar Programa Previne Brasil e o Indicador Diabetes,anhanguera Programa Previne Brasil e o Indicador Diabetes,anhanguera portfolio Programa Previne Brasil e o Indicador Diabetes,Portfolio pronto,portifolio pronto,portf\u00f3lio pronto,portifolios prontos,portif\u00f3lios prontos,portf\u00f3lio pronto unopar,portifolio pronto unopar,portif\u00f3lio pronto unopar,portifolios prontos unopar,portifolios prontos anhanguera,portf\u00f3lios prontos anhanguera,portf\u00f3lio pronto anhanguera,portfolios ead,portf\u00f3lios ead,portfolioead,apostileiros,portf\u00f3lio ead,portifolios ead,portif\u00f3lios ead,eadhelp,shop do acad\u00eamico,unopar portfolio,portfolio pronto ead,portfolio unopar ead,ead portfolio ava,portf\u00f3lio ead anhanguera,portf\u00f3lio ead pront,o portf\u00f3lio ead unopar,portf\u00f3lio pronto em word,pti unopar,ptg unopar,modelo de portf\u00f3lio unopar,modelo de portf\u00f3lio anhanguera,como fazer um portf\u00f3lio para faculdade,como faz portf\u00f3lio universidade,como faz portf\u00f3lios para universidade,portf\u00f3lios prontos para universidade,portf\u00f3lios pronto para faculdade,portf\u00f3lio pronto para editar,portifolios prontos para editar,portf\u00f3lio em word,portfolio em word,portf\u00f3lio em word para editar,portifolio em word para editar,portfolio unopar pronto para editar,modelo de portfolio para unopar,modelo de portif\u00f3lio para unopar,modelo de portf\u00f3lio para unopar,unopar portf\u00f3lio pronto,anhanguera portf\u00f3lio pronto,portf\u00f3lio em word pronto,comprar portf\u00f3lio pronto,como fazer um portf\u00f3lio,como fazer portf\u00f3lio digital,portfolio,portf\u00f3lio,portifolio,portif\u00f3lio,portf\u00f3lio interdisciplinar individual,portfolio interdisciplinar individual,exemplos de portf\u00f3lio para faculdade,baixar portf\u00f3lio pronto,portf\u00f3lio acad\u00eamico,portf\u00f3lio online,portfoliooead,portfolio ead,portf\u00f3lio pronto interdisciplinar individual,relat\u00f3rio de est\u00e1gio unopar,relat\u00f3rio de est\u00e1gio pronto unopar,como criar um portf\u00f3lio,o que \u00e9 um portf\u00f3lio e como fazer,portfolio exemplo,modelo de portfolio acad\u00eamico,relat\u00f3rio de est\u00e1gio gest\u00e3o escolar pronto unopar,portf\u00f3lio como fazer,prova profici\u00eancia unopar,portfolio individual est\u00e1gio curricular obrigat\u00f3rio ii anos iniciais do ensino fundamental,prova de profici\u00eancia pedagogia unopar,capa de trabalho unopar para editar,portf\u00f3lio acad\u00eamico unopar,como fazer um portf\u00f3lio acad\u00eamico,portf\u00f3lio exemplos word,portfolio acad\u00eamico,portfolio individual,portfolio individual unopar,portfolio individual anhanguera,portfolio marketing digital,portf\u00f3lio educa\u00e7\u00e3o f\u00edsica unopar,portf\u00f3lio gest\u00e3o educacional e espa\u00e7os n\u00e3o escolares,como fazer um portifolio unopar,modelo de portf\u00f3lio unopar em arquivo word,capa de portf\u00f3lio de pedagogia,como fazer um portf\u00f3lio no word,projeto integrado unopar,exemplo de portf\u00f3lio academico pedagogia\" width=\"141\" height=\"141\" srcset=\"https:\/\/portifolioos-prontos.com\/wp-content\/uploads\/2022\/09\/portfolio-unopar-pronto-colaborar-ava-producao-textual-interdisciplinar.png 150w, https:\/\/portifolioos-prontos.com\/wp-content\/uploads\/2022\/09\/portfolio-unopar-pronto-colaborar-ava-producao-textual-interdisciplinar-100x100.png 100w\" sizes=\"(max-width: 141px) 100vw, 141px\" \/><\/p>\n<\/div>\n<\/div>\n<\/div>\n<\/div>\n<div class=\"elementor-toggle-item\">\n<div id=\"elementor-tab-content-1949\" class=\"elementor-tab-content elementor-clearfix elementor-active\" role=\"tabpanel\" data-tab=\"9\" aria-labelledby=\"elementor-tab-title-1949\">\n<p>E-mail:portifoliosp@gmail.com<\/p>\n<div id=\"attachment_143\" class=\"wp-caption alignnone\" style=\"width: 161px;\">\n<p><a href=\"http:\/\/portifolioos-prontos.com\/\"><img decoding=\"async\" class=\"wp-image-143 \" title=\"portfolio pronto unopar\" src=\"http:\/\/portifolioos-prontos.com\/wp-content\/uploads\/2022\/04\/conceitomaximo.png\" alt=\"portfolio pronto unopar\" width=\"161\" height=\"46\" aria-describedby=\"caption-attachment-143\" \/><\/a><\/p>\n<p id=\"caption-attachment-143\" class=\"wp-caption-text\">portfolio pronto unopar<\/p>\n<\/div>\n<\/div>\n<\/div>\n","protected":false},"excerpt":{"rendered":"<p>Portf\u00f3lio Programa Previne Brasil e o Indicador Diabetes Curso: Tecnologia em Gest\u00e3o de Sa\u00fade P\u00fablica Semestre: 3\u00b0 SITUA\u00c7\u00c3O GERADORA DE APRENDIZAGEM (SGA) Programa Previne Brasil e o Indicador Diabetes A gest\u00e3o p\u00fablica em sa\u00fade possui uma forte influ\u00eancia pol\u00edtica, devido a isso, desde a Reforma Sanit\u00e1ria Brasileira (RSB), luta-se pela dignidade humana por interm\u00e9dio de&hellip;<\/p>\n","protected":false},"featured_media":5412,"template":"","meta":{"_seopress_robots_primary_cat":"none","_seopress_titles_title":"%%post_title%% %%sitetitle%%","_seopress_titles_desc":"%%post_content%%","_seopress_robots_index":""},"product_cat":[66,15],"product_tag":[],"class_list":{"0":"post-5362","1":"product","2":"type-product","3":"status-publish","4":"has-post-thumbnail","6":"product_cat-gestao-de-saude-publica","7":"product_cat-uncategorized","9":"first","10":"instock","11":"featured","12":"downloadable","13":"virtual","14":"purchasable","15":"product-type-simple","16":"col-xs-6 col-sm-4","17":"col-mf-5","18":"un-5-cols"},"jetpack_sharing_enabled":true,"_links":{"self":[{"href":"https:\/\/portifolioos-prontos.com\/index.php\/wp-json\/wp\/v2\/product\/5362","targetHints":{"allow":["GET"]}}],"collection":[{"href":"https:\/\/portifolioos-prontos.com\/index.php\/wp-json\/wp\/v2\/product"}],"about":[{"href":"https:\/\/portifolioos-prontos.com\/index.php\/wp-json\/wp\/v2\/types\/product"}],"version-history":[{"count":0,"href":"https:\/\/portifolioos-prontos.com\/index.php\/wp-json\/wp\/v2\/product\/5362\/revisions"}],"wp:featuredmedia":[{"embeddable":true,"href":"https:\/\/portifolioos-prontos.com\/index.php\/wp-json\/wp\/v2\/media\/5412"}],"wp:attachment":[{"href":"https:\/\/portifolioos-prontos.com\/index.php\/wp-json\/wp\/v2\/media?parent=5362"}],"wp:term":[{"taxonomy":"product_cat","embeddable":true,"href":"https:\/\/portifolioos-prontos.com\/index.php\/wp-json\/wp\/v2\/product_cat?post=5362"},{"taxonomy":"product_tag","embeddable":true,"href":"https:\/\/portifolioos-prontos.com\/index.php\/wp-json\/wp\/v2\/product_tag?post=5362"}],"curies":[{"name":"wp","href":"https:\/\/api.w.org\/{rel}","templated":true}]}}