{"id":5545,"date":"2022-07-27T22:05:09","date_gmt":"2022-07-28T01:05:09","guid":{"rendered":"https:\/\/portifolioos-prontos.com\/?post_type=product&#038;p=5545"},"modified":"2022-09-14T15:53:38","modified_gmt":"2022-09-14T18:53:38","slug":"portfolio-o-pedido-foi-trocado-e-agora","status":"publish","type":"product","link":"https:\/\/portifolioos-prontos.com\/index.php\/product\/portfolio-o-pedido-foi-trocado-e-agora\/","title":{"rendered":"Portf\u00f3lio O PEDIDO FOI TROCADO, E AGORA?!"},"content":{"rendered":"<h4>Portf\u00f3lio O PEDIDO FOI TROCADO, E AGORA?!<\/h4>\n<h4>Curso: Tecnologia em Gest\u00e3o da Qualidade Semestre: 3\u00ba<\/h4>\n<p>Prezado(a) Tutor(a),<br \/>\nSeja bem-vindo a este semestre! A proposta da Produ\u00e7\u00e3o Textual Interdisciplinar Individual<br \/>\n(PTI) ter\u00e1 como <strong>tem\u00e1tica: O PEDIDO FOI TROCADO, E AGORA?!<\/strong><br \/>\nEsta tem\u00e1tica possibilita a aprendizagem interdisciplinar, considerando as diversas disciplinas<br \/>\ndo semestre, com o objetivo de desenvolver a\u00e7\u00f5es referente a \u00e1rea de atua\u00e7\u00e3o.<\/p>\n<p>SITUA\u00c7\u00c3O GERADORA DE APRENDIZAGEM (<a href=\"http:\/\/portifolioos-prontos.com\">SGA<\/a>)<br \/>\nO PEDIDO FOI TROCADO, E AGORA?!<br \/>\nV\u00e1rios fatores s\u00e3o analisados pelos consumidores ao definir sua prefer\u00eancia por uma rede ou<br \/>\nloja de varejo podendo ser, variedade, disponibilidade de produtos vendidos pela loja, n\u00edveis de<br \/>\npre\u00e7os, conveni\u00eancia de localiza\u00e7\u00e3o, rapidez no checkout, conveni\u00eancia nos hor\u00e1rios de atendimento,<br \/>\nsimpatia dos vendedores e conveni\u00eancia de estacionamento (PARENTE, 2014).<br \/>\nPRODU\u00c7\u00c3O TEXTUAL<br \/>\nINTERDISCIPLINAR<br \/>\nCST em Gest\u00e3o da Qualidade<br \/>\nSendo assim, um dos fatores aliados \u00e0s estrat\u00e9gias de posicionamento frente a concorr\u00eancia<br \/>\nest\u00e1 relacionada ao estoque para disponibiliza\u00e7\u00e3o dos produtos nas lojas, qualidade do produto,<br \/>\nentre outros fatores que contribuem para uma entrega r\u00e1pida e atendimento eficaz.<br \/>\nReconhecendo a import\u00e2ncia de tais condi\u00e7\u00f5es, a empresa Petit Sabor possuindo quatro<br \/>\ndep\u00f3sitos para atender pequenos e grandes varejistas por todo o Brasil, com produtos acabados no<br \/>\nsegmento de biscoitos doces e salgados j\u00e1 se atentou para algumas necessidades.<br \/>\nPara que seus clientes n\u00e3o fiquem desabastecidos \u00e9 fundamental que os produtos vendidos<br \/>\nsejam distribu\u00eddos rapidamente, visto que os clientes trabalham com estoques baixos e, na maioria<br \/>\ndos casos s\u00e3o microempreendedores, por isso, atrasos na entrega pode impactar na busca de novos<br \/>\nfornecedores pelos clientes. E isso, a Petit Sabor n\u00e3o deseja que aconte\u00e7a!<br \/>\nUm dos problemas levantados pelo pessoal da \u00e1rea de vendas da Petit Sabor \u00e9 a grande<br \/>\nquantidade de mercadoria que est\u00e1 sendo enviada de maneira incorreta para os clientes, como por<br \/>\nexemplo, o cliente pede biscoitos tipo maisena e recebe biscoitos tipo leite, al\u00e9m disso, houve ind\u00edcios<br \/>\nde riscos \u00e0 sa\u00fade humana detectado em uma das embalagens por uma cliente que registrou sua<br \/>\nreclama\u00e7\u00e3o junto ao servi\u00e7o de atendimento ao cliente de um dos revendedores.<br \/>\nDiante do problema, um novo gerente foi contratado para analisar e adequar a situa\u00e7\u00e3o. Na<br \/>\nsequ\u00eancia houve a primeira reuni\u00e3o entre ele e os representantes comerciais e foi poss\u00edvel analisar<br \/>\no n\u00famero de trocas de mercadorias nos quatro dep\u00f3sitos, conforme apresentado na sequ\u00eancia:<br \/>\nQuadro 1- Total de casos de troca de mercadorias nos quatro dep\u00f3sitos ao longo do per\u00edodo pesquisado<br \/>\nJaneiro Fevereiro Mar\u00e7o Abril<br \/>\nTotal de Casos 53 48 44 41<br \/>\nAo receber o levantamento, o gerente ficou mais aliviado, pois notou que o problema estava<br \/>\ndiminuindo de acordo com os dados, por\u00e9m surgiram algumas d\u00favidas: Ser\u00e1 que os funcion\u00e1rios<br \/>\nhaviam recebido algum treinamento para evitar poss\u00edveis falhas na cadeia produtiva?<br \/>\nN\u00e3o satisfeito, buscou informa\u00e7\u00f5es mais detalhadas referente ao m\u00eas de abril e obteve a<br \/>\nseguinte informa\u00e7\u00e3o:<br \/>\nPRODU\u00c7\u00c3O TEXTUAL<br \/>\nINTERDISCIPLINAR<br \/>\nCST em Gest\u00e3o da Qualidade<br \/>\nQuadro 2 \u2013 Diagrama de Pareto com dados do m\u00eas de abril em os dep\u00f3sitos<br \/>\nDep\u00f3sito N\u00famero de casos Casos acumulados Percentual<br \/>\nunit\u00e1rio<br \/>\nPercentual<br \/>\nacumulado<br \/>\nB 34 34 82,93 82,93<br \/>\nA 4 38 9,76 92,69<br \/>\nC 2 40 4,88 97,57<br \/>\nD 1 41 2,43 100,00<br \/>\nDiante das informa\u00e7\u00f5es, percebeu que o maior \u00edndice de troca estava no dep\u00f3sito B e algumas<br \/>\nmedidas teriam de ser tomadas.<br \/>\nIMAGINE A SEGUINTE SITUA\u00c7\u00c3O:<br \/>\nConsidere que voc\u00ea seja este gerente rec\u00e9m-chegado na organiza\u00e7\u00e3o e est\u00e1 \u00e0 frente dos<br \/>\nproblemas e solu\u00e7\u00f5es da Petit Sabor, por isso precisa apresentar resultados e alinhar seu pessoal nas<br \/>\nmelhores pr\u00e1ticas adotadas, considerando a qualidade, seguran\u00e7a e comprometimento atendendo<br \/>\nas especifica\u00e7\u00f5es necess\u00e1rias para entregar o melhor produto ao cliente final.<br \/>\nPensando neste contexto, trabalhe nas tarefas a seguir.<br \/>\nAGORA \u00c9 COM VOC\u00ca!<br \/>\nLevando em considera\u00e7\u00e3o a SGA, responda todos os questionamentos apresentados na<br \/>\nsequ\u00eancia. Eles foram elaborados com base nas disciplinas ministradas ao longo deste semestre. A<br \/>\nsua participa\u00e7\u00e3o nesta atividade \u00e9 fundamental para que haja o pleno desenvolvimento das<br \/>\ncompet\u00eancias e habilidades requeridas em sua atua\u00e7\u00e3o profissional tecn\u00f3logo(a) em Gest\u00e3o da<br \/>\nQualidade.<br \/>\n<a href=\"http:\/\/portifolioos-prontos.com\"><strong>Tarefa 1 \u2013 AUDITORIA DE SISTEMAS DE QUALIDADE<\/strong><\/a><br \/>\nComo gerente da empresa Petit Sabor voc\u00ea deseja que todos os produtos sejam de boa<br \/>\nqualidade para que o cliente se sinta satisfeito e cada vez mais consuma a sua mercadoria.<br \/>\nPRODU\u00c7\u00c3O TEXTUAL<br \/>\nINTERDISCIPLINAR<br \/>\nCST em Gest\u00e3o da Qualidade<br \/>\nPensando num futuro pr\u00f3ximo, onde a Petit Sabor possa atingir a certifica\u00e7\u00e3o ISO 9001, voc\u00ea<br \/>\nprev\u00ea uma auditoria interna para entender o problema das trocas de mercadorias e a partir dos<br \/>\ndetalhes observados, come\u00e7ar a propor solu\u00e7\u00f5es. Ent\u00e3o, sabendo que um dos Princ\u00edpios da<br \/>\nQualidade propostos na ISO 9001 \u00e9 o \u201cFoco no Cliente\u201d, responda:<br \/>\na) Como o auditor pode determinar a efic\u00e1cia dos processos de comunica\u00e7\u00e3o com o cliente?<br \/>\nb) Como uma organiza\u00e7\u00e3o pode negociar com um cliente que se encontra insatisfeito com o<br \/>\nproduto?<br \/>\n<strong>Tarefa 2 \u2013 ESTRAT\u00c9GIA DA QUALIDADE<\/strong><br \/>\nDiante da entrega do produto por mercadorias trocadas e, sabendo que o dep\u00f3sito B possui<br \/>\no maior \u00edndice de falhas na troca de mercadorias, \u00e9 poss\u00edvel que o problema seja proveniente do<br \/>\nsetor de produ\u00e7\u00e3o, podendo ser por exemplo, troca do produto durante a embalagem ou, no<br \/>\ndep\u00f3sito durante a separa\u00e7\u00e3o da mercadoria. Sendo assim, qual o conceito de brainstorming e como<br \/>\no m\u00e9todo pode servir para identificar os problemas existentes?<br \/>\n<strong>Tarefa 3 \u2013 FERRAMENTAS DA QUALIDADE<\/strong><br \/>\nAp\u00f3s a realiza\u00e7\u00e3o do brainstorming com os participantes da reuni\u00e3o, motivos apresentados<br \/>\npor eles e as situa\u00e7\u00f5es que poderiam ter ocorrido durante as etapas dos processos tanto na produ\u00e7\u00e3o<br \/>\nquanto na log\u00edstica, construa um diagrama de causa e efeito, considerando as poss\u00edveis causas das<br \/>\ntrocas de mercadorias no dep\u00f3sito B envolvendo: M\u00e1quina; M\u00e3o-de-obra; Ambiente; M\u00e9todo;<br \/>\nMedidas e Materiais.<br \/>\n<strong>Tarefa 4 \u2013 GEST\u00c3O DA QUALIDADE<\/strong><br \/>\nOs clientes est\u00e3o a cada dia mais exigentes e buscando seus direitos, fato comprovado em<br \/>\nnossa SGA pela reclama\u00e7\u00e3o de uma consumidora ao constatar ind\u00edcios de riscos \u00e0 sa\u00fade humana<br \/>\ndetectado em uma das embalagens. Assim, uma falha na fabrica\u00e7\u00e3o do produto durante os<br \/>\nprocessos, al\u00e9m de trazer s\u00e9rios riscos ao trabalhador, pode provocar v\u00e1rios danos financeiros \u00e0<br \/>\norganiza\u00e7\u00e3o.<br \/>\nAssim, a partir deste contexto, responda:<br \/>\na) Qual o conceito de gest\u00e3o da qualidade?<br \/>\nPRODU\u00c7\u00c3O TEXTUAL<br \/>\nINTERDISCIPLINAR<br \/>\nCST em Gest\u00e3o da Qualidade<br \/>\nb) De acordo com a Resolu\u00e7\u00e3o da ANVISA n\u00b0 216\/2004, qual a defini\u00e7\u00e3o de Boas Pr\u00e1ticas no<br \/>\nservi\u00e7o de alimenta\u00e7\u00e3o?<br \/>\nc) Qual a import\u00e2ncia do sistema APPCC para a gest\u00e3o de qualidade e seguran\u00e7a do alimento?<br \/>\nPara responder a estes questionamentos voc\u00ea poder\u00e1 utilizar o material indicado a seguir:<br \/>\nhttps:\/\/www.conhecer.org.br\/enciclop\/2022a\/seguranca.pdf Acesso em 19 jun. 2022.<br \/>\n<strong>Tarefa 5 \u2013 LEGISLA\u00c7\u00c3O, SEGURAN\u00c7A DO TRABALHO E MEIO-AMBIENTE<\/strong><br \/>\nDiariamente, as ferramentas, as m\u00e1quinas e as posturas assumidas, entre outras vari\u00e1veis<br \/>\npresentes no ambiente de trabalho, nos exp\u00f5em a poss\u00edveis danos. N\u00e3o podemos afirmar se eles se<br \/>\nconcretizar\u00e3o, mas poderemos estimar, com determinado grau de certeza, as chances com que cada<br \/>\num desses elementos do cotidiano do trabalho poder\u00e1 contribuir para esta concretiza\u00e7\u00e3o indesejada.<br \/>\nA cada uma dessas oportunidades de danos \u00e0 integridade ou \u00e0 sa\u00fade de uma pessoa em seu ambiente<br \/>\nde trabalho denominamos de riscos ambientais (BARBOSA FILHO, 2019).<br \/>\na) Sobre esse contexto, descreva o Programa de Gerenciamento de Riscos o como<br \/>\npodemos aplic\u00e1-lo no contexto da nossa SGA.<br \/>\n<strong>Tarefa 6 \u2013 QUALIDADE EM SERVI\u00c7OS<\/strong><br \/>\nA busca dos consumidores pela entrega de produtos adequados \u00e0s necessidades e seus<br \/>\ninteresses gera alta competitividade entre os concorrentes em diversos nichos e segmentos. Uma<br \/>\nfalha em qualquer um dos processos pode comprometer o sucesso dos neg\u00f3cios, por isso \u00e9 de<br \/>\nextrema import\u00e2ncia tra\u00e7ar planos estrat\u00e9gicos que venham reduzir a possibilidade de resultados<br \/>\nindesej\u00e1veis.<br \/>\nSendo assim, escolha duas poss\u00edveis causas existentes na Tarefa 3 &#8211; Diagrama de Causa e<br \/>\nEfeito e apresente propostas para reduzir trocas dos produtos e outras poss\u00edveis falhas.<br \/>\nPRODU\u00c7\u00c3O TEXTUAL<br \/>\nINTERDISCIPLINAR<br \/>\nCST em Gest\u00e3o da Qualidade<br \/>\nBibliografia Sugerida:<br \/>\nBARBOSA FILHO, A. N. Seguran\u00e7a do trabalho e gest\u00e3o ambiental. 5. ed. S\u00e3o Paulo: Atlas, 2019.<br \/>\nBARSANO, P. R. et al. Biosseguran\u00e7a: a\u00e7\u00f5es fundamentais para promo\u00e7\u00e3o da sa\u00fade. 2. ed. S\u00e3o<br \/>\nPaulo: E\u0301rica, 2020.<br \/>\nBRITTO, E. Qualidade total. S\u00e3o Paulo, SP: Cengage, 2016.<br \/>\nCAMISASSA, M. Q. Seguran\u00e7a e Sa\u00fade no Trabalho: NRs 1 a 37 comentadas e descomplicadas. 7. ed.<br \/>\nRio de Janeiro: Forense; 2021.<br \/>\nFEITOSA, J. G.; ANDRADE, P. L. Seguran\u00e7a dos alimentos e ferramentas da qualidade. Dispon\u00edvel em:<br \/>\nhttps:\/\/ https:\/\/www.conhecer.org.br\/enciclop\/2022a\/seguranca.pdf \/. Acesso em: 17 jun. 2022.<br \/>\nO\u2019HANLON, T. Auditoria da qualidade: com base na ISO 9001:2000: conformidade agregando valor.<br \/>\n2.ed. S\u00e3o Paulo: Saraiva, 2009.<br \/>\nPARENTE, J. Varejo no Brasil: Gest\u00e3o Estrat\u00e9gica. S\u00e3o Paulo: Atlas, 2014.<\/p>\n<div class=\"elementor-toggle-item\">\n<h4 id=\"elementor-tab-title-1941\" class=\"elementor-tab-title elementor-active\" tabindex=\"0\" role=\"tab\" data-tab=\"1\" aria-controls=\"elementor-tab-content-1941\" aria-expanded=\"true\" aria-selected=\"true\">Como funciona?<\/h4>\n<div id=\"elementor-tab-content-1941\" class=\"elementor-tab-content elementor-clearfix elementor-active\" role=\"tabpanel\" data-tab=\"1\" aria-labelledby=\"elementor-tab-title-1941\">\n<p>Elaboramos os portf\u00f3lios, j\u00e1 deixamos prontos, nas normas da ABNT e conforme os requisitos da universidade. F\u00e1cil assim! O MELHOR \u00c9 QUE VOC\u00ca COMPRA E J\u00c1 BAIXA NA HORA O SEU ARQUIVO EM WORD! Sabemos que conciliar trabalho, fam\u00edlia, vida profissional e estudos \u00e9 dif\u00edcil hoje em dia, por isso, estamos aqui para ajudar voc\u00ea. Conte com nossa qualidade, experi\u00eancia e profissionalismo adquirindo seu portf\u00f3lio conosco. GARANTIMOS SEU CONCEITO!<\/p>\n<h4>Como se realizam os envios?<\/h4>\n<\/div>\n<\/div>\n<div class=\"elementor-toggle-item\">\n<div id=\"elementor-tab-content-1942\" class=\"elementor-tab-content elementor-clearfix elementor-active\" role=\"tabpanel\" data-tab=\"2\" aria-labelledby=\"elementor-tab-title-1942\">O seu trabalho \u00e9 disponibilizado pronto, respondido e nas normas j\u00e1 na mesma hora aqui em nosso site na sua \u00e1rea de downloads e tamb\u00e9m no seu e-mail.<\/div>\n<\/div>\n<div class=\"elementor-toggle-item\">\n<div id=\"elementor-tab-content-1943\" class=\"elementor-tab-content elementor-clearfix elementor-active\" role=\"tabpanel\" data-tab=\"3\" aria-labelledby=\"elementor-tab-title-1943\">\n<h4>Em quanto tempo recebo o portf\u00f3lio?<\/h4>\n<\/div>\n<\/div>\n<div class=\"elementor-toggle-item\">\n<div id=\"elementor-tab-content-1944\" class=\"elementor-tab-content elementor-clearfix elementor-active\" role=\"tabpanel\" data-tab=\"4\" aria-labelledby=\"elementor-tab-title-1944\">\n<p>Os envios s\u00e3o imediatos. Ap\u00f3s sua compra, o trabalho j\u00e1 \u00e9 disponibilizado instantaneamente aqui em nosso site e no seu e-mail.<\/p>\n<h4>E se o portf\u00f3lio que comprei precisar de corre\u00e7\u00e3o?<\/h4>\n<\/div>\n<\/div>\n<div class=\"elementor-toggle-item\">\n<div id=\"elementor-tab-content-1945\" class=\"elementor-tab-content elementor-clearfix elementor-active\" role=\"tabpanel\" data-tab=\"5\" aria-labelledby=\"elementor-tab-title-1945\">\n<p>Caso haja alguma solicita\u00e7\u00e3o de corre\u00e7\u00e3o\/altera\u00e7\u00e3o por parte do tutor, basta entrar em contato conosco pelo\u00a0WhatsApp\u00a0que provid\u00eanciaremos sem custo algum.<\/p>\n<h4>Qual o formato do arquivo?<\/h4>\n<\/div>\n<\/div>\n<div class=\"elementor-toggle-item\">\n<div id=\"elementor-tab-content-1946\" class=\"elementor-tab-content elementor-clearfix elementor-active\" role=\"tabpanel\" data-tab=\"6\" aria-labelledby=\"elementor-tab-title-1946\">\n<p>Os arquivos s\u00e3o enviados em formato Word e s\u00e3o edit\u00e1veis.<\/p>\n<h4>Caso eu tiver alguma d\u00favida, terei suporte no p\u00f3s venda?<\/h4>\n<\/div>\n<\/div>\n<div class=\"elementor-toggle-item\">\n<div id=\"elementor-tab-content-1948\" class=\"elementor-tab-content elementor-clearfix elementor-active\" role=\"tabpanel\" data-tab=\"8\" aria-labelledby=\"elementor-tab-title-1948\">\n<p>Sim, com certeza. Basta clicar no \u00edcone do WhatsApp no cantinho da tela. Ser\u00e1 um prazer atend\u00ea-lo(a).<\/p>\n<div class=\"elementor-toggle-item\">\n<div id=\"elementor-tab-content-1948\" class=\"elementor-tab-content elementor-clearfix elementor-active\" role=\"tabpanel\" data-tab=\"8\" aria-labelledby=\"elementor-tab-title-1948\">\n<h4>Quais os seus canais de contato?<\/h4>\n<\/div>\n<\/div>\n<div class=\"elementor-toggle-item\">\n<div id=\"elementor-tab-content-1949\" class=\"elementor-tab-content elementor-clearfix elementor-active\" role=\"tabpanel\" data-tab=\"9\" aria-labelledby=\"elementor-tab-title-1949\">\n<p>Whatsapp: 53 984751621 \u2013 Clicar no canto da tela ou ESCANEIE O QRCODE ABAIXO<\/p>\n<p><img decoding=\"async\" class=\"alignnone wp-image-7603\" src=\"http:\/\/portifolioos-prontos.com\/wp-content\/uploads\/2022\/09\/portfolio-unopar-pronto-colaborar-ava-producao-textual-interdisciplinar.png\" alt=\"O PEDIDO FOI TROCADO,E AGORA?!,O PEDIDO FOI TROCADO E AGORA?!,portfolio O PEDIDO FOI TROCADO E AGORA?!,portf\u00f3lio O PEDIDO FOI TROCADO E AGORA?!,portfolio ead,portfolios ead,portf\u00f3lios ead,portf\u00f3lio ead,portfolioead,portf\u00f3lioead,portfolio pronto,portfolio pronto ead,portfolio pronto O PEDIDO FOI TROCADO E AGORA?!,pti O PEDIDO FOI TROCADO E AGORA?!,ptg O PEDIDO FOI TROCADO E AGORA?!,portfolio gest\u00e3o da qualidade,gest\u00e3o da qualidade unopar,portfolio gest\u00e3o da qualidade O PEDIDO FOI TROCADO E AGORA?!,portfolio pronto gest\u00e3o da qualidade,portf\u00f3lio gest\u00e3o da qualidade,portf\u00f3lio pronto O PEDIDO FOI TROCADO E AGORA?!,pti pronto O PEDIDO FOI TROCADO E AGORA?!,portfolio unopar O PEDIDO FOI TROCADO E AGORA?!,portfolio anhanguera O PEDIDO FOI TROCADO E AGORA?!,portfolio ead unopar,portfolio ead pronto,produ\u00e7\u00e3o textual unopar,produ\u00e7\u00e3o textual indivigual O PEDIDO FOI TROCADO E AGORA?!,portf\u00f3lioo ead O PEDIDO FOI TROCADO,portfolioo ead O PEDIDO FOI TROCADO,portifolio pronto,portf\u00f3lio pronto,portifolios prontos,portif\u00f3lios prontos,portf\u00f3lio pronto unopar,portifolio pronto unopar,portif\u00f3lio pronto unopar,portifolios prontos unopar,portifolios prontos anhanguera,portf\u00f3lios prontos anhanguera,portf\u00f3lio pronto anhanguera,apostileiros,portifolios ead,portif\u00f3lios ead,eadhelp,shop do acad\u00eamico,unopar portfolio,portfolio unopar ead,ead portfolio ava,portf\u00f3lio ead anhanguera,portf\u00f3lio ead pront,o portf\u00f3lio ead unopar,portf\u00f3lio pronto em word,pti unopar,ptg unopar,modelo de portf\u00f3lio unopar,modelo de portf\u00f3lio anhanguera,como fazer um portf\u00f3lio para faculdade,como faz portf\u00f3lio universidade,como faz portf\u00f3lios para universidade,portf\u00f3lios prontos para universidade,portf\u00f3lios pronto para faculdade,portf\u00f3lio pronto para editar,portifolios prontos para editar,portf\u00f3lio em word,portfolio em word,portf\u00f3lio em word para editar,portifolio em word para editar,portfolio unopar pronto para editar,modelo de portfolio para unopar,modelo de portif\u00f3lio para unopar,modelo de portf\u00f3lio para unopar,unopar portf\u00f3lio pronto,anhanguera portf\u00f3lio pronto,portf\u00f3lio em word pronto,comprar portf\u00f3lio pronto,como fazer um portf\u00f3lio,como fazer portf\u00f3lio digital,portfolio,portf\u00f3lio,portifolio,portif\u00f3lio,portf\u00f3lio interdisciplinar individual,portfolio interdisciplinar individual,exemplos de portf\u00f3lio para faculdade,baixar portf\u00f3lio pronto,portf\u00f3lio acad\u00eamico,portf\u00f3lio online,portfoliooead,portf\u00f3lio pronto interdisciplinar individual,relat\u00f3rio de est\u00e1gio unopar,relat\u00f3rio de est\u00e1gio pronto unopar,como criar um portf\u00f3lio,o que \u00e9 um portf\u00f3lio e como fazer,portfolio exemplo,modelo de portfolio acad\u00eamico,relat\u00f3rio de est\u00e1gio gest\u00e3o escolar pronto unopar,portf\u00f3lio como fazer,prova profici\u00eancia unopar,portfolio individual est\u00e1gio curricular obrigat\u00f3rio ii anos iniciais do ensino fundamental,prova de profici\u00eancia pedagogia unopar,capa de trabalho unopar para editar,portf\u00f3lio acad\u00eamico unopar,como fazer um portf\u00f3lio acad\u00eamico,portf\u00f3lio exemplos word,portfolio acad\u00eamico,portfolio individual,portfolio individual unopar,portfolio individual anhanguera,portfolio marketing digital,portf\u00f3lio educa\u00e7\u00e3o f\u00edsica unopar,portf\u00f3lio gest\u00e3o educacional e espa\u00e7os n\u00e3o escolares,como fazer um portifolio unopar,modelo de portf\u00f3lio unopar em arquivo word,capa de portf\u00f3lio de pedagogia,como fazer um portf\u00f3lio no word,projeto integrado unopar,exemplo de portf\u00f3lio academico pedagogia\" width=\"141\" height=\"141\" srcset=\"https:\/\/portifolioos-prontos.com\/wp-content\/uploads\/2022\/09\/portfolio-unopar-pronto-colaborar-ava-producao-textual-interdisciplinar.png 150w, https:\/\/portifolioos-prontos.com\/wp-content\/uploads\/2022\/09\/portfolio-unopar-pronto-colaborar-ava-producao-textual-interdisciplinar-100x100.png 100w\" sizes=\"(max-width: 141px) 100vw, 141px\" \/><\/p>\n<\/div>\n<\/div>\n<\/div>\n<\/div>\n<div class=\"elementor-toggle-item\">\n<div id=\"elementor-tab-content-1949\" class=\"elementor-tab-content elementor-clearfix elementor-active\" role=\"tabpanel\" data-tab=\"9\" aria-labelledby=\"elementor-tab-title-1949\">\n<p>E-mail:portifoliosp@gmail.com<\/p>\n<div id=\"attachment_143\" class=\"wp-caption alignnone\">\n<div id=\"attachment_143\" class=\"wp-caption alignnone\" style=\"width: 157px;\">\n<p><a href=\"http:\/\/portifolioos-prontos.com\/\"><img decoding=\"async\" class=\"wp-image-143\" title=\"portfolio pronto unopar\" src=\"http:\/\/portifolioos-prontos.com\/wp-content\/uploads\/2022\/04\/conceitomaximo.png\" alt=\"PORTFOLIO PRONTO UNOPAR ANHANGUERA\" width=\"157\" height=\"45\" aria-describedby=\"caption-attachment-143\" \/><\/a><\/p>\n<p id=\"caption-attachment-143\" class=\"wp-caption-text\">Portf\u00f3lio em Word, respondido, completo e j\u00e1 nas normas.<\/p>\n<\/div>\n<\/div>\n<\/div>\n<\/div>\n","protected":false},"excerpt":{"rendered":"<p>Portf\u00f3lio O PEDIDO FOI TROCADO, E AGORA?! Curso: Tecnologia em Gest\u00e3o da Qualidade Semestre: 3\u00ba Prezado(a) Tutor(a), Seja bem-vindo a este semestre! A proposta da Produ\u00e7\u00e3o Textual Interdisciplinar Individual (PTI) ter\u00e1 como tem\u00e1tica: O PEDIDO FOI TROCADO, E AGORA?! Esta tem\u00e1tica possibilita a aprendizagem interdisciplinar, considerando as diversas disciplinas do semestre, com o objetivo de&hellip;<\/p>\n","protected":false},"featured_media":5759,"template":"","meta":{"_seopress_robots_primary_cat":"none","_seopress_titles_title":"%%post_title%% %%sitetitle%%","_seopress_titles_desc":"%%post_content%%","_seopress_robots_index":""},"product_cat":[73,15],"product_tag":[],"class_list":{"0":"post-5545","1":"product","2":"type-product","3":"status-publish","4":"has-post-thumbnail","6":"product_cat-gestao-da-qualidade","7":"product_cat-uncategorized","9":"first","10":"instock","11":"downloadable","12":"virtual","13":"purchasable","14":"product-type-simple","15":"col-xs-6 col-sm-4","16":"col-mf-5","17":"un-5-cols"},"jetpack_sharing_enabled":true,"_links":{"self":[{"href":"https:\/\/portifolioos-prontos.com\/index.php\/wp-json\/wp\/v2\/product\/5545","targetHints":{"allow":["GET"]}}],"collection":[{"href":"https:\/\/portifolioos-prontos.com\/index.php\/wp-json\/wp\/v2\/product"}],"about":[{"href":"https:\/\/portifolioos-prontos.com\/index.php\/wp-json\/wp\/v2\/types\/product"}],"version-history":[{"count":0,"href":"https:\/\/portifolioos-prontos.com\/index.php\/wp-json\/wp\/v2\/product\/5545\/revisions"}],"wp:featuredmedia":[{"embeddable":true,"href":"https:\/\/portifolioos-prontos.com\/index.php\/wp-json\/wp\/v2\/media\/5759"}],"wp:attachment":[{"href":"https:\/\/portifolioos-prontos.com\/index.php\/wp-json\/wp\/v2\/media?parent=5545"}],"wp:term":[{"taxonomy":"product_cat","embeddable":true,"href":"https:\/\/portifolioos-prontos.com\/index.php\/wp-json\/wp\/v2\/product_cat?post=5545"},{"taxonomy":"product_tag","embeddable":true,"href":"https:\/\/portifolioos-prontos.com\/index.php\/wp-json\/wp\/v2\/product_tag?post=5545"}],"curies":[{"name":"wp","href":"https:\/\/api.w.org\/{rel}","templated":true}]}}