{"id":5582,"date":"2022-07-28T09:39:34","date_gmt":"2022-07-28T12:39:34","guid":{"rendered":"https:\/\/portifolioos-prontos.com\/?post_type=product&#038;p=5582"},"modified":"2022-09-18T21:53:38","modified_gmt":"2022-09-19T00:53:38","slug":"portfolio-instituto-nacional-de-pesquisas-espaciais-inpe-e-o-monitoramento-do-territorio-nacional","status":"publish","type":"product","link":"https:\/\/portifolioos-prontos.com\/index.php\/product\/portfolio-instituto-nacional-de-pesquisas-espaciais-inpe-e-o-monitoramento-do-territorio-nacional\/","title":{"rendered":"Portf\u00f3lio A import\u00e2ncia do INPE para o monitoramento do territ\u00f3rio brasileiro"},"content":{"rendered":"<h4>Portf\u00f3lio <strong>A import\u00e2ncia do INPE para o monitoramento do territ\u00f3rio brasileiro<\/strong><\/h4>\n<h4>Instituto Nacional de Pesquisas Espaciais (INPE) e o monitoramento do territ\u00f3rio nacional<\/h4>\n<h4>Curso: Geografia<\/h4>\n<h4>Semestre: 8\u00b0<\/h4>\n<hr \/>\n<p>A proposta de Produ\u00e7\u00e3o Textual Interdisciplinar individual (PTI) ter\u00e1 como tem\u00e1tica central<br \/>\n<strong>Instituto Nacional de Pesquisas Espaciais (INPE) e o monitoramento do territ\u00f3rio nacional<\/strong>. A<br \/>\nescolha do tema visa proporcionar a aprendizagem interdisciplinar dos conte\u00fados desenvolvidos nas<br \/>\ndisciplinas desse semestre.<br \/>\nPara atingir os objetivos desta produ\u00e7\u00e3o textual, voc\u00ea dever\u00e1 seguir as instru\u00e7\u00f5es voltadas \u00e0<br \/>\nelabora\u00e7\u00e3o do trabalho disponibilizadas ao longo do semestre, sob a orienta\u00e7\u00e3o do Tutor a Dist\u00e2ncia,<br \/>\nconsiderando as disciplinas norteadoras. A participa\u00e7\u00e3o na consecu\u00e7\u00e3o da proposta \u00e9 fundamental<br \/>\npara que haja o pleno desenvolvimento de compet\u00eancias e habilidades requeridas em sua atua\u00e7\u00e3o<br \/>\nprofissional. Nessa produ\u00e7\u00e3o textual dever\u00e1 ent\u00e3o ser considerado o caso hipot\u00e9tico apresentado na<br \/>\nsequ\u00eancia.<\/p>\n<p>ORIENTA\u00c7\u00d5ES DA PRODU\u00c7\u00c3O TEXTUA<a href=\"http:\/\/portfoliopronto.com\/\">L<\/a><\/p>\n<p>Por meio da leitura da SGA e, tamb\u00e9m, da situa\u00e7\u00e3o-problema, voc\u00ea dever\u00e1 elaborar texto<br \/>\ncom a seguinte tem\u00e1tica:<br \/>\n<strong>A import\u00e2ncia do INPE para o monitoramento do territ\u00f3rio brasileiro.<\/strong><br \/>\nPara isso, acompanhe a SGA a seguir:<\/p>\n<p><strong>SITUA\u00c7\u00c3O GERADORA DE APRENDIZAGEM (SGA<a href=\"http:\/\/portfoliooead.com.br\/\">)<\/a><\/strong><br \/>\n<strong>O Instituto Nacional de Pesquisas Espaciais (INPE)<\/strong> \u00e9 uma Unidade de Pesquisa do<br \/>\nMinist\u00e9rio da Ci\u00eancia, Tecnologia e Inova\u00e7\u00f5es (MCTI) que estuda o Sol, o cosmos, o meio<br \/>\ninterplanet\u00e1rio e o espa\u00e7o pr\u00f3ximo da Terra, os impactos das a\u00e7\u00f5es humanas no planeta, realiza o<br \/>\nmonitoramento dos biomas brasileiros, entre outras atividades essenciais para subsidiar pol\u00edticas<br \/>\np\u00fablicas e atender a demandas da sociedade brasileira. Em 2022, o INPE completa 61 anos dedicados<br \/>\na pesquisas cient\u00edficas, desenvolvimento tecnol\u00f3gico, atividades operacionais e de capacita\u00e7\u00e3o de<br \/>\npessoas nos campos da ci\u00eancia espacial e da atmosfera, previs\u00e3o de tempo e estudos clim\u00e1ticos,<br \/>\nengenharia e tecnologia espacial, observa\u00e7\u00e3o da terra e \u00e1reas afins.<\/p>\n<p>O INPE atua no desenvolvimento e opera\u00e7\u00e3o de dados de sat\u00e9lites, que s\u00e3o<br \/>\nfundamentais para um pa\u00eds de dimens\u00f5es continentais como o Brasil. Entre outras aplica\u00e7\u00f5es, dados<br \/>\nespaciais servem para monitorar queimadas e desmatamentos, bem como a expans\u00e3o da agricultura<br \/>\ne pecu\u00e1ria. Os resultados das pesquisas e atividades do INPE tamb\u00e9m s\u00e3o utilizados no<br \/>\ngerenciamento da sa\u00fade, seguran\u00e7a p\u00fablica, produ\u00e7\u00e3o de alimentos, monitoramento de desastres<br \/>\nnaturais e da biodiversidade. O Instituto atua em programas de mitiga\u00e7\u00e3o para cen\u00e1rios de mudan\u00e7as<br \/>\nglobais, estudos sobre o balan\u00e7o de carbono terrestre e oce\u00e2nico, polui\u00e7\u00e3o e eletricidade<br \/>\natmosf\u00e9ricas.<\/p>\n<p>A cria\u00e7\u00e3o do INPE, no dia 3 de agosto de 1961, marca o in\u00edcio das atividades espaciais no<br \/>\nBrasil. Al\u00e9m do desenvolvimento de sat\u00e9lites, o INPE \u00e9 pioneiro e l\u00edder em pesquisas e aplica\u00e7\u00f5es<br \/>\nespaciais, especialmente para observa\u00e7\u00e3o da Terra, monitoramento do meio ambiente e previs\u00f5es<\/p>\n<p>meteorol\u00f3gicas e clim\u00e1ticas. Tamb\u00e9m possui papel de destaque em estudos sobre geof\u00edsica espacial,<br \/>\nastrof\u00edsica e ci\u00eancias espaciais. Por meio do INPE, o Brasil \u00e9 o \u00fanico pa\u00eds do hemisf\u00e9rio sul capaz de<br \/>\nmonitorar fen\u00f4menos solares, que podem afetar sistemas de comunica\u00e7\u00e3o e o controle do tr\u00e1fego<br \/>\na\u00e9reo no planeta.<br \/>\nVamos conhecer melhor a miss\u00e3o, vis\u00e3o e valores do INPE:<br \/>\nMiss\u00e3o = Desenvolver, operar e utilizar sistemas espaciais para o avan\u00e7o da ci\u00eancia, da<br \/>\ntecnologia e das aplica\u00e7\u00f5es nas \u00e1reas do espa\u00e7o exterior e do ambiente terrestre, e oferecer produtos<br \/>\ne servi\u00e7os inovadores em benef\u00edcio do Brasil.<br \/>\nVis\u00e3o = Liderar a sociedade brasileira em sua moderniza\u00e7\u00e3o, por meio do uso de sistemas<br \/>\nespaciais e suas aplica\u00e7\u00f5es, e promover o avan\u00e7o do conhecimento cient\u00edfico e tecnol\u00f3gico.<br \/>\nValores<\/p>\n<p>\uf0a7 Seguran\u00e7a e qualidade<br \/>\n\uf0a7 Integridade<br \/>\n\uf0a7 Trabalho em equipe<br \/>\n\uf0a7 Excel\u00eancia<\/p>\n<p>Fonte: https:\/\/dados.gov.br\/organization\/about\/instituto-nacional-de-pesquisas-espaciais-inpe<br \/>\nhttps:\/\/www.gov.br\/inpe\/pt-br\/acesso-a-informacao\/institucional\/missao-visao-e-valores Acesso em 28 Jun 2022.<\/p>\n<p>Situa\u00e7\u00e3o-problema:<\/p>\n<p>Voc\u00ea \u00e9 uma pessoa que se dedica ao estudo do territ\u00f3rio nacional h\u00e1 bastante tempo,<br \/>\nrealizando a coleta, tratamento e disponibiliza\u00e7\u00e3o de dados espaciais, contribuindo com o<br \/>\ndesenvolvimento cient\u00edfico brasileiro. O Sensoriamento Remoto e os Sistemas de Informa\u00e7\u00f5es<br \/>\nGeogr\u00e1ficas sempre fizeram parte do seu cotidiano de trabalho, o que lhe levou a uma aproxima\u00e7\u00e3o<br \/>\ncom os pesquisadores do Instituto Nacional de Pesquisas Espaciais.<br \/>\nComo reconhecimento sobre seu trabalho, voc\u00ea recebeu o convite para participar de uma<br \/>\nimportante confer\u00eancia cient\u00edfica internacional onde voc\u00ea dever\u00e1 demonstrar a excel\u00eancia do INPE<br \/>\nna gera\u00e7\u00e3o de dados sobre o nosso territ\u00f3rio, sobretudo no que se refere o monitoramento das<br \/>\ncondi\u00e7\u00f5es ambientais da Amaz\u00f4nia.<\/p>\n<p>Em reuni\u00e3o com a Diretora do <a href=\"http:\/\/portifolioos-prontos.com\">INPE<\/a>, voc\u00ea passou a estruturar seu discurso a ser proferido na<br \/>\nconfer\u00eancia, que ser\u00e1 uma fala de quinze minutos. Como o p\u00fablico, em grande parte, desconhece as<br \/>\nparticularidades do territ\u00f3rio brasileiro, voc\u00ea chegou \u00e0 conclus\u00e3o de que \u00e9 necess\u00e1rio realizar uma<br \/>\nbreve contextualiza\u00e7\u00e3o sobre a forma\u00e7\u00e3o do territ\u00f3rio, que possui extens\u00e3o continental, para depois<br \/>\napresentar a diversidade de biomas do pa\u00eds, focando nas caracter\u00edsticas e import\u00e2ncia da Amaz\u00f4nia<br \/>\npara o clima global e, por fim, demonstrar a compet\u00eancia do INPE para o monitoramento da maior<br \/>\nfloresta tropical do mundo e como o SPRING e o programa CBERS s\u00e3o importantes para o<br \/>\ndesenvolvimento cient\u00edfico do pa\u00eds.<br \/>\nA partir da reuni\u00e3o, voc\u00ea teve a incumb\u00eancia de redigir o texto que ser\u00e1 apresentado na<br \/>\nconfer\u00eancia.<\/p>\n<p>ORIENTA\u00c7\u00d5ES PARA A EXECU\u00c7\u00c3O DO TRABALHO<\/p>\n<p>Passo 1: Confec\u00e7\u00e3o de texto anal\u00edtico<br \/>\nAp\u00f3s a leitura voc\u00ea dever\u00e1 realizar a produ\u00e7\u00e3o do texto, como se estivesse elaborando um<br \/>\ndiscurso a ser apresentado para a comunidade cient\u00edfica internacional, com a seguinte estrutura:<br \/>\nO territ\u00f3rio nacional<br \/>\nEscrever um breve hist\u00f3rico da forma\u00e7\u00e3o territorial brasileira, justificando, a partir dos<br \/>\nprocessos hist\u00f3ricos, a cria\u00e7\u00e3o de um territ\u00f3rio de dimens\u00f5es continentais na Am\u00e9rica do Sul;<br \/>\nRiqueza natural brasileira<br \/>\nDescrever os biomas brasileiros: quais s\u00e3o, aspectos principais e localiza\u00e7\u00e3o (n\u00e3o h\u00e1<br \/>\nnecessidade de pormenores);<br \/>\nDetalhar o bioma amaz\u00f4nico: processos que possibilitaram a riqueza de esp\u00e9cies, extens\u00e3o,<br \/>\npa\u00edses que possuem bioma amaz\u00f4nico, import\u00e2ncia par ao clima na Terra e preserva\u00e7\u00e3o da Amaz\u00f4nia<br \/>\npelos pa\u00edses sul-americanos.<br \/>\nINPE e o monitoramento da Amaz\u00f4nia<br \/>\nApresentar quais s\u00e3o os programas que o INPE desenvolve para o monitoramento da<br \/>\nAmaz\u00f4nia, suas principais caracter\u00edsticas, a import\u00e2ncia da ci\u00eancia brasileira no desenvolvimento<br \/>\ndessas tecnologias, a import\u00e2ncia estrat\u00e9gica para manuten\u00e7\u00e3o do territ\u00f3rio do uso da tecnologia<br \/>\nnacional para estudo do pr\u00f3prio territ\u00f3rio e a n\u00e3o necessidade de uso de tecnologia estrangeira para<br \/>\no monitoramento ambiental da Amaz\u00f4nia.<\/p>\n<p>INPE: produtos para ci\u00eancia brasileira<br \/>\nPrograma CBERS: evolu\u00e7\u00e3o e import\u00e2ncia da disponibiliza\u00e7\u00e3o de imagens gratuitas de sat\u00e9lite;<br \/>\nSPRING: desenvolvimento de software de SIG gratuito para uso de estudos espaciais no pa\u00eds.<\/p>\n<p>Posterior \u00e0 confec\u00e7\u00e3o do texto a ser utilizado como discurso na Confer\u00eancia Internacional,<br \/>\ndedique as considera\u00e7\u00f5es finais a expor sua opini\u00e3o sobre o INPE e a ci\u00eancia aeroespacial brasileira<br \/>\ne, ao final, responda \u00e0 pergunta: Voc\u00ea sabia que o INPE tinha tamanha import\u00e2ncia e excel\u00eancia<br \/>\npara o monitoramento do territ\u00f3rio nacional?<\/p>\n<div class=\"elementor-toggle-item\">\n<h4 id=\"elementor-tab-title-1941\" class=\"elementor-tab-title elementor-active\" tabindex=\"0\" role=\"tab\" data-tab=\"1\" aria-controls=\"elementor-tab-content-1941\" aria-expanded=\"true\" aria-selected=\"true\">Como funciona?<\/h4>\n<div id=\"elementor-tab-content-1941\" class=\"elementor-tab-content elementor-clearfix elementor-active\" role=\"tabpanel\" data-tab=\"1\" aria-labelledby=\"elementor-tab-title-1941\">\n<p>Elaboramos os portf\u00f3lios, j\u00e1 deixamos prontos, nas normas da ABNT e conforme os requisitos da universidade. F\u00e1cil assim! O MELHOR \u00c9 QUE VOC\u00ca COMPRA E J\u00c1 BAIXA NA HORA O SEU ARQUIVO EM WORD! Sabemos que conciliar trabalho, fam\u00edlia, vida profissional e estudos \u00e9 dif\u00edcil hoje em dia, por isso, estamos aqui para ajudar voc\u00ea. Conte com nossa qualidade, experi\u00eancia e profissionalismo adquirindo seu portf\u00f3lio conosco. GARANTIMOS SEU CONCEITO!<\/p>\n<h4>Como se realizam os envios?<\/h4>\n<\/div>\n<\/div>\n<div class=\"elementor-toggle-item\">\n<div id=\"elementor-tab-content-1942\" class=\"elementor-tab-content elementor-clearfix elementor-active\" role=\"tabpanel\" data-tab=\"2\" aria-labelledby=\"elementor-tab-title-1942\">O seu trabalho \u00e9 disponibilizado pronto, respondido e nas normas j\u00e1 na mesma hora aqui em nosso site na sua \u00e1rea de downloads e tamb\u00e9m no seu e-mail.<\/div>\n<\/div>\n<div class=\"elementor-toggle-item\">\n<div id=\"elementor-tab-content-1943\" class=\"elementor-tab-content elementor-clearfix elementor-active\" role=\"tabpanel\" data-tab=\"3\" aria-labelledby=\"elementor-tab-title-1943\">\n<h4>Em quanto tempo recebo o portf\u00f3lio?<\/h4>\n<\/div>\n<\/div>\n<div class=\"elementor-toggle-item\">\n<div id=\"elementor-tab-content-1944\" class=\"elementor-tab-content elementor-clearfix elementor-active\" role=\"tabpanel\" data-tab=\"4\" aria-labelledby=\"elementor-tab-title-1944\">\n<p>Os envios s\u00e3o imediatos. Ap\u00f3s sua compra, o trabalho j\u00e1 \u00e9 disponibilizado instantaneamente aqui em nosso site e no seu e-mail.<\/p>\n<h4>E se o portf\u00f3lio que comprei precisar de corre\u00e7\u00e3o?<\/h4>\n<\/div>\n<\/div>\n<div class=\"elementor-toggle-item\">\n<div id=\"elementor-tab-content-1945\" class=\"elementor-tab-content elementor-clearfix elementor-active\" role=\"tabpanel\" data-tab=\"5\" aria-labelledby=\"elementor-tab-title-1945\">\n<p>Caso haja alguma solicita\u00e7\u00e3o de corre\u00e7\u00e3o\/altera\u00e7\u00e3o por parte do tutor, basta entrar em contato conosco pelo\u00a0WhatsApp\u00a0que provid\u00eanciaremos sem custo algum.<\/p>\n<h4>Qual o formato do arquivo?<\/h4>\n<\/div>\n<\/div>\n<div class=\"elementor-toggle-item\">\n<div id=\"elementor-tab-content-1946\" class=\"elementor-tab-content elementor-clearfix elementor-active\" role=\"tabpanel\" data-tab=\"6\" aria-labelledby=\"elementor-tab-title-1946\">\n<p>Os arquivos s\u00e3o enviados em formato Word e s\u00e3o edit\u00e1veis.<\/p>\n<h4>Caso eu tiver alguma d\u00favida, terei suporte no p\u00f3s venda?<\/h4>\n<\/div>\n<\/div>\n<div class=\"elementor-toggle-item\">\n<div id=\"elementor-tab-content-1948\" class=\"elementor-tab-content elementor-clearfix elementor-active\" role=\"tabpanel\" data-tab=\"8\" aria-labelledby=\"elementor-tab-title-1948\">\n<p>Sim, com certeza. Basta clicar no \u00edcone do WhatsApp no cantinho da tela. Ser\u00e1 um prazer atend\u00ea-lo(a).<\/p>\n<div class=\"elementor-toggle-item\">\n<div id=\"elementor-tab-content-1948\" class=\"elementor-tab-content elementor-clearfix elementor-active\" role=\"tabpanel\" data-tab=\"8\" aria-labelledby=\"elementor-tab-title-1948\">\n<h4>Quais os seus canais de contato?<\/h4>\n<\/div>\n<\/div>\n<div class=\"elementor-toggle-item\">\n<div id=\"elementor-tab-content-1949\" class=\"elementor-tab-content elementor-clearfix elementor-active\" role=\"tabpanel\" data-tab=\"9\" aria-labelledby=\"elementor-tab-title-1949\">\n<p>Whatsapp: 53 984751621 \u2013 Clicar no canto da tela ou ESCANEIE O QRCODE ABAIXO<\/p>\n<p><img decoding=\"async\" class=\"alignnone wp-image-7603\" src=\"http:\/\/portifolioos-prontos.com\/wp-content\/uploads\/2022\/09\/portfolio-unopar-pronto-colaborar-ava-producao-textual-interdisciplinar.png\" alt=\"portf\u00f3lio Portf\u00f3lio A import\u00e2ncia do INPE para o monitoramento do territ\u00f3rio brasileiro,Portf\u00f3lio A import\u00e2ncia do INPE para o monitoramento do territ\u00f3rio brasileiro,A import\u00e2ncia do INPE para o monitoramento do territ\u00f3rio brasileiro,portf\u00f3lio geografia,portfolio geografia,portfolio interdisciplinar individual geografia,portfolio geografia e historia,portf\u00f3lio unopar geografia,portfolio unopar geografia,portf\u00f3lio anhanguera geografia\" width=\"141\" height=\"141\" srcset=\"https:\/\/portifolioos-prontos.com\/wp-content\/uploads\/2022\/09\/portfolio-unopar-pronto-colaborar-ava-producao-textual-interdisciplinar.png 150w, https:\/\/portifolioos-prontos.com\/wp-content\/uploads\/2022\/09\/portfolio-unopar-pronto-colaborar-ava-producao-textual-interdisciplinar-100x100.png 100w\" sizes=\"(max-width: 141px) 100vw, 141px\" \/><\/p>\n<\/div>\n<\/div>\n<\/div>\n<\/div>\n<div class=\"elementor-toggle-item\">\n<div id=\"elementor-tab-content-1949\" class=\"elementor-tab-content elementor-clearfix elementor-active\" role=\"tabpanel\" data-tab=\"9\" aria-labelledby=\"elementor-tab-title-1949\">\n<p>E-mail:portifoliosp@gmail.com<\/p>\n<div id=\"attachment_143\" class=\"wp-caption alignnone\">\n<div id=\"attachment_143\" class=\"wp-caption alignnone\" style=\"width: 161px;\">\n<p><a href=\"http:\/\/portifolioos-prontos.com\/\"><img decoding=\"async\" class=\"wp-image-143\" title=\"portfolio pronto unopar\" src=\"http:\/\/portifolioos-prontos.com\/wp-content\/uploads\/2022\/04\/conceitomaximo.png\" alt=\"PORTFOLIO PRONTO UNOPAR ANHANGUERA\" width=\"161\" height=\"46\" aria-describedby=\"caption-attachment-143\" \/><\/a><\/p>\n<p id=\"caption-attachment-143\" class=\"wp-caption-text\">Portf\u00f3lio em Word, respondido, completo e j\u00e1 nas normas.<\/p>\n<\/div>\n<\/div>\n<\/div>\n<\/div>\n","protected":false},"excerpt":{"rendered":"<p>Portf\u00f3lio A import\u00e2ncia do INPE para o monitoramento do territ\u00f3rio brasileiro Instituto Nacional de Pesquisas Espaciais (INPE) e o monitoramento do territ\u00f3rio nacional Curso: Geografia Semestre: 8\u00b0 A proposta de Produ\u00e7\u00e3o Textual Interdisciplinar individual (PTI) ter\u00e1 como tem\u00e1tica central Instituto Nacional de Pesquisas Espaciais (INPE) e o monitoramento do territ\u00f3rio nacional. A escolha do tema&hellip;<\/p>\n","protected":false},"featured_media":5736,"template":"","meta":{"_seopress_robots_primary_cat":"none","_seopress_titles_title":"%%post_title%% %%sitetitle%%","_seopress_titles_desc":"%%post_content%%","_seopress_robots_index":""},"product_cat":[61,47,15],"product_tag":[],"class_list":{"0":"post-5582","1":"product","2":"type-product","3":"status-publish","4":"has-post-thumbnail","6":"product_cat-geografia","7":"product_cat-licenciaturas","8":"product_cat-uncategorized","10":"first","11":"instock","12":"downloadable","13":"virtual","14":"purchasable","15":"product-type-simple","16":"col-xs-6 col-sm-4","17":"col-mf-5","18":"un-5-cols"},"jetpack_sharing_enabled":true,"_links":{"self":[{"href":"https:\/\/portifolioos-prontos.com\/index.php\/wp-json\/wp\/v2\/product\/5582","targetHints":{"allow":["GET"]}}],"collection":[{"href":"https:\/\/portifolioos-prontos.com\/index.php\/wp-json\/wp\/v2\/product"}],"about":[{"href":"https:\/\/portifolioos-prontos.com\/index.php\/wp-json\/wp\/v2\/types\/product"}],"version-history":[{"count":0,"href":"https:\/\/portifolioos-prontos.com\/index.php\/wp-json\/wp\/v2\/product\/5582\/revisions"}],"wp:featuredmedia":[{"embeddable":true,"href":"https:\/\/portifolioos-prontos.com\/index.php\/wp-json\/wp\/v2\/media\/5736"}],"wp:attachment":[{"href":"https:\/\/portifolioos-prontos.com\/index.php\/wp-json\/wp\/v2\/media?parent=5582"}],"wp:term":[{"taxonomy":"product_cat","embeddable":true,"href":"https:\/\/portifolioos-prontos.com\/index.php\/wp-json\/wp\/v2\/product_cat?post=5582"},{"taxonomy":"product_tag","embeddable":true,"href":"https:\/\/portifolioos-prontos.com\/index.php\/wp-json\/wp\/v2\/product_tag?post=5582"}],"curies":[{"name":"wp","href":"https:\/\/api.w.org\/{rel}","templated":true}]}}