{"id":5629,"date":"2022-07-28T10:52:09","date_gmt":"2022-07-28T13:52:09","guid":{"rendered":"https:\/\/portifolioos-prontos.com\/?post_type=product&#038;p=5629"},"modified":"2022-09-14T15:47:51","modified_gmt":"2022-09-14T18:47:51","slug":"portfolio-os-impactos-da-pandemia-na-gestao-publica-e-na-economia","status":"publish","type":"product","link":"https:\/\/portifolioos-prontos.com\/index.php\/product\/portfolio-os-impactos-da-pandemia-na-gestao-publica-e-na-economia\/","title":{"rendered":"Portf\u00f3lio Os impactos da Pandemia na Gest\u00e3o P\u00fablica e na Economia"},"content":{"rendered":"<h4>Portf\u00f3lio Os impactos da Pandemia na Gest\u00e3o P\u00fablica e na Economia<\/h4>\n<hr \/>\n<p>A presente proposta de Produ\u00e7\u00e3o Textual Individual (PTI) ter\u00e1 como tem\u00e1tica central<br \/>\n\u201cOs impactos da Pandemia na Gest\u00e3o P\u00fablica e na Economia\u201d<a href=\"http:\/\/portfoliopronto.com\/\">.<\/a><br \/>\nTal tem\u00e1tica foi escolhida a fim de possibilitar a aprendizagem interdisciplinar dos conte\u00fados<br \/>\ntrabalhados nas disciplinas deste semestre. Na PTI, voc\u00ea dever\u00e1 conhecer a Situa\u00e7\u00e3o Geradora de<br \/>\nAprendizagem (SGA) para a realiza\u00e7\u00e3o das atividades previstas. Siga as orienta\u00e7\u00f5es disponibilizadas<br \/>\nneste manual, al\u00e9m de demais fontes de conte\u00fado complementares!<br \/>\nVamos conhecer a SGA?<\/p>\n<p><strong>SITUA\u00c7\u00c3O GERADORA DE APRENDIZAGEM (SGA)<\/strong><br \/>\n<a href=\"http:\/\/portifolioos-prontos.com\"><strong>Os impactos da Pandemia na Gest\u00e3o P\u00fablica e na Economia<\/strong><\/a><\/p>\n<p>A pandemia da COVID-19 trar\u00e1 consequ\u00eancias significativas para a sociedade<br \/>\ncontempor\u00e2nea, seja redefinindo as rela\u00e7\u00f5es de trabalho, seja alterando a forma de se produzir e<br \/>\nfazer neg\u00f3cios, bem como a forma de se viver e se comportar. Nesse novo contexto de<br \/>\ntransforma\u00e7\u00f5es, o setor p\u00fablico passar\u00e1 por grandes desafios para se adaptar, de forma c\u00e9lere, \u00e0s<br \/>\nnovas mudan\u00e7as exigidas pela popula\u00e7\u00e3o, redefinindo prioridades, como a amplia\u00e7\u00e3o de uma rede<br \/>\nde prote\u00e7\u00e3o social, e construindo novos canais de entrega de servi\u00e7os e de utiliza\u00e7\u00e3o de forma mais<br \/>\neficiente dos recursos p\u00fablicos.<\/p>\n<p>O aumento da desigualdade e da perda de renda de parcela significativa da popula\u00e7\u00e3o, tem<br \/>\nlevado a um movimento de sa\u00edda de estudantes da rede particular para a p\u00fablica, o que tende a<br \/>\npressionar, ainda mais, os gastos de estados e mun\u00edcipios com educa\u00e7\u00e3o no pr\u00f3ximo ano. Por outro<br \/>\nlado, a acelera\u00e7\u00e3o dos servi\u00e7os digitais amplia o alcance dos servi\u00e7os p\u00fablicos com redu\u00e7\u00e3o de seus<br \/>\ncustos em v\u00e1rias outras \u00e1reas.<br \/>\nDentro de um quadro de grave crise fiscal, o governo federal, os estados e munic\u00edpios ter\u00e3o<br \/>\nque buscar novos instrumentos para atender \u00e0s novas necessidades que se imp\u00f5e.<br \/>\nFonte: https:\/\/portalibre.fgv.br\/eventos\/os-impactos-da-pandemia-na-gestao-publica. Acesso em<br \/>\n30 jun. 2022.<br \/>\nA pandemia da COVID-19 trouxe impactos significativos na vida de todos. N\u00e3o \u00e9 diferente<br \/>\ncom o Estado, que precisou tomar medidas para buscar garantir empregos e renda, bem como<br \/>\nnecessitou realizar contrata\u00e7\u00f5es tempor\u00e1rias, comprar produtos em quantidade elevada, equipar<br \/>\nhospitais, rever contratos administrativos, realizar subs\u00eddios em contratos desequilibrados do ponto<br \/>\nde vista econ\u00f4mico-financeiro. Diante desse cen\u00e1rio, a pandemia do coronav\u00edrus produziu um<br \/>\nchoque in\u00e9dito em magnitude sobre a economia como um todo e as contas p\u00fablicas em particular.<br \/>\nO desafio \u00e9 gigante tanto para o mercado quanto para o Estado, em vista das dificuldades<br \/>\necon\u00f4micas e sociais que restaram. Desemprego, fal\u00eancia de empresas, queda de arrecada\u00e7\u00e3o,<br \/>\naumento da pobreza e consequentemente de pessoas em situa\u00e7\u00e3o de vulnerabilidade social. Por<br \/>\noutro lado, o Estado possui meios para enfrentar os efeitos dessa crise sanit\u00e1ria mundial, como<br \/>\ninvestimento p\u00fablico em obras, realiza\u00e7\u00e3o de licita\u00e7\u00e3o e contratos p\u00fablicos visando movimentar a<br \/>\neconomia local, efici\u00eancia administrativa por meio das novas tecnologias experimentadas e<br \/>\naprovadas durante a pandemia com redu\u00e7\u00e3o de desperd\u00edcios e mais facilidade de acesso dos<br \/>\ncidad\u00e3os aos servi\u00e7os p\u00fablicos.<\/p>\n<p>AGORA \u00c9 COM VOC\u00ca!<\/p>\n<p>Levando em considera\u00e7\u00e3o a SGA, responda todos os questionamentos apresentados abaixo. Eles<br \/>\nforam elaborados com base nas disciplinas ministradas ao longo deste semestre. A sua participa\u00e7\u00e3o<br \/>\nnesta atividade \u00e9 fundamental para que haja o pleno desenvolvimento das compet\u00eancias e<br \/>\nhabilidades requeridas em sua atua\u00e7\u00e3o profissional.<\/p>\n<p>1) Durante a pandemia, governos municipais, estaduais e federal tiveram que tomar<br \/>\ndiversas medidas visando enfrentar a situa\u00e7\u00e3o pand\u00eamica. Sobre isso, discorra acerca da<br \/>\ncompet\u00eancia dos entes federativos quanto \u00e0 sa\u00fade p\u00fablica, nos termos do que disp\u00f5e a<br \/>\nConstitui\u00e7\u00e3o, e utilizando como base a decis\u00e3o do STF acerca do assunto.<br \/>\nTextos de apoio:<\/p>\n<p>STF reafirma compet\u00eancia de estados e munic\u00edpios para tomar medidas contra Covid-19.<\/p>\n<p>Dispon\u00edvel em: https:\/\/www.jota.info\/stf\/do-supremo\/stf-reafirma-competencia-de-<br \/>\nestados-e-municipios-para-tomar-medidas-contra-covid-19-15042020 .Acesso em 01 jul. 2022.<\/p>\n<p>STF reconhece compet\u00eancia concorrente de estados, DF, munic\u00edpios e Uni\u00e3o no combate \u00e0<br \/>\nCovid-19.<\/p>\n<p>Dispon\u00edvel em: https:\/\/stf.jusbrasil.com.br\/noticias\/832218003\/stf-reconhece-competencia-<br \/>\nconcorrente-de-estados-df-municipios-e-uniao-no-combate-a-covid-19. Acesso em 01 jul. 2022.<\/p>\n<p>2) A Licita\u00e7\u00e3o \u00e9 um procedimento obrigat\u00f3rio para a Administra\u00e7\u00e3o P\u00fablica comprar e<br \/>\ncontratar servi\u00e7os. Durante a pandemia, n\u00e3o se realizou licita\u00e7\u00f5es em raz\u00e3o da situa\u00e7\u00e3o<br \/>\nde calamidade p\u00fablica. Aponte as demais hip\u00f3teses de contrata\u00e7\u00f5es diretas, ou seja,<br \/>\nsitua\u00e7\u00f5es que a pr\u00f3pria Lei autoriza a n\u00e3o realiza\u00e7\u00e3o de procedimento licitat\u00f3rio,<br \/>\ndiferenciando cada uma delas.<\/p>\n<p>3) O enfrentamento da crise do Covid-19 imp\u00f4s desafios sem precedentes e colocou<br \/>\nadministradores p\u00fablicos e privados em situa\u00e7\u00f5es delicadas no in\u00edcio da pandemia.<br \/>\nIncialmente os governos se obrigaram a tomar decis\u00f5es e dar respostas em velocidade<br \/>\nmuito altas e com informa\u00e7\u00f5es que eram muito limitadas. Para conter a dissemina\u00e7\u00e3o do<br \/>\nv\u00edrus, medidas sanit\u00e1rias foram intensificadas como lavar as m\u00e3os com frequ\u00eancia e<br \/>\nutilizar o \u00e1lcool 70 em gel. Ocorre que nem todos os brasileiros possuem acesso a<br \/>\nsaneamento b\u00e1sico e itens de higiene pessoal. Nesse sentido, escreva sobre como a falta<br \/>\nde saneamento b\u00e1sico afetou a popula\u00e7\u00e3o mais carente, sobretudo a popula\u00e7\u00e3o que<br \/>\nvive em situa\u00e7\u00e3o de vulnerabilidade em ruas e favelas, onde a dissemina\u00e7\u00e3o da doen\u00e7a<br \/>\nocorreu de forma r\u00e1pida e ocasionou a morte de milhares de brasileiros. Lembre-se de<br \/>\nsinalizar porque o saneamento b\u00e1sico ainda n\u00e3o \u00e9 uma realidade a todos os brasileiros e<br \/>\nquais seriam as solu\u00e7\u00f5es para a universaliza\u00e7\u00e3o desses servi\u00e7os.<\/p>\n<p>Bibliografia recomendada:<br \/>\nCoronav\u00edrus: como lavar as m\u00e3os quando 10,5 milh\u00f5es de domic\u00edlios n\u00e3o t\u00eam \u00e1gua tratada?<\/p>\n<p>Dispon\u00edvel em: https:\/\/www.futura.org.br\/coronavirus-como-lavar-as-maos-quando-105-milhoes-<br \/>\nde-domicilios-nao-tem-agua-tratada\/ Acesso em 30 Jun 2022<\/p>\n<p>VASQUES, Pedro Henrique Ramos Prado; SANTOS, Angela Moulin Sim\u00f5es Penalva. PANDEMIA,<\/p>\n<p>HIGIENISMO E SANEAMENTO B\u00c1SICO: UMA LEITURA DA POL\u00cdTICA URBANA EM TEMPOS DE COVID-<br \/>\n19. Revista de Direito da Cidade vol. 13, no 2. ISSN 2317-7721 DOI: 10.12957\/rdc.2021.54651<\/p>\n<p>Dispon\u00edvel em: https:\/\/www.e-publicacoes.uerj.br\/index.php\/rdc\/article\/view\/54651\/37535 Acesso<br \/>\nem 30 Jun 2022<\/p>\n<p>4) A infla\u00e7\u00e3o dos alimentos compromete o poder de compra dos brasileiros e dificulta<br \/>\ncada vez mais o acesso \u00e0 cesta b\u00e1sica. Estudos apontam que a infla\u00e7\u00e3o dos alimentos<br \/>\nsuperou o \u00cdndice Nacional de Pre\u00e7os ao Consumidor Amplo (IPCA). Em fevereiro deste<br \/>\nano, a infla\u00e7\u00e3o da cesta b\u00e1sica, medida pela varia\u00e7\u00e3o no pre\u00e7o de 13 alimentos que a<br \/>\ncomp\u00f5em, atingiu 2,02%, o dobro do IPCA registrado no m\u00eas, de 1,01%, de acordo com<br \/>\npesquisas apresentadas no ISTO\u00c9 Dinheiro. Desse modo, descreva quais os impactos<br \/>\necon\u00f4micos e sociais que a eleva\u00e7\u00e3o dos n\u00edveis de pre\u00e7os ocasiona nos seguintes<br \/>\nindicadores:<br \/>\n\u2022 Emprego<br \/>\n\u2022 Renda<br \/>\n\u2022 \u00cdndice de Gini (IG)<br \/>\n\u2022 \u00cdndice de Desenvolvimento Humano (IDH)<br \/>\nREFER\u00caNCIAS:<br \/>\nLEITE, Ademir Cavalheiro. Teorias do desenvolvimento econ\u00f4mico.\u00a0Londrina: Editora e<br \/>\nDistribuidora Educacional S.A., 2017.<\/p>\n<div class=\"elementor-toggle-item\">\n<h4 id=\"elementor-tab-title-1941\" class=\"elementor-tab-title elementor-active\" tabindex=\"0\" role=\"tab\" data-tab=\"1\" aria-controls=\"elementor-tab-content-1941\" aria-expanded=\"true\" aria-selected=\"true\">Como funciona?<\/h4>\n<div id=\"elementor-tab-content-1941\" class=\"elementor-tab-content elementor-clearfix elementor-active\" role=\"tabpanel\" data-tab=\"1\" aria-labelledby=\"elementor-tab-title-1941\">\n<p>Elaboramos os portf\u00f3lios, j\u00e1 deixamos prontos, nas normas da ABNT e conforme os requisitos da universidade. F\u00e1cil assim! O MELHOR \u00c9 QUE VOC\u00ca COMPRA E J\u00c1 BAIXA NA HORA O SEU ARQUIVO EM WORD! Sabemos que conciliar trabalho, fam\u00edlia, vida profissional e estudos \u00e9 dif\u00edcil hoje em dia, por isso, estamos aqui para ajudar voc\u00ea. Conte com nossa qualidade, experi\u00eancia e profissionalismo adquirindo seu portf\u00f3lio conosco. GARANTIMOS SEU CONCEITO!<\/p>\n<h4>Como se realizam os envios?<\/h4>\n<\/div>\n<\/div>\n<div class=\"elementor-toggle-item\">\n<div id=\"elementor-tab-content-1942\" class=\"elementor-tab-content elementor-clearfix elementor-active\" role=\"tabpanel\" data-tab=\"2\" aria-labelledby=\"elementor-tab-title-1942\">O seu trabalho \u00e9 disponibilizado pronto, respondido e nas normas j\u00e1 na mesma hora aqui em nosso site na sua \u00e1rea de downloads e tamb\u00e9m no seu e-mail.<\/div>\n<\/div>\n<div class=\"elementor-toggle-item\">\n<div id=\"elementor-tab-content-1943\" class=\"elementor-tab-content elementor-clearfix elementor-active\" role=\"tabpanel\" data-tab=\"3\" aria-labelledby=\"elementor-tab-title-1943\">\n<h4>Em quanto tempo recebo o portf\u00f3lio?<\/h4>\n<\/div>\n<\/div>\n<div class=\"elementor-toggle-item\">\n<div id=\"elementor-tab-content-1944\" class=\"elementor-tab-content elementor-clearfix elementor-active\" role=\"tabpanel\" data-tab=\"4\" aria-labelledby=\"elementor-tab-title-1944\">\n<p>Os envios s\u00e3o imediatos. Ap\u00f3s sua compra, o trabalho j\u00e1 \u00e9 disponibilizado instantaneamente aqui em nosso site e no seu e-mail.<\/p>\n<h4>E se o portf\u00f3lio que comprei precisar de corre\u00e7\u00e3o?<\/h4>\n<\/div>\n<\/div>\n<div class=\"elementor-toggle-item\">\n<div id=\"elementor-tab-content-1945\" class=\"elementor-tab-content elementor-clearfix elementor-active\" role=\"tabpanel\" data-tab=\"5\" aria-labelledby=\"elementor-tab-title-1945\">\n<p>Caso haja alguma solicita\u00e7\u00e3o de corre\u00e7\u00e3o\/altera\u00e7\u00e3o por parte do tutor, basta entrar em contato conosco pelo\u00a0WhatsApp\u00a0que provid\u00eanciaremos sem custo algum.<\/p>\n<h4>Qual o formato do arquivo?<\/h4>\n<\/div>\n<\/div>\n<div class=\"elementor-toggle-item\">\n<div id=\"elementor-tab-content-1946\" class=\"elementor-tab-content elementor-clearfix elementor-active\" role=\"tabpanel\" data-tab=\"6\" aria-labelledby=\"elementor-tab-title-1946\">\n<p>Os arquivos s\u00e3o enviados em formato Word e s\u00e3o edit\u00e1veis.<\/p>\n<h4>Caso eu tiver alguma d\u00favida, terei suporte no p\u00f3s venda?<\/h4>\n<\/div>\n<\/div>\n<div class=\"elementor-toggle-item\">\n<div id=\"elementor-tab-content-1948\" class=\"elementor-tab-content elementor-clearfix elementor-active\" role=\"tabpanel\" data-tab=\"8\" aria-labelledby=\"elementor-tab-title-1948\">\n<p>Sim, com certeza. Basta clicar no \u00edcone do WhatsApp no cantinho da tela. Ser\u00e1 um prazer atend\u00ea-lo(a).<\/p>\n<div class=\"elementor-toggle-item\">\n<div id=\"elementor-tab-content-1948\" class=\"elementor-tab-content elementor-clearfix elementor-active\" role=\"tabpanel\" data-tab=\"8\" aria-labelledby=\"elementor-tab-title-1948\">\n<h4>Quais os seus canais de contato?<\/h4>\n<\/div>\n<\/div>\n<div class=\"elementor-toggle-item\">\n<div id=\"elementor-tab-content-1949\" class=\"elementor-tab-content elementor-clearfix elementor-active\" role=\"tabpanel\" data-tab=\"9\" aria-labelledby=\"elementor-tab-title-1949\">\n<p>Whatsapp: 53 984751621 \u2013 Clicar no canto da tela ou ESCANEIE O QRCODE ABAIXO<\/p>\n<p><img decoding=\"async\" class=\"alignnone wp-image-7603\" src=\"http:\/\/portifolioos-prontos.com\/wp-content\/uploads\/2022\/09\/portfolio-unopar-pronto-colaborar-ava-producao-textual-interdisciplinar.png\" alt=\"Portf\u00f3lio Os impactos da Pandemia na Gest\u00e3o P\u00fablica e na Economia,Os impactos da Pandemia na Gest\u00e3o P\u00fablica e na Economia,pti Os impactos da Pandemia na Gest\u00e3o P\u00fablica e na Economia,ptg Os impactos da Pandemia na Gest\u00e3o P\u00fablica e na Economia,portf\u00f3lio pronto Os impactos da Pandemia na Gest\u00e3o P\u00fablica e na Economia,portfolio ead Os impactos da Pandemia na Gest\u00e3o P\u00fablica e na Economia,apostileiros Os impactos da Pandemia na Gest\u00e3o P\u00fablica e na Economia,portf\u00f3lio ead Os impactos da Pandemia na Gest\u00e3o P\u00fablica e na Economia,portfolio pronto Os impactos da Pandemia na Gest\u00e3o P\u00fablica e na Economia,Portfolio pronto,portifolio pronto,portf\u00f3lio pronto,portifolios prontos,portif\u00f3lios prontos,portf\u00f3lio pronto unopar,portifolio pronto unopar,portif\u00f3lio pronto unopar,portifolios prontos unopar,portifolios prontos anhanguera,portf\u00f3lios prontos anhanguera,portf\u00f3lio pronto anhanguera,portfolios ead,portf\u00f3lios ead,portfolioead,apostileiros,portf\u00f3lio ead,portifolios ead,portif\u00f3lios ead,eadhelp,shop do acad\u00eamico,unopar portfolio,portfolio pronto ead,portfolio unopar ead,ead portfolio ava,portf\u00f3lio ead anhanguera,portf\u00f3lio ead pront,o portf\u00f3lio ead unopar,portf\u00f3lio pronto em word,pti unopar,ptg unopar,modelo de portf\u00f3lio unopar,modelo de portf\u00f3lio anhanguera,como fazer um portf\u00f3lio para faculdade,como faz portf\u00f3lio universidade,como faz portf\u00f3lios para universidade,portf\u00f3lios prontos para universidade,portf\u00f3lios pronto para faculdade,portf\u00f3lio pronto para editar,portifolios prontos para editar,portf\u00f3lio em word,portfolio em word,portf\u00f3lio em word para editar,portifolio em word para editar,portfolio unopar pronto para editar,modelo de portfolio para unopar,modelo de portif\u00f3lio para unopar,modelo de portf\u00f3lio para unopar,unopar portf\u00f3lio pronto,anhanguera portf\u00f3lio pronto,portf\u00f3lio em word pronto,comprar portf\u00f3lio pronto,como fazer um portf\u00f3lio,como fazer portf\u00f3lio digital,portfolio,portf\u00f3lio,portifolio,portif\u00f3lio,portf\u00f3lio interdisciplinar individual,portfolio interdisciplinar individual,exemplos de portf\u00f3lio para faculdade,baixar portf\u00f3lio pronto,portf\u00f3lio acad\u00eamico,portf\u00f3lio online,portfoliooead,portfolio ead,portf\u00f3lio pronto interdisciplinar individual,relat\u00f3rio de est\u00e1gio unopar,relat\u00f3rio de est\u00e1gio pronto unopar,como criar um portf\u00f3lio,o que \u00e9 um portf\u00f3lio e como fazer,portfolio exemplo,modelo de portfolio acad\u00eamico,relat\u00f3rio de est\u00e1gio gest\u00e3o escolar pronto unopar,portf\u00f3lio como fazer,prova profici\u00eancia unopar,portfolio individual est\u00e1gio curricular obrigat\u00f3rio ii anos iniciais do ensino fundamental,prova de profici\u00eancia pedagogia unopar,capa de trabalho unopar para editar,portf\u00f3lio acad\u00eamico unopar,como fazer um portf\u00f3lio acad\u00eamico,portf\u00f3lio exemplos word,portfolio acad\u00eamico,portfolio individual,portfolio individual unopar,portfolio individual anhanguera,portfolio marketing digital,portf\u00f3lio educa\u00e7\u00e3o f\u00edsica unopar,portf\u00f3lio gest\u00e3o educacional e espa\u00e7os n\u00e3o escolares,como fazer um portifolio unopar,modelo de portf\u00f3lio unopar em arquivo word,capa de portf\u00f3lio de pedagogia,como fazer um portf\u00f3lio no word,projeto integrado unopar,exemplo de portf\u00f3lio academico pedagogia\" width=\"141\" height=\"141\" srcset=\"https:\/\/portifolioos-prontos.com\/wp-content\/uploads\/2022\/09\/portfolio-unopar-pronto-colaborar-ava-producao-textual-interdisciplinar.png 150w, https:\/\/portifolioos-prontos.com\/wp-content\/uploads\/2022\/09\/portfolio-unopar-pronto-colaborar-ava-producao-textual-interdisciplinar-100x100.png 100w\" sizes=\"(max-width: 141px) 100vw, 141px\" \/><\/p>\n<\/div>\n<\/div>\n<\/div>\n<\/div>\n<div class=\"elementor-toggle-item\">\n<div id=\"elementor-tab-content-1949\" class=\"elementor-tab-content elementor-clearfix elementor-active\" role=\"tabpanel\" data-tab=\"9\" aria-labelledby=\"elementor-tab-title-1949\">\n<p>E-mail:portifoliosp@gmail.com<\/p>\n<div id=\"attachment_143\" class=\"wp-caption alignnone\">\n<div id=\"attachment_143\" class=\"wp-caption alignnone\" style=\"width: 154px;\">\n<p><a href=\"http:\/\/portifolioos-prontos.com\/\"><img decoding=\"async\" class=\"wp-image-143\" title=\"portfolio pronto unopar\" src=\"http:\/\/portifolioos-prontos.com\/wp-content\/uploads\/2022\/04\/conceitomaximo.png\" alt=\"PORTFOLIO PRONTO UNOPAR ANHANGUERA\" width=\"154\" height=\"44\" aria-describedby=\"caption-attachment-143\" \/><\/a><\/p>\n<p id=\"caption-attachment-143\" class=\"wp-caption-text\">Portf\u00f3lio em Word, respondido, completo e j\u00e1 nas normas.<\/p>\n<\/div>\n<\/div>\n<\/div>\n<\/div>\n","protected":false},"excerpt":{"rendered":"<p>Portf\u00f3lio Os impactos da Pandemia na Gest\u00e3o P\u00fablica e na Economia A presente proposta de Produ\u00e7\u00e3o Textual Individual (PTI) ter\u00e1 como tem\u00e1tica central \u201cOs impactos da Pandemia na Gest\u00e3o P\u00fablica e na Economia\u201d. Tal tem\u00e1tica foi escolhida a fim de possibilitar a aprendizagem interdisciplinar dos conte\u00fados trabalhados nas disciplinas deste semestre. Na PTI, voc\u00ea dever\u00e1&hellip;<\/p>\n","protected":false},"featured_media":5640,"template":"","meta":{"_seopress_robots_primary_cat":"none","_seopress_titles_title":"%%post_title%% %%sitetitle%%","_seopress_titles_desc":"%%post_content%%","_seopress_robots_index":""},"product_cat":[43,15],"product_tag":[],"class_list":{"0":"post-5629","1":"product","2":"type-product","3":"status-publish","4":"has-post-thumbnail","6":"product_cat-gestao-publica","7":"product_cat-uncategorized","9":"first","10":"instock","11":"featured","12":"downloadable","13":"virtual","14":"purchasable","15":"product-type-simple","16":"col-xs-6 col-sm-4","17":"col-mf-5","18":"un-5-cols"},"jetpack_sharing_enabled":true,"_links":{"self":[{"href":"https:\/\/portifolioos-prontos.com\/index.php\/wp-json\/wp\/v2\/product\/5629","targetHints":{"allow":["GET"]}}],"collection":[{"href":"https:\/\/portifolioos-prontos.com\/index.php\/wp-json\/wp\/v2\/product"}],"about":[{"href":"https:\/\/portifolioos-prontos.com\/index.php\/wp-json\/wp\/v2\/types\/product"}],"version-history":[{"count":0,"href":"https:\/\/portifolioos-prontos.com\/index.php\/wp-json\/wp\/v2\/product\/5629\/revisions"}],"wp:featuredmedia":[{"embeddable":true,"href":"https:\/\/portifolioos-prontos.com\/index.php\/wp-json\/wp\/v2\/media\/5640"}],"wp:attachment":[{"href":"https:\/\/portifolioos-prontos.com\/index.php\/wp-json\/wp\/v2\/media?parent=5629"}],"wp:term":[{"taxonomy":"product_cat","embeddable":true,"href":"https:\/\/portifolioos-prontos.com\/index.php\/wp-json\/wp\/v2\/product_cat?post=5629"},{"taxonomy":"product_tag","embeddable":true,"href":"https:\/\/portifolioos-prontos.com\/index.php\/wp-json\/wp\/v2\/product_tag?post=5629"}],"curies":[{"name":"wp","href":"https:\/\/api.w.org\/{rel}","templated":true}]}}