{"id":5793,"date":"2022-07-28T21:06:49","date_gmt":"2022-07-29T00:06:49","guid":{"rendered":"https:\/\/portifolioos-prontos.com\/?post_type=product&#038;p=5793"},"modified":"2022-09-14T15:47:46","modified_gmt":"2022-09-14T18:47:46","slug":"portfolio-cultura-de-moda","status":"publish","type":"product","link":"https:\/\/portifolioos-prontos.com\/index.php\/product\/portfolio-cultura-de-moda\/","title":{"rendered":"Portf\u00f3lio Cultura de Moda"},"content":{"rendered":"<h4>Portf\u00f3lio Cultura de Moda<\/h4>\n<h4>Curso: CST em Design de Moda<\/h4>\n<h4>Semestre: 3\u00ba<\/h4>\n<p>Prezado aluno(a),<br \/>\nSeja bem-vindo a este semestre!<br \/>\nA proposta de Produ\u00e7\u00e3o Textual ter\u00e1 como tem\u00e1tica: <strong>Cultura de Moda<\/strong>. Escolhemos esta tem\u00e1tica<br \/>\npara possibilitar a aprendizagem interdisciplinar dos conte\u00fados desenvolvidos nas disciplinas desse<br \/>\nsemestre.<br \/>\nInicialmente, \u00e9 importante que voc\u00ea realize a leitura atenta da situa\u00e7\u00e3o descrita para, na sequ\u00eancia,<br \/>\nseguir as orienta\u00e7\u00f5es apresentadas em cada uma das etapas subsequentes de modo a organizar suas<br \/>\nideias para a conclus\u00e3o deste trabalho.<br \/>\nORIENTA\u00c7\u00d5ES DA PRODU\u00c7\u00c3O TEXTUAL<br \/>\n1. Leitura e interpreta\u00e7\u00e3o da SGA<br \/>\nPor meio da leitura da SGA e, tamb\u00e9m, da situa\u00e7\u00e3o-problema destacada, voc\u00ea deve elaborar uma<br \/>\nprodu\u00e7\u00e3o textual que contemple os objetivos de aprendizagem propostos.<\/p>\n<p><strong>SITUA\u00c7\u00c3O GERADORA DE APRENDIZAGEM (SGA)<\/strong><br \/>\n<strong>Cultura de Moda<\/strong><br \/>\nDesde muito tempo atr\u00e1s o ser humano esteve determinado a cobrir seu pr\u00f3prio corpo, mas quaisteriam sido<br \/>\nas raz\u00f5es para isso?<br \/>\nPodemos elencar pelo menos 3 raz\u00f5es para isso: pudor, adorno e \u00e0 prote\u00e7\u00e3o.<br \/>\nSob a \u00f3tica da antropologia teol\u00f3gica, n\u00e3o resta d\u00favida de que a primeira raz\u00e3o que levou o homem a cobrir<br \/>\nseu corpo foi o pudor: o homem e sua mulher, ao cometerem o pecado original pela desobedi\u00eancia \u00e0 ordem<br \/>\nde Deus, perceberam a nudez e cobriram suas partes pudentas.<br \/>\nJ\u00e1 sob a \u00f3tica cient\u00edfica, primeiramente foi por adorno ou enfeite. Isso porque o processo civilizat\u00f3rio se deu,<br \/>\ninicialmente, em locais de clima quente; portanto, n\u00e3o havia tanta necessidade da prote\u00e7\u00e3o do corpo contra<br \/>\no frio, apesar de tamb\u00e9m a necessidade de existir a necessidade de prote\u00e7\u00e3o contra o calor. Depois, tamb\u00e9m<br \/>\npor causa da necessidade de diferencia\u00e7\u00e3o social.<br \/>\nA outra raz\u00e3o \u00e9 a prote\u00e7\u00e3o, presente tamb\u00e9m em nossas vestimentas. Era preciso cobrir o corpo contra outras<br \/>\nagress\u00f5es, como picadas de insetos, mordidas de animais ferozes, pedradas ou pauladas de agressores, entre<br \/>\noutras possibilidades.<br \/>\nLogo, essas s\u00e3o as tr\u00eas raz\u00f5es pelas quais em um determinado dia o ser humano cobriu o seu corpo, sendo<br \/>\nque elas sempre permaneceram como identidade do processo hist\u00f3rico da indument\u00e1ria e\/ou da moda.<br \/>\nExcerto adaptado do livro \u201cReflex\u00f5es Sobre Moda\u201d Vol. III. Jo\u00e3o Braga. S\u00e3o Paulo: Ed. Anhembi Morumbi, 2006.<\/p>\n<p><strong>SITUA\u00c7\u00c3O-PROBLEMA (SP)<\/strong><br \/>\nEstilo como identidade criadora<br \/>\nO ato de vestir o corpo permanece, ao longo da hist\u00f3ria da humanidade, como identidade do processo<br \/>\nhist\u00f3rico da indument\u00e1ria e\/ou da moda. Passando por s\u00e9culos de transforma\u00e7\u00e3o, finalmente chegamos ao<br \/>\nestilo.<br \/>\nPalavra regularmente usada no universo da moda, estilo viria a ser uma certa identidade visual fundamentada<br \/>\nem valores est\u00e9ticos e caracterizada por uma maneira espec\u00edfica de combina\u00e7\u00e3o de forma, volumes, cores,<br \/>\npadr\u00f5es e, obviamente, de elementos decorativos de uma determinada \u00e9poca, cultura ou mesmo<br \/>\nindividualmente.<br \/>\nTendo consci\u00eancia de todo esse processo hist\u00f3rico, Maria decidiu investigar os \u00faltimos 100 anos da hist\u00f3ria<br \/>\ndo estilo para entender como as tend\u00eancias se transformam ao longo dos tempos.<br \/>\nPara obter esse repert\u00f3rio, Maria decide estudar e conhecer os estilos das \u00faltimas d\u00e9cadas, criando um<br \/>\npequeno relat\u00f3rio para cada uma das d\u00e9cadas que ela julgou mais influente nos \u00faltimos 100 anos, sendo elas<br \/>\nas d\u00e9cadas de: 1920; 1940; 1970; 1980; 1990; 2000 e 2010.<br \/>\n<a href=\"http:\/\/portifolioos-prontos.com\">PRODU\u00c7\u00c3O TEXTUAL<\/a><br \/>\nINTERDISCIPLINAR<br \/>\nINDIVIDUAL \u2013 PTI<br \/>\nCada um dos relat\u00f3rios feitos por ela possuir\u00e1 um breve contexto hist\u00f3rico, e dever\u00e1 elencar o estilista mais<br \/>\ninfluente do per\u00edodo e uma imagem representativa para a d\u00e9cada.<\/p>\n<p><strong>ORIENTA\u00c7\u00d5ES PARA A EXECU\u00c7\u00c3O DO TRABALHO<\/strong><br \/>\nAgora chegou a sua vez de se colocar no lugar de Maria e realizar as atividades.<br \/>\nCom as considera\u00e7\u00f5es propostas na\u202fSitua\u00e7\u00e3o<a href=\"http:\/\/portifolioos-prontos.com\">&#8211;<\/a>Problema, a produ\u00e7\u00e3o textual deve ser organizada por meio<br \/>\ndos seguintes itens.<br \/>\n\u2022 Introdu\u00e7\u00e3o da produ\u00e7\u00e3o textual. Neste t\u00f3pico voc\u00ea dever\u00e1 fazer uma apresenta\u00e7\u00e3o sobre o que ser\u00e1<br \/>\nabordado no trabalho, expor os objetivos e a import\u00e2ncia de sua realiza\u00e7\u00e3o. Nesta etapa poder\u00e1 utilizar at\u00e9<br \/>\numa (01) p\u00e1gina;<br \/>\n\u2022 Desenvolvimento\u202fdo trabalho. Voc\u00ea dever\u00e1 realizar as atividades indicadas a seguir. Nesta etapa voc\u00ea<br \/>\npoder\u00e1 utilizar de quatro a seis p\u00e1ginas;<\/p>\n<p><strong>[1]<\/strong> Apresentar um breve relat\u00f3rio para cada uma das d\u00e9cadas elencadas na SG ( 1920; 1940; 1970; 1980;<br \/>\n1990; 2000 e 2010) contendo: Contexto hist\u00f3rico, apresenta\u00e7\u00e3o de um estilista influente do per\u00edodo e uma<br \/>\nimagem representativa do estilo da referente d\u00e9cada. Contudo, cada imagem inserida na produ\u00e7\u00e3o deve<br \/>\nocupar no m\u00e1ximo, \u00bc da p\u00e1gina.<\/p>\n<p><strong>[2]\u202f<\/strong>Escreva um texto dissertativo argumentando a respeito do impacto do estilo dessas d\u00e9cadas ao longo da<br \/>\nhist\u00f3ria. Esse texto dever\u00e1 consolidar sua percep\u00e7\u00e3o n\u00e3o de forma meramente descritiva, mas reflexiva,<br \/>\natinando para\u202fa situa\u00e7\u00e3o-problema.<\/p>\n<p><strong>[3]<\/strong> Apresente este trabalho\u202fem forma de texto (ilustrado pelas fotografias selecionadas), nas normas da<br \/>\nABNT. O texto dever\u00e1 conte seus dados\u202fe o T\u00edtulo do trabalho.<br \/>\n\u2022 Para finalizar, voc\u00ea dever\u00e1 elaborar as\u202fConsidera\u00e7\u00f5es Finais\u202fapresentando a conclus\u00e3o do<br \/>\ntrabalho, sintetizando os elementos discutidos na SGA. Manifeste seu ponto de vista e suas<br \/>\nopini\u00f5es sobre o assunto trabalhado. Apresente tamb\u00e9m as contribui\u00e7\u00f5es que o trabalho<br \/>\ntrouxe para o seu aprendizado. Nesta etapa voc\u00ea poder\u00e1 utilizar uma (01) p\u00e1gina.<br \/>\n\u2022 Refer\u00eancias bibliogr\u00e1ficas das imagens utilizadas no trabalho;<\/p>\n<div class=\"elementor-toggle-item\">\n<h4 id=\"elementor-tab-title-1941\" class=\"elementor-tab-title elementor-active\" tabindex=\"0\" role=\"tab\" data-tab=\"1\" aria-controls=\"elementor-tab-content-1941\" aria-expanded=\"true\" aria-selected=\"true\">Como funciona?<\/h4>\n<div id=\"elementor-tab-content-1941\" class=\"elementor-tab-content elementor-clearfix elementor-active\" role=\"tabpanel\" data-tab=\"1\" aria-labelledby=\"elementor-tab-title-1941\">\n<p>Elaboramos os portf\u00f3lios, j\u00e1 deixamos prontos, nas normas da ABNT e conforme os requisitos da universidade. F\u00e1cil assim! O MELHOR \u00c9 QUE VOC\u00ca COMPRA E J\u00c1 BAIXA NA HORA O SEU ARQUIVO EM WORD! Sabemos que conciliar trabalho, fam\u00edlia, vida profissional e estudos \u00e9 dif\u00edcil hoje em dia, por isso, estamos aqui para ajudar voc\u00ea. Conte com nossa qualidade, experi\u00eancia e profissionalismo adquirindo seu portf\u00f3lio conosco. GARANTIMOS SEU CONCEITO!<\/p>\n<h4>Como se realizam os envios?<\/h4>\n<\/div>\n<\/div>\n<div class=\"elementor-toggle-item\">\n<div id=\"elementor-tab-content-1942\" class=\"elementor-tab-content elementor-clearfix elementor-active\" role=\"tabpanel\" data-tab=\"2\" aria-labelledby=\"elementor-tab-title-1942\">O seu trabalho \u00e9 disponibilizado pronto, respondido e nas normas j\u00e1 na mesma hora aqui em nosso site na sua \u00e1rea de downloads e tamb\u00e9m no seu e-mail.<\/div>\n<\/div>\n<div class=\"elementor-toggle-item\">\n<div id=\"elementor-tab-content-1943\" class=\"elementor-tab-content elementor-clearfix elementor-active\" role=\"tabpanel\" data-tab=\"3\" aria-labelledby=\"elementor-tab-title-1943\">\n<h4>Em quanto tempo recebo o portf\u00f3lio?<\/h4>\n<\/div>\n<\/div>\n<div class=\"elementor-toggle-item\">\n<div id=\"elementor-tab-content-1944\" class=\"elementor-tab-content elementor-clearfix elementor-active\" role=\"tabpanel\" data-tab=\"4\" aria-labelledby=\"elementor-tab-title-1944\">\n<p>Os envios s\u00e3o imediatos. Ap\u00f3s sua compra, o trabalho j\u00e1 \u00e9 disponibilizado instantaneamente aqui em nosso site e no seu e-mail.<\/p>\n<h4>E se o portf\u00f3lio que comprei precisar de corre\u00e7\u00e3o?<\/h4>\n<\/div>\n<\/div>\n<div class=\"elementor-toggle-item\">\n<div id=\"elementor-tab-content-1945\" class=\"elementor-tab-content elementor-clearfix elementor-active\" role=\"tabpanel\" data-tab=\"5\" aria-labelledby=\"elementor-tab-title-1945\">\n<p>Caso haja alguma solicita\u00e7\u00e3o de corre\u00e7\u00e3o\/altera\u00e7\u00e3o por parte do tutor, basta entrar em contato conosco pelo\u00a0WhatsApp\u00a0que provid\u00eanciaremos sem custo algum.<\/p>\n<h4>Qual o formato do arquivo?<\/h4>\n<\/div>\n<\/div>\n<div class=\"elementor-toggle-item\">\n<div id=\"elementor-tab-content-1946\" class=\"elementor-tab-content elementor-clearfix elementor-active\" role=\"tabpanel\" data-tab=\"6\" aria-labelledby=\"elementor-tab-title-1946\">\n<p>Os arquivos s\u00e3o enviados em formato Word e s\u00e3o edit\u00e1veis.<\/p>\n<h4>Caso eu tiver alguma d\u00favida, terei suporte no p\u00f3s venda?<\/h4>\n<\/div>\n<\/div>\n<div class=\"elementor-toggle-item\">\n<div id=\"elementor-tab-content-1948\" class=\"elementor-tab-content elementor-clearfix elementor-active\" role=\"tabpanel\" data-tab=\"8\" aria-labelledby=\"elementor-tab-title-1948\">\n<p>Sim, com certeza. Basta clicar no \u00edcone do WhatsApp no cantinho da tela. Ser\u00e1 um prazer atend\u00ea-lo(a).<\/p>\n<div class=\"elementor-toggle-item\">\n<div id=\"elementor-tab-content-1948\" class=\"elementor-tab-content elementor-clearfix elementor-active\" role=\"tabpanel\" data-tab=\"8\" aria-labelledby=\"elementor-tab-title-1948\">\n<h4>Quais os seus canais de contato?<\/h4>\n<\/div>\n<\/div>\n<div class=\"elementor-toggle-item\">\n<div id=\"elementor-tab-content-1949\" class=\"elementor-tab-content elementor-clearfix elementor-active\" role=\"tabpanel\" data-tab=\"9\" aria-labelledby=\"elementor-tab-title-1949\">\n<p>Whatsapp: 53 984751621 \u2013 Clicar no canto da tela ou ESCANEIE O QRCODE ABAIXO<\/p>\n<p><img decoding=\"async\" class=\"alignnone wp-image-7603\" src=\"http:\/\/portifolioos-prontos.com\/wp-content\/uploads\/2022\/09\/portfolio-unopar-pronto-colaborar-ava-producao-textual-interdisciplinar.png\" alt=\"Cultura de Moda,portf\u00f3lio Cultura de Moda,portfolio Cultura de Moda,portfolio pronto Cultura de Moda,portf\u00f3lio pronto Cultura de Moda,portf\u00f3lio unopar Cultura de Moda,portf\u00f3lio anhanguera Cultura de Moda,portf\u00f3lio ead Cultura de Moda,portfolio ead Cultura de Moda,portf\u00f3lioo ead Cultura de Moda,portfolioo ead Cultura de Moda,pti Cultura de Moda,ptg Cultura de Moda,trabalho pronto Cultura de Moda,trabalho unopar pronto Cultura de Moda,trabalho pronto unopar,trabalho pronto anhanguera,trabalhos feitos,portfolio design de moda pronto,design de moda Cultura de Moda,portforio Cultura de Moda,portfolio design de moda,como fazer um portf\u00f3lio de design de moda,%%post_title%% Portfolio Unopar | Anhanguera - Pronto,em Word,respondido,completo,nas normas da ABNT. DOWNLOAD IMEDIATO.,Portfolio pronto,portifolio pronto,portf\u00f3lio pronto,portifolios prontos,portif\u00f3lios prontos,portf\u00f3lio pronto unopar,portifolio pronto unopar,portif\u00f3lio pronto unopar,portifolios prontos unopar,portifolios prontos anhanguera,portf\u00f3lios prontos anhanguera,portf\u00f3lio pronto anhanguera,portfolios ead,portf\u00f3lios ead,portfolioead,apostileiros,portf\u00f3lio ead,portifolios ead,portif\u00f3lios ead,eadhelp,shop do acad\u00eamico,unopar portfolio,portfolio pronto ead,portfolio unopar ead,ead portfolio ava,portf\u00f3lio ead anhanguera,portf\u00f3lio ead pront,o portf\u00f3lio ead unopar,portf\u00f3lio pronto em word,pti unopar,ptg unopar,modelo de portf\u00f3lio unopar,modelo de portf\u00f3lio anhanguera,como fazer um portf\u00f3lio para faculdade,como faz portf\u00f3lio universidade,como faz portf\u00f3lios para universidade,portf\u00f3lios prontos para universidade,portf\u00f3lios pronto para faculdade,portf\u00f3lio pronto para editar,portifolios prontos para editar,portf\u00f3lio em word,portfolio em word,portf\u00f3lio em word para editar,portifolio em word para editar,portfolio unopar pronto para editar,modelo de portfolio para unopar,modelo de portif\u00f3lio para unopar,modelo de portf\u00f3lio para unopar,unopar portf\u00f3lio pronto,anhanguera portf\u00f3lio pronto,portf\u00f3lio em word pronto,comprar portf\u00f3lio pronto,como fazer um portf\u00f3lio,como fazer portf\u00f3lio digital,portfolio,portf\u00f3lio,portifolio,portif\u00f3lio,portf\u00f3lio interdisciplinar individual,portfolio interdisciplinar individual,exemplos de portf\u00f3lio para faculdade,baixar portf\u00f3lio pronto,portf\u00f3lio acad\u00eamico,portf\u00f3lio online,portfoliooead,portfolio ead,portf\u00f3lio pronto interdisciplinar individual,relat\u00f3rio de est\u00e1gio unopar,relat\u00f3rio de est\u00e1gio pronto unopar,como criar um portf\u00f3lio,o que \u00e9 um portf\u00f3lio e como fazer,portfolio exemplo,modelo de portfolio acad\u00eamico,relat\u00f3rio de est\u00e1gio gest\u00e3o escolar pronto unopar,portf\u00f3lio como fazer,prova profici\u00eancia unopar,portfolio individual est\u00e1gio curricular obrigat\u00f3rio ii anos iniciais do ensino fundamental,prova de profici\u00eancia pedagogia unopar,capa de trabalho unopar para editar,portf\u00f3lio acad\u00eamico unopar,como fazer um portf\u00f3lio acad\u00eamico,portf\u00f3lio exemplos word,portfolio acad\u00eamico,portfolio individual,portfolio individual unopar,portfolio individual anhanguera,portfolio marketing digital,portf\u00f3lio educa\u00e7\u00e3o f\u00edsica unopar,portf\u00f3lio gest\u00e3o educacional e espa\u00e7os n\u00e3o escolares,como fazer um portifolio unopar,modelo de portf\u00f3lio unopar em arquivo word,capa de portf\u00f3lio de pedagogia,como fazer um portf\u00f3lio no word,projeto integrado unopar,exemplo de portf\u00f3lio academico pedagogia\" width=\"141\" height=\"141\" srcset=\"https:\/\/portifolioos-prontos.com\/wp-content\/uploads\/2022\/09\/portfolio-unopar-pronto-colaborar-ava-producao-textual-interdisciplinar.png 150w, https:\/\/portifolioos-prontos.com\/wp-content\/uploads\/2022\/09\/portfolio-unopar-pronto-colaborar-ava-producao-textual-interdisciplinar-100x100.png 100w\" sizes=\"(max-width: 141px) 100vw, 141px\" \/><\/p>\n<\/div>\n<\/div>\n<\/div>\n<\/div>\n<div class=\"elementor-toggle-item\">\n<div id=\"elementor-tab-content-1949\" class=\"elementor-tab-content elementor-clearfix elementor-active\" role=\"tabpanel\" data-tab=\"9\" aria-labelledby=\"elementor-tab-title-1949\">\n<p>E-mail:portifoliosp@gmail.com<\/p>\n<div id=\"attachment_143\" class=\"wp-caption alignnone\">\n<div id=\"attachment_143\" class=\"wp-caption alignnone\" style=\"width: 161px;\">\n<p><a href=\"http:\/\/portifolioos-prontos.com\/\"><img decoding=\"async\" class=\"wp-image-143\" title=\"portfolio pronto unopar\" src=\"http:\/\/portifolioos-prontos.com\/wp-content\/uploads\/2022\/04\/conceitomaximo.png\" alt=\"PORTFOLIO PRONTO UNOPAR ANHANGUERA\" width=\"161\" height=\"46\" aria-describedby=\"caption-attachment-143\" \/><\/a><\/p>\n<p id=\"caption-attachment-143\" class=\"wp-caption-text\">Portf\u00f3lio em Word, respondido, completo e j\u00e1 nas normas.<\/p>\n<\/div>\n<\/div>\n<\/div>\n<\/div>\n","protected":false},"excerpt":{"rendered":"<p>Portf\u00f3lio Cultura de Moda Curso: CST em Design de Moda Semestre: 3\u00ba Prezado aluno(a), Seja bem-vindo a este semestre! A proposta de Produ\u00e7\u00e3o Textual ter\u00e1 como tem\u00e1tica: Cultura de Moda. Escolhemos esta tem\u00e1tica para possibilitar a aprendizagem interdisciplinar dos conte\u00fados desenvolvidos nas disciplinas desse semestre. Inicialmente, \u00e9 importante que voc\u00ea realize a leitura atenta da&hellip;<\/p>\n","protected":false},"featured_media":5800,"template":"","meta":{"_seopress_robots_primary_cat":"none","_seopress_titles_title":"%%post_title%% %%sitetitle%%","_seopress_titles_desc":"%%post_content%%","_seopress_robots_index":""},"product_cat":[110,15],"product_tag":[],"class_list":{"0":"post-5793","1":"product","2":"type-product","3":"status-publish","4":"has-post-thumbnail","6":"product_cat-design-de-moda","7":"product_cat-uncategorized","9":"first","10":"instock","11":"shipping-taxable","12":"product-type-simple","13":"col-xs-6 col-sm-4","14":"col-mf-5","15":"un-5-cols"},"jetpack_sharing_enabled":true,"_links":{"self":[{"href":"https:\/\/portifolioos-prontos.com\/index.php\/wp-json\/wp\/v2\/product\/5793","targetHints":{"allow":["GET"]}}],"collection":[{"href":"https:\/\/portifolioos-prontos.com\/index.php\/wp-json\/wp\/v2\/product"}],"about":[{"href":"https:\/\/portifolioos-prontos.com\/index.php\/wp-json\/wp\/v2\/types\/product"}],"version-history":[{"count":0,"href":"https:\/\/portifolioos-prontos.com\/index.php\/wp-json\/wp\/v2\/product\/5793\/revisions"}],"wp:featuredmedia":[{"embeddable":true,"href":"https:\/\/portifolioos-prontos.com\/index.php\/wp-json\/wp\/v2\/media\/5800"}],"wp:attachment":[{"href":"https:\/\/portifolioos-prontos.com\/index.php\/wp-json\/wp\/v2\/media?parent=5793"}],"wp:term":[{"taxonomy":"product_cat","embeddable":true,"href":"https:\/\/portifolioos-prontos.com\/index.php\/wp-json\/wp\/v2\/product_cat?post=5793"},{"taxonomy":"product_tag","embeddable":true,"href":"https:\/\/portifolioos-prontos.com\/index.php\/wp-json\/wp\/v2\/product_tag?post=5793"}],"curies":[{"name":"wp","href":"https:\/\/api.w.org\/{rel}","templated":true}]}}